[INFO] cloning repository https://github.com/ejmahler/unity_coroutines
[INFO] running `Command { std: "git" "-c" "credential.helper=" "-c" "credential.helper=/workspace/cargo-home/bin/git-credential-null" "clone" "--bare" "https://github.com/ejmahler/unity_coroutines" "/workspace/cache/git-repos/https%3A%2F%2Fgithub.com%2Fejmahler%2Funity_coroutines", kill_on_drop: false }`
[INFO] [stderr] Cloning into bare repository '/workspace/cache/git-repos/https%3A%2F%2Fgithub.com%2Fejmahler%2Funity_coroutines'...
[INFO] running `Command { std: "git" "rev-parse" "HEAD", kill_on_drop: false }`
[INFO] [stdout] 54589ee4e451efe5645749719c10ecc4c4cac6f8
[INFO] testing ejmahler/unity_coroutines against 1.75.0 for beta-1.76-1
[INFO] running `Command { std: "git" "clone" "/workspace/cache/git-repos/https%3A%2F%2Fgithub.com%2Fejmahler%2Funity_coroutines" "/workspace/builds/worker-1-tc1/source", kill_on_drop: false }`
[INFO] [stderr] Cloning into '/workspace/builds/worker-1-tc1/source'...
[INFO] [stderr] done.
[INFO] validating manifest of git repo https://github.com/ejmahler/unity_coroutines on toolchain 1.75.0
[INFO] running `Command { std: CARGO_HOME="/workspace/cargo-home" RUSTUP_HOME="/workspace/rustup-home" "/workspace/cargo-home/bin/cargo" "+1.75.0" "metadata" "--manifest-path" "Cargo.toml" "--no-deps", kill_on_drop: false }`
[INFO] started tweaking git repo https://github.com/ejmahler/unity_coroutines
[INFO] finished tweaking git repo https://github.com/ejmahler/unity_coroutines
[INFO] tweaked toml for git repo https://github.com/ejmahler/unity_coroutines written to /workspace/builds/worker-1-tc1/source/Cargo.toml
[INFO] crate git repo https://github.com/ejmahler/unity_coroutines already has a lockfile, it will not be regenerated
[INFO] running `Command { std: CARGO_HOME="/workspace/cargo-home" RUSTUP_HOME="/workspace/rustup-home" "/workspace/cargo-home/bin/cargo" "+1.75.0" "fetch" "--manifest-path" "Cargo.toml", kill_on_drop: false }`
[INFO] [stderr]     Blocking waiting for file lock on package cache
[ERROR] error running command: no output for 300 seconds
[ERROR] this task or one of its parent failed!
[ERROR] no output for 300 seconds
[ERROR] note: run with `RUST_BACKTRACE=1` to display a backtrace.
[INFO] testing ejmahler/unity_coroutines against beta-2023-12-22 for beta-1.76-1
[INFO] running `Command { std: "git" "clone" "/workspace/cache/git-repos/https%3A%2F%2Fgithub.com%2Fejmahler%2Funity_coroutines" "/workspace/builds/worker-1-tc2/source", kill_on_drop: false }`
[INFO] [stderr] Cloning into '/workspace/builds/worker-1-tc2/source'...
[INFO] [stderr] done.
[INFO] validating manifest of git repo https://github.com/ejmahler/unity_coroutines on toolchain beta-2023-12-22
[INFO] running `Command { std: CARGO_HOME="/workspace/cargo-home" RUSTUP_HOME="/workspace/rustup-home" "/workspace/cargo-home/bin/cargo" "+beta-2023-12-22" "metadata" "--manifest-path" "Cargo.toml" "--no-deps", kill_on_drop: false }`
[INFO] started tweaking git repo https://github.com/ejmahler/unity_coroutines
[INFO] finished tweaking git repo https://github.com/ejmahler/unity_coroutines
[INFO] tweaked toml for git repo https://github.com/ejmahler/unity_coroutines written to /workspace/builds/worker-1-tc2/source/Cargo.toml
[INFO] crate git repo https://github.com/ejmahler/unity_coroutines already has a lockfile, it will not be regenerated
[INFO] running `Command { std: CARGO_HOME="/workspace/cargo-home" RUSTUP_HOME="/workspace/rustup-home" "/workspace/cargo-home/bin/cargo" "+beta-2023-12-22" "fetch" "--manifest-path" "Cargo.toml", kill_on_drop: false }`
[INFO] [stderr]     Blocking waiting for file lock on package cache
[INFO] [stderr]     Blocking waiting for file lock on package cache
[ERROR] error running command: no output for 300 seconds
[INFO] testing ejmahler/unity_coroutines against beta-2023-12-22 for beta-1.76-1
[INFO] running `Command { std: "git" "clone" "/workspace/cache/git-repos/https%3A%2F%2Fgithub.com%2Fejmahler%2Funity_coroutines" "/workspace/builds/worker-1-tc2/source", kill_on_drop: false }`
[INFO] [stderr] Cloning into '/workspace/builds/worker-1-tc2/source'...
[INFO] [stderr] done.
[INFO] validating manifest of git repo https://github.com/ejmahler/unity_coroutines on toolchain beta-2023-12-22
[INFO] running `Command { std: CARGO_HOME="/workspace/cargo-home" RUSTUP_HOME="/workspace/rustup-home" "/workspace/cargo-home/bin/cargo" "+beta-2023-12-22" "metadata" "--manifest-path" "Cargo.toml" "--no-deps", kill_on_drop: false }`
[INFO] started tweaking git repo https://github.com/ejmahler/unity_coroutines
[INFO] finished tweaking git repo https://github.com/ejmahler/unity_coroutines
[INFO] tweaked toml for git repo https://github.com/ejmahler/unity_coroutines written to /workspace/builds/worker-1-tc2/source/Cargo.toml
[INFO] crate git repo https://github.com/ejmahler/unity_coroutines already has a lockfile, it will not be regenerated
[INFO] running `Command { std: CARGO_HOME="/workspace/cargo-home" RUSTUP_HOME="/workspace/rustup-home" "/workspace/cargo-home/bin/cargo" "+beta-2023-12-22" "fetch" "--manifest-path" "Cargo.toml", kill_on_drop: false }`
[INFO] [stderr]     Blocking waiting for file lock on package cache
[INFO] [stderr]     Blocking waiting for file lock on package cache
[INFO] running `Command { std: "docker" "create" "-v" "/var/lib/crater-agent-workspace/builds/worker-1-tc2/target:/opt/rustwide/target:rw,Z" "-v" "/var/lib/crater-agent-workspace/builds/worker-1-tc2/source:/opt/rustwide/workdir:ro,Z" "-v" "/var/lib/crater-agent-workspace/cargo-home:/opt/rustwide/cargo-home:ro,Z" "-v" "/var/lib/crater-agent-workspace/rustup-home:/opt/rustwide/rustup-home:ro,Z" "-e" "SOURCE_DIR=/opt/rustwide/workdir" "-e" "CARGO_TARGET_DIR=/opt/rustwide/target" "-e" "CARGO_HOME=/opt/rustwide/cargo-home" "-e" "RUSTUP_HOME=/opt/rustwide/rustup-home" "-w" "/opt/rustwide/workdir" "-m" "1610612736" "--user" "0:0" "--network" "none" "ghcr.io/rust-lang/crates-build-env/linux@sha256:2788e3201cd34a07e3172128adcd8b3090168a8e3bcc40d7c032b9dda1df7d1c" "/opt/rustwide/cargo-home/bin/cargo" "+beta-2023-12-22" "metadata" "--no-deps" "--format-version=1", kill_on_drop: false }`
[INFO] [stdout] bfeeac01a1bd77b75810411445b2308260c0ed9157d317c9e3b884316300752d
[INFO] running `Command { std: "docker" "start" "-a" "bfeeac01a1bd77b75810411445b2308260c0ed9157d317c9e3b884316300752d", kill_on_drop: false }`
[INFO] running `Command { std: "docker" "inspect" "bfeeac01a1bd77b75810411445b2308260c0ed9157d317c9e3b884316300752d", kill_on_drop: false }`
[INFO] running `Command { std: "docker" "rm" "-f" "bfeeac01a1bd77b75810411445b2308260c0ed9157d317c9e3b884316300752d", kill_on_drop: false }`
[INFO] [stdout] bfeeac01a1bd77b75810411445b2308260c0ed9157d317c9e3b884316300752d
[INFO] running `Command { std: "docker" "create" "-v" "/var/lib/crater-agent-workspace/builds/worker-1-tc2/target:/opt/rustwide/target:rw,Z" "-v" "/var/lib/crater-agent-workspace/builds/worker-1-tc2/source:/opt/rustwide/workdir:ro,Z" "-v" "/var/lib/crater-agent-workspace/cargo-home:/opt/rustwide/cargo-home:ro,Z" "-v" "/var/lib/crater-agent-workspace/rustup-home:/opt/rustwide/rustup-home:ro,Z" "-e" "SOURCE_DIR=/opt/rustwide/workdir" "-e" "CARGO_TARGET_DIR=/opt/rustwide/target" "-e" "CARGO_INCREMENTAL=0" "-e" "RUST_BACKTRACE=full" "-e" "RUSTFLAGS=--cap-lints=warn" "-e" "RUSTDOCFLAGS=--cap-lints=warn" "-e" "CARGO_HOME=/opt/rustwide/cargo-home" "-e" "RUSTUP_HOME=/opt/rustwide/rustup-home" "-w" "/opt/rustwide/workdir" "-m" "1610612736" "--user" "0:0" "--network" "none" "ghcr.io/rust-lang/crates-build-env/linux@sha256:2788e3201cd34a07e3172128adcd8b3090168a8e3bcc40d7c032b9dda1df7d1c" "/opt/rustwide/cargo-home/bin/cargo" "+beta-2023-12-22" "build" "--frozen" "--message-format=json", kill_on_drop: false }`
[INFO] [stdout] 27bd7ffc2c5e920c7383ba47ce0cf49f2168da2dede3a194f8b51dc82cf8253e
[INFO] running `Command { std: "docker" "start" "-a" "27bd7ffc2c5e920c7383ba47ce0cf49f2168da2dede3a194f8b51dc82cf8253e", kill_on_drop: false }`
[INFO] [stderr]    Compiling unity_coroutines v0.1.0 (/opt/rustwide/workdir)
[INFO] [stdout] error[E0557]: feature has been removed
[INFO] [stdout]  --> src/main.rs:1:12
[INFO] [stdout]   |
[INFO] [stdout] 1 | #![feature(generators, generator_trait)]
[INFO] [stdout]   |            ^^^^^^^^^^ feature has been removed
[INFO] [stdout]   |
[INFO] [stdout]   = note: renamed to `coroutines`
[INFO] [stdout] 
[INFO] [stdout] 
[INFO] [stdout] error[E0432]: unresolved imports `std::ops::Generator`, `std::ops::GeneratorState`
[INFO] [stdout]  --> src/coroutine.rs:1:16
[INFO] [stdout]   |
[INFO] [stdout] 1 | use std::ops::{Generator, GeneratorState};
[INFO] [stdout]   |                ^^^^^^^^^  ^^^^^^^^^^^^^^ no `GeneratorState` in `ops`
[INFO] [stdout]   |                |
[INFO] [stdout]   |                no `Generator` in `ops`
[INFO] [stdout] 
[INFO] [stdout] 
[INFO] [stdout] error[E0658]: yield syntax is experimental
[INFO] [stdout]   --> src/main.rs:27:4
[INFO] [stdout]    |
[INFO] [stdout] 27 |             yield CoroutineCondition::WaitOneFrame;
[INFO] [stdout]    |             ^^^^^^^^^^^^^^^^^^^^^^^^^^^^^^^^^^^^^^
[INFO] [stdout]    |
[INFO] [stdout]    = note: see issue #43122 <https://github.com/rust-lang/rust/issues/43122> for more information
[INFO] [stdout] 
[INFO] [stdout] 
[INFO] [stdout] error[E0658]: yield syntax is experimental
[INFO] [stdout]   --> src/main.rs:35:3
[INFO] [stdout]    |
[INFO] [stdout] 35 | /         yield CoroutineCondition::YieldInstruction(
[INFO] [stdout] 36 | |             WaitUntil::new(move|| {
[INFO] [stdout] 37 | |                 call_count_b.get() == target_count
[INFO] [stdout] 38 | |             })
[INFO] [stdout] 39 | |         );
[INFO] [stdout]    | |_________^
[INFO] [stdout]    |
[INFO] [stdout]    = note: see issue #43122 <https://github.com/rust-lang/rust/issues/43122> for more information
[INFO] [stdout] 
[INFO] [stdout] 
[INFO] [stdout] error[E0658]: yield syntax is experimental
[INFO] [stdout]   --> src/main.rs:45:5
[INFO] [stdout]    |
[INFO] [stdout] 45 |                 yield CoroutineCondition::WaitOneFrame;
[INFO] [stdout]    |                 ^^^^^^^^^^^^^^^^^^^^^^^^^^^^^^^^^^^^^^
[INFO] [stdout]    |
[INFO] [stdout]    = note: see issue #43122 <https://github.com/rust-lang/rust/issues/43122> for more information
[INFO] [stdout] 
[INFO] [stdout] 
[INFO] [stdout] error[E0658]: yield syntax is experimental
[INFO] [stdout]   --> src/main.rs:50:3
[INFO] [stdout]    |
[INFO] [stdout] 50 |         yield CoroutineCondition::WaitForCoroutine(handle4);
[INFO] [stdout]    |         ^^^^^^^^^^^^^^^^^^^^^^^^^^^^^^^^^^^^^^^^^^^^^^^^^^^
[INFO] [stdout]    |
[INFO] [stdout]    = note: see issue #43122 <https://github.com/rust-lang/rust/issues/43122> for more information
[INFO] [stdout] 
[INFO] [stdout] 
[INFO] [stdout] error[E0658]: yield syntax is experimental
[INFO] [stdout]   --> src/main.rs:55:4
[INFO] [stdout]    |
[INFO] [stdout] 55 |             yield CoroutineCondition::WaitOneFrame;
[INFO] [stdout]    |             ^^^^^^^^^^^^^^^^^^^^^^^^^^^^^^^^^^^^^^
[INFO] [stdout]    |
[INFO] [stdout]    = note: see issue #43122 <https://github.com/rust-lang/rust/issues/43122> for more information
[INFO] [stdout] 
[INFO] [stdout] 
[INFO] [stdout] error[E0658]: yield syntax is experimental
[INFO] [stdout]   --> src/main.rs:63:3
[INFO] [stdout]    |
[INFO] [stdout] 63 |         yield CoroutineCondition::WaitForCoroutine(handle1);
[INFO] [stdout]    |         ^^^^^^^^^^^^^^^^^^^^^^^^^^^^^^^^^^^^^^^^^^^^^^^^^^^
[INFO] [stdout]    |
[INFO] [stdout]    = note: see issue #43122 <https://github.com/rust-lang/rust/issues/43122> for more information
[INFO] [stdout] 
[INFO] [stdout] 
[INFO] [stdout] error[E0658]: yield syntax is experimental
[INFO] [stdout]   --> src/main.rs:67:3
[INFO] [stdout]    |
[INFO] [stdout] 67 |         yield CoroutineCondition::WaitForCoroutine(handle2);
[INFO] [stdout]    |         ^^^^^^^^^^^^^^^^^^^^^^^^^^^^^^^^^^^^^^^^^^^^^^^^^^^
[INFO] [stdout]    |
[INFO] [stdout]    = note: see issue #43122 <https://github.com/rust-lang/rust/issues/43122> for more information
[INFO] [stdout] 
[INFO] [stdout] 
[INFO] [stdout] error[E0658]: yield syntax is experimental
[INFO] [stdout]   --> src/main.rs:72:4
[INFO] [stdout]    |
[INFO] [stdout] 72 |             yield CoroutineCondition::WaitOneFrame;
[INFO] [stdout]    |             ^^^^^^^^^^^^^^^^^^^^^^^^^^^^^^^^^^^^^^
[INFO] [stdout]    |
[INFO] [stdout]    = note: see issue #43122 <https://github.com/rust-lang/rust/issues/43122> for more information
[INFO] [stdout] 
[INFO] [stdout] 
[INFO] [stdout] error[E0554]: `#![feature]` may not be used on the beta release channel
[INFO] [stdout]  --> src/main.rs:1:24
[INFO] [stdout]   |
[INFO] [stdout] 1 | #![feature(generators, generator_trait)]
[INFO] [stdout]   |                        ^^^^^^^^^^^^^^^
[INFO] [stdout] 
[INFO] [stdout] 
[INFO] [stdout] error[E0635]: unknown feature `generator_trait`
[INFO] [stdout]  --> src/main.rs:1:24
[INFO] [stdout]   |
[INFO] [stdout] 1 | #![feature(generators, generator_trait)]
[INFO] [stdout]   |                        ^^^^^^^^^^^^^^^
[INFO] [stdout] 
[INFO] [stdout] 
[INFO] [stdout] warning: trait objects without an explicit `dyn` are deprecated
[INFO] [stdout]   --> src/coroutine.rs:14:23
[INFO] [stdout]    |
[INFO] [stdout] 14 |     YieldInstruction(Box<YieldInstruction>),
[INFO] [stdout]    |                          ^^^^^^^^^^^^^^^^
[INFO] [stdout]    |
[INFO] [stdout]    = warning: this is accepted in the current edition (Rust 2015) but is a hard error in Rust 2021!
[INFO] [stdout]    = note: for more information, see <https://doc.rust-lang.org/nightly/edition-guide/rust-2021/warnings-promoted-to-error.html>
[INFO] [stdout]    = note: `#[warn(bare_trait_objects)]` on by default
[INFO] [stdout] help: use `dyn`
[INFO] [stdout]    |
[INFO] [stdout] 14 |     YieldInstruction(Box<dyn YieldInstruction>),
[INFO] [stdout]    |                          +++
[INFO] [stdout] 
[INFO] [stdout] 
[INFO] [stdout] error: aborting due to 12 previous errors; 1 warning emitted
[INFO] [stdout] 
[INFO] [stdout] 
[INFO] [stdout] Some errors have detailed explanations: E0432, E0554, E0557, E0635, E0658.
[INFO] [stdout] 
[INFO] [stdout] For more information about an error, try `rustc --explain E0432`.
[INFO] [stdout] 
[INFO] [stderr] error: could not compile `unity_coroutines` (bin "unity_coroutines") due to 13 previous errors; 1 warning emitted
[INFO] running `Command { std: "docker" "inspect" "27bd7ffc2c5e920c7383ba47ce0cf49f2168da2dede3a194f8b51dc82cf8253e", kill_on_drop: false }`
[INFO] running `Command { std: "docker" "rm" "-f" "27bd7ffc2c5e920c7383ba47ce0cf49f2168da2dede3a194f8b51dc82cf8253e", kill_on_drop: false }`
[INFO] [stdout] 27bd7ffc2c5e920c7383ba47ce0cf49f2168da2dede3a194f8b51dc82cf8253e
