[INFO] cloning repository https://github.com/einartryggvi/advent-of-code-2023
[INFO] running `Command { std: "git" "-c" "credential.helper=" "-c" "credential.helper=/workspace/cargo-home/bin/git-credential-null" "clone" "--bare" "https://github.com/einartryggvi/advent-of-code-2023" "/workspace/cache/git-repos/https%3A%2F%2Fgithub.com%2Feinartryggvi%2Fadvent-of-code-2023", kill_on_drop: false }`
[INFO] [stderr] Cloning into bare repository '/workspace/cache/git-repos/https%3A%2F%2Fgithub.com%2Feinartryggvi%2Fadvent-of-code-2023'...
[INFO] running `Command { std: "git" "rev-parse" "HEAD", kill_on_drop: false }`
[INFO] [stdout] 05d190af30c918727098ca60c6f24156f8324348
[INFO] testing einartryggvi/advent-of-code-2023 against 1.75.0 for beta-1.76-1
[INFO] running `Command { std: "git" "clone" "/workspace/cache/git-repos/https%3A%2F%2Fgithub.com%2Feinartryggvi%2Fadvent-of-code-2023" "/workspace/builds/worker-5-tc1/source", kill_on_drop: false }`
[INFO] [stderr] Cloning into '/workspace/builds/worker-5-tc1/source'...
[INFO] [stderr] done.
[INFO] validating manifest of git repo https://github.com/einartryggvi/advent-of-code-2023 on toolchain 1.75.0
[INFO] running `Command { std: CARGO_HOME="/workspace/cargo-home" RUSTUP_HOME="/workspace/rustup-home" "/workspace/cargo-home/bin/cargo" "+1.75.0" "metadata" "--manifest-path" "Cargo.toml" "--no-deps", kill_on_drop: false }`
[INFO] started tweaking git repo https://github.com/einartryggvi/advent-of-code-2023
[INFO] finished tweaking git repo https://github.com/einartryggvi/advent-of-code-2023
[INFO] tweaked toml for git repo https://github.com/einartryggvi/advent-of-code-2023 written to /workspace/builds/worker-5-tc1/source/Cargo.toml
[INFO] crate git repo https://github.com/einartryggvi/advent-of-code-2023 already has a lockfile, it will not be regenerated
[INFO] running `Command { std: CARGO_HOME="/workspace/cargo-home" RUSTUP_HOME="/workspace/rustup-home" "/workspace/cargo-home/bin/cargo" "+1.75.0" "fetch" "--manifest-path" "Cargo.toml", kill_on_drop: false }`
[INFO] running `Command { std: "docker" "create" "-v" "/var/lib/crater-agent-workspace/builds/worker-5-tc1/target:/opt/rustwide/target:rw,Z" "-v" "/var/lib/crater-agent-workspace/builds/worker-5-tc1/source:/opt/rustwide/workdir:ro,Z" "-v" "/var/lib/crater-agent-workspace/cargo-home:/opt/rustwide/cargo-home:ro,Z" "-v" "/var/lib/crater-agent-workspace/rustup-home:/opt/rustwide/rustup-home:ro,Z" "-e" "SOURCE_DIR=/opt/rustwide/workdir" "-e" "CARGO_TARGET_DIR=/opt/rustwide/target" "-e" "CARGO_HOME=/opt/rustwide/cargo-home" "-e" "RUSTUP_HOME=/opt/rustwide/rustup-home" "-w" "/opt/rustwide/workdir" "-m" "1610612736" "--user" "0:0" "--network" "none" "ghcr.io/rust-lang/crates-build-env/linux@sha256:2788e3201cd34a07e3172128adcd8b3090168a8e3bcc40d7c032b9dda1df7d1c" "/opt/rustwide/cargo-home/bin/cargo" "+1.75.0" "metadata" "--no-deps" "--format-version=1", kill_on_drop: false }`
[INFO] [stdout] 430520151f5e2648d84fe0d81bce581a29b123aac7bd8e808af141792d352989
[INFO] running `Command { std: "docker" "start" "-a" "430520151f5e2648d84fe0d81bce581a29b123aac7bd8e808af141792d352989", kill_on_drop: false }`
[INFO] running `Command { std: "docker" "inspect" "430520151f5e2648d84fe0d81bce581a29b123aac7bd8e808af141792d352989", kill_on_drop: false }`
[INFO] running `Command { std: "docker" "rm" "-f" "430520151f5e2648d84fe0d81bce581a29b123aac7bd8e808af141792d352989", kill_on_drop: false }`
[INFO] [stdout] 430520151f5e2648d84fe0d81bce581a29b123aac7bd8e808af141792d352989
[INFO] running `Command { std: "docker" "create" "-v" "/var/lib/crater-agent-workspace/builds/worker-5-tc1/target:/opt/rustwide/target:rw,Z" "-v" "/var/lib/crater-agent-workspace/builds/worker-5-tc1/source:/opt/rustwide/workdir:ro,Z" "-v" "/var/lib/crater-agent-workspace/cargo-home:/opt/rustwide/cargo-home:ro,Z" "-v" "/var/lib/crater-agent-workspace/rustup-home:/opt/rustwide/rustup-home:ro,Z" "-e" "SOURCE_DIR=/opt/rustwide/workdir" "-e" "CARGO_TARGET_DIR=/opt/rustwide/target" "-e" "CARGO_INCREMENTAL=0" "-e" "RUST_BACKTRACE=full" "-e" "RUSTFLAGS=--cap-lints=warn" "-e" "RUSTDOCFLAGS=--cap-lints=warn" "-e" "CARGO_HOME=/opt/rustwide/cargo-home" "-e" "RUSTUP_HOME=/opt/rustwide/rustup-home" "-w" "/opt/rustwide/workdir" "-m" "1610612736" "--user" "0:0" "--network" "none" "ghcr.io/rust-lang/crates-build-env/linux@sha256:2788e3201cd34a07e3172128adcd8b3090168a8e3bcc40d7c032b9dda1df7d1c" "/opt/rustwide/cargo-home/bin/cargo" "+1.75.0" "build" "--frozen" "--message-format=json", kill_on_drop: false }`
[INFO] [stdout] b388919cd2ce78b0243561a4e0958edd5cb20b9ce0ced2352edf399214fe7a2e
[INFO] running `Command { std: "docker" "start" "-a" "b388919cd2ce78b0243561a4e0958edd5cb20b9ce0ced2352edf399214fe7a2e", kill_on_drop: false }`
[INFO] [stderr]    Compiling autocfg v1.1.0
[INFO] [stderr]    Compiling memchr v2.6.4
[INFO] [stderr]    Compiling regex-syntax v0.8.2
[INFO] [stderr]    Compiling num-traits v0.2.17
[INFO] [stderr]    Compiling num-integer v0.1.45
[INFO] [stderr]    Compiling num-bigint v0.4.4
[INFO] [stderr]    Compiling num-rational v0.4.1
[INFO] [stderr]    Compiling num-iter v0.1.43
[INFO] [stderr]    Compiling substring v1.4.5
[INFO] [stderr]    Compiling aho-corasick v1.1.2
[INFO] [stderr]    Compiling num-complex v0.4.4
[INFO] [stderr]    Compiling regex-automata v0.4.3
[INFO] [stderr]    Compiling num v0.4.1
[INFO] [stderr]    Compiling regex v1.10.2
[INFO] [stderr]    Compiling advent-of-code-2023 v0.1.0 (/opt/rustwide/workdir)
[INFO] [stderr]     Finished dev [unoptimized + debuginfo] target(s) in 5.05s
[INFO] running `Command { std: "docker" "inspect" "b388919cd2ce78b0243561a4e0958edd5cb20b9ce0ced2352edf399214fe7a2e", kill_on_drop: false }`
[INFO] running `Command { std: "docker" "rm" "-f" "b388919cd2ce78b0243561a4e0958edd5cb20b9ce0ced2352edf399214fe7a2e", kill_on_drop: false }`
[INFO] [stdout] b388919cd2ce78b0243561a4e0958edd5cb20b9ce0ced2352edf399214fe7a2e
[INFO] running `Command { std: "docker" "create" "-v" "/var/lib/crater-agent-workspace/builds/worker-5-tc1/target:/opt/rustwide/target:rw,Z" "-v" "/var/lib/crater-agent-workspace/builds/worker-5-tc1/source:/opt/rustwide/workdir:ro,Z" "-v" "/var/lib/crater-agent-workspace/cargo-home:/opt/rustwide/cargo-home:ro,Z" "-v" "/var/lib/crater-agent-workspace/rustup-home:/opt/rustwide/rustup-home:ro,Z" "-e" "SOURCE_DIR=/opt/rustwide/workdir" "-e" "CARGO_TARGET_DIR=/opt/rustwide/target" "-e" "CARGO_INCREMENTAL=0" "-e" "RUST_BACKTRACE=full" "-e" "RUSTFLAGS=--cap-lints=warn" "-e" "RUSTDOCFLAGS=--cap-lints=warn" "-e" "CARGO_HOME=/opt/rustwide/cargo-home" "-e" "RUSTUP_HOME=/opt/rustwide/rustup-home" "-w" "/opt/rustwide/workdir" "-m" "1610612736" "--user" "0:0" "--network" "none" "ghcr.io/rust-lang/crates-build-env/linux@sha256:2788e3201cd34a07e3172128adcd8b3090168a8e3bcc40d7c032b9dda1df7d1c" "/opt/rustwide/cargo-home/bin/cargo" "+1.75.0" "test" "--frozen" "--no-run" "--message-format=json", kill_on_drop: false }`
[INFO] [stdout] ead0433d35f5a59b1582d945d574f8fcbb7753bce793eee96fda8ffc189bb20e
[INFO] running `Command { std: "docker" "start" "-a" "ead0433d35f5a59b1582d945d574f8fcbb7753bce793eee96fda8ffc189bb20e", kill_on_drop: false }`
[INFO] [stderr]    Compiling advent-of-code-2023 v0.1.0 (/opt/rustwide/workdir)
[INFO] [stderr]     Finished test [unoptimized + debuginfo] target(s) in 1.66s
[INFO] running `Command { std: "docker" "inspect" "ead0433d35f5a59b1582d945d574f8fcbb7753bce793eee96fda8ffc189bb20e", kill_on_drop: false }`
[INFO] running `Command { std: "docker" "rm" "-f" "ead0433d35f5a59b1582d945d574f8fcbb7753bce793eee96fda8ffc189bb20e", kill_on_drop: false }`
[INFO] [stdout] ead0433d35f5a59b1582d945d574f8fcbb7753bce793eee96fda8ffc189bb20e
[INFO] running `Command { std: "docker" "create" "-v" "/var/lib/crater-agent-workspace/builds/worker-5-tc1/target:/opt/rustwide/target:rw,Z" "-v" "/var/lib/crater-agent-workspace/builds/worker-5-tc1/source:/opt/rustwide/workdir:ro,Z" "-v" "/var/lib/crater-agent-workspace/cargo-home:/opt/rustwide/cargo-home:ro,Z" "-v" "/var/lib/crater-agent-workspace/rustup-home:/opt/rustwide/rustup-home:ro,Z" "-e" "SOURCE_DIR=/opt/rustwide/workdir" "-e" "CARGO_TARGET_DIR=/opt/rustwide/target" "-e" "CARGO_INCREMENTAL=0" "-e" "RUST_BACKTRACE=full" "-e" "RUSTFLAGS=--cap-lints=warn" "-e" "RUSTDOCFLAGS=--cap-lints=warn" "-e" "CARGO_HOME=/opt/rustwide/cargo-home" "-e" "RUSTUP_HOME=/opt/rustwide/rustup-home" "-w" "/opt/rustwide/workdir" "-m" "1610612736" "--user" "0:0" "--network" "none" "ghcr.io/rust-lang/crates-build-env/linux@sha256:2788e3201cd34a07e3172128adcd8b3090168a8e3bcc40d7c032b9dda1df7d1c" "/opt/rustwide/cargo-home/bin/cargo" "+1.75.0" "test" "--frozen", kill_on_drop: false }`
[INFO] [stdout] 689793e6ff08f97fa0e07406c4adb72148472897529a9fe409bc74da43a5c483
[INFO] running `Command { std: "docker" "start" "-a" "689793e6ff08f97fa0e07406c4adb72148472897529a9fe409bc74da43a5c483", kill_on_drop: false }`
[INFO] [stderr]     Finished test [unoptimized + debuginfo] target(s) in 0.01s
[INFO] [stderr]      Running unittests src/main.rs (/opt/rustwide/target/debug/deps/advent_of_code_2023-e82b0d9b99f66349)
[INFO] [stdout] 
[INFO] [stdout] running 135 tests
[INFO] [stdout] test day10::part1::tests::test_day10_part1d ... ok
[INFO] [stdout] test day10::part1::tests::test_day10_part1a ... ok
[INFO] [stdout] test day10::part1::tests::test_day10_part1b ... ok
[INFO] [stdout] test day10::part1::tests::test_day10_part1c ... ok
[INFO] [stdout] test day10::part1::tests::test_day10_part1e ... ok
[INFO] [stdout] test day10::part1::tests::test_day10_part1f ... ok
[INFO] [stdout] test day10::part1::tests::test_day10_part1g ... ok
[INFO] [stdout] test day10::part1::tests::test_day10_part1h ... ok
[INFO] [stdout] test day10::part1::tests::test_day10_part1i ... ok
[INFO] [stdout] test day11::part1::tests::test_day11_part1 ... ok
[INFO] [stdout] test day11::part2::tests::test_day11_part2 ... ok
[INFO] [stdout] test day12::part2::tests::test_day12_part2 ... ok
[INFO] [stdout] test day15::part1::tests::test_day15_part1a ... ok
[INFO] [stdout] test day14::part1::tests::test_day14_part1 ... ok
[INFO] [stdout] test day13::part2::tests::test_day13_part2 ... ok
[INFO] [stdout] test day13::part1::tests::test_day13_part1 ... ok
[INFO] [stdout] test day15::part2::tests::test_day15_part2a ... ok
[INFO] [stdout] test day15::part1::tests::test_day15_part1b ... ok
[INFO] [stdout] test day17::part1::tests::test_day17_part1 ... ok
[INFO] [stdout] test day10::part2::tests::test_day10_part2a ... ok
[INFO] [stdout] test day10::part2::tests::test_day10_part2b ... ok
[INFO] [stdout] test day17::part2::tests::test_day17_part2 ... ok
[INFO] [stdout] test day18::part1::tests::test_day18_part1 ... ok
[INFO] [stdout] test day18::part2::tests::test_day18_part2 ... ok
[INFO] [stdout] test day19::part2::tests::test_day19_part2 ... ok
[INFO] [stdout] test day19::part1::tests::test_day19_part1 ... ok
[INFO] [stdout] test day1::part2::tests::test_line_to_digit1 ... ok
[INFO] [stdout] test day1::part2::tests::test_line_to_digit4 ... ok
[INFO] [stdout] test day1::part2::tests::test_line_to_digit2 ... ok
[INFO] [stdout] test day1::part2::tests::test_line_to_digit3 ... ok
[INFO] [stdout] test day1::part2::tests::test_line_to_digit7 ... ok
[INFO] [stdout] test day1::part2::tests::test_line_to_digit5 ... ok
[INFO] [stdout] test day1::part2::tests::test_line_to_digit6 ... ok
[INFO] [stdout] test day1::part2::tests::test_line_to_digit8 ... ok
[INFO] [stdout] test day20::part1::tests::test_day20_part1 ... ok
[INFO] [stdout] test day20::part2::tests::test_day20_part2 ... ok
[INFO] [stdout] test day12::part1::tests::test_day12_part1a ... ok
[INFO] [stdout] test day21::part2::tests::test_day21_part2 ... ok
[INFO] [stdout] test day21::part1::tests::test_day21_part1 ... ok
[INFO] [stdout] test day22::part1::tests::test_day22_part1 ... ok
[INFO] [stdout] test day22::part2::tests::test_day22_part2 ... ok
[INFO] [stdout] test day23::part1::tests::test_day23_part1 ... ok
[INFO] [stdout] test day24::part1::tests::test_day24_part1 ... ok
[INFO] [stdout] test day24::part2::tests::test_day24_part2 ... ok
[INFO] [stdout] test day23::part2::tests::test_day23_part2 ... ok
[INFO] [stdout] test day25::part1::tests::test_day25_part1 ... ok
[INFO] [stdout] test day3::part1::tests::test_engine_schematic_sum10 ... ok
[INFO] [stdout] test day3::part1::tests::test_engine_schematic_sum11 ... ok
[INFO] [stdout] test day25::part2::tests::test_day25_part2 ... ok
[INFO] [stdout] test day3::part1::tests::test_engine_schematic_sum12 ... ok
[INFO] [stdout] test day3::part1::tests::test_engine_schematic_sum ... ok
[INFO] [stdout] test day3::part1::tests::test_engine_schematic_sum13 ... ok
[INFO] [stdout] test day10::part2::tests::test_day10_part2c ... ok
[INFO] [stdout] test day3::part1::tests::test_engine_schematic_sum15 ... ok
[INFO] [stdout] test day3::part1::tests::test_engine_schematic_sum14 ... ok
[INFO] [stdout] test day3::part1::tests::test_engine_schematic_sum16 ... ok
[INFO] [stdout] test day3::part1::tests::test_engine_schematic_sum17 ... ok
[INFO] [stdout] test day3::part1::tests::test_engine_schematic_sum18a ... ok
[INFO] [stdout] test day12::part1::tests::test_day12_part1d ... ok
[INFO] [stdout] test day12::part1::tests::test_day12_part1e ... ok
[INFO] [stdout] test day3::part1::tests::test_engine_schematic_sum4a ... ok
[INFO] [stdout] test day3::part1::tests::test_engine_schematic_sum2 ... ok
[INFO] [stdout] test day3::part1::tests::test_engine_schematic_sum5 ... ok
[INFO] [stdout] test day3::part1::tests::test_engine_schematic_sum4b ... ok
[INFO] [stdout] test day3::part1::tests::test_engine_schematic_sum18b ... ok
[INFO] [stdout] test day10::part2::tests::test_day10_part2d ... ok
[INFO] [stdout] test day3::part1::tests::test_engine_schematic_sum3 ... ok
[INFO] [stdout] test day3::part1::tests::test_engine_schematic_sum6 ... ok
[INFO] [stdout] test day3::part1::tests::test_engine_schematic_sum7 ... ok
[INFO] [stdout] test day3::part1::tests::test_engine_schematic_sum9 ... ok
[INFO] [stdout] test day3::part1::tests::test_engine_schematic_sum8 ... ok
[INFO] [stdout] test day3::part2::tests::test_gear_ratio10 ... ok
[INFO] [stdout] test day3::part2::tests::test_gear_ratio1 ... ok
[INFO] [stdout] test day3::part2::tests::test_gear_ratio3 ... ok
[INFO] [stdout] test day3::part2::tests::test_gear_ratio2 ... ok
[INFO] [stdout] test day3::part2::tests::test_gear_ratio4 ... ok
[INFO] [stdout] test day3::part2::tests::test_gear_ratio7 ... ok
[INFO] [stdout] test day3::part2::tests::test_gear_ratio8 ... ok
[INFO] [stdout] test day5::part1::tests::test_seed_locations ... ok
[INFO] [stdout] test day3::part2::tests::test_gear_ratio6 ... ok
[INFO] [stdout] test day3::part2::tests::test_gear_ratio5 ... ok
[INFO] [stdout] test day5::part2::tests::test_seed_range_locations ... ok
[INFO] [stdout] test day6::part1::tests::test_distance1 ... ok
[INFO] [stdout] test day3::part2::tests::test_gear_ratio9 ... ok
[INFO] [stdout] test day6::part1::tests::test_distance2 ... ok
[INFO] [stdout] test day6::part1::tests::test_distance3 ... ok
[INFO] [stdout] test day6::part1::tests::test_distance5 ... ok
[INFO] [stdout] test day6::part1::tests::test_distance4 ... ok
[INFO] [stdout] test day6::part1::tests::test_distance7 ... ok
[INFO] [stdout] test day6::part1::tests::test_distance6 ... ok
[INFO] [stdout] test day6::part1::tests::test_distance8 ... ok
[INFO] [stdout] test day7::part1::tests::test_hand_rank2 ... ok
[INFO] [stdout] test day7::part1::tests::test_hand_rank1 ... ok
[INFO] [stdout] test day7::part1::tests::test_hand_rank4 ... ok
[INFO] [stdout] test day7::part1::tests::test_hand_rank3 ... ok
[INFO] [stdout] test day12::part1::tests::test_day12_part1b ... ok
[INFO] [stdout] test day7::part1::tests::test_hand_rank5 ... ok
[INFO] [stdout] test day7::part1::tests::test_hand_rank6 ... ok
[INFO] [stdout] test day7::part1::tests::test_hand_rank7 ... ok
[INFO] [stdout] test day7::part1::tests::test_total_winnings2 ... ok
[INFO] [stdout] test day7::part1::tests::test_total_winnings ... ok
[INFO] [stdout] test day7::part2::tests::test_hand_rank10 ... ok
[INFO] [stdout] test day7::part2::tests::test_hand_rank1 ... ok
[INFO] [stdout] test day7::part2::tests::test_hand_rank12 ... ok
[INFO] [stdout] test day7::part2::tests::test_hand_rank11 ... ok
[INFO] [stdout] test day7::part2::tests::test_hand_rank2 ... ok
[INFO] [stdout] test day7::part2::tests::test_hand_rank3 ... ok
[INFO] [stdout] test day7::part2::tests::test_hand_rank7 ... ok
[INFO] [stdout] test day7::part2::tests::test_hand_rank6 ... ok
[INFO] [stdout] test day7::part2::tests::test_hand_rank4 ... ok
[INFO] [stdout] test day7::part2::tests::test_hand_rank5 ... ok
[INFO] [stdout] test day7::part2::tests::test_hand_rank9 ... ok
[INFO] [stdout] test day8::part1::tests::test_day8_part1a ... ok
[INFO] [stdout] test day7::part2::tests::test_total_winnings ... ok
[INFO] [stdout] test day7::part2::tests::test_hand_rank8 ... ok
[INFO] [stdout] test day8::part2::tests::test_day8_part2a ... ok
[INFO] [stdout] test day8::part1::tests::test_day8_part1b ... ok
[INFO] [stdout] test day9::part1::tests::test_day9_part1a ... ok
[INFO] [stdout] test day9::part1::tests::test_day9_part1c ... ok
[INFO] [stdout] test day9::part1::tests::test_day9_part1d ... ok
[INFO] [stdout] test day9::part1::tests::test_day9_part1b ... ok
[INFO] [stdout] test day9::part2::tests::test_day9_part2a ... ok
[INFO] [stdout] test day9::part2::tests::test_day9_part2b ... ok
[INFO] [stdout] test day6::part1::tests::test_calculate_winning_margin_brute_force ... ok
[INFO] [stdout] test day6::part2::tests::test_calculate_winnings_quadratic ... ok
[INFO] [stdout] test day6::part1::tests::test_calculate_winning_margin_quadratirc ... ok
[INFO] [stdout] test day6::part2::tests::test_calculate_winnings_brute_force ... ok
[INFO] [stdout] test day4::part2::tests::test_total_cards ... ok
[INFO] [stdout] test day4::part1::tests::test_card_points ... ok
[INFO] [stdout] test day15::part2::tests::test_day15_part2b ... ok
[INFO] [stdout] test day16::part1::tests::test_day16_part1 ... FAILED
[INFO] [stdout] test day16::part2::tests::test_day16_part2 ... FAILED
[INFO] [stdout] test day12::part1::tests::test_day12_part1c ... ok
[INFO] [stdout] test day12::part1::tests::test_day12_part1f ... ok
[INFO] [stdout] test day14::part2::tests::test_day14_part2 ... FAILED
[INFO] [stdout] 
[INFO] [stdout] failures:
[INFO] [stdout] 
[INFO] [stdout] ---- day16::part1::tests::test_day16_part1 stdout ----
[INFO] [stdout] thread 'day16::part1::tests::test_day16_part1' panicked at src/day16.rs:289:69:
[INFO] [stdout] File not found: Os { code: 2, kind: NotFound, message: "No such file or directory" }
[INFO] [stdout] stack backtrace:
[INFO] [stdout]    0:     0x563ae9de4c2c - std::backtrace_rs::backtrace::libunwind::trace::ha637c64ce894333a
[INFO] [stdout]                                at /rustc/82e1608dfa6e0b5569232559e3d385fea5a93112/library/std/src/../../backtrace/src/backtrace/libunwind.rs:104:5
[INFO] [stdout]    1:     0x563ae9de4c2c - std::backtrace_rs::backtrace::trace_unsynchronized::h47f62dea28e0c88d
[INFO] [stdout]                                at /rustc/82e1608dfa6e0b5569232559e3d385fea5a93112/library/std/src/../../backtrace/src/backtrace/mod.rs:66:5
[INFO] [stdout]    2:     0x563ae9de4c2c - std::sys_common::backtrace::_print_fmt::h9eef0abe20ede486
[INFO] [stdout]                                at /rustc/82e1608dfa6e0b5569232559e3d385fea5a93112/library/std/src/sys_common/backtrace.rs:67:5
[INFO] [stdout]    3:     0x563ae9de4c2c - <std::sys_common::backtrace::_print::DisplayBacktrace as core::fmt::Display>::fmt::hed7f999df88cc644
[INFO] [stdout]                                at /rustc/82e1608dfa6e0b5569232559e3d385fea5a93112/library/std/src/sys_common/backtrace.rs:44:22
[INFO] [stdout]    4:     0x563ae9e0f320 - core::fmt::rt::Argument::fmt::h1539a9308b8d058d
[INFO] [stdout]                                at /rustc/82e1608dfa6e0b5569232559e3d385fea5a93112/library/core/src/fmt/rt.rs:142:9
[INFO] [stdout]    5:     0x563ae9e0f320 - core::fmt::write::h3a39390d8560d9c9
[INFO] [stdout]                                at /rustc/82e1608dfa6e0b5569232559e3d385fea5a93112/library/core/src/fmt/mod.rs:1120:17
[INFO] [stdout]    6:     0x563ae9de25df - std::io::Write::write_fmt::h040b369f3a0f9cbc
[INFO] [stdout]                                at /rustc/82e1608dfa6e0b5569232559e3d385fea5a93112/library/std/src/io/mod.rs:1762:15
[INFO] [stdout]    7:     0x563ae9de4a14 - std::sys_common::backtrace::_print::h894006fb5c6f3d45
[INFO] [stdout]                                at /rustc/82e1608dfa6e0b5569232559e3d385fea5a93112/library/std/src/sys_common/backtrace.rs:47:5
[INFO] [stdout]    8:     0x563ae9de4a14 - std::sys_common::backtrace::print::h23a2d212c6fff936
[INFO] [stdout]                                at /rustc/82e1608dfa6e0b5569232559e3d385fea5a93112/library/std/src/sys_common/backtrace.rs:34:9
[INFO] [stdout]    9:     0x563ae9de66d7 - std::panicking::default_hook::{{closure}}::h8a1d2ee00185001a
[INFO] [stdout]   10:     0x563ae9de63c3 - std::panicking::default_hook::h6038f2eba384e475
[INFO] [stdout]                                at /rustc/82e1608dfa6e0b5569232559e3d385fea5a93112/library/std/src/panicking.rs:289:9
[INFO] [stdout]   11:     0x563ae9b00037 - <alloc::boxed::Box<F,A> as core::ops::function::Fn<Args>>::call::h0ad024c9bdc6d768
[INFO] [stdout]                                at /rustc/82e1608dfa6e0b5569232559e3d385fea5a93112/library/alloc/src/boxed.rs:2021:9
[INFO] [stdout]   12:     0x563ae9b00037 - test::test_main::{{closure}}::h7500b54257359db6
[INFO] [stdout]                                at /rustc/82e1608dfa6e0b5569232559e3d385fea5a93112/library/test/src/lib.rs:138:21
[INFO] [stdout]   13:     0x563ae9de6ce8 - <alloc::boxed::Box<F,A> as core::ops::function::Fn<Args>>::call::h1f8f335eaa9cfaee
[INFO] [stdout]                                at /rustc/82e1608dfa6e0b5569232559e3d385fea5a93112/library/alloc/src/boxed.rs:2021:9
[INFO] [stdout]   14:     0x563ae9de6ce8 - std::panicking::rust_panic_with_hook::h2b5517d590cab22e
[INFO] [stdout]                                at /rustc/82e1608dfa6e0b5569232559e3d385fea5a93112/library/std/src/panicking.rs:783:13
[INFO] [stdout]   15:     0x563ae9de6a3e - std::panicking::begin_panic_handler::{{closure}}::h233112c06e0ef43e
[INFO] [stdout]                                at /rustc/82e1608dfa6e0b5569232559e3d385fea5a93112/library/std/src/panicking.rs:657:13
[INFO] [stdout]   16:     0x563ae9de50f6 - std::sys_common::backtrace::__rust_end_short_backtrace::h6e893f24d7ebbff8
[INFO] [stdout]                                at /rustc/82e1608dfa6e0b5569232559e3d385fea5a93112/library/std/src/sys_common/backtrace.rs:170:18
[INFO] [stdout]   17:     0x563ae9de67a2 - rust_begin_unwind
[INFO] [stdout]                                at /rustc/82e1608dfa6e0b5569232559e3d385fea5a93112/library/std/src/panicking.rs:645:5
[INFO] [stdout]   18:     0x563ae9a442a5 - core::panicking::panic_fmt::hbf0e066aabfa482c
[INFO] [stdout]                                at /rustc/82e1608dfa6e0b5569232559e3d385fea5a93112/library/core/src/panicking.rs:72:14
[INFO] [stdout]   19:     0x563ae9a44873 - core::result::unwrap_failed::hddb4fea594200c52
[INFO] [stdout]                                at /rustc/82e1608dfa6e0b5569232559e3d385fea5a93112/library/core/src/result.rs:1653:5
[INFO] [stdout]   20:     0x563ae9a967ce - core::result::Result<T,E>::expect::h07a25c322361a56a
[INFO] [stdout]                                at /rustc/82e1608dfa6e0b5569232559e3d385fea5a93112/library/core/src/result.rs:1034:23
[INFO] [stdout]   21:     0x563ae9a9a329 - advent_of_code_2023::day16::part1::tests::test_day16_part1::h65f8b452c2c605bb
[INFO] [stdout]                                at /opt/rustwide/workdir/src/day16.rs:289:22
[INFO] [stdout]   22:     0x563ae9a9a2c7 - advent_of_code_2023::day16::part1::tests::test_day16_part1::{{closure}}::ha4556e1c0b89be6e
[INFO] [stdout]                                at /opt/rustwide/workdir/src/day16.rs:286:30
[INFO] [stdout]   23:     0x563ae9ab74e6 - core::ops::function::FnOnce::call_once::h36d372732e3fc6e4
[INFO] [stdout]                                at /rustc/82e1608dfa6e0b5569232559e3d385fea5a93112/library/core/src/ops/function.rs:250:5
[INFO] [stdout]   24:     0x563ae9b0568f - core::ops::function::FnOnce::call_once::h2b5d431d5046312d
[INFO] [stdout]                                at /rustc/82e1608dfa6e0b5569232559e3d385fea5a93112/library/core/src/ops/function.rs:250:5
[INFO] [stdout]   25:     0x563ae9b0568f - test::__rust_begin_short_backtrace::h7714669af176e207
[INFO] [stdout]                                at /rustc/82e1608dfa6e0b5569232559e3d385fea5a93112/library/test/src/lib.rs:628:18
[INFO] [stdout]   26:     0x563ae9b046a5 - test::run_test_in_process::{{closure}}::h85218797dcbcec12
[INFO] [stdout]                                at /rustc/82e1608dfa6e0b5569232559e3d385fea5a93112/library/test/src/lib.rs:651:60
[INFO] [stdout]   27:     0x563ae9b046a5 - <core::panic::unwind_safe::AssertUnwindSafe<F> as core::ops::function::FnOnce<()>>::call_once::h76c106ea31c14d7b
[INFO] [stdout]                                at /rustc/82e1608dfa6e0b5569232559e3d385fea5a93112/library/core/src/panic/unwind_safe.rs:272:9
[INFO] [stdout]   28:     0x563ae9b046a5 - std::panicking::try::do_call::h3bd5d0f6620ee946
[INFO] [stdout]                                at /rustc/82e1608dfa6e0b5569232559e3d385fea5a93112/library/std/src/panicking.rs:552:40
[INFO] [stdout]   29:     0x563ae9b046a5 - std::panicking::try::h232e535e4744fe31
[INFO] [stdout]                                at /rustc/82e1608dfa6e0b5569232559e3d385fea5a93112/library/std/src/panicking.rs:516:19
[INFO] [stdout]   30:     0x563ae9b046a5 - std::panic::catch_unwind::h3ce3bd6ca8dbac68
[INFO] [stdout]                                at /rustc/82e1608dfa6e0b5569232559e3d385fea5a93112/library/std/src/panic.rs:142:14
[INFO] [stdout]   31:     0x563ae9b046a5 - test::run_test_in_process::hc97b257c9621286a
[INFO] [stdout]                                at /rustc/82e1608dfa6e0b5569232559e3d385fea5a93112/library/test/src/lib.rs:651:27
[INFO] [stdout]   32:     0x563ae9b046a5 - test::run_test::{{closure}}::h2aa798823a438d38
[INFO] [stdout]                                at /rustc/82e1608dfa6e0b5569232559e3d385fea5a93112/library/test/src/lib.rs:574:43
[INFO] [stdout]   33:     0x563ae9acc966 - test::run_test::{{closure}}::h87d231c78fb59832
[INFO] [stdout]                                at /rustc/82e1608dfa6e0b5569232559e3d385fea5a93112/library/test/src/lib.rs:602:41
[INFO] [stdout]   34:     0x563ae9acc966 - std::sys_common::backtrace::__rust_begin_short_backtrace::he6df152596625789
[INFO] [stdout]                                at /rustc/82e1608dfa6e0b5569232559e3d385fea5a93112/library/std/src/sys_common/backtrace.rs:154:18
[INFO] [stdout]   35:     0x563ae9ad1a17 - std::thread::Builder::spawn_unchecked_::{{closure}}::{{closure}}::ha94be15d1e0acf36
[INFO] [stdout]                                at /rustc/82e1608dfa6e0b5569232559e3d385fea5a93112/library/std/src/thread/mod.rs:529:17
[INFO] [stdout]   36:     0x563ae9ad1a17 - <core::panic::unwind_safe::AssertUnwindSafe<F> as core::ops::function::FnOnce<()>>::call_once::h9dc6bd6372f16606
[INFO] [stdout]                                at /rustc/82e1608dfa6e0b5569232559e3d385fea5a93112/library/core/src/panic/unwind_safe.rs:272:9
[INFO] [stdout]   37:     0x563ae9ad1a17 - std::panicking::try::do_call::h9057517f80303cd4
[INFO] [stdout]                                at /rustc/82e1608dfa6e0b5569232559e3d385fea5a93112/library/std/src/panicking.rs:552:40
[INFO] [stdout]   38:     0x563ae9ad1a17 - std::panicking::try::he3a30b11ee45340c
[INFO] [stdout]                                at /rustc/82e1608dfa6e0b5569232559e3d385fea5a93112/library/std/src/panicking.rs:516:19
[INFO] [stdout]   39:     0x563ae9ad1a17 - std::panic::catch_unwind::h410458cfd3528b8b
[INFO] [stdout]                                at /rustc/82e1608dfa6e0b5569232559e3d385fea5a93112/library/std/src/panic.rs:142:14
[INFO] [stdout]   40:     0x563ae9ad1a17 - std::thread::Builder::spawn_unchecked_::{{closure}}::h72ac3bdb567b737b
[INFO] [stdout]                                at /rustc/82e1608dfa6e0b5569232559e3d385fea5a93112/library/std/src/thread/mod.rs:528:30
[INFO] [stdout]   41:     0x563ae9ad1a17 - core::ops::function::FnOnce::call_once{{vtable.shim}}::h38f34da3654a8344
[INFO] [stdout]                                at /rustc/82e1608dfa6e0b5569232559e3d385fea5a93112/library/core/src/ops/function.rs:250:5
[INFO] [stdout]   42:     0x563ae9deb775 - <alloc::boxed::Box<F,A> as core::ops::function::FnOnce<Args>>::call_once::hc7eafaff61e32df9
[INFO] [stdout]                                at /rustc/82e1608dfa6e0b5569232559e3d385fea5a93112/library/alloc/src/boxed.rs:2007:9
[INFO] [stdout]   43:     0x563ae9deb775 - <alloc::boxed::Box<F,A> as core::ops::function::FnOnce<Args>>::call_once::h6ba4a5de48dd2304
[INFO] [stdout]                                at /rustc/82e1608dfa6e0b5569232559e3d385fea5a93112/library/alloc/src/boxed.rs:2007:9
[INFO] [stdout]   44:     0x563ae9deb775 - std::sys::unix::thread::Thread::new::thread_start::he469335aef763e45
[INFO] [stdout]                                at /rustc/82e1608dfa6e0b5569232559e3d385fea5a93112/library/std/src/sys/unix/thread.rs:108:17
[INFO] [stdout]   45:     0x7f2cbb454ac3 - <unknown>
[INFO] [stdout]   46:     0x7f2cbb4e5bf4 - __clone
[INFO] [stdout]   47:                0x0 - <unknown>
[INFO] [stdout] 
[INFO] [stdout] ---- day16::part2::tests::test_day16_part2 stdout ----
[INFO] [stdout] thread 'day16::part2::tests::test_day16_part2' panicked at src/day16.rs:432:69:
[INFO] [stdout] File not found: Os { code: 2, kind: NotFound, message: "No such file or directory" }
[INFO] [stdout] stack backtrace:
[INFO] [stdout]    0:     0x563ae9de4c2c - std::backtrace_rs::backtrace::libunwind::trace::ha637c64ce894333a
[INFO] [stdout]                                at /rustc/82e1608dfa6e0b5569232559e3d385fea5a93112/library/std/src/../../backtrace/src/backtrace/libunwind.rs:104:5
[INFO] [stdout]    1:     0x563ae9de4c2c - std::backtrace_rs::backtrace::trace_unsynchronized::h47f62dea28e0c88d
[INFO] [stdout]                                at /rustc/82e1608dfa6e0b5569232559e3d385fea5a93112/library/std/src/../../backtrace/src/backtrace/mod.rs:66:5
[INFO] [stdout]    2:     0x563ae9de4c2c - std::sys_common::backtrace::_print_fmt::h9eef0abe20ede486
[INFO] [stdout]                                at /rustc/82e1608dfa6e0b5569232559e3d385fea5a93112/library/std/src/sys_common/backtrace.rs:67:5
[INFO] [stdout]    3:     0x563ae9de4c2c - <std::sys_common::backtrace::_print::DisplayBacktrace as core::fmt::Display>::fmt::hed7f999df88cc644
[INFO] [stdout]                                at /rustc/82e1608dfa6e0b5569232559e3d385fea5a93112/library/std/src/sys_common/backtrace.rs:44:22
[INFO] [stdout]    4:     0x563ae9e0f320 - core::fmt::rt::Argument::fmt::h1539a9308b8d058d
[INFO] [stdout]                                at /rustc/82e1608dfa6e0b5569232559e3d385fea5a93112/library/core/src/fmt/rt.rs:142:9
[INFO] [stdout]    5:     0x563ae9e0f320 - core::fmt::write::h3a39390d8560d9c9
[INFO] [stdout]                                at /rustc/82e1608dfa6e0b5569232559e3d385fea5a93112/library/core/src/fmt/mod.rs:1120:17
[INFO] [stdout]    6:     0x563ae9de25df - std::io::Write::write_fmt::h040b369f3a0f9cbc
[INFO] [stdout]                                at /rustc/82e1608dfa6e0b5569232559e3d385fea5a93112/library/std/src/io/mod.rs:1762:15
[INFO] [stdout]    7:     0x563ae9de4a14 - std::sys_common::backtrace::_print::h894006fb5c6f3d45
[INFO] [stdout]                                at /rustc/82e1608dfa6e0b5569232559e3d385fea5a93112/library/std/src/sys_common/backtrace.rs:47:5
[INFO] [stdout]    8:     0x563ae9de4a14 - std::sys_common::backtrace::print::h23a2d212c6fff936
[INFO] [stdout]                                at /rustc/82e1608dfa6e0b5569232559e3d385fea5a93112/library/std/src/sys_common/backtrace.rs:34:9
[INFO] [stdout]    9:     0x563ae9de66d7 - std::panicking::default_hook::{{closure}}::h8a1d2ee00185001a
[INFO] [stdout]   10:     0x563ae9de63c3 - std::panicking::default_hook::h6038f2eba384e475
[INFO] [stdout]                                at /rustc/82e1608dfa6e0b5569232559e3d385fea5a93112/library/std/src/panicking.rs:289:9
[INFO] [stdout]   11:     0x563ae9b00037 - <alloc::boxed::Box<F,A> as core::ops::function::Fn<Args>>::call::h0ad024c9bdc6d768
[INFO] [stdout]                                at /rustc/82e1608dfa6e0b5569232559e3d385fea5a93112/library/alloc/src/boxed.rs:2021:9
[INFO] [stdout]   12:     0x563ae9b00037 - test::test_main::{{closure}}::h7500b54257359db6
[INFO] [stdout]                                at /rustc/82e1608dfa6e0b5569232559e3d385fea5a93112/library/test/src/lib.rs:138:21
[INFO] [stdout]   13:     0x563ae9de6ce8 - <alloc::boxed::Box<F,A> as core::ops::function::Fn<Args>>::call::h1f8f335eaa9cfaee
[INFO] [stdout]                                at /rustc/82e1608dfa6e0b5569232559e3d385fea5a93112/library/alloc/src/boxed.rs:2021:9
[INFO] [stdout]   14:     0x563ae9de6ce8 - std::panicking::rust_panic_with_hook::h2b5517d590cab22e
[INFO] [stdout]                                at /rustc/82e1608dfa6e0b5569232559e3d385fea5a93112/library/std/src/panicking.rs:783:13
[INFO] [stdout]   15:     0x563ae9de6a3e - std::panicking::begin_panic_handler::{{closure}}::h233112c06e0ef43e
[INFO] [stdout]                                at /rustc/82e1608dfa6e0b5569232559e3d385fea5a93112/library/std/src/panicking.rs:657:13
[INFO] [stdout]   16:     0x563ae9de50f6 - std::sys_common::backtrace::__rust_end_short_backtrace::h6e893f24d7ebbff8
[INFO] [stdout]                                at /rustc/82e1608dfa6e0b5569232559e3d385fea5a93112/library/std/src/sys_common/backtrace.rs:170:18
[INFO] [stdout]   17:     0x563ae9de67a2 - rust_begin_unwind
[INFO] [stdout]                                at /rustc/82e1608dfa6e0b5569232559e3d385fea5a93112/library/std/src/panicking.rs:645:5
[INFO] [stdout]   18:     0x563ae9a442a5 - core::panicking::panic_fmt::hbf0e066aabfa482c
[INFO] [stdout]                                at /rustc/82e1608dfa6e0b5569232559e3d385fea5a93112/library/core/src/panicking.rs:72:14
[INFO] [stdout]   19:     0x563ae9a44873 - core::result::unwrap_failed::hddb4fea594200c52
[INFO] [stdout]                                at /rustc/82e1608dfa6e0b5569232559e3d385fea5a93112/library/core/src/result.rs:1653:5
[INFO] [stdout]   20:     0x563ae9a967ce - core::result::Result<T,E>::expect::h07a25c322361a56a
[INFO] [stdout]                                at /rustc/82e1608dfa6e0b5569232559e3d385fea5a93112/library/core/src/result.rs:1034:23
[INFO] [stdout]   21:     0x563ae9ab5799 - advent_of_code_2023::day16::part2::tests::test_day16_part2::h4cc5f56eefc10e92
[INFO] [stdout]                                at /opt/rustwide/workdir/src/day16.rs:432:22
[INFO] [stdout]   22:     0x563ae9ab5737 - advent_of_code_2023::day16::part2::tests::test_day16_part2::{{closure}}::haa28f88e4235e229
[INFO] [stdout]                                at /opt/rustwide/workdir/src/day16.rs:429:30
[INFO] [stdout]   23:     0x563ae9ab9556 - core::ops::function::FnOnce::call_once::hffd140ded72a5860
[INFO] [stdout]                                at /rustc/82e1608dfa6e0b5569232559e3d385fea5a93112/library/core/src/ops/function.rs:250:5
[INFO] [stdout]   24:     0x563ae9b0568f - core::ops::function::FnOnce::call_once::h2b5d431d5046312d
[INFO] [stdout]                                at /rustc/82e1608dfa6e0b5569232559e3d385fea5a93112/library/core/src/ops/function.rs:250:5
[INFO] [stdout]   25:     0x563ae9b0568f - test::__rust_begin_short_backtrace::h7714669af176e207
[INFO] [stdout]                                at /rustc/82e1608dfa6e0b5569232559e3d385fea5a93112/library/test/src/lib.rs:628:18
[INFO] [stdout]   26:     0x563ae9b046a5 - test::run_test_in_process::{{closure}}::h85218797dcbcec12
[INFO] [stdout]                                at /rustc/82e1608dfa6e0b5569232559e3d385fea5a93112/library/test/src/lib.rs:651:60
[INFO] [stdout]   27:     0x563ae9b046a5 - <core::panic::unwind_safe::AssertUnwindSafe<F> as core::ops::function::FnOnce<()>>::call_once::h76c106ea31c14d7b
[INFO] [stdout]                                at /rustc/82e1608dfa6e0b5569232559e3d385fea5a93112/library/core/src/panic/unwind_safe.rs:272:9
[INFO] [stdout]   28:     0x563ae9b046a5 - std::panicking::try::do_call::h3bd5d0f6620ee946
[INFO] [stdout]                                at /rustc/82e1608dfa6e0b5569232559e3d385fea5a93112/library/std/src/panicking.rs:552:40
[INFO] [stdout]   29:     0x563ae9b046a5 - std::panicking::try::h232e535e4744fe31
[INFO] [stdout]                                at /rustc/82e1608dfa6e0b5569232559e3d385fea5a93112/library/std/src/panicking.rs:516:19
[INFO] [stdout]   30:     0x563ae9b046a5 - std::panic::catch_unwind::h3ce3bd6ca8dbac68
[INFO] [stdout]                                at /rustc/82e1608dfa6e0b5569232559e3d385fea5a93112/library/std/src/panic.rs:142:14
[INFO] [stdout]   31:     0x563ae9b046a5 - test::run_test_in_process::hc97b257c9621286a
[INFO] [stdout]                                at /rustc/82e1608dfa6e0b5569232559e3d385fea5a93112/library/test/src/lib.rs:651:27
[INFO] [stdout]   32:     0x563ae9b046a5 - test::run_test::{{closure}}::h2aa798823a438d38
[INFO] [stdout]                                at /rustc/82e1608dfa6e0b5569232559e3d385fea5a93112/library/test/src/lib.rs:574:43
[INFO] [stdout]   33:     0x563ae9acc966 - test::run_test::{{closure}}::h87d231c78fb59832
[INFO] [stdout]                                at /rustc/82e1608dfa6e0b5569232559e3d385fea5a93112/library/test/src/lib.rs:602:41
[INFO] [stdout]   34:     0x563ae9acc966 - std::sys_common::backtrace::__rust_begin_short_backtrace::he6df152596625789
[INFO] [stdout]                                at /rustc/82e1608dfa6e0b5569232559e3d385fea5a93112/library/std/src/sys_common/backtrace.rs:154:18
[INFO] [stdout]   35:     0x563ae9ad1a17 - std::thread::Builder::spawn_unchecked_::{{closure}}::{{closure}}::ha94be15d1e0acf36
[INFO] [stdout]                                at /rustc/82e1608dfa6e0b5569232559e3d385fea5a93112/library/std/src/thread/mod.rs:529:17
[INFO] [stdout]   36:     0x563ae9ad1a17 - <core::panic::unwind_safe::AssertUnwindSafe<F> as core::ops::function::FnOnce<()>>::call_once::h9dc6bd6372f16606
[INFO] [stdout]                                at /rustc/82e1608dfa6e0b5569232559e3d385fea5a93112/library/core/src/panic/unwind_safe.rs:272:9
[INFO] [stdout]   37:     0x563ae9ad1a17 - std::panicking::try::do_call::h9057517f80303cd4
[INFO] [stdout]                                at /rustc/82e1608dfa6e0b5569232559e3d385fea5a93112/library/std/src/panicking.rs:552:40
[INFO] [stdout]   38:     0x563ae9ad1a17 - std::panicking::try::he3a30b11ee45340c
[INFO] [stdout]                                at /rustc/82e1608dfa6e0b5569232559e3d385fea5a93112/library/std/src/panicking.rs:516:19
[INFO] [stdout]   39:     0x563ae9ad1a17 - std::panic::catch_unwind::h410458cfd3528b8b
[INFO] [stdout]                                at /rustc/82e1608dfa6e0b5569232559e3d385fea5a93112/library/std/src/panic.rs:142:14
[INFO] [stdout]   40:     0x563ae9ad1a17 - std::thread::Builder::spawn_unchecked_::{{closure}}::h72ac3bdb567b737b
[INFO] [stdout]                                at /rustc/82e1608dfa6e0b5569232559e3d385fea5a93112/library/std/src/thread/mod.rs:528:30
[INFO] [stdout]   41:     0x563ae9ad1a17 - core::ops::function::FnOnce::call_once{{vtable.shim}}::h38f34da3654a8344
[INFO] [stdout]                                at /rustc/82e1608dfa6e0b5569232559e3d385fea5a93112/library/core/src/ops/function.rs:250:5
[INFO] [stdout]   42:     0x563ae9deb775 - <alloc::boxed::Box<F,A> as core::ops::function::FnOnce<Args>>::call_once::hc7eafaff61e32df9
[INFO] [stdout]                                at /rustc/82e1608dfa6e0b5569232559e3d385fea5a93112/library/alloc/src/boxed.rs:2007:9
[INFO] [stdout]   43:     0x563ae9deb775 - <alloc::boxed::Box<F,A> as core::ops::function::FnOnce<Args>>::call_once::h6ba4a5de48dd2304
[INFO] [stdout]                                at /rustc/82e1608dfa6e0b5569232559e3d385fea5a93112/library/alloc/src/boxed.rs:2007:9
[INFO] [stdout]   44:     0x563ae9deb775 - std::sys::unix::thread::Thread::new::thread_start::he469335aef763e45
[INFO] [stdout]                                at /rustc/82e1608dfa6e0b5569232559e3d385fea5a93112/library/std/src/sys/unix/thread.rs:108:17
[INFO] [stdout]   45:     0x7f2cbb454ac3 - <unknown>
[INFO] [stdout]   46:     0x7f2cbb4e5bf4 - __clone
[INFO] [stdout]   47:                0x0 - <unknown>
[INFO] [stdout] 
[INFO] [stdout] ---- day14::part2::tests::test_day14_part2 stdout ----
[INFO] [stdout] thread 'day14::part2::tests::test_day14_part2' panicked at src/day14.rs:181:13:
[INFO] [stdout] assertion `left == right` failed
[INFO] [stdout]   left: 69
[INFO] [stdout]  right: 64
[INFO] [stdout] stack backtrace:
[INFO] [stdout]    0:     0x563ae9de4c2c - std::backtrace_rs::backtrace::libunwind::trace::ha637c64ce894333a
[INFO] [stdout]                                at /rustc/82e1608dfa6e0b5569232559e3d385fea5a93112/library/std/src/../../backtrace/src/backtrace/libunwind.rs:104:5
[INFO] [stdout]    1:     0x563ae9de4c2c - std::backtrace_rs::backtrace::trace_unsynchronized::h47f62dea28e0c88d
[INFO] [stdout]                                at /rustc/82e1608dfa6e0b5569232559e3d385fea5a93112/library/std/src/../../backtrace/src/backtrace/mod.rs:66:5
[INFO] [stdout]    2:     0x563ae9de4c2c - std::sys_common::backtrace::_print_fmt::h9eef0abe20ede486
[INFO] [stdout]                                at /rustc/82e1608dfa6e0b5569232559e3d385fea5a93112/library/std/src/sys_common/backtrace.rs:67:5
[INFO] [stdout]    3:     0x563ae9de4c2c - <std::sys_common::backtrace::_print::DisplayBacktrace as core::fmt::Display>::fmt::hed7f999df88cc644
[INFO] [stdout]                                at /rustc/82e1608dfa6e0b5569232559e3d385fea5a93112/library/std/src/sys_common/backtrace.rs:44:22
[INFO] [stdout]    4:     0x563ae9e0f320 - core::fmt::rt::Argument::fmt::h1539a9308b8d058d
[INFO] [stdout]                                at /rustc/82e1608dfa6e0b5569232559e3d385fea5a93112/library/core/src/fmt/rt.rs:142:9
[INFO] [stdout]    5:     0x563ae9e0f320 - core::fmt::write::h3a39390d8560d9c9
[INFO] [stdout]                                at /rustc/82e1608dfa6e0b5569232559e3d385fea5a93112/library/core/src/fmt/mod.rs:1120:17
[INFO] [stdout]    6:     0x563ae9de25df - std::io::Write::write_fmt::h040b369f3a0f9cbc
[INFO] [stdout]                                at /rustc/82e1608dfa6e0b5569232559e3d385fea5a93112/library/std/src/io/mod.rs:1762:15
[INFO] [stdout]    7:     0x563ae9de4a14 - std::sys_common::backtrace::_print::h894006fb5c6f3d45
[INFO] [stdout]                                at /rustc/82e1608dfa6e0b5569232559e3d385fea5a93112/library/std/src/sys_common/backtrace.rs:47:5
[INFO] [stdout]    8:     0x563ae9de4a14 - std::sys_common::backtrace::print::h23a2d212c6fff936
[INFO] [stdout]                                at /rustc/82e1608dfa6e0b5569232559e3d385fea5a93112/library/std/src/sys_common/backtrace.rs:34:9
[INFO] [stdout]    9:     0x563ae9de66d7 - std::panicking::default_hook::{{closure}}::h8a1d2ee00185001a
[INFO] [stdout]   10:     0x563ae9de63c3 - std::panicking::default_hook::h6038f2eba384e475
[INFO] [stdout]                                at /rustc/82e1608dfa6e0b5569232559e3d385fea5a93112/library/std/src/panicking.rs:289:9
[INFO] [stdout]   11:     0x563ae9b00037 - <alloc::boxed::Box<F,A> as core::ops::function::Fn<Args>>::call::h0ad024c9bdc6d768
[INFO] [stdout]                                at /rustc/82e1608dfa6e0b5569232559e3d385fea5a93112/library/alloc/src/boxed.rs:2021:9
[INFO] [stdout]   12:     0x563ae9b00037 - test::test_main::{{closure}}::h7500b54257359db6
[INFO] [stdout]                                at /rustc/82e1608dfa6e0b5569232559e3d385fea5a93112/library/test/src/lib.rs:138:21
[INFO] [stdout]   13:     0x563ae9de6ce8 - <alloc::boxed::Box<F,A> as core::ops::function::Fn<Args>>::call::h1f8f335eaa9cfaee
[INFO] [stdout]                                at /rustc/82e1608dfa6e0b5569232559e3d385fea5a93112/library/alloc/src/boxed.rs:2021:9
[INFO] [stdout]   14:     0x563ae9de6ce8 - std::panicking::rust_panic_with_hook::h2b5517d590cab22e
[INFO] [stdout]                                at /rustc/82e1608dfa6e0b5569232559e3d385fea5a93112/library/std/src/panicking.rs:783:13
[INFO] [stdout]   15:     0x563ae9de6a3e - std::panicking::begin_panic_handler::{{closure}}::h233112c06e0ef43e
[INFO] [stdout]                                at /rustc/82e1608dfa6e0b5569232559e3d385fea5a93112/library/std/src/panicking.rs:657:13
[INFO] [stdout]   16:     0x563ae9de50f6 - std::sys_common::backtrace::__rust_end_short_backtrace::h6e893f24d7ebbff8
[INFO] [stdout]                                at /rustc/82e1608dfa6e0b5569232559e3d385fea5a93112/library/std/src/sys_common/backtrace.rs:170:18
[INFO] [stdout]   17:     0x563ae9de67a2 - rust_begin_unwind
[INFO] [stdout]                                at /rustc/82e1608dfa6e0b5569232559e3d385fea5a93112/library/std/src/panicking.rs:645:5
[INFO] [stdout]   18:     0x563ae9a442a5 - core::panicking::panic_fmt::hbf0e066aabfa482c
[INFO] [stdout]                                at /rustc/82e1608dfa6e0b5569232559e3d385fea5a93112/library/core/src/panicking.rs:72:14
[INFO] [stdout]   19:     0x563ae9a446fb - core::panicking::assert_failed_inner::h0bba8b7c26ee4492
[INFO] [stdout]   20:     0x563ae9d9a91e - core::panicking::assert_failed::had4351cc5c8c0eba
[INFO] [stdout]                                at /rustc/82e1608dfa6e0b5569232559e3d385fea5a93112/library/core/src/panicking.rs:279:5
[INFO] [stdout]   21:     0x563ae9abe5b8 - advent_of_code_2023::day14::part2::tests::test_day14_part2::ha4e7ff848927e192
[INFO] [stdout]                                at /opt/rustwide/workdir/src/day14.rs:181:13
[INFO] [stdout]   22:     0x563ae9abe517 - advent_of_code_2023::day14::part2::tests::test_day14_part2::{{closure}}::hd9237a9e259ac83e
[INFO] [stdout]                                at /opt/rustwide/workdir/src/day14.rs:180:30
[INFO] [stdout]   23:     0x563ae9ab7126 - core::ops::function::FnOnce::call_once::h1cbfdd531a7330fb
[INFO] [stdout]                                at /rustc/82e1608dfa6e0b5569232559e3d385fea5a93112/library/core/src/ops/function.rs:250:5
[INFO] [stdout]   24:     0x563ae9b0568f - core::ops::function::FnOnce::call_once::h2b5d431d5046312d
[INFO] [stdout]                                at /rustc/82e1608dfa6e0b5569232559e3d385fea5a93112/library/core/src/ops/function.rs:250:5
[INFO] [stdout]   25:     0x563ae9b0568f - test::__rust_begin_short_backtrace::h7714669af176e207
[INFO] [stdout]                                at /rustc/82e1608dfa6e0b5569232559e3d385fea5a93112/library/test/src/lib.rs:628:18
[INFO] [stdout]   26:     0x563ae9b046a5 - test::run_test_in_process::{{closure}}::h85218797dcbcec12
[INFO] [stdout]                                at /rustc/82e1608dfa6e0b5569232559e3d385fea5a93112/library/test/src/lib.rs:651:60
[INFO] [stdout]   27:     0x563ae9b046a5 - <core::panic::unwind_safe::AssertUnwindSafe<F> as core::ops::function::FnOnce<()>>::call_once::h76c106ea31c14d7b
[INFO] [stdout]                                at /rustc/82e1608dfa6e0b5569232559e3d385fea5a93112/library/core/src/panic/unwind_safe.rs:272:9
[INFO] [stdout]   28:     0x563ae9b046a5 - std::panicking::try::do_call::h3bd5d0f6620ee946
[INFO] [stdout]                                at /rustc/82e1608dfa6e0b5569232559e3d385fea5a93112/library/std/src/panicking.rs:552:40
[INFO] [stdout]   29:     0x563ae9b046a5 - std::panicking::try::h232e535e4744fe31
[INFO] [stdout]                                at /rustc/82e1608dfa6e0b5569232559e3d385fea5a93112/library/std/src/panicking.rs:516:19
[INFO] [stdout]   30:     0x563ae9b046a5 - std::panic::catch_unwind::h3ce3bd6ca8dbac68
[INFO] [stdout]                                at /rustc/82e1608dfa6e0b5569232559e3d385fea5a93112/library/std/src/panic.rs:142:14
[INFO] [stdout]   31:     0x563ae9b046a5 - test::run_test_in_process::hc97b257c9621286a
[INFO] [stdout]                                at /rustc/82e1608dfa6e0b5569232559e3d385fea5a93112/library/test/src/lib.rs:651:27
[INFO] [stdout]   32:     0x563ae9b046a5 - test::run_test::{{closure}}::h2aa798823a438d38
[INFO] [stdout]                                at /rustc/82e1608dfa6e0b5569232559e3d385fea5a93112/library/test/src/lib.rs:574:43
[INFO] [stdout]   33:     0x563ae9acc966 - test::run_test::{{closure}}::h87d231c78fb59832
[INFO] [stdout]                                at /rustc/82e1608dfa6e0b5569232559e3d385fea5a93112/library/test/src/lib.rs:602:41
[INFO] [stdout]   34:     0x563ae9acc966 - std::sys_common::backtrace::__rust_begin_short_backtrace::he6df152596625789
[INFO] [stdout]                                at /rustc/82e1608dfa6e0b5569232559e3d385fea5a93112/library/std/src/sys_common/backtrace.rs:154:18
[INFO] [stdout]   35:     0x563ae9ad1a17 - std::thread::Builder::spawn_unchecked_::{{closure}}::{{closure}}::ha94be15d1e0acf36
[INFO] [stdout]                                at /rustc/82e1608dfa6e0b5569232559e3d385fea5a93112/library/std/src/thread/mod.rs:529:17
[INFO] [stdout]   36:     0x563ae9ad1a17 - <core::panic::unwind_safe::AssertUnwindSafe<F> as core::ops::function::FnOnce<()>>::call_once::h9dc6bd6372f16606
[INFO] [stdout]                                at /rustc/82e1608dfa6e0b5569232559e3d385fea5a93112/library/core/src/panic/unwind_safe.rs:272:9
[INFO] [stdout]   37:     0x563ae9ad1a17 - std::panicking::try::do_call::h9057517f80303cd4
[INFO] [stdout]                                at /rustc/82e1608dfa6e0b5569232559e3d385fea5a93112/library/std/src/panicking.rs:552:40
[INFO] [stdout]   38:     0x563ae9ad1a17 - std::panicking::try::he3a30b11ee45340c
[INFO] [stdout]                                at /rustc/82e1608dfa6e0b5569232559e3d385fea5a93112/library/std/src/panicking.rs:516:19
[INFO] [stdout]   39:     0x563ae9ad1a17 - std::panic::catch_unwind::h410458cfd3528b8b
[INFO] [stdout]                                at /rustc/82e1608dfa6e0b5569232559e3d385fea5a93112/library/std/src/panic.rs:142:14
[INFO] [stdout]   40:     0x563ae9ad1a17 - std::thread::Builder::spawn_unchecked_::{{closure}}::h72ac3bdb567b737b
[INFO] [stdout]                                at /rustc/82e1608dfa6e0b5569232559e3d385fea5a93112/library/std/src/thread/mod.rs:528:30
[INFO] [stdout]   41:     0x563ae9ad1a17 - core::ops::function::FnOnce::call_once{{vtable.shim}}::h38f34da3654a8344
[INFO] [stdout]                                at /rustc/82e1608dfa6e0b5569232559e3d385fea5a93112/library/core/src/ops/function.rs:250:5
[INFO] [stdout]   42:     0x563ae9deb775 - <alloc::boxed::Box<F,A> as core::ops::function::FnOnce<Args>>::call_once::hc7eafaff61e32df9
[INFO] [stdout]                                at /rustc/82e1608dfa6e0b5569232559e3d385fea5a93112/library/alloc/src/boxed.rs:2007:9
[INFO] [stdout]   43:     0x563ae9deb775 - <alloc::boxed::Box<F,A> as core::ops::function::FnOnce<Args>>::call_once::h6ba4a5de48dd2304
[INFO] [stdout]                                at /rustc/82e1608dfa6e0b5569232559e3d385fea5a93112/library/alloc/src/boxed.rs:2007:9
[INFO] [stdout]   44:     0x563ae9deb775 - std::sys::unix::thread::Thread::new::thread_start::he469335aef763e45
[INFO] [stdout]                                at /rustc/82e1608dfa6e0b5569232559e3d385fea5a93112/library/std/src/sys/unix/thread.rs:108:17
[INFO] [stdout]   45:     0x7f2cbb454ac3 - <unknown>
[INFO] [stdout]   46:     0x7f2cbb4e5bf4 - __clone
[INFO] [stdout]   47:                0x0 - <unknown>
[INFO] [stdout] 
[INFO] [stdout] 
[INFO] [stdout] failures:
[INFO] [stdout]     day14::part2::tests::test_day14_part2
[INFO] [stdout]     day16::part1::tests::test_day16_part1
[INFO] [stdout]     day16::part2::tests::test_day16_part2
[INFO] [stdout] 
[INFO] [stdout] test result: FAILED. 132 passed; 3 failed; 0 ignored; 0 measured; 0 filtered out; finished in 1.00s
[INFO] [stdout] 
[INFO] [stderr] error: test failed, to rerun pass `--bin advent-of-code-2023`
[INFO] running `Command { std: "docker" "inspect" "689793e6ff08f97fa0e07406c4adb72148472897529a9fe409bc74da43a5c483", kill_on_drop: false }`
[INFO] running `Command { std: "docker" "rm" "-f" "689793e6ff08f97fa0e07406c4adb72148472897529a9fe409bc74da43a5c483", kill_on_drop: false }`
[INFO] [stdout] 689793e6ff08f97fa0e07406c4adb72148472897529a9fe409bc74da43a5c483
[INFO] testing einartryggvi/advent-of-code-2023 against beta-2023-12-22 for beta-1.76-1
[INFO] running `Command { std: "git" "clone" "/workspace/cache/git-repos/https%3A%2F%2Fgithub.com%2Feinartryggvi%2Fadvent-of-code-2023" "/workspace/builds/worker-5-tc2/source", kill_on_drop: false }`
[INFO] [stderr] fatal: could not create leading directories of '/workspace/builds/worker-5-tc2/source': No space left on device
[INFO] testing einartryggvi/advent-of-code-2023 against beta-2023-12-22 for beta-1.76-1
[INFO] running `Command { std: "git" "clone" "/workspace/cache/git-repos/https%3A%2F%2Fgithub.com%2Feinartryggvi%2Fadvent-of-code-2023" "/workspace/builds/worker-5-tc2/source", kill_on_drop: false }`
[INFO] [stderr] fatal: could not create work tree dir '/workspace/builds/worker-5-tc2/source': No space left on device
[INFO] testing einartryggvi/advent-of-code-2023 against beta-2023-12-22 for beta-1.76-1
[INFO] running `Command { std: "git" "clone" "/workspace/cache/git-repos/https%3A%2F%2Fgithub.com%2Feinartryggvi%2Fadvent-of-code-2023" "/workspace/builds/worker-5-tc2/source", kill_on_drop: false }`
[INFO] [stderr] fatal: could not create work tree dir '/workspace/builds/worker-5-tc2/source': No space left on device
[INFO] testing einartryggvi/advent-of-code-2023 against beta-2023-12-22 for beta-1.76-1
[INFO] running `Command { std: "git" "clone" "/workspace/cache/git-repos/https%3A%2F%2Fgithub.com%2Feinartryggvi%2Fadvent-of-code-2023" "/workspace/builds/worker-5-tc2/source", kill_on_drop: false }`
[INFO] [stderr] fatal: could not create work tree dir '/workspace/builds/worker-5-tc2/source': No space left on device
[INFO] testing einartryggvi/advent-of-code-2023 against beta-2023-12-22 for beta-1.76-1
[INFO] running `Command { std: "git" "clone" "/workspace/cache/git-repos/https%3A%2F%2Fgithub.com%2Feinartryggvi%2Fadvent-of-code-2023" "/workspace/builds/worker-5-tc2/source", kill_on_drop: false }`
[INFO] [stderr] fatal: could not create work tree dir '/workspace/builds/worker-5-tc2/source': No space left on device
[ERROR] this task or one of its parent failed!
[ERROR] failed to checkout https://github.com/einartryggvi/advent-of-code-2023
[ERROR] caused by: command failed: exit status: 128
[ERROR] note: run with `RUST_BACKTRACE=1` to display a backtrace.
