[INFO] cloning repository https://github.com/eigenein/rusty-home
[INFO] running `Command { std: "git" "-c" "credential.helper=" "-c" "credential.helper=/workspace/cargo-home/bin/git-credential-null" "clone" "--bare" "https://github.com/eigenein/rusty-home" "/workspace/cache/git-repos/https%3A%2F%2Fgithub.com%2Feigenein%2Frusty-home", kill_on_drop: false }`
[INFO] [stderr] Cloning into bare repository '/workspace/cache/git-repos/https%3A%2F%2Fgithub.com%2Feigenein%2Frusty-home'...
[INFO] running `Command { std: "git" "rev-parse" "HEAD", kill_on_drop: false }`
[INFO] [stdout] be03ee46cf8d1f75de72c957b3b3e3010f1997be
[INFO] testing eigenein/rusty-home against 1.75.0 for beta-1.76-1
[INFO] running `Command { std: "git" "clone" "/workspace/cache/git-repos/https%3A%2F%2Fgithub.com%2Feigenein%2Frusty-home" "/workspace/builds/worker-4-tc1/source", kill_on_drop: false }`
[INFO] [stderr] Cloning into '/workspace/builds/worker-4-tc1/source'...
[INFO] [stderr] done.
[INFO] validating manifest of git repo https://github.com/eigenein/rusty-home on toolchain 1.75.0
[INFO] running `Command { std: CARGO_HOME="/workspace/cargo-home" RUSTUP_HOME="/workspace/rustup-home" "/workspace/cargo-home/bin/cargo" "+1.75.0" "metadata" "--manifest-path" "Cargo.toml" "--no-deps", kill_on_drop: false }`
[INFO] removed /workspace/builds/worker-4-tc1/source/.cargo/config
[INFO] started tweaking git repo https://github.com/eigenein/rusty-home
[INFO] finished tweaking git repo https://github.com/eigenein/rusty-home
[INFO] tweaked toml for git repo https://github.com/eigenein/rusty-home written to /workspace/builds/worker-4-tc1/source/Cargo.toml
[INFO] crate git repo https://github.com/eigenein/rusty-home already has a lockfile, it will not be regenerated
[INFO] running `Command { std: CARGO_HOME="/workspace/cargo-home" RUSTUP_HOME="/workspace/rustup-home" "/workspace/cargo-home/bin/cargo" "+1.75.0" "fetch" "--manifest-path" "Cargo.toml", kill_on_drop: false }`
[INFO] [stderr] warning: virtual workspace defaulting to `resolver = "1"` despite one or more workspace members being on edition 2021 which implies `resolver = "2"`
[INFO] [stderr] note: to keep the current resolver, specify `workspace.resolver = "1"` in the workspace root's manifest
[INFO] [stderr] note: to use the edition 2021 resolver, specify `workspace.resolver = "2"` in the workspace root's manifest
[INFO] [stderr] note: for more details see https://doc.rust-lang.org/cargo/reference/resolver.html#resolver-versions
[INFO] [stderr]     Blocking waiting for file lock on package cache
[INFO] [stderr]     Updating crates.io index
[INFO] [stderr]     Blocking waiting for file lock on package cache
[ERROR] error running command: no output for 300 seconds
[ERROR] this task or one of its parent failed!
[ERROR] no output for 300 seconds
[ERROR] note: run with `RUST_BACKTRACE=1` to display a backtrace.
[INFO] testing eigenein/rusty-home against beta-2023-12-22 for beta-1.76-1
[INFO] running `Command { std: "git" "clone" "/workspace/cache/git-repos/https%3A%2F%2Fgithub.com%2Feigenein%2Frusty-home" "/workspace/builds/worker-4-tc2/source", kill_on_drop: false }`
[INFO] [stderr] Cloning into '/workspace/builds/worker-4-tc2/source'...
[INFO] [stderr] done.
[INFO] validating manifest of git repo https://github.com/eigenein/rusty-home on toolchain beta-2023-12-22
[INFO] running `Command { std: CARGO_HOME="/workspace/cargo-home" RUSTUP_HOME="/workspace/rustup-home" "/workspace/cargo-home/bin/cargo" "+beta-2023-12-22" "metadata" "--manifest-path" "Cargo.toml" "--no-deps", kill_on_drop: false }`
[INFO] removed /workspace/builds/worker-4-tc2/source/.cargo/config
[INFO] started tweaking git repo https://github.com/eigenein/rusty-home
[INFO] finished tweaking git repo https://github.com/eigenein/rusty-home
[INFO] tweaked toml for git repo https://github.com/eigenein/rusty-home written to /workspace/builds/worker-4-tc2/source/Cargo.toml
[INFO] crate git repo https://github.com/eigenein/rusty-home already has a lockfile, it will not be regenerated
[INFO] running `Command { std: CARGO_HOME="/workspace/cargo-home" RUSTUP_HOME="/workspace/rustup-home" "/workspace/cargo-home/bin/cargo" "+beta-2023-12-22" "fetch" "--manifest-path" "Cargo.toml", kill_on_drop: false }`
[INFO] [stderr] warning: virtual workspace defaulting to `resolver = "1"` despite one or more workspace members being on edition 2021 which implies `resolver = "2"`
[INFO] [stderr] note: to keep the current resolver, specify `workspace.resolver = "1"` in the workspace root's manifest
[INFO] [stderr] note: to use the edition 2021 resolver, specify `workspace.resolver = "2"` in the workspace root's manifest
[INFO] [stderr] note: for more details see https://doc.rust-lang.org/cargo/reference/resolver.html#resolver-versions
[INFO] [stderr]     Blocking waiting for file lock on package cache
[INFO] [stderr]     Blocking waiting for file lock on package cache
[INFO] [stderr]  Downloading crates ...
[INFO] [stderr]   Downloaded sentry-anyhow v0.27.0
[INFO] [stderr]   Downloaded kv-derive-impl v1.0.1
[INFO] [stderr]   Downloaded serde_with v2.0.0
[INFO] [stderr]   Downloaded sentry-tracing v0.27.0
[INFO] [stderr]   Downloaded fred v5.1.0
[INFO] [stderr]   Downloaded arcstr v1.1.4
[INFO] [stderr]   Downloaded serde_with_macros v2.0.0
[INFO] [stderr]   Downloaded secstr v0.5.0
[INFO] [stderr]   Downloaded kv-derive v1.0.1
[INFO] [stderr]   Downloaded new_string_template v1.3.1
[INFO] [stderr]   Downloaded kv-derive-macro v1.0.1
[INFO] running `Command { std: "docker" "create" "-v" "/var/lib/crater-agent-workspace/builds/worker-4-tc2/target:/opt/rustwide/target:rw,Z" "-v" "/var/lib/crater-agent-workspace/builds/worker-4-tc2/source:/opt/rustwide/workdir:ro,Z" "-v" "/var/lib/crater-agent-workspace/cargo-home:/opt/rustwide/cargo-home:ro,Z" "-v" "/var/lib/crater-agent-workspace/rustup-home:/opt/rustwide/rustup-home:ro,Z" "-e" "SOURCE_DIR=/opt/rustwide/workdir" "-e" "CARGO_TARGET_DIR=/opt/rustwide/target" "-e" "CARGO_HOME=/opt/rustwide/cargo-home" "-e" "RUSTUP_HOME=/opt/rustwide/rustup-home" "-w" "/opt/rustwide/workdir" "-m" "1610612736" "--user" "0:0" "--network" "none" "ghcr.io/rust-lang/crates-build-env/linux@sha256:2788e3201cd34a07e3172128adcd8b3090168a8e3bcc40d7c032b9dda1df7d1c" "/opt/rustwide/cargo-home/bin/cargo" "+beta-2023-12-22" "metadata" "--no-deps" "--format-version=1", kill_on_drop: false }`
[INFO] [stdout] c377dae377f9c32717aeda667655204377965288c79e80763c62a76d0caa3e94
[INFO] running `Command { std: "docker" "start" "-a" "c377dae377f9c32717aeda667655204377965288c79e80763c62a76d0caa3e94", kill_on_drop: false }`
[INFO] running `Command { std: "docker" "inspect" "c377dae377f9c32717aeda667655204377965288c79e80763c62a76d0caa3e94", kill_on_drop: false }`
[INFO] running `Command { std: "docker" "rm" "-f" "c377dae377f9c32717aeda667655204377965288c79e80763c62a76d0caa3e94", kill_on_drop: false }`
[INFO] [stdout] c377dae377f9c32717aeda667655204377965288c79e80763c62a76d0caa3e94
[INFO] running `Command { std: "docker" "create" "-v" "/var/lib/crater-agent-workspace/builds/worker-4-tc2/target:/opt/rustwide/target:rw,Z" "-v" "/var/lib/crater-agent-workspace/builds/worker-4-tc2/source:/opt/rustwide/workdir:ro,Z" "-v" "/var/lib/crater-agent-workspace/cargo-home:/opt/rustwide/cargo-home:ro,Z" "-v" "/var/lib/crater-agent-workspace/rustup-home:/opt/rustwide/rustup-home:ro,Z" "-e" "SOURCE_DIR=/opt/rustwide/workdir" "-e" "CARGO_TARGET_DIR=/opt/rustwide/target" "-e" "CARGO_INCREMENTAL=0" "-e" "RUST_BACKTRACE=full" "-e" "RUSTFLAGS=--cap-lints=warn" "-e" "RUSTDOCFLAGS=--cap-lints=warn" "-e" "CARGO_HOME=/opt/rustwide/cargo-home" "-e" "RUSTUP_HOME=/opt/rustwide/rustup-home" "-w" "/opt/rustwide/workdir" "-m" "1610612736" "--user" "0:0" "--network" "none" "ghcr.io/rust-lang/crates-build-env/linux@sha256:2788e3201cd34a07e3172128adcd8b3090168a8e3bcc40d7c032b9dda1df7d1c" "/opt/rustwide/cargo-home/bin/cargo" "+beta-2023-12-22" "build" "--frozen" "--message-format=json", kill_on_drop: false }`
[INFO] [stdout] abad9c2923aa41a4b775ae5143930fdecdac73251250c49fd1667a6f09e54306
[INFO] running `Command { std: "docker" "start" "-a" "abad9c2923aa41a4b775ae5143930fdecdac73251250c49fd1667a6f09e54306", kill_on_drop: false }`
[INFO] [stderr] warning: virtual workspace defaulting to `resolver = "1"` despite one or more workspace members being on edition 2021 which implies `resolver = "2"`
[INFO] [stderr] note: to keep the current resolver, specify `workspace.resolver = "1"` in the workspace root's manifest
[INFO] [stderr] note: to use the edition 2021 resolver, specify `workspace.resolver = "2"` in the workspace root's manifest
[INFO] [stderr] note: for more details see https://doc.rust-lang.org/cargo/reference/resolver.html#resolver-versions
[INFO] [stderr]    Compiling proc-macro2 v1.0.42
[INFO] [stderr]    Compiling unicode-ident v1.0.2
[INFO] [stderr]    Compiling quote v1.0.20
[INFO] [stderr]    Compiling syn v1.0.98
[INFO] [stderr]    Compiling libc v0.2.126
[INFO] [stderr]    Compiling once_cell v1.13.0
[INFO] [stderr]    Compiling value-bag v1.0.0-alpha.9
[INFO] [stderr]    Compiling log v0.4.17
[INFO] [stderr]    Compiling serde_derive v1.0.143
[INFO] [stderr]    Compiling futures-core v0.3.23
[INFO] [stderr]    Compiling serde v1.0.143
[INFO] [stderr]    Compiling bytes v1.2.0
[INFO] [stderr]    Compiling lock_api v0.4.7
[INFO] [stderr]    Compiling cc v1.0.73
[INFO] [stderr]    Compiling itoa v1.0.2
[INFO] [stderr]    Compiling tokio v1.20.1
[INFO] [stderr]    Compiling slab v0.4.7
[INFO] [stderr]    Compiling futures-io v0.3.23
[INFO] [stderr]    Compiling matches v0.1.9
[INFO] [stderr]    Compiling tinyvec_macros v0.1.0
[INFO] [stderr]    Compiling percent-encoding v2.1.0
[INFO] [stderr]    Compiling tinyvec v1.6.0
[INFO] [stderr]    Compiling tracing-core v0.1.29
[INFO] [stderr]    Compiling parking_lot_core v0.9.3
[INFO] [stderr]    Compiling socket2 v0.4.4
[INFO] [stderr]    Compiling num_cpus v1.13.1
[INFO] [stderr]    Compiling parking_lot v0.12.1
[INFO] [stderr]    Compiling signal-hook-registry v1.4.0
[INFO] [stderr]    Compiling form_urlencoded v1.0.1
[INFO] [stderr]    Compiling regex-syntax v0.6.27
[INFO] [stderr]    Compiling futures-sink v0.3.23
[INFO] [stderr]    Compiling unicode-normalization v0.1.21
[INFO] [stderr]    Compiling getrandom v0.2.7
[INFO] [stderr]    Compiling unicode-bidi v0.3.8
[INFO] [stderr]    Compiling futures-task v0.3.23
[INFO] [stderr]    Compiling futures-channel v0.3.23
[INFO] [stderr]    Compiling aho-corasick v0.7.18
[INFO] [stderr]    Compiling futures-util v0.3.23
[INFO] [stderr]    Compiling adler v1.0.2
[INFO] [stderr]    Compiling typenum v1.15.0
[INFO] [stderr]    Compiling miniz_oxide v0.5.3
[INFO] [stderr]    Compiling idna v0.2.3
[INFO] [stderr]    Compiling generic-array v0.14.5
[INFO] [stderr]    Compiling ryu v1.0.10
[INFO] [stderr]    Compiling serde_json v1.0.83
[INFO] [stderr]    Compiling ring v0.16.20
[INFO] [stderr]    Compiling rand_core v0.6.3
[INFO] [stderr]    Compiling backtrace v0.3.66
[INFO] [stderr]    Compiling http v0.2.8
[INFO] [stderr]    Compiling ppv-lite86 v0.2.16
[INFO] [stderr]    Compiling gimli v0.26.2
[INFO] [stderr]    Compiling rand_chacha v0.3.1
[INFO] [stderr]    Compiling object v0.29.0
[INFO] [stderr]    Compiling regex v1.6.0
[INFO] [stderr]    Compiling indexmap v1.9.1
[INFO] [stderr]    Compiling num-traits v0.2.15
[INFO] [stderr]    Compiling rustc-demangle v0.1.21
[INFO] [stderr]    Compiling rand v0.8.5
[INFO] [stderr]    Compiling semver v1.0.12
[INFO] [stderr]    Compiling num_threads v0.1.6
[INFO] [stderr]    Compiling addr2line v0.17.0
[INFO] [stderr]    Compiling anyhow v1.0.62
[INFO] [stderr]    Compiling httparse v1.7.1
[INFO] [stderr]    Compiling webpki v0.22.0
[INFO] [stderr]    Compiling time v0.3.11
[INFO] [stderr]    Compiling cache-padded v1.2.0
[INFO] [stderr]    Compiling rustls v0.20.6
[INFO] [stderr]    Compiling crc32fast v1.3.2
[INFO] [stderr]    Compiling ident_case v1.0.1
[INFO] [stderr]    Compiling try-lock v0.2.3
[INFO] [stderr]    Compiling darling_core v0.14.1
[INFO] [stderr]    Compiling concurrent-queue v1.2.2
[INFO] [stderr]    Compiling sct v0.7.0
[INFO] [stderr]    Compiling http-body v0.4.5
[INFO] [stderr]    Compiling atty v0.2.14
[INFO] [stderr]    Compiling num-integer v0.1.45
[INFO] [stderr]    Compiling cpufeatures v0.2.2
[INFO] [stderr]    Compiling waker-fn v1.1.0
[INFO] [stderr]    Compiling mime v0.3.16
[INFO] [stderr]    Compiling fastrand v1.8.0
[INFO] [stderr]    Compiling base64 v0.13.0
[INFO] [stderr]    Compiling parking v2.0.0
[INFO] [stderr]    Compiling futures-lite v1.12.0
[INFO] [stderr]    Compiling event-listener v2.5.2
[INFO] [stderr]    Compiling encoding_rs v0.8.31
[INFO] [stderr]    Compiling async-trait v0.1.57
[INFO] [stderr]    Compiling flate2 v1.0.24
[INFO] [stderr]    Compiling ctor v0.1.22
[INFO] [stderr]    Compiling tokio-macros v1.8.0
[INFO] [stderr]    Compiling thiserror-impl v1.0.31
[INFO] [stderr]    Compiling tracing-attributes v0.1.22
[INFO] [stderr]    Compiling futures-macro v0.3.23
[INFO] [stderr]    Compiling time v0.1.44
[INFO] [stderr]    Compiling mio v0.8.4
[INFO] [stderr]    Compiling want v0.3.0
[INFO] [stderr]    Compiling darling_macro v0.14.1
[INFO] [stderr]    Compiling iana-time-zone v0.1.44
[INFO] [stderr]    Compiling parking_lot_core v0.8.5
[INFO] [stderr]    Compiling crc16 v0.4.0
[INFO] [stderr]    Compiling darling v0.14.1
[INFO] [stderr]    Compiling quick-error v1.2.3
[INFO] [stderr]    Compiling async-task v4.3.0
[INFO] [stderr]    Compiling humantime v1.3.0
[INFO] [stderr]    Compiling thiserror v1.0.31
[INFO] [stderr]    Compiling polling v2.2.0
[INFO] [stderr]    Compiling pin-project-internal v1.0.11
[INFO] [stderr]    Compiling proc-macro-error-attr v1.0.4
[INFO] [stderr]    Compiling tracing v0.1.36
[INFO] [stderr]    Compiling async-channel v1.6.1
[INFO] [stderr]    Compiling rustls-pemfile v1.0.0
[INFO] [stderr]    Compiling rustc_version v0.4.0
[INFO] [stderr]    Compiling webpki-roots v0.22.4
[INFO] [stderr]    Compiling regex-automata v0.1.10
[INFO] [stderr]    Compiling ipnet v2.5.0
[INFO] [stderr]    Compiling atomic-waker v1.0.0
[INFO] [stderr]    Compiling either v1.7.0
[INFO] [stderr]    Compiling crossbeam-utils v0.8.11
[INFO] [stderr]    Compiling bytes-utils v0.1.2
[INFO] [stderr]    Compiling matchers v0.1.0
[INFO] [stderr]    Compiling blocking v1.2.0
[INFO] [stderr]    Compiling nom v7.1.1
[INFO] [stderr]    Compiling futures-executor v0.3.23
[INFO] [stderr]    Compiling pin-project v1.0.11
[INFO] [stderr]    Compiling sentry-contexts v0.27.0
[INFO] [stderr]    Compiling tokio-util v0.7.3
[INFO] [stderr]    Compiling tokio-rustls v0.23.4
[INFO] [stderr]    Compiling async-compression v0.3.14
[INFO] [stderr]    Compiling tokio-stream v0.1.9
[INFO] [stderr]    Compiling proc-macro-error v1.0.4
[INFO] [stderr]    Compiling h2 v0.3.13
[INFO] [stderr]    Compiling async-io v1.7.0
[INFO] [stderr]    Compiling env_logger v0.7.1
[INFO] [stderr]    Compiling async-executor v1.4.1
[INFO] [stderr]    Compiling tracing-log v0.1.3
[INFO] [stderr]    Compiling async-lock v2.5.0
[INFO] [stderr]    Compiling block-buffer v0.10.2
[INFO] [stderr]    Compiling crypto-common v0.1.6
[INFO] [stderr]    Compiling digest v0.9.0
[INFO] [stderr]    Compiling block-buffer v0.9.0
[INFO] [stderr]    Compiling sharded-slab v0.1.4
[INFO] [stderr]    Compiling thread_local v1.1.4
[INFO] [stderr]    Compiling uncased v0.9.7
[INFO] [stderr]    Compiling ansi_term v0.12.1
[INFO] [stderr]    Compiling os_str_bytes v6.2.0
[INFO] [stderr]    Compiling opaque-debug v0.3.0
[INFO] [stderr]    Compiling cookie-factory v0.3.2
[INFO] [stderr]    Compiling match_cfg v0.1.0
[INFO] [stderr]    Compiling sha-1 v0.9.8
[INFO] [stderr]    Compiling hostname v0.3.1
[INFO] [stderr]    Compiling tracing-subscriber v0.3.15
[INFO] [stderr]    Compiling clap_lex v0.2.4
[INFO] [stderr]    Compiling clap_derive v3.2.17
[INFO] [stderr]    Compiling redis-protocol v4.1.0
[INFO] [stderr]    Compiling digest v0.10.3
[INFO] [stderr]    Compiling async-global-executor v2.2.0
[INFO] [stderr]    Compiling pretty_env_logger v0.4.0
[INFO] [stderr]    Compiling tokio-util v0.6.10
[INFO] [stderr]    Compiling url v2.2.2
[INFO] [stderr]    Compiling uuid v1.1.2
[INFO] [stderr]    Compiling debugid v0.8.0
[INFO] [stderr]    Compiling serde_urlencoded v0.7.1
[INFO] [stderr]    Compiling hyper v0.14.20
[INFO] [stderr]    Compiling chrono v0.4.22
[INFO] [stderr]    Compiling sentry-types v0.27.0
[INFO] [stderr]    Compiling toml v0.5.9
[INFO] [stderr]    Compiling parking_lot v0.11.2
[INFO] [stderr]    Compiling tracing-futures v0.2.5
[INFO] [stderr]    Compiling futures v0.3.23
[INFO] [stderr]    Compiling kv-derive-impl v1.0.1
[INFO] [stderr]    Compiling kv-log-macro v1.0.7
[INFO] [stderr]    Compiling async-attributes v1.1.2
[INFO] [stderr]    Compiling float-cmp v0.8.0
[INFO] [stderr]    Compiling uname v0.1.1
[INFO] [stderr]    Compiling arcstr v1.1.4
[INFO] [stderr]    Compiling arc-swap v1.5.0
[INFO] [stderr]    Compiling clap v3.2.17
[INFO] [stderr]    Compiling proc-macro-crate v1.1.3
[INFO] [stderr]    Compiling fred v5.1.0
[INFO] [stderr]    Compiling kv-derive-macro v1.0.1
[INFO] [stderr]    Compiling async-std v1.12.0
[INFO] [stderr]    Compiling sha-1 v0.10.0
[INFO] [stderr]    Compiling serde_with_macros v2.0.0
[INFO] [stderr]    Compiling headers-core v0.2.0
[INFO] [stderr]    Compiling base64 v0.11.0
[INFO] [stderr]    Compiling sentry-core v0.27.0
[INFO] [stderr]    Compiling hyper-rustls v0.23.0
[INFO] [stderr]    Compiling reqwest v0.11.11
[INFO] [stderr]    Compiling sentry-backtrace v0.27.0
[INFO] [stderr]    Compiling sentry-panic v0.27.0
[INFO] [stderr]    Compiling sentry-anyhow v0.27.0
[INFO] [stderr]    Compiling sentry-tracing v0.27.0
[INFO] [stderr]    Compiling bytes v0.5.6
[INFO] [stderr]    Compiling sentry v0.27.0
[INFO] [stderr]    Compiling rusty-shared-opts v0.0.0 (/opt/rustwide/workdir/rusty-shared-opts)
[INFO] [stderr]    Compiling typed-headers v0.2.0
[INFO] [stderr]    Compiling serde_with v2.0.0
[INFO] [stderr]    Compiling kv-derive v1.0.1
[INFO] [stderr]    Compiling headers v0.3.7
[INFO] [stderr]    Compiling rfc7239 v0.1.0
[INFO] [stderr]    Compiling poem-derive v1.3.40
[INFO] [stderr]    Compiling rusty-shared-tracing v0.0.0 (/opt/rustwide/workdir/rusty-shared-tracing)
[INFO] [stderr]    Compiling secstr v0.5.0
[INFO] [stderr]    Compiling new_string_template v1.3.1
[INFO] [stderr]    Compiling gethostname v0.2.3
[INFO] [stderr]    Compiling rusty-tado v0.0.0 (/opt/rustwide/workdir/rusty-tado)
[INFO] [stderr]    Compiling poem v1.3.40
[INFO] [stderr]    Compiling rusty-shared-telegram v0.0.0 (/opt/rustwide/workdir/rusty-shared-telegram)
[INFO] [stderr]    Compiling rusty-shared-redis v0.0.0 (/opt/rustwide/workdir/rusty-shared-redis)
[INFO] [stderr]    Compiling rusty-shared-tractive v0.1.0 (/opt/rustwide/workdir/rusty-shared-tractive)
[INFO] [stderr]    Compiling rusty-tractive v0.0.0 (/opt/rustwide/workdir/rusty-tractive)
[INFO] [stderr]    Compiling rusty-tractive-telegram-bot v0.0.0 (/opt/rustwide/workdir/rusty-tractive-telegram-bot)
[INFO] [stdout] warning: unused import: `trace`
[INFO] [stdout]  --> rusty-tractive-telegram-bot/src/prelude.rs:2:51
[INFO] [stdout]   |
[INFO] [stdout] 2 | pub use tracing::{debug, error, info, instrument, trace, warn};
[INFO] [stdout]   |                                                   ^^^^^
[INFO] [stdout]   |
[INFO] [stdout]   = note: `#[warn(unused_imports)]` on by default
[INFO] [stdout] 
[INFO] [stdout] 
[INFO] [stdout] error: linking with `cc` failed: exit status: 1
[INFO] [stdout]   |
[INFO] [stdout]   = note: LC_ALL="C" PATH="/opt/rustwide/rustup-home/toolchains/beta-2023-12-22-x86_64-unknown-linux-gnu/lib/rustlib/x86_64-unknown-linux-gnu/bin:/opt/rustwide/cargo-home/bin:/usr/local/sbin:/usr/local/bin:/usr/sbin:/usr/bin:/sbin:/bin" VSLANG="1033" "cc" "-m64" "/tmp/rustcRIoGzg/symbols.o" "/opt/rustwide/target/debug/deps/rusty_tractive_telegram_bot-5f8e5931c80f2fd6.rusty_tractive_telegram_bot.d989a269dc485f5b-cgu.00.rcgu.o" "/opt/rustwide/target/debug/deps/rusty_tractive_telegram_bot-5f8e5931c80f2fd6.rusty_tractive_telegram_bot.d989a269dc485f5b-cgu.01.rcgu.o" "/opt/rustwide/target/debug/deps/rusty_tractive_telegram_bot-5f8e5931c80f2fd6.rusty_tractive_telegram_bot.d989a269dc485f5b-cgu.02.rcgu.o" "/opt/rustwide/target/debug/deps/rusty_tractive_telegram_bot-5f8e5931c80f2fd6.rusty_tractive_telegram_bot.d989a269dc485f5b-cgu.03.rcgu.o" "/opt/rustwide/target/debug/deps/rusty_tractive_telegram_bot-5f8e5931c80f2fd6.rusty_tractive_telegram_bot.d989a269dc485f5b-cgu.04.rcgu.o" "/opt/rustwide/target/debug/deps/rusty_tractive_telegram_bot-5f8e5931c80f2fd6.rusty_tractive_telegram_bot.d989a269dc485f5b-cgu.05.rcgu.o" "/opt/rustwide/target/debug/deps/rusty_tractive_telegram_bot-5f8e5931c80f2fd6.rusty_tractive_telegram_bot.d989a269dc485f5b-cgu.06.rcgu.o" "/opt/rustwide/target/debug/deps/rusty_tractive_telegram_bot-5f8e5931c80f2fd6.rusty_tractive_telegram_bot.d989a269dc485f5b-cgu.07.rcgu.o" "/opt/rustwide/target/debug/deps/rusty_tractive_telegram_bot-5f8e5931c80f2fd6.rusty_tractive_telegram_bot.d989a269dc485f5b-cgu.08.rcgu.o" "/opt/rustwide/target/debug/deps/rusty_tractive_telegram_bot-5f8e5931c80f2fd6.rusty_tractive_telegram_bot.d989a269dc485f5b-cgu.09.rcgu.o" "/opt/rustwide/target/debug/deps/rusty_tractive_telegram_bot-5f8e5931c80f2fd6.rusty_tractive_telegram_bot.d989a269dc485f5b-cgu.10.rcgu.o" "/opt/rustwide/target/debug/deps/rusty_tractive_telegram_bot-5f8e5931c80f2fd6.rusty_tractive_telegram_bot.d989a269dc485f5b-cgu.11.rcgu.o" "/opt/rustwide/target/debug/deps/rusty_tractive_telegram_bot-5f8e5931c80f2fd6.rusty_tractive_telegram_bot.d989a269dc485f5b-cgu.12.rcgu.o" "/opt/rustwide/target/debug/deps/rusty_tractive_telegram_bot-5f8e5931c80f2fd6.rusty_tractive_telegram_bot.d989a269dc485f5b-cgu.13.rcgu.o" "/opt/rustwide/target/debug/deps/rusty_tractive_telegram_bot-5f8e5931c80f2fd6.rusty_tractive_telegram_bot.d989a269dc485f5b-cgu.14.rcgu.o" "/opt/rustwide/target/debug/deps/rusty_tractive_telegram_bot-5f8e5931c80f2fd6.rusty_tractive_telegram_bot.d989a269dc485f5b-cgu.15.rcgu.o" "/opt/rustwide/target/debug/deps/rusty_tractive_telegram_bot-5f8e5931c80f2fd6.38iy2gwhe418a27a.rcgu.o" "-Wl,--as-needed" "-L" "/opt/rustwide/target/debug/deps" "-L" "/opt/rustwide/target/debug/build/ring-193fa95b8163e977/out" "-L" "/opt/rustwide/rustup-home/toolchains/beta-2023-12-22-x86_64-unknown-linux-gnu/lib/rustlib/x86_64-unknown-linux-gnu/lib" "-Wl,-Bstatic" "/opt/rustwide/target/debug/deps/librusty_shared_tracing-84f0b4ea1a25138e.rlib" "/opt/rustwide/target/debug/deps/libsentry-c712b29578b6ce0b.rlib" "/opt/rustwide/target/debug/deps/libsentry_tracing-37021f7c3186fbb4.rlib" "/opt/rustwide/target/debug/deps/libtracing_subscriber-7ef5d2aa07362f74.rlib" "/opt/rustwide/target/debug/deps/libsharded_slab-bb331dccd6fe0513.rlib" "/opt/rustwide/target/debug/deps/libmatchers-7d14af7f5b551e3b.rlib" "/opt/rustwide/target/debug/deps/libregex_automata-aa7cf5c994b02bca.rlib" "/opt/rustwide/target/debug/deps/libansi_term-f435e404af61098a.rlib" "/opt/rustwide/target/debug/deps/libthread_local-a506076095dc6598.rlib" "/opt/rustwide/target/debug/deps/libtracing_log-ee0b3b98fdbe5f6c.rlib" "/opt/rustwide/target/debug/deps/libsentry_panic-3d26850e7cbdd76f.rlib" "/opt/rustwide/target/debug/deps/libsentry_contexts-3452e28c37e8cecc.rlib" "/opt/rustwide/target/debug/deps/libhostname-407eda3916cded3e.rlib" "/opt/rustwide/target/debug/deps/libmatch_cfg-6483637d69d2fef6.rlib" "/opt/rustwide/target/debug/deps/libuname-2eb328a4af7a1d97.rlib" "/opt/rustwide/target/debug/deps/libsentry_anyhow-23ae615976a1514c.rlib" "/opt/rustwide/target/debug/deps/libsentry_backtrace-e5f6abc580889d90.rlib" "/opt/rustwide/target/debug/deps/libsentry_core-863f2bb69cdecf41.rlib" "/opt/rustwide/target/debug/deps/libsentry_types-0ba0a2a6de214aec.rlib" "/opt/rustwide/target/debug/deps/libhex-bf5d7c1623e40692.rlib" "/opt/rustwide/target/debug/deps/libtime-eb64471efd8f554e.rlib" "/opt/rustwide/target/debug/deps/libdebugid-47ab7258dfa5b96a.rlib" "/opt/rustwide/target/debug/deps/libuuid-2c12820d9d8266c7.rlib" "/opt/rustwide/target/debug/deps/libnew_string_template-8169e2220fb9305d.rlib" "/opt/rustwide/target/debug/deps/librusty_shared_tractive-31d8cc2b82dbfb54.rlib" "/opt/rustwide/target/debug/deps/libkv_derive-b00e564af3f8029f.rlib" "/opt/rustwide/target/debug/deps/libkv_derive_impl-32fcf07e682c46f3.rlib" "/opt/rustwide/target/debug/deps/librusty_shared_redis-f30e862b2be02e5b.rlib" "/opt/rustwide/target/debug/deps/libasync_std-b180f9d3f56302b9.rlib" "/opt/rustwide/target/debug/deps/libasync_global_executor-b34998f1b6953e42.rlib" "/opt/rustwide/target/debug/deps/libblocking-01bab18bd5499c99.rlib" "/opt/rustwide/target/debug/deps/libatomic_waker-953cfe5ba4622762.rlib" "/opt/rustwide/target/debug/deps/libasync_executor-c4be034011d7ce0a.rlib" "/opt/rustwide/target/debug/deps/libasync_task-f0859bc32c912d53.rlib" "/opt/rustwide/target/debug/deps/libasync_io-3bfd0a58cb2f8f08.rlib" "/opt/rustwide/target/debug/deps/libpolling-eb26c91f3c1f7a9b.rlib" "/opt/rustwide/target/debug/deps/libfutures_lite-3007508d6576ff9f.rlib" "/opt/rustwide/target/debug/deps/libfastrand-94c70a216b334e0d.rlib" "/opt/rustwide/target/debug/deps/libwaker_fn-c70ff5f06f747f8a.rlib" "/opt/rustwide/target/debug/deps/libparking-558a8ab41cbf63b8.rlib" "/opt/rustwide/target/debug/deps/libasync_channel-847244b596e85bb9.rlib" "/opt/rustwide/target/debug/deps/libconcurrent_queue-40ea510764a7b3c7.rlib" "/opt/rustwide/target/debug/deps/libcache_padded-1b08425d86e2ab96.rlib" "/opt/rustwide/target/debug/deps/libasync_lock-a19dc0d1d75e2169.rlib" "/opt/rustwide/target/debug/deps/libevent_listener-c937e22559ca9aa7.rlib" "/opt/rustwide/target/debug/deps/libkv_log_macro-c47f465b5a6fd593.rlib" "/opt/rustwide/target/debug/deps/librusty_shared_opts-0b5dae9bce522d80.rlib" "/opt/rustwide/target/debug/deps/libgethostname-f5aa5da67403e83d.rlib" "/opt/rustwide/target/debug/deps/libfred-7cc80055a96cc5ea.rlib" "/opt/rustwide/target/debug/deps/libsha1-feb7c3ccb8a050e3.rlib" "/opt/rustwide/target/debug/deps/libopaque_debug-75789ad55cd94475.rlib" "/opt/rustwide/target/debug/deps/libblock_buffer-d76af55073f7a536.rlib" "/opt/rustwide/target/debug/deps/libdigest-288543cec81e11d1.rlib" "/opt/rustwide/target/debug/deps/libfloat_cmp-f77a2bc1e246f78a.rlib" "/opt/rustwide/target/debug/deps/librand-321c291c226c5a6a.rlib" "/opt/rustwide/target/debug/deps/librand_chacha-dab22b3ab6840806.rlib" "/opt/rustwide/target/debug/deps/libppv_lite86-7d6f1ee516acde66.rlib" "/opt/rustwide/target/debug/deps/librand_core-c5aae928f8af69d8.rlib" "/opt/rustwide/target/debug/deps/libgetrandom-5133b2cfb9bdd5f6.rlib" "/opt/rustwide/target/debug/deps/libsemver-9745b98e90a8e217.rlib" "/opt/rustwide/target/debug/deps/libtokio_util-12569e09ae87ac77.rlib" "/opt/rustwide/target/debug/deps/libarc_swap-275e53cd621883b0.rlib" "/opt/rustwide/target/debug/deps/libparking_lot-0b5d12031b33323e.rlib" "/opt/rustwide/target/debug/deps/libparking_lot_core-87c27684ed8332c2.rlib" "/opt/rustwide/target/debug/deps/libinstant-3aa96c1efb8242b8.rlib" "/opt/rustwide/target/debug/deps/libtokio_stream-0af24f187c9e8f46.rlib" "/opt/rustwide/target/debug/deps/libredis_protocol-a6f4f19a77f15b33.rlib" "/opt/rustwide/target/debug/deps/libnom-08f0f1e9f11d0ca4.rlib" "/opt/rustwide/target/debug/deps/libcrc16-324f589488d03f5c.rlib" "/opt/rustwide/target/debug/deps/libcookie_factory-510ee919bd22f181.rlib" "/opt/rustwide/target/debug/deps/libtracing_futures-de29d384e77c4787.rlib" "/opt/rustwide/target/debug/deps/libpin_project-b77d0c8c8ff4a7f6.rlib" "/opt/rustwide/target/debug/deps/libbytes_utils-eed673de3cf52c8f.rlib" "/opt/rustwide/target/debug/deps/libeither-bec1e9c0e13c7dc3.rlib" "/opt/rustwide/target/debug/deps/librusty_shared_telegram-698a3c3fa37eb484.rlib" "/opt/rustwide/target/debug/deps/libserde_with-33b531a7efa94537.rlib" "/opt/rustwide/target/debug/deps/libsecstr-7c65e0eb555a59ca.rlib" "/opt/rustwide/target/debug/deps/libpoem-dcf57c30d3b894e2.rlib" "/opt/rustwide/target/debug/deps/libthiserror-74ce84214d3dcfec.rlib" "/opt/rustwide/target/debug/deps/librfc7239-71657904f591fde2.rlib" "/opt/rustwide/target/debug/deps/libuncased-dfbcd66d4aaba9e3.rlib" "/opt/rustwide/target/debug/deps/libtyped_headers-bdec197242b0ecf2.rlib" "/opt/rustwide/target/debug/deps/libchrono-28170d7805e00a18.rlib" "/opt/rustwide/target/debug/deps/libiana_time_zone-8c8bdded3c34f188.rlib" "/opt/rustwide/target/debug/deps/libnum_integer-4f6a54ffc94feb12.rlib" "/opt/rustwide/target/debug/deps/libnum_traits-b277a111beb39735.rlib" "/opt/rustwide/target/debug/deps/libtime-5b6074d85bc84a21.rlib" "/opt/rustwide/target/debug/deps/libbytes-de5719fbf9674f6a.rlib" "/opt/rustwide/target/debug/deps/libbase64-137ac1d39a8ade62.rlib" "/opt/rustwide/target/debug/deps/libregex-4cb04c7ec0429417.rlib" "/opt/rustwide/target/debug/deps/libaho_corasick-222ef4be6ea26ad7.rlib" "/opt/rustwide/target/debug/deps/libregex_syntax-e3f07c2354d4f303.rlib" "/opt/rustwide/target/debug/deps/libheaders-468c0c6264d87669.rlib" "/opt/rustwide/target/debug/deps/libsha1-6032efe122a90bbb.rlib" "/opt/rustwide/target/debug/deps/libcpufeatures-18db14691b5465d8.rlib" "/opt/rustwide/target/debug/deps/libdigest-7f690c664d3ab12f.rlib" "/opt/rustwide/target/debug/deps/libblock_buffer-fc9b0bf66b34df9f.rlib" "/opt/rustwide/target/debug/deps/libcrypto_common-2567c33914a399a9.rlib" "/opt/rustwide/target/debug/deps/libgeneric_array-7c5adfa5a5bf87ef.rlib" "/opt/rustwide/target/debug/deps/libtypenum-d1feac8ebe5aef3f.rlib" "/opt/rustwide/target/debug/deps/libheaders_core-b5263dbd5d3b17e7.rlib" "/opt/rustwide/target/debug/deps/libreqwest-11034b6f85cc9f28.rlib" "/opt/rustwide/target/debug/deps/librustls_pemfile-ad52b339f5233796.rlib" "/opt/rustwide/target/debug/deps/libhyper_rustls-e7471c8b6d475766.rlib" "/opt/rustwide/target/debug/deps/libwebpki_roots-75f98cdfaa7b41f8.rlib" "/opt/rustwide/target/debug/deps/libipnet-844b8f6b4c0c04b0.rlib" "/opt/rustwide/target/debug/deps/libtokio_rustls-afacfc60e3bf8fa0.rlib" "/opt/rustwide/target/debug/deps/libserde_urlencoded-4a807390536dba73.rlib" "/opt/rustwide/target/debug/deps/libmime-d5b83fc07afe1071.rlib" "/opt/rustwide/target/debug/deps/libencoding_rs-11de2cfd99d9044d.rlib" "/opt/rustwide/target/debug/deps/libserde_json-3ad1ca4d2244f193.rlib" "/opt/rustwide/target/debug/deps/libryu-079c1471ef3cc7e7.rlib" "/opt/rustwide/target/debug/deps/libbase64-450a6d9dcba13b9b.rlib" "/opt/rustwide/target/debug/deps/libasync_compression-f1c7e35c1e423ad8.rlib" "/opt/rustwide/target/debug/deps/libflate2-29240848de4d83a1.rlib" "/opt/rustwide/target/debug/deps/libcrc32fast-dbea8ee6fb11ce73.rlib" "/opt/rustwide/target/debug/deps/librustls-ce56daf544b94d80.rlib" "/opt/rustwide/target/debug/deps/libsct-3ab8db43a6cb2adf.rlib" "/opt/rustwide/target/debug/deps/libwebpki-d69ccd1fba32d750.rlib" "/opt/rustwide/target/debug/deps/libring-ea6e10737973db1b.rlib" "/opt/rustwide/target/debug/deps/libspin-e858d3468b8e3abd.rlib" "/opt/rustwide/target/debug/deps/libuntrusted-6cf40e3a64622ff0.rlib" "/opt/rustwide/target/debug/deps/libhyper-c8cb6221227cba22.rlib" "/opt/rustwide/target/debug/deps/libwant-d020879fdd1a0fcd.rlib" "/opt/rustwide/target/debug/deps/libtry_lock-da79cbb67b0e5d22.rlib" "/opt/rustwide/target/debug/deps/libhttparse-c55b2c62b62a2680.rlib" "/opt/rustwide/target/debug/deps/libh2-cb92b96965962559.rlib" "/opt/rustwide/target/debug/deps/libtower_service-92bbc7b5a1dd8782.rlib" "/opt/rustwide/target/debug/deps/libhttpdate-af0e4761081a49c7.rlib" "/opt/rustwide/target/debug/deps/libtokio_util-ad150808382f5b2c.rlib" "/opt/rustwide/target/debug/deps/libtracing-2be2340c1c5dc632.rlib" "/opt/rustwide/target/debug/deps/libtracing_core-1b12b4fbbeae48d5.rlib" "/opt/rustwide/target/debug/deps/libtokio-6b099fd814ee9326.rlib" "/opt/rustwide/target/debug/deps/libsignal_hook_registry-5d451ccae7ef1e45.rlib" "/opt/rustwide/target/debug/deps/libnum_cpus-3d451472ab2ece91.rlib" "/opt/rustwide/target/debug/deps/libsocket2-5af5314b0ea2f0a1.rlib" "/opt/rustwide/target/debug/deps/libmio-7f1be24de910a748.rlib" "/opt/rustwide/target/debug/deps/libparking_lot-bd42c93ad16edb1b.rlib" "/opt/rustwide/target/debug/deps/libparking_lot_core-c14ac73d2064a060.rlib" "/opt/rustwide/target/debug/deps/libsmallvec-ffee7acdd9609ff6.rlib" "/opt/rustwide/target/debug/deps/liblock_api-9e8575a2b4d645e5.rlib" "/opt/rustwide/target/debug/deps/libscopeguard-31f1b56a39f2a372.rlib" "/opt/rustwide/target/debug/deps/libhttp_body-95109c24b60f1689.rlib" "/opt/rustwide/target/debug/deps/liblog-b3584582590abeae.rlib" "/opt/rustwide/target/debug/deps/libvalue_bag-ad5cde7a258c66bf.rlib" "/opt/rustwide/target/debug/deps/liblazy_static-efa3519517df6cf0.rlib" "/opt/rustwide/target/debug/deps/liburl-bc16b6670062aecb.rlib" "/opt/rustwide/target/debug/deps/libidna-ce33fe1de32a1ad7.rlib" "/opt/rustwide/target/debug/deps/libunicode_normalization-165cc846b42f9c02.rlib" "/opt/rustwide/target/debug/deps/libtinyvec-e7dc63e82263080a.rlib" "/opt/rustwide/target/debug/deps/libtinyvec_macros-2b90caf71be257df.rlib" "/opt/rustwide/target/debug/deps/libunicode_bidi-dff3380632f62c6d.rlib" "/opt/rustwide/target/debug/deps/libform_urlencoded-ae8f37993c92f9fc.rlib" "/opt/rustwide/target/debug/deps/libpercent_encoding-3da2a87a41f86eb7.rlib" "/opt/rustwide/target/debug/deps/libserde-cf16d8103780e558.rlib" "/opt/rustwide/target/debug/deps/libmatches-7dacc739f2471d9d.rlib" "/opt/rustwide/target/debug/deps/libhttp-169a0f8401599161.rlib" "/opt/rustwide/target/debug/deps/libitoa-c198fcb4fc03486e.rlib" "/opt/rustwide/target/debug/deps/libbytes-df28286501e33707.rlib" "/opt/rustwide/target/debug/deps/libfnv-953831fe314029b4.rlib" "/opt/rustwide/target/debug/deps/libfutures-a701a7884a246825.rlib" "/opt/rustwide/target/debug/deps/libfutures_executor-642576c94ab63f00.rlib" "/opt/rustwide/target/debug/deps/libfutures_util-fc06c431edde09ba.rlib" "/opt/rustwide/target/debug/deps/libfutures_io-4a48302f6b7f2847.rlib" "/opt/rustwide/target/debug/deps/libslab-ce952e4d8ebf26c9.rlib" "/opt/rustwide/target/debug/deps/libfutures_channel-d49c409deb042c8b.rlib" "/opt/rustwide/target/debug/deps/libpin_project_lite-e8b15c1d45637ce8.rlib" "/opt/rustwide/target/debug/deps/libfutures_sink-4f12fdcba82f8ccb.rlib" "/opt/rustwide/target/debug/deps/libfutures_task-120a9be3fd6478cb.rlib" "/opt/rustwide/target/debug/deps/libpin_utils-9c5dcf17efb91bff.rlib" "/opt/rustwide/target/debug/deps/libfutures_core-8b449e934a95123b.rlib" "/opt/rustwide/target/debug/deps/libclap-2bfdcf87c218940d.rlib" "/opt/rustwide/target/debug/deps/libatty-2e06e2b41a7e35a7.rlib" "/opt/rustwide/target/debug/deps/libstrsim-7c2291ed86ef7041.rlib" "/opt/rustwide/target/debug/deps/libtermcolor-fe47d483106080c8.rlib" "/opt/rustwide/target/debug/deps/libtextwrap-0469b4a254c23c26.rlib" "/opt/rustwide/target/debug/deps/libindexmap-1ce30c148e54e12a.rlib" "/opt/rustwide/target/debug/deps/libhashbrown-e273ba0f8cdcbe5b.rlib" "/opt/rustwide/target/debug/deps/libclap_lex-ce6c39ce59e0fdc1.rlib" "/opt/rustwide/target/debug/deps/libos_str_bytes-98e7b3026b04cf5f.rlib" "/opt/rustwide/target/debug/deps/libbitflags-85e13ed1e0c6d910.rlib" "/opt/rustwide/target/debug/deps/libonce_cell-d6ace5982c47ca1d.rlib" "/opt/rustwide/target/debug/deps/libanyhow-03020faa85ae941d.rlib" "/opt/rustwide/target/debug/deps/libbacktrace-adb45d7399b32d5e.rlib" "/opt/rustwide/target/debug/deps/libminiz_oxide-c1ccfdbe6fe60505.rlib" "/opt/rustwide/target/debug/deps/libadler-eba61f23bb3cdb48.rlib" "/opt/rustwide/target/debug/deps/libobject-bda3e36f173fec95.rlib" "/opt/rustwide/target/debug/deps/libmemchr-33d05ae5bba76030.rlib" "/opt/rustwide/target/debug/deps/liblibc-85b828953cb5f446.rlib" "/opt/rustwide/target/debug/deps/libaddr2line-9dc4996fe8213456.rlib" "/opt/rustwide/target/debug/deps/libgimli-270be20024e51932.rlib" "/opt/rustwide/target/debug/deps/libcfg_if-e7002d307f97bc56.rlib" "/opt/rustwide/target/debug/deps/librustc_demangle-cb44ef9b448c715b.rlib" "/opt/rustwide/rustup-home/toolchains/beta-2023-12-22-x86_64-unknown-linux-gnu/lib/rustlib/x86_64-unknown-linux-gnu/lib/libstd-0672489a78b613de.rlib" "/opt/rustwide/rustup-home/toolchains/beta-2023-12-22-x86_64-unknown-linux-gnu/lib/rustlib/x86_64-unknown-linux-gnu/lib/libpanic_unwind-7eb3ffc34a49f675.rlib" "/opt/rustwide/rustup-home/toolchains/beta-2023-12-22-x86_64-unknown-linux-gnu/lib/rustlib/x86_64-unknown-linux-gnu/lib/libobject-6478a9daa4bee8e2.rlib" "/opt/rustwide/rustup-home/toolchains/beta-2023-12-22-x86_64-unknown-linux-gnu/lib/rustlib/x86_64-unknown-linux-gnu/lib/libmemchr-0c75d871a5c3923d.rlib" "/opt/rustwide/rustup-home/toolchains/beta-2023-12-22-x86_64-unknown-linux-gnu/lib/rustlib/x86_64-unknown-linux-gnu/lib/libaddr2line-d163ef63ad37bb71.rlib" "/opt/rustwide/rustup-home/toolchains/beta-2023-12-22-x86_64-unknown-linux-gnu/lib/rustlib/x86_64-unknown-linux-gnu/lib/libgimli-8a3fd810a85b9f4c.rlib" "/opt/rustwide/rustup-home/toolchains/beta-2023-12-22-x86_64-unknown-linux-gnu/lib/rustlib/x86_64-unknown-linux-gnu/lib/librustc_demangle-462a2cde8c5dfc10.rlib" "/opt/rustwide/rustup-home/toolchains/beta-2023-12-22-x86_64-unknown-linux-gnu/lib/rustlib/x86_64-unknown-linux-gnu/lib/libstd_detect-cb06ac9f54713f71.rlib" "/opt/rustwide/rustup-home/toolchains/beta-2023-12-22-x86_64-unknown-linux-gnu/lib/rustlib/x86_64-unknown-linux-gnu/lib/libhashbrown-f20bfd1f8e59b393.rlib" "/opt/rustwide/rustup-home/toolchains/beta-2023-12-22-x86_64-unknown-linux-gnu/lib/rustlib/x86_64-unknown-linux-gnu/lib/librustc_std_workspace_alloc-1ef460949b49da4b.rlib" "/opt/rustwide/rustup-home/toolchains/beta-2023-12-22-x86_64-unknown-linux-gnu/lib/rustlib/x86_64-unknown-linux-gnu/lib/libminiz_oxide-2cb0c0ffe4f87514.rlib" "/opt/rustwide/rustup-home/toolchains/beta-2023-12-22-x86_64-unknown-linux-gnu/lib/rustlib/x86_64-unknown-linux-gnu/lib/libadler-58d841eb322a11a2.rlib" "/opt/rustwide/rustup-home/toolchains/beta-2023-12-22-x86_64-unknown-linux-gnu/lib/rustlib/x86_64-unknown-linux-gnu/lib/libunwind-aa2ae0b0a9d11533.rlib" "/opt/rustwide/rustup-home/toolchains/beta-2023-12-22-x86_64-unknown-linux-gnu/lib/rustlib/x86_64-unknown-linux-gnu/lib/libcfg_if-23874e15830ed336.rlib" "/opt/rustwide/rustup-home/toolchains/beta-2023-12-22-x86_64-unknown-linux-gnu/lib/rustlib/x86_64-unknown-linux-gnu/lib/liblibc-e47cddc003bce885.rlib" "/opt/rustwide/rustup-home/toolchains/beta-2023-12-22-x86_64-unknown-linux-gnu/lib/rustlib/x86_64-unknown-linux-gnu/lib/liballoc-c22b13b48a8f128e.rlib" "/opt/rustwide/rustup-home/toolchains/beta-2023-12-22-x86_64-unknown-linux-gnu/lib/rustlib/x86_64-unknown-linux-gnu/lib/librustc_std_workspace_core-e46bc3da6d7c462f.rlib" "/opt/rustwide/rustup-home/toolchains/beta-2023-12-22-x86_64-unknown-linux-gnu/lib/rustlib/x86_64-unknown-linux-gnu/lib/libcore-8d1ac131d3cb2645.rlib" "/opt/rustwide/rustup-home/toolchains/beta-2023-12-22-x86_64-unknown-linux-gnu/lib/rustlib/x86_64-unknown-linux-gnu/lib/libcompiler_builtins-a1b43df8c6899c1f.rlib" "-Wl,-Bdynamic" "-lgcc_s" "-lutil" "-lrt" "-lpthread" "-lm" "-ldl" "-lc" "-Wl,--eh-frame-hdr" "-Wl,-z,noexecstack" "-L" "/opt/rustwide/rustup-home/toolchains/beta-2023-12-22-x86_64-unknown-linux-gnu/lib/rustlib/x86_64-unknown-linux-gnu/lib" "-o" "/opt/rustwide/target/debug/deps/rusty_tractive_telegram_bot-5f8e5931c80f2fd6" "-Wl,--gc-sections" "-pie" "-Wl,-z,relro,-z,now" "-nodefaultlibs"
[INFO] [stdout]   = note: collect2: fatal error: ld terminated with signal 9 [Killed]
[INFO] [stdout]           compilation terminated.
[INFO] [stdout]           
[INFO] [stdout] 
[INFO] [stdout] 
[INFO] [stdout] error: aborting due to 1 previous error; 1 warning emitted
[INFO] [stdout] 
[INFO] [stdout] 
[INFO] [stderr] error: could not compile `rusty-tractive-telegram-bot` (bin "rusty-tractive-telegram-bot") due to 2 previous errors; 1 warning emitted
[INFO] [stderr] warning: build failed, waiting for other jobs to finish...
[INFO] running `Command { std: "docker" "inspect" "abad9c2923aa41a4b775ae5143930fdecdac73251250c49fd1667a6f09e54306", kill_on_drop: false }`
[INFO] running `Command { std: "docker" "rm" "-f" "abad9c2923aa41a4b775ae5143930fdecdac73251250c49fd1667a6f09e54306", kill_on_drop: false }`
[INFO] [stdout] abad9c2923aa41a4b775ae5143930fdecdac73251250c49fd1667a6f09e54306
