[INFO] cloning repository https://github.com/eLopez6/transport-analysis
[INFO] running `Command { std: "git" "-c" "credential.helper=" "-c" "credential.helper=/workspace/cargo-home/bin/git-credential-null" "clone" "--bare" "https://github.com/eLopez6/transport-analysis" "/workspace/cache/git-repos/https%3A%2F%2Fgithub.com%2FeLopez6%2Ftransport-analysis", kill_on_drop: false }`
[INFO] [stderr] Cloning into bare repository '/workspace/cache/git-repos/https%3A%2F%2Fgithub.com%2FeLopez6%2Ftransport-analysis'...
[INFO] running `Command { std: "git" "rev-parse" "HEAD", kill_on_drop: false }`
[INFO] [stdout] a31fc1e9e069cccea5877bf7909e86572b2b36d8
[INFO] testing eLopez6/transport-analysis against 1.75.0 for beta-1.76-1
[INFO] running `Command { std: "git" "clone" "/workspace/cache/git-repos/https%3A%2F%2Fgithub.com%2FeLopez6%2Ftransport-analysis" "/workspace/builds/worker-7-tc1/source", kill_on_drop: false }`
[INFO] [stderr] Cloning into '/workspace/builds/worker-7-tc1/source'...
[INFO] [stderr] done.
[INFO] validating manifest of git repo https://github.com/eLopez6/transport-analysis on toolchain 1.75.0
[INFO] running `Command { std: CARGO_HOME="/workspace/cargo-home" RUSTUP_HOME="/workspace/rustup-home" "/workspace/cargo-home/bin/cargo" "+1.75.0" "metadata" "--manifest-path" "Cargo.toml" "--no-deps", kill_on_drop: false }`
[INFO] started tweaking git repo https://github.com/eLopez6/transport-analysis
[INFO] finished tweaking git repo https://github.com/eLopez6/transport-analysis
[INFO] tweaked toml for git repo https://github.com/eLopez6/transport-analysis written to /workspace/builds/worker-7-tc1/source/Cargo.toml
[INFO] crate git repo https://github.com/eLopez6/transport-analysis already has a lockfile, it will not be regenerated
[INFO] running `Command { std: CARGO_HOME="/workspace/cargo-home" RUSTUP_HOME="/workspace/rustup-home" "/workspace/cargo-home/bin/cargo" "+1.75.0" "fetch" "--manifest-path" "Cargo.toml", kill_on_drop: false }`
[INFO] [stderr]     Blocking waiting for file lock on package cache
[INFO] [stderr]     Blocking waiting for file lock on package cache
[ERROR] error running command: no output for 300 seconds
[ERROR] this task or one of its parent failed!
[ERROR] no output for 300 seconds
[ERROR] note: run with `RUST_BACKTRACE=1` to display a backtrace.
[INFO] testing eLopez6/transport-analysis against beta-2023-12-22 for beta-1.76-1
[INFO] running `Command { std: "git" "clone" "/workspace/cache/git-repos/https%3A%2F%2Fgithub.com%2FeLopez6%2Ftransport-analysis" "/workspace/builds/worker-7-tc2/source", kill_on_drop: false }`
[INFO] [stderr] Cloning into '/workspace/builds/worker-7-tc2/source'...
[INFO] [stderr] done.
[INFO] validating manifest of git repo https://github.com/eLopez6/transport-analysis on toolchain beta-2023-12-22
[INFO] running `Command { std: CARGO_HOME="/workspace/cargo-home" RUSTUP_HOME="/workspace/rustup-home" "/workspace/cargo-home/bin/cargo" "+beta-2023-12-22" "metadata" "--manifest-path" "Cargo.toml" "--no-deps", kill_on_drop: false }`
[INFO] started tweaking git repo https://github.com/eLopez6/transport-analysis
[INFO] finished tweaking git repo https://github.com/eLopez6/transport-analysis
[INFO] tweaked toml for git repo https://github.com/eLopez6/transport-analysis written to /workspace/builds/worker-7-tc2/source/Cargo.toml
[INFO] crate git repo https://github.com/eLopez6/transport-analysis already has a lockfile, it will not be regenerated
[INFO] running `Command { std: CARGO_HOME="/workspace/cargo-home" RUSTUP_HOME="/workspace/rustup-home" "/workspace/cargo-home/bin/cargo" "+beta-2023-12-22" "fetch" "--manifest-path" "Cargo.toml", kill_on_drop: false }`
[INFO] [stderr]     Blocking waiting for file lock on package cache
[INFO] [stderr]     Blocking waiting for file lock on package cache
[ERROR] error running command: no output for 300 seconds
[INFO] testing eLopez6/transport-analysis against beta-2023-12-22 for beta-1.76-1
[INFO] running `Command { std: "git" "clone" "/workspace/cache/git-repos/https%3A%2F%2Fgithub.com%2FeLopez6%2Ftransport-analysis" "/workspace/builds/worker-7-tc2/source", kill_on_drop: false }`
[INFO] [stderr] Cloning into '/workspace/builds/worker-7-tc2/source'...
[INFO] [stderr] done.
[INFO] validating manifest of git repo https://github.com/eLopez6/transport-analysis on toolchain beta-2023-12-22
[INFO] running `Command { std: CARGO_HOME="/workspace/cargo-home" RUSTUP_HOME="/workspace/rustup-home" "/workspace/cargo-home/bin/cargo" "+beta-2023-12-22" "metadata" "--manifest-path" "Cargo.toml" "--no-deps", kill_on_drop: false }`
[INFO] started tweaking git repo https://github.com/eLopez6/transport-analysis
[INFO] finished tweaking git repo https://github.com/eLopez6/transport-analysis
[INFO] tweaked toml for git repo https://github.com/eLopez6/transport-analysis written to /workspace/builds/worker-7-tc2/source/Cargo.toml
[INFO] crate git repo https://github.com/eLopez6/transport-analysis already has a lockfile, it will not be regenerated
[INFO] running `Command { std: CARGO_HOME="/workspace/cargo-home" RUSTUP_HOME="/workspace/rustup-home" "/workspace/cargo-home/bin/cargo" "+beta-2023-12-22" "fetch" "--manifest-path" "Cargo.toml", kill_on_drop: false }`
[INFO] [stderr]     Blocking waiting for file lock on package cache
[INFO] [stderr]     Blocking waiting for file lock on package cache
[INFO] [stderr]  Downloading crates ...
[INFO] [stderr]   Downloaded bitvec v0.19.3
[INFO] running `Command { std: "docker" "create" "-v" "/var/lib/crater-agent-workspace/builds/worker-7-tc2/target:/opt/rustwide/target:rw,Z" "-v" "/var/lib/crater-agent-workspace/builds/worker-7-tc2/source:/opt/rustwide/workdir:ro,Z" "-v" "/var/lib/crater-agent-workspace/cargo-home:/opt/rustwide/cargo-home:ro,Z" "-v" "/var/lib/crater-agent-workspace/rustup-home:/opt/rustwide/rustup-home:ro,Z" "-e" "SOURCE_DIR=/opt/rustwide/workdir" "-e" "CARGO_TARGET_DIR=/opt/rustwide/target" "-e" "CARGO_HOME=/opt/rustwide/cargo-home" "-e" "RUSTUP_HOME=/opt/rustwide/rustup-home" "-w" "/opt/rustwide/workdir" "-m" "1610612736" "--user" "0:0" "--network" "none" "ghcr.io/rust-lang/crates-build-env/linux@sha256:2788e3201cd34a07e3172128adcd8b3090168a8e3bcc40d7c032b9dda1df7d1c" "/opt/rustwide/cargo-home/bin/cargo" "+beta-2023-12-22" "metadata" "--no-deps" "--format-version=1", kill_on_drop: false }`
[INFO] [stdout] 34ac4da528119fd1ecd8ee3af81c6c260a3bef517a617cba214ff732993adbfe
[INFO] running `Command { std: "docker" "start" "-a" "34ac4da528119fd1ecd8ee3af81c6c260a3bef517a617cba214ff732993adbfe", kill_on_drop: false }`
[INFO] running `Command { std: "docker" "inspect" "34ac4da528119fd1ecd8ee3af81c6c260a3bef517a617cba214ff732993adbfe", kill_on_drop: false }`
[INFO] running `Command { std: "docker" "rm" "-f" "34ac4da528119fd1ecd8ee3af81c6c260a3bef517a617cba214ff732993adbfe", kill_on_drop: false }`
[INFO] [stdout] 34ac4da528119fd1ecd8ee3af81c6c260a3bef517a617cba214ff732993adbfe
[INFO] running `Command { std: "docker" "create" "-v" "/var/lib/crater-agent-workspace/builds/worker-7-tc2/target:/opt/rustwide/target:rw,Z" "-v" "/var/lib/crater-agent-workspace/builds/worker-7-tc2/source:/opt/rustwide/workdir:ro,Z" "-v" "/var/lib/crater-agent-workspace/cargo-home:/opt/rustwide/cargo-home:ro,Z" "-v" "/var/lib/crater-agent-workspace/rustup-home:/opt/rustwide/rustup-home:ro,Z" "-e" "SOURCE_DIR=/opt/rustwide/workdir" "-e" "CARGO_TARGET_DIR=/opt/rustwide/target" "-e" "CARGO_INCREMENTAL=0" "-e" "RUST_BACKTRACE=full" "-e" "RUSTFLAGS=--cap-lints=warn" "-e" "RUSTDOCFLAGS=--cap-lints=warn" "-e" "CARGO_HOME=/opt/rustwide/cargo-home" "-e" "RUSTUP_HOME=/opt/rustwide/rustup-home" "-w" "/opt/rustwide/workdir" "-m" "1610612736" "--user" "0:0" "--network" "none" "ghcr.io/rust-lang/crates-build-env/linux@sha256:2788e3201cd34a07e3172128adcd8b3090168a8e3bcc40d7c032b9dda1df7d1c" "/opt/rustwide/cargo-home/bin/cargo" "+beta-2023-12-22" "build" "--frozen" "--message-format=json", kill_on_drop: false }`
[INFO] [stdout] f2c47063f94e717ecf35d32b2300315775350f2fb41976351a9b3c815777645c
[INFO] running `Command { std: "docker" "start" "-a" "f2c47063f94e717ecf35d32b2300315775350f2fb41976351a9b3c815777645c", kill_on_drop: false }`
[INFO] [stderr]    Compiling libc v0.2.79
[INFO] [stderr]    Compiling bitflags v1.2.1
[INFO] [stderr]    Compiling radium v0.5.3
[INFO] [stderr]    Compiling unicode-width v0.1.8
[INFO] [stderr]    Compiling byteorder v1.3.4
[INFO] [stderr]    Compiling tap v1.0.0
[INFO] [stderr]    Compiling wyz v0.2.0
[INFO] [stderr]    Compiling strsim v0.8.0
[INFO] [stderr]    Compiling vec_map v0.8.2
[INFO] [stderr]    Compiling ansi_term v0.11.0
[INFO] [stderr]    Compiling funty v1.0.1
[INFO] [stderr]    Compiling textwrap v0.11.0
[INFO] [stderr]    Compiling bitvec v0.19.3
[INFO] [stderr]    Compiling atty v0.2.14
[INFO] [stderr]    Compiling clap v2.33.3
[INFO] [stderr]    Compiling transport-analysis v0.1.0 (/opt/rustwide/workdir)
[INFO] [stdout] warning: unused variable: `filename_str`
[INFO] [stdout]    --> src/main.rs:233:25
[INFO] [stdout]     |
[INFO] [stdout] 233 | fn connection_summaries(filename_str: &str) {
[INFO] [stdout]     |                         ^^^^^^^^^^^^ help: if this is intentional, prefix it with an underscore: `_filename_str`
[INFO] [stdout]     |
[INFO] [stdout]     = note: `#[warn(unused_variables)]` on by default
[INFO] [stdout] 
[INFO] [stdout] 
[INFO] [stdout] warning: unused variable: `filename_str`
[INFO] [stdout]    --> src/main.rs:237:20
[INFO] [stdout]     |
[INFO] [stdout] 237 | fn roundtrip_times(filename_str: &str) {
[INFO] [stdout]     |                    ^^^^^^^^^^^^ help: if this is intentional, prefix it with an underscore: `_filename_str`
[INFO] [stdout] 
[INFO] [stdout] 
[INFO] [stdout] warning: constant `ENDPOINT_MEMBERS` is never used
[INFO] [stdout]   --> src/main.rs:15:7
[INFO] [stdout]    |
[INFO] [stdout] 15 | const ENDPOINT_MEMBERS: usize = 2;
[INFO] [stdout]    |       ^^^^^^^^^^^^^^^^
[INFO] [stdout]    |
[INFO] [stdout]    = note: `#[warn(dead_code)]` on by default
[INFO] [stdout] 
[INFO] [stdout] 
[INFO] [stdout] warning: field `ignored` is never read
[INFO] [stdout]   --> src/main.rs:29:5
[INFO] [stdout]    |
[INFO] [stdout] 25 | struct PktMetaInfo {
[INFO] [stdout]    |        ----------- field in this struct
[INFO] [stdout] ...
[INFO] [stdout] 29 |     ignored: u16    // unused, but kept for explaning an extra read from the file
[INFO] [stdout]    |     ^^^^^^^
[INFO] [stdout]    |
[INFO] [stdout]    = note: `PktMetaInfo` has a derived impl for the trait `Clone`, but this is intentionally ignored during dead code analysis
[INFO] [stdout] 
[INFO] [stdout] 
[INFO] [stdout] warning: variant `Unknown` is never constructed
[INFO] [stdout]   --> src/main.rs:46:5
[INFO] [stdout]    |
[INFO] [stdout] 45 | enum PacketType {
[INFO] [stdout]    |      ---------- variant in this enum
[INFO] [stdout] 46 |     Unknown,
[INFO] [stdout]    |     ^^^^^^^
[INFO] [stdout]    |
[INFO] [stdout]    = note: `PacketType` has a derived impl for the trait `Clone`, but this is intentionally ignored during dead code analysis
[INFO] [stdout] 
[INFO] [stdout] 
[INFO] [stdout] warning: field `meta` is never read
[INFO] [stdout]   --> src/main.rs:55:5
[INFO] [stdout]    |
[INFO] [stdout] 54 | struct PktInfo {
[INFO] [stdout]    |        ------- field in this struct
[INFO] [stdout] 55 |     meta: PktMetaInfo,
[INFO] [stdout]    |     ^^^^
[INFO] [stdout]    |
[INFO] [stdout]    = note: `PktInfo` has a derived impl for the trait `Clone`, but this is intentionally ignored during dead code analysis
[INFO] [stdout] 
[INFO] [stdout] 
[INFO] [stdout] warning: associated function `new_unknown` is never used
[INFO] [stdout]   --> src/main.rs:62:8
[INFO] [stdout]    |
[INFO] [stdout] 61 | impl PktInfo {
[INFO] [stdout]    | ------------ associated function in this implementation
[INFO] [stdout] 62 |     fn new_unknown(meta: PktMetaInfo) -> PktInfo {
[INFO] [stdout]    |        ^^^^^^^^^^^
[INFO] [stdout] 
[INFO] [stdout] 
[INFO] [stdout] warning: struct `TcpConnInfo` is never constructed
[INFO] [stdout]   --> src/main.rs:84:8
[INFO] [stdout]    |
[INFO] [stdout] 84 | struct TcpConnInfo {
[INFO] [stdout]    |        ^^^^^^^^^^^
[INFO] [stdout] 
[INFO] [stdout] 
[INFO] [stdout] warning: struct `ConnectionInfo` is never constructed
[INFO] [stdout]   --> src/main.rs:93:8
[INFO] [stdout]    |
[INFO] [stdout] 93 | struct ConnectionInfo {
[INFO] [stdout]    |        ^^^^^^^^^^^^^^
[INFO] [stdout] 
[INFO] [stdout] 
[INFO] [stdout] warning: associated function `malformed_header` is never used
[INFO] [stdout]    --> src/headers.rs:143:12
[INFO] [stdout]     |
[INFO] [stdout] 141 | impl Udphdr {
[INFO] [stdout]     | ----------- associated function in this implementation
[INFO] [stdout] 142 |
[INFO] [stdout] 143 |     pub fn malformed_header() -> Udphdr {
[INFO] [stdout]     |            ^^^^^^^^^^^^^^^^
[INFO] [stdout] 
[INFO] [stdout] 
[INFO] [stdout] warning: 10 warnings emitted
[INFO] [stdout] 
[INFO] [stdout] 
[INFO] [stderr]     Finished dev [unoptimized + debuginfo] target(s) in 5.75s
[INFO] running `Command { std: "docker" "inspect" "f2c47063f94e717ecf35d32b2300315775350f2fb41976351a9b3c815777645c", kill_on_drop: false }`
[INFO] running `Command { std: "docker" "rm" "-f" "f2c47063f94e717ecf35d32b2300315775350f2fb41976351a9b3c815777645c", kill_on_drop: false }`
[INFO] [stdout] f2c47063f94e717ecf35d32b2300315775350f2fb41976351a9b3c815777645c
[INFO] running `Command { std: "docker" "create" "-v" "/var/lib/crater-agent-workspace/builds/worker-7-tc2/target:/opt/rustwide/target:rw,Z" "-v" "/var/lib/crater-agent-workspace/builds/worker-7-tc2/source:/opt/rustwide/workdir:ro,Z" "-v" "/var/lib/crater-agent-workspace/cargo-home:/opt/rustwide/cargo-home:ro,Z" "-v" "/var/lib/crater-agent-workspace/rustup-home:/opt/rustwide/rustup-home:ro,Z" "-e" "SOURCE_DIR=/opt/rustwide/workdir" "-e" "CARGO_TARGET_DIR=/opt/rustwide/target" "-e" "CARGO_INCREMENTAL=0" "-e" "RUST_BACKTRACE=full" "-e" "RUSTFLAGS=--cap-lints=warn" "-e" "RUSTDOCFLAGS=--cap-lints=warn" "-e" "CARGO_HOME=/opt/rustwide/cargo-home" "-e" "RUSTUP_HOME=/opt/rustwide/rustup-home" "-w" "/opt/rustwide/workdir" "-m" "1610612736" "--user" "0:0" "--network" "none" "ghcr.io/rust-lang/crates-build-env/linux@sha256:2788e3201cd34a07e3172128adcd8b3090168a8e3bcc40d7c032b9dda1df7d1c" "/opt/rustwide/cargo-home/bin/cargo" "+beta-2023-12-22" "test" "--frozen" "--no-run" "--message-format=json", kill_on_drop: false }`
[INFO] [stdout] bdf0f41d5db3ac2b47b3442b5640583e659419c230f844a938cf0dbf0b834d49
[INFO] running `Command { std: "docker" "start" "-a" "bdf0f41d5db3ac2b47b3442b5640583e659419c230f844a938cf0dbf0b834d49", kill_on_drop: false }`
[INFO] [stderr]    Compiling transport-analysis v0.1.0 (/opt/rustwide/workdir)
[INFO] [stdout] warning: unused variable: `filename_str`
[INFO] [stdout]    --> src/main.rs:233:25
[INFO] [stdout]     |
[INFO] [stdout] 233 | fn connection_summaries(filename_str: &str) {
[INFO] [stdout]     |                         ^^^^^^^^^^^^ help: if this is intentional, prefix it with an underscore: `_filename_str`
[INFO] [stdout]     |
[INFO] [stdout]     = note: `#[warn(unused_variables)]` on by default
[INFO] [stdout] 
[INFO] [stdout] 
[INFO] [stdout] warning: unused variable: `filename_str`
[INFO] [stdout]    --> src/main.rs:237:20
[INFO] [stdout]     |
[INFO] [stdout] 237 | fn roundtrip_times(filename_str: &str) {
[INFO] [stdout]     |                    ^^^^^^^^^^^^ help: if this is intentional, prefix it with an underscore: `_filename_str`
[INFO] [stdout] 
[INFO] [stdout] 
[INFO] [stdout] warning: constant `ENDPOINT_MEMBERS` is never used
[INFO] [stdout]   --> src/main.rs:15:7
[INFO] [stdout]    |
[INFO] [stdout] 15 | const ENDPOINT_MEMBERS: usize = 2;
[INFO] [stdout]    |       ^^^^^^^^^^^^^^^^
[INFO] [stdout]    |
[INFO] [stdout]    = note: `#[warn(dead_code)]` on by default
[INFO] [stdout] 
[INFO] [stdout] 
[INFO] [stdout] warning: field `ignored` is never read
[INFO] [stdout]   --> src/main.rs:29:5
[INFO] [stdout]    |
[INFO] [stdout] 25 | struct PktMetaInfo {
[INFO] [stdout]    |        ----------- field in this struct
[INFO] [stdout] ...
[INFO] [stdout] 29 |     ignored: u16    // unused, but kept for explaning an extra read from the file
[INFO] [stdout]    |     ^^^^^^^
[INFO] [stdout]    |
[INFO] [stdout]    = note: `PktMetaInfo` has a derived impl for the trait `Clone`, but this is intentionally ignored during dead code analysis
[INFO] [stdout] 
[INFO] [stdout] 
[INFO] [stdout] warning: variant `Unknown` is never constructed
[INFO] [stdout]   --> src/main.rs:46:5
[INFO] [stdout]    |
[INFO] [stdout] 45 | enum PacketType {
[INFO] [stdout]    |      ---------- variant in this enum
[INFO] [stdout] 46 |     Unknown,
[INFO] [stdout]    |     ^^^^^^^
[INFO] [stdout]    |
[INFO] [stdout]    = note: `PacketType` has a derived impl for the trait `Clone`, but this is intentionally ignored during dead code analysis
[INFO] [stdout] 
[INFO] [stdout] 
[INFO] [stdout] warning: field `meta` is never read
[INFO] [stdout]   --> src/main.rs:55:5
[INFO] [stdout]    |
[INFO] [stdout] 54 | struct PktInfo {
[INFO] [stdout]    |        ------- field in this struct
[INFO] [stdout] 55 |     meta: PktMetaInfo,
[INFO] [stdout]    |     ^^^^
[INFO] [stdout]    |
[INFO] [stdout]    = note: `PktInfo` has a derived impl for the trait `Clone`, but this is intentionally ignored during dead code analysis
[INFO] [stdout] 
[INFO] [stdout] 
[INFO] [stdout] warning: associated function `new_unknown` is never used
[INFO] [stdout]   --> src/main.rs:62:8
[INFO] [stdout]    |
[INFO] [stdout] 61 | impl PktInfo {
[INFO] [stdout]    | ------------ associated function in this implementation
[INFO] [stdout] 62 |     fn new_unknown(meta: PktMetaInfo) -> PktInfo {
[INFO] [stdout]    |        ^^^^^^^^^^^
[INFO] [stdout] 
[INFO] [stdout] 
[INFO] [stdout] warning: struct `TcpConnInfo` is never constructed
[INFO] [stdout]   --> src/main.rs:84:8
[INFO] [stdout]    |
[INFO] [stdout] 84 | struct TcpConnInfo {
[INFO] [stdout]    |        ^^^^^^^^^^^
[INFO] [stdout] 
[INFO] [stdout] 
[INFO] [stdout] warning: struct `ConnectionInfo` is never constructed
[INFO] [stdout]   --> src/main.rs:93:8
[INFO] [stdout]    |
[INFO] [stdout] 93 | struct ConnectionInfo {
[INFO] [stdout]    |        ^^^^^^^^^^^^^^
[INFO] [stdout] 
[INFO] [stdout] 
[INFO] [stdout] warning: associated function `malformed_header` is never used
[INFO] [stdout]    --> src/headers.rs:143:12
[INFO] [stdout]     |
[INFO] [stdout] 141 | impl Udphdr {
[INFO] [stdout]     | ----------- associated function in this implementation
[INFO] [stdout] 142 |
[INFO] [stdout] 143 |     pub fn malformed_header() -> Udphdr {
[INFO] [stdout]     |            ^^^^^^^^^^^^^^^^
[INFO] [stdout] 
[INFO] [stdout] 
[INFO] [stdout] warning: 10 warnings emitted
[INFO] [stdout] 
[INFO] [stdout] 
[INFO] [stderr]     Finished test [unoptimized + debuginfo] target(s) in 0.53s
[INFO] running `Command { std: "docker" "inspect" "bdf0f41d5db3ac2b47b3442b5640583e659419c230f844a938cf0dbf0b834d49", kill_on_drop: false }`
[INFO] running `Command { std: "docker" "rm" "-f" "bdf0f41d5db3ac2b47b3442b5640583e659419c230f844a938cf0dbf0b834d49", kill_on_drop: false }`
[INFO] [stdout] bdf0f41d5db3ac2b47b3442b5640583e659419c230f844a938cf0dbf0b834d49
[INFO] running `Command { std: "docker" "create" "-v" "/var/lib/crater-agent-workspace/builds/worker-7-tc2/target:/opt/rustwide/target:rw,Z" "-v" "/var/lib/crater-agent-workspace/builds/worker-7-tc2/source:/opt/rustwide/workdir:ro,Z" "-v" "/var/lib/crater-agent-workspace/cargo-home:/opt/rustwide/cargo-home:ro,Z" "-v" "/var/lib/crater-agent-workspace/rustup-home:/opt/rustwide/rustup-home:ro,Z" "-e" "SOURCE_DIR=/opt/rustwide/workdir" "-e" "CARGO_TARGET_DIR=/opt/rustwide/target" "-e" "CARGO_INCREMENTAL=0" "-e" "RUST_BACKTRACE=full" "-e" "RUSTFLAGS=--cap-lints=warn" "-e" "RUSTDOCFLAGS=--cap-lints=warn" "-e" "CARGO_HOME=/opt/rustwide/cargo-home" "-e" "RUSTUP_HOME=/opt/rustwide/rustup-home" "-w" "/opt/rustwide/workdir" "-m" "1610612736" "--user" "0:0" "--network" "none" "ghcr.io/rust-lang/crates-build-env/linux@sha256:2788e3201cd34a07e3172128adcd8b3090168a8e3bcc40d7c032b9dda1df7d1c" "/opt/rustwide/cargo-home/bin/cargo" "+beta-2023-12-22" "test" "--frozen", kill_on_drop: false }`
[INFO] [stdout] 64d2a132c32cdbb40d2070e921267f960249066a7b5f2f27d89d91507285534e
[INFO] running `Command { std: "docker" "start" "-a" "64d2a132c32cdbb40d2070e921267f960249066a7b5f2f27d89d91507285534e", kill_on_drop: false }`
[INFO] [stderr] warning: unused variable: `filename_str`
[INFO] [stderr]    --> src/main.rs:233:25
[INFO] [stderr]     |
[INFO] [stderr] 233 | fn connection_summaries(filename_str: &str) {
[INFO] [stderr]     |                         ^^^^^^^^^^^^ help: if this is intentional, prefix it with an underscore: `_filename_str`
[INFO] [stderr]     |
[INFO] [stderr]     = note: `#[warn(unused_variables)]` on by default
[INFO] [stderr] 
[INFO] [stderr] warning: unused variable: `filename_str`
[INFO] [stderr]    --> src/main.rs:237:20
[INFO] [stderr]     |
[INFO] [stderr] 237 | fn roundtrip_times(filename_str: &str) {
[INFO] [stderr]     |                    ^^^^^^^^^^^^ help: if this is intentional, prefix it with an underscore: `_filename_str`
[INFO] [stderr] 
[INFO] [stderr] warning: constant `ENDPOINT_MEMBERS` is never used
[INFO] [stderr]   --> src/main.rs:15:7
[INFO] [stderr]    |
[INFO] [stderr] 15 | const ENDPOINT_MEMBERS: usize = 2;
[INFO] [stderr]    |       ^^^^^^^^^^^^^^^^
[INFO] [stderr]    |
[INFO] [stderr]    = note: `#[warn(dead_code)]` on by default
[INFO] [stderr] 
[INFO] [stderr] warning: field `ignored` is never read
[INFO] [stderr]   --> src/main.rs:29:5
[INFO] [stderr]    |
[INFO] [stderr] 25 | struct PktMetaInfo {
[INFO] [stderr]    |        ----------- field in this struct
[INFO] [stderr] ...
[INFO] [stderr] 29 |     ignored: u16    // unused, but kept for explaning an extra read from the file
[INFO] [stderr]    |     ^^^^^^^
[INFO] [stderr]    |
[INFO] [stderr]    = note: `PktMetaInfo` has a derived impl for the trait `Clone`, but this is intentionally ignored during dead code analysis
[INFO] [stderr] 
[INFO] [stderr] warning: variant `Unknown` is never constructed
[INFO] [stderr]   --> src/main.rs:46:5
[INFO] [stderr]    |
[INFO] [stderr] 45 | enum PacketType {
[INFO] [stderr]    |      ---------- variant in this enum
[INFO] [stderr] 46 |     Unknown,
[INFO] [stderr]    |     ^^^^^^^
[INFO] [stderr]    |
[INFO] [stderr]    = note: `PacketType` has a derived impl for the trait `Clone`, but this is intentionally ignored during dead code analysis
[INFO] [stderr] 
[INFO] [stderr] warning: field `meta` is never read
[INFO] [stderr]   --> src/main.rs:55:5
[INFO] [stderr]    |
[INFO] [stderr] 54 | struct PktInfo {
[INFO] [stderr]    |        ------- field in this struct
[INFO] [stderr] 55 |     meta: PktMetaInfo,
[INFO] [stderr]    |     ^^^^
[INFO] [stderr]    |
[INFO] [stderr]    = note: `PktInfo` has a derived impl for the trait `Clone`, but this is intentionally ignored during dead code analysis
[INFO] [stderr] 
[INFO] [stderr] warning: associated function `new_unknown` is never used
[INFO] [stderr]   --> src/main.rs:62:8
[INFO] [stderr]    |
[INFO] [stderr] 61 | impl PktInfo {
[INFO] [stderr]    | ------------ associated function in this implementation
[INFO] [stderr] 62 |     fn new_unknown(meta: PktMetaInfo) -> PktInfo {
[INFO] [stderr]    |        ^^^^^^^^^^^
[INFO] [stderr] 
[INFO] [stderr] warning: struct `TcpConnInfo` is never constructed
[INFO] [stderr]   --> src/main.rs:84:8
[INFO] [stderr]    |
[INFO] [stderr] 84 | struct TcpConnInfo {
[INFO] [stderr]    |        ^^^^^^^^^^^
[INFO] [stderr] 
[INFO] [stderr] warning: struct `ConnectionInfo` is never constructed
[INFO] [stderr]   --> src/main.rs:93:8
[INFO] [stderr]    |
[INFO] [stderr] 93 | struct ConnectionInfo {
[INFO] [stderr]    |        ^^^^^^^^^^^^^^
[INFO] [stderr] 
[INFO] [stderr] warning: associated function `malformed_header` is never used
[INFO] [stderr]    --> src/headers.rs:143:12
[INFO] [stderr]     |
[INFO] [stderr] 141 | impl Udphdr {
[INFO] [stderr]     | ----------- associated function in this implementation
[INFO] [stderr] 142 |
[INFO] [stderr] 143 |     pub fn malformed_header() -> Udphdr {
[INFO] [stderr]     |            ^^^^^^^^^^^^^^^^
[INFO] [stderr] 
[INFO] [stderr] warning: `transport-analysis` (bin "transport-analysis" test) generated 10 warnings (run `cargo fix --bin "transport-analysis" --tests` to apply 2 suggestions)
[INFO] [stderr]     Finished test [unoptimized + debuginfo] target(s) in 0.03s
[INFO] [stderr]      Running unittests src/lib.rs (/opt/rustwide/target/debug/deps/transport_analysis-af0e9181eaa47fc4)
[INFO] [stderr]      Running unittests src/main.rs (/opt/rustwide/target/debug/deps/transport_analysis-e2ae9663b975952c)
[INFO] [stdout] 
[INFO] [stdout] running 0 tests
[INFO] [stdout] 
[INFO] [stdout] test result: ok. 0 passed; 0 failed; 0 ignored; 0 measured; 0 filtered out; finished in 0.00s
[INFO] [stdout] 
[INFO] [stdout] 
[INFO] [stdout] running 0 tests
[INFO] [stdout] 
[INFO] [stdout] test result: ok. 0 passed; 0 failed; 0 ignored; 0 measured; 0 filtered out; finished in 0.00s
[INFO] [stdout] 
[INFO] [stderr]    Doc-tests transport-analysis
[INFO] [stdout] 
[INFO] [stdout] running 0 tests
[INFO] [stdout] 
[INFO] [stdout] test result: ok. 0 passed; 0 failed; 0 ignored; 0 measured; 0 filtered out; finished in 0.00s
[INFO] [stdout] 
[INFO] running `Command { std: "docker" "inspect" "64d2a132c32cdbb40d2070e921267f960249066a7b5f2f27d89d91507285534e", kill_on_drop: false }`
[INFO] running `Command { std: "docker" "rm" "-f" "64d2a132c32cdbb40d2070e921267f960249066a7b5f2f27d89d91507285534e", kill_on_drop: false }`
[INFO] [stdout] 64d2a132c32cdbb40d2070e921267f960249066a7b5f2f27d89d91507285534e
