[INFO] cloning repository https://github.com/dyor-market/claymoreProtocol
[INFO] running `Command { std: "git" "-c" "credential.helper=" "-c" "credential.helper=/workspace/cargo-home/bin/git-credential-null" "clone" "--bare" "https://github.com/dyor-market/claymoreProtocol" "/workspace/cache/git-repos/https%3A%2F%2Fgithub.com%2Fdyor-market%2FclaymoreProtocol", kill_on_drop: false }`
[INFO] [stderr] Cloning into bare repository '/workspace/cache/git-repos/https%3A%2F%2Fgithub.com%2Fdyor-market%2FclaymoreProtocol'...
[INFO] running `Command { std: "git" "rev-parse" "HEAD", kill_on_drop: false }`
[INFO] [stdout] 8c6ba0e402df33fc46d39d606aaedcf4ee3cac71
[INFO] testing dyor-market/claymoreProtocol against 1.75.0 for beta-1.76-1
[INFO] running `Command { std: "git" "clone" "/workspace/cache/git-repos/https%3A%2F%2Fgithub.com%2Fdyor-market%2FclaymoreProtocol" "/workspace/builds/worker-7-tc1/source", kill_on_drop: false }`
[INFO] [stderr] Cloning into '/workspace/builds/worker-7-tc1/source'...
[INFO] [stderr] done.
[INFO] validating manifest of git repo https://github.com/dyor-market/claymoreProtocol on toolchain 1.75.0
[INFO] running `Command { std: CARGO_HOME="/workspace/cargo-home" RUSTUP_HOME="/workspace/rustup-home" "/workspace/cargo-home/bin/cargo" "+1.75.0" "metadata" "--manifest-path" "Cargo.toml" "--no-deps", kill_on_drop: false }`
[INFO] started tweaking git repo https://github.com/dyor-market/claymoreProtocol
[INFO] finished tweaking git repo https://github.com/dyor-market/claymoreProtocol
[INFO] tweaked toml for git repo https://github.com/dyor-market/claymoreProtocol written to /workspace/builds/worker-7-tc1/source/Cargo.toml
[INFO] crate git repo https://github.com/dyor-market/claymoreProtocol already has a lockfile, it will not be regenerated
[INFO] running `Command { std: CARGO_HOME="/workspace/cargo-home" RUSTUP_HOME="/workspace/rustup-home" "/workspace/cargo-home/bin/cargo" "+1.75.0" "fetch" "--manifest-path" "Cargo.toml", kill_on_drop: false }`
[INFO] [stderr]     Blocking waiting for file lock on package cache
[ERROR] error running command: no output for 300 seconds
[ERROR] this task or one of its parent failed!
[ERROR] no output for 300 seconds
[ERROR] note: run with `RUST_BACKTRACE=1` to display a backtrace.
[INFO] testing dyor-market/claymoreProtocol against beta-2023-12-22 for beta-1.76-1
[INFO] running `Command { std: "git" "clone" "/workspace/cache/git-repos/https%3A%2F%2Fgithub.com%2Fdyor-market%2FclaymoreProtocol" "/workspace/builds/worker-7-tc2/source", kill_on_drop: false }`
[INFO] [stderr] Cloning into '/workspace/builds/worker-7-tc2/source'...
[INFO] [stderr] done.
[INFO] validating manifest of git repo https://github.com/dyor-market/claymoreProtocol on toolchain beta-2023-12-22
[INFO] running `Command { std: CARGO_HOME="/workspace/cargo-home" RUSTUP_HOME="/workspace/rustup-home" "/workspace/cargo-home/bin/cargo" "+beta-2023-12-22" "metadata" "--manifest-path" "Cargo.toml" "--no-deps", kill_on_drop: false }`
[INFO] started tweaking git repo https://github.com/dyor-market/claymoreProtocol
[INFO] finished tweaking git repo https://github.com/dyor-market/claymoreProtocol
[INFO] tweaked toml for git repo https://github.com/dyor-market/claymoreProtocol written to /workspace/builds/worker-7-tc2/source/Cargo.toml
[INFO] crate git repo https://github.com/dyor-market/claymoreProtocol already has a lockfile, it will not be regenerated
[INFO] running `Command { std: CARGO_HOME="/workspace/cargo-home" RUSTUP_HOME="/workspace/rustup-home" "/workspace/cargo-home/bin/cargo" "+beta-2023-12-22" "fetch" "--manifest-path" "Cargo.toml", kill_on_drop: false }`
[INFO] [stderr]     Blocking waiting for file lock on package cache
[INFO] [stderr]     Updating crates.io index
[INFO] [stderr]     Blocking waiting for file lock on package cache
[ERROR] error running command: no output for 300 seconds
[INFO] testing dyor-market/claymoreProtocol against beta-2023-12-22 for beta-1.76-1
[INFO] running `Command { std: "git" "clone" "/workspace/cache/git-repos/https%3A%2F%2Fgithub.com%2Fdyor-market%2FclaymoreProtocol" "/workspace/builds/worker-7-tc2/source", kill_on_drop: false }`
[INFO] [stderr] Cloning into '/workspace/builds/worker-7-tc2/source'...
[INFO] [stderr] done.
[INFO] validating manifest of git repo https://github.com/dyor-market/claymoreProtocol on toolchain beta-2023-12-22
[INFO] running `Command { std: CARGO_HOME="/workspace/cargo-home" RUSTUP_HOME="/workspace/rustup-home" "/workspace/cargo-home/bin/cargo" "+beta-2023-12-22" "metadata" "--manifest-path" "Cargo.toml" "--no-deps", kill_on_drop: false }`
[INFO] started tweaking git repo https://github.com/dyor-market/claymoreProtocol
[INFO] finished tweaking git repo https://github.com/dyor-market/claymoreProtocol
[INFO] tweaked toml for git repo https://github.com/dyor-market/claymoreProtocol written to /workspace/builds/worker-7-tc2/source/Cargo.toml
[INFO] crate git repo https://github.com/dyor-market/claymoreProtocol already has a lockfile, it will not be regenerated
[INFO] running `Command { std: CARGO_HOME="/workspace/cargo-home" RUSTUP_HOME="/workspace/rustup-home" "/workspace/cargo-home/bin/cargo" "+beta-2023-12-22" "fetch" "--manifest-path" "Cargo.toml", kill_on_drop: false }`
[INFO] [stderr]     Blocking waiting for file lock on package cache
[INFO] [stderr]     Blocking waiting for file lock on package cache
[INFO] [stderr]  Downloading crates ...
[INFO] [stderr]   Downloaded anchor-lang v0.22.0
[INFO] [stderr]   Downloaded anchor-attribute-account v0.22.0
[INFO] [stderr]   Downloaded anchor-attribute-event v0.22.0
[INFO] [stderr]   Downloaded anchor-attribute-error v0.22.0
[INFO] [stderr]   Downloaded anchor-attribute-program v0.22.0
[INFO] [stderr]   Downloaded anchor-spl v0.22.0
[INFO] [stderr]   Downloaded anchor-attribute-state v0.22.0
[INFO] [stderr]   Downloaded mpl-token-vault v0.1.0
[INFO] [stderr]   Downloaded anchor-derive-accounts v0.22.0
[INFO] [stderr]   Downloaded spl-name-service v0.2.0
[INFO] [stderr]   Downloaded anchor-attribute-access-control v0.22.0
[INFO] [stderr]   Downloaded anchor-attribute-constant v0.22.0
[INFO] [stderr]   Downloaded anchor-attribute-interface v0.22.0
[INFO] [stderr]   Downloaded anchor-syn v0.22.0
[INFO] [stderr]   Downloaded mpl-token-metadata v1.2.4
[INFO] running `Command { std: "docker" "create" "-v" "/var/lib/crater-agent-workspace/builds/worker-7-tc2/target:/opt/rustwide/target:rw,Z" "-v" "/var/lib/crater-agent-workspace/builds/worker-7-tc2/source:/opt/rustwide/workdir:ro,Z" "-v" "/var/lib/crater-agent-workspace/cargo-home:/opt/rustwide/cargo-home:ro,Z" "-v" "/var/lib/crater-agent-workspace/rustup-home:/opt/rustwide/rustup-home:ro,Z" "-e" "SOURCE_DIR=/opt/rustwide/workdir" "-e" "CARGO_TARGET_DIR=/opt/rustwide/target" "-e" "CARGO_HOME=/opt/rustwide/cargo-home" "-e" "RUSTUP_HOME=/opt/rustwide/rustup-home" "-w" "/opt/rustwide/workdir" "-m" "1610612736" "--user" "0:0" "--network" "none" "ghcr.io/rust-lang/crates-build-env/linux@sha256:2788e3201cd34a07e3172128adcd8b3090168a8e3bcc40d7c032b9dda1df7d1c" "/opt/rustwide/cargo-home/bin/cargo" "+beta-2023-12-22" "metadata" "--no-deps" "--format-version=1", kill_on_drop: false }`
[INFO] [stdout] f697b1fe56ab7a2c57f786798aa2a6cfe0635efb9d47889c092d2159efd14cbd
[INFO] running `Command { std: "docker" "start" "-a" "f697b1fe56ab7a2c57f786798aa2a6cfe0635efb9d47889c092d2159efd14cbd", kill_on_drop: false }`
[INFO] running `Command { std: "docker" "inspect" "f697b1fe56ab7a2c57f786798aa2a6cfe0635efb9d47889c092d2159efd14cbd", kill_on_drop: false }`
[INFO] running `Command { std: "docker" "rm" "-f" "f697b1fe56ab7a2c57f786798aa2a6cfe0635efb9d47889c092d2159efd14cbd", kill_on_drop: false }`
[INFO] [stdout] f697b1fe56ab7a2c57f786798aa2a6cfe0635efb9d47889c092d2159efd14cbd
[INFO] running `Command { std: "docker" "create" "-v" "/var/lib/crater-agent-workspace/builds/worker-7-tc2/target:/opt/rustwide/target:rw,Z" "-v" "/var/lib/crater-agent-workspace/builds/worker-7-tc2/source:/opt/rustwide/workdir:ro,Z" "-v" "/var/lib/crater-agent-workspace/cargo-home:/opt/rustwide/cargo-home:ro,Z" "-v" "/var/lib/crater-agent-workspace/rustup-home:/opt/rustwide/rustup-home:ro,Z" "-e" "SOURCE_DIR=/opt/rustwide/workdir" "-e" "CARGO_TARGET_DIR=/opt/rustwide/target" "-e" "CARGO_INCREMENTAL=0" "-e" "RUST_BACKTRACE=full" "-e" "RUSTFLAGS=--cap-lints=warn" "-e" "RUSTDOCFLAGS=--cap-lints=warn" "-e" "CARGO_HOME=/opt/rustwide/cargo-home" "-e" "RUSTUP_HOME=/opt/rustwide/rustup-home" "-w" "/opt/rustwide/workdir" "-m" "1610612736" "--user" "0:0" "--network" "none" "ghcr.io/rust-lang/crates-build-env/linux@sha256:2788e3201cd34a07e3172128adcd8b3090168a8e3bcc40d7c032b9dda1df7d1c" "/opt/rustwide/cargo-home/bin/cargo" "+beta-2023-12-22" "build" "--frozen" "--message-format=json", kill_on_drop: false }`
[INFO] [stdout] 0efa753391b90468e3939558b9d6d8cd90212ba265560b6460ecdc0643831d60
[INFO] running `Command { std: "docker" "start" "-a" "0efa753391b90468e3939558b9d6d8cd90212ba265560b6460ecdc0643831d60", kill_on_drop: false }`
[INFO] [stderr]    Compiling proc-macro2 v1.0.28
[INFO] [stderr]    Compiling syn v1.0.74
[INFO] [stderr]    Compiling serde v1.0.136
[INFO] [stderr]    Compiling typenum v1.15.0
[INFO] [stderr]    Compiling libc v0.2.101
[INFO] [stderr]    Compiling block-padding v0.2.1
[INFO] [stderr]    Compiling cpufeatures v0.2.1
[INFO] [stderr]    Compiling subtle v2.4.1
[INFO] [stderr]    Compiling semver v1.0.6
[INFO] [stderr]    Compiling crunchy v0.2.2
[INFO] [stderr]    Compiling log v0.4.14
[INFO] [stderr]    Compiling generic-array v0.14.4
[INFO] [stderr]    Compiling getrandom v0.1.16
[INFO] [stderr]    Compiling ryu v1.0.5
[INFO] [stderr]    Compiling proc-macro2-diagnostics v0.9.1
[INFO] [stderr]    Compiling anyhow v1.0.43
[INFO] [stderr]    Compiling wasm-bindgen-shared v0.2.79
[INFO] [stderr]    Compiling serde_json v1.0.66
[INFO] [stderr]    Compiling itoa v0.4.7
[INFO] [stderr]    Compiling unicode-segmentation v1.8.0
[INFO] [stderr]    Compiling yansi v0.5.0
[INFO] [stderr]    Compiling ahash v0.7.6
[INFO] [stderr]    Compiling rustversion v1.0.5
[INFO] [stderr]    Compiling feature-probe v0.1.1
[INFO] [stderr]    Compiling bs58 v0.3.1
[INFO] [stderr]    Compiling bumpalo v3.9.1
[INFO] [stderr]    Compiling humantime v2.1.0
[INFO] [stderr]    Compiling bv v0.11.1
[INFO] [stderr]    Compiling cc v1.0.69
[INFO] [stderr]    Compiling once_cell v1.9.0
[INFO] [stderr]    Compiling termcolor v1.1.2
[INFO] [stderr]    Compiling bs58 v0.4.0
[INFO] [stderr]    Compiling heck v0.3.3
[INFO] [stderr]    Compiling byteorder v1.4.3
[INFO] [stderr]    Compiling arrayref v0.3.6
[INFO] [stderr]    Compiling wasm-bindgen v0.2.79
[INFO] [stderr]    Compiling base64 v0.12.3
[INFO] [stderr]    Compiling constant_time_eq v0.1.5
[INFO] [stderr]    Compiling rustc_version v0.4.0
[INFO] [stderr]    Compiling arrayvec v0.7.2
[INFO] [stderr]    Compiling keccak v0.1.0
[INFO] [stderr]    Compiling zeroize v1.3.0
[INFO] [stderr]    Compiling quote v1.0.9
[INFO] [stderr]    Compiling hex v0.4.3
[INFO] [stderr]    Compiling getrandom v0.2.3
[INFO] [stderr]    Compiling atty v0.2.14
[INFO] [stderr]    Compiling memmap2 v0.5.3
[INFO] [stderr]    Compiling solana-frozen-abi-macro v1.9.8
[INFO] [stderr]    Compiling solana-frozen-abi v1.9.8
[INFO] [stderr]    Compiling solana-program v1.9.8
[INFO] [stderr]    Compiling env_logger v0.9.0
[INFO] [stderr]    Compiling rand_core v0.5.1
[INFO] [stderr]    Compiling blake3 v1.3.1
[INFO] [stderr]    Compiling uint v0.9.1
[INFO] [stderr]    Compiling rand_chacha v0.2.2
[INFO] [stderr]    Compiling hashbrown v0.11.2
[INFO] [stderr]    Compiling solana-logger v1.9.8
[INFO] [stderr]    Compiling rand v0.7.3
[INFO] [stderr]    Compiling wasm-bindgen-backend v0.2.79
[INFO] [stderr]    Compiling borsh-schema-derive-internal v0.9.3
[INFO] [stderr]    Compiling borsh-derive-internal v0.9.3
[INFO] [stderr]    Compiling wasm-bindgen-macro-support v0.2.79
[INFO] [stderr]    Compiling serde_derive v1.0.136
[INFO] [stderr]    Compiling thiserror-impl v1.0.30
[INFO] [stderr]    Compiling bytemuck_derive v1.0.1
[INFO] [stderr]    Compiling solana-sdk-macro v1.9.8
[INFO] [stderr]    Compiling num-derive v0.3.3
[INFO] [stderr]    Compiling derivative v2.2.0
[INFO] [stderr]    Compiling wasm-bindgen-macro v0.2.79
[INFO] [stderr]    Compiling bytemuck v1.7.2
[INFO] [stderr]    Compiling thiserror v1.0.30
[INFO] [stderr]    Compiling toml v0.5.8
[INFO] [stderr]    Compiling serde_bytes v0.11.5
[INFO] [stderr]    Compiling bincode v1.3.3
[INFO] [stderr]    Compiling digest v0.9.0
[INFO] [stderr]    Compiling block-buffer v0.9.0
[INFO] [stderr]    Compiling block-buffer v0.10.2
[INFO] [stderr]    Compiling crypto-mac v0.8.0
[INFO] [stderr]    Compiling crypto-common v0.1.3
[INFO] [stderr]    Compiling libsecp256k1-core v0.2.2
[INFO] [stderr]    Compiling curve25519-dalek v3.2.1
[INFO] [stderr]    Compiling sha2 v0.9.8
[INFO] [stderr]    Compiling sha3 v0.9.1
[INFO] [stderr]    Compiling hmac v0.8.1
[INFO] [stderr]    Compiling digest v0.10.3
[INFO] [stderr]    Compiling hmac-drbg v0.3.0
[INFO] [stderr]    Compiling sha2 v0.10.2
[INFO] [stderr]    Compiling proc-macro-crate v0.1.5
[INFO] [stderr]    Compiling proc-macro-crate v1.0.0
[INFO] [stderr]    Compiling anchor-syn v0.22.0
[INFO] [stderr]    Compiling borsh-derive v0.9.3
[INFO] [stderr]    Compiling num_enum_derive v0.5.4
[INFO] [stderr]    Compiling libsecp256k1-gen-ecmult v0.2.1
[INFO] [stderr]    Compiling libsecp256k1-gen-genmult v0.2.1
[INFO] [stderr]    Compiling libsecp256k1 v0.6.0
[INFO] [stderr]    Compiling borsh v0.9.3
[INFO] [stderr]    Compiling num_enum v0.5.4
[INFO] [stderr]    Compiling anchor-attribute-state v0.22.0
[INFO] [stderr]    Compiling anchor-attribute-constant v0.22.0
[INFO] [stderr]    Compiling anchor-attribute-account v0.22.0
[INFO] [stderr]    Compiling anchor-attribute-program v0.22.0
[INFO] [stderr]    Compiling anchor-attribute-event v0.22.0
[INFO] [stderr]    Compiling anchor-attribute-error v0.22.0
[INFO] [stderr]    Compiling anchor-attribute-access-control v0.22.0
[INFO] [stderr]    Compiling anchor-derive-accounts v0.22.0
[INFO] [stderr]    Compiling anchor-attribute-interface v0.22.0
[INFO] [stderr]    Compiling spl-token v3.2.0
[INFO] [stderr]    Compiling anchor-lang v0.22.0
[INFO] [stderr]    Compiling spl-name-service v0.2.0
[INFO] [stderr]    Compiling spl-associated-token-account v1.0.3
[INFO] [stderr]    Compiling mpl-token-vault v0.1.0
[INFO] [stderr]    Compiling anchor-spl v0.22.0
[INFO] [stderr]    Compiling spl-token-bonding v3.2.5 (/opt/rustwide/workdir/programs/spl-token-bonding)
[INFO] [stderr]    Compiling mpl-token-metadata v1.2.4
[INFO] [stdout] warning: ambiguous glob re-exports
[INFO] [stdout]   --> programs/spl-token-bonding/src/instructions/buy/mod.rs:10:9
[INFO] [stdout]    |
[INFO] [stdout] 10 | pub use buy_native_v0::*;
[INFO] [stdout]    |         ^^^^^^^^^^^^^^^^ the name `handler` in the value namespace is first re-exported here
[INFO] [stdout] 11 | pub use buy_v1::*;
[INFO] [stdout] 12 | pub use buy_wrapped_sol_v0::*;
[INFO] [stdout]    |         --------------------- but the name `handler` in the value namespace is also re-exported here
[INFO] [stdout]    |
[INFO] [stdout]    = note: `#[warn(ambiguous_glob_reexports)]` on by default
[INFO] [stdout] 
[INFO] [stdout] 
[INFO] [stdout] warning: ambiguous glob re-exports
[INFO] [stdout]   --> programs/spl-token-bonding/src/instructions/sell/mod.rs:10:9
[INFO] [stdout]    |
[INFO] [stdout] 10 | pub use sell_native_v0::*;
[INFO] [stdout]    |         ^^^^^^^^^^^^^^^^^ the name `handler` in the value namespace is first re-exported here
[INFO] [stdout] 11 | pub use sell_v1::*;
[INFO] [stdout] 12 | pub use sell_wrapped_sol_v0::*;
[INFO] [stdout]    |         ---------------------- but the name `handler` in the value namespace is also re-exported here
[INFO] [stdout] 
[INFO] [stdout] 
[INFO] [stdout] warning: ambiguous glob re-exports
[INFO] [stdout]  --> programs/spl-token-bonding/src/instructions/transfer_reserves/mod.rs:8:9
[INFO] [stdout]   |
[INFO] [stdout] 8 | pub use transfer_reserves_native_v0::*;
[INFO] [stdout]   |         ^^^^^^^^^^^^^^^^^^^^^^^^^^^^^^ the name `handler` in the value namespace is first re-exported here
[INFO] [stdout] 9 | pub use transfer_reserves_v0::*;
[INFO] [stdout]   |         ----------------------- but the name `handler` in the value namespace is also re-exported here
[INFO] [stdout] 
[INFO] [stdout] 
[INFO] [stdout] warning: ambiguous glob re-exports
[INFO] [stdout]   --> programs/spl-token-bonding/src/instructions/mod.rs:11:9
[INFO] [stdout]    |
[INFO] [stdout] 11 | pub use buy::*;
[INFO] [stdout]    |         ^^^^^^ the name `common` in the type namespace is first re-exported here
[INFO] [stdout] ...
[INFO] [stdout] 16 | pub use sell::*;
[INFO] [stdout]    |         ------- but the name `common` in the type namespace is also re-exported here
[INFO] [stdout] 
[INFO] [stdout] 
[INFO] [stdout] warning: ambiguous glob re-exports
[INFO] [stdout]   --> programs/spl-token-bonding/src/instructions/mod.rs:11:9
[INFO] [stdout]    |
[INFO] [stdout] 11 | pub use buy::*;
[INFO] [stdout]    |         ^^^^^^ the name `handler` in the value namespace is first re-exported here
[INFO] [stdout] ...
[INFO] [stdout] 19 | pub use update_token_bonding_v0::*;
[INFO] [stdout]    |         -------------------------- but the name `handler` in the value namespace is also re-exported here
[INFO] [stdout] 
[INFO] [stdout] 
[INFO] [stdout] warning: 5 warnings emitted
[INFO] [stdout] 
[INFO] [stdout] 
[INFO] [stderr]    Compiling spl-token-collective v3.2.5 (/opt/rustwide/workdir/programs/spl-token-collective)
[INFO] [stderr]     Finished dev [unoptimized + debuginfo] target(s) in 41.56s
[INFO] running `Command { std: "docker" "inspect" "0efa753391b90468e3939558b9d6d8cd90212ba265560b6460ecdc0643831d60", kill_on_drop: false }`
[INFO] running `Command { std: "docker" "rm" "-f" "0efa753391b90468e3939558b9d6d8cd90212ba265560b6460ecdc0643831d60", kill_on_drop: false }`
[INFO] [stdout] 0efa753391b90468e3939558b9d6d8cd90212ba265560b6460ecdc0643831d60
[INFO] running `Command { std: "docker" "create" "-v" "/var/lib/crater-agent-workspace/builds/worker-7-tc2/target:/opt/rustwide/target:rw,Z" "-v" "/var/lib/crater-agent-workspace/builds/worker-7-tc2/source:/opt/rustwide/workdir:ro,Z" "-v" "/var/lib/crater-agent-workspace/cargo-home:/opt/rustwide/cargo-home:ro,Z" "-v" "/var/lib/crater-agent-workspace/rustup-home:/opt/rustwide/rustup-home:ro,Z" "-e" "SOURCE_DIR=/opt/rustwide/workdir" "-e" "CARGO_TARGET_DIR=/opt/rustwide/target" "-e" "CARGO_INCREMENTAL=0" "-e" "RUST_BACKTRACE=full" "-e" "RUSTFLAGS=--cap-lints=warn" "-e" "RUSTDOCFLAGS=--cap-lints=warn" "-e" "CARGO_HOME=/opt/rustwide/cargo-home" "-e" "RUSTUP_HOME=/opt/rustwide/rustup-home" "-w" "/opt/rustwide/workdir" "-m" "1610612736" "--user" "0:0" "--network" "none" "ghcr.io/rust-lang/crates-build-env/linux@sha256:2788e3201cd34a07e3172128adcd8b3090168a8e3bcc40d7c032b9dda1df7d1c" "/opt/rustwide/cargo-home/bin/cargo" "+beta-2023-12-22" "test" "--frozen" "--no-run" "--message-format=json", kill_on_drop: false }`
[INFO] [stdout] edf0b55deb0e1f8ecb8f1d798cf0456882f6b02cf4cde55b60dfe5c7ed79ea76
[INFO] running `Command { std: "docker" "start" "-a" "edf0b55deb0e1f8ecb8f1d798cf0456882f6b02cf4cde55b60dfe5c7ed79ea76", kill_on_drop: false }`
[INFO] [stderr]    Compiling rand_core v0.6.3
[INFO] [stderr]    Compiling wait-timeout v0.2.0
[INFO] [stderr]    Compiling bit-vec v0.6.3
[INFO] [stderr]    Compiling quick-error v2.0.1
[INFO] [stdout] warning: ambiguous glob re-exports
[INFO] [stdout]   --> programs/spl-token-bonding/src/instructions/buy/mod.rs:10:9
[INFO] [stdout]    |
[INFO] [stdout] 10 | pub use buy_native_v0::*;
[INFO] [stdout]    |         ^^^^^^^^^^^^^^^^ the name `handler` in the value namespace is first re-exported here
[INFO] [stdout] 11 | pub use buy_v1::*;
[INFO] [stdout] 12 | pub use buy_wrapped_sol_v0::*;
[INFO] [stdout]    |         --------------------- but the name `handler` in the value namespace is also re-exported here
[INFO] [stdout]    |
[INFO] [stdout]    = note: `#[warn(ambiguous_glob_reexports)]` on by default
[INFO] [stdout] 
[INFO] [stdout] 
[INFO] [stdout] warning: ambiguous glob re-exports
[INFO] [stdout]   --> programs/spl-token-bonding/src/instructions/sell/mod.rs:10:9
[INFO] [stdout]    |
[INFO] [stdout] 10 | pub use sell_native_v0::*;
[INFO] [stdout]    |         ^^^^^^^^^^^^^^^^^ the name `handler` in the value namespace is first re-exported here
[INFO] [stdout] 11 | pub use sell_v1::*;
[INFO] [stdout] 12 | pub use sell_wrapped_sol_v0::*;
[INFO] [stdout]    |         ---------------------- but the name `handler` in the value namespace is also re-exported here
[INFO] [stdout] 
[INFO] [stdout] 
[INFO] [stdout] warning: ambiguous glob re-exports
[INFO] [stdout]  --> programs/spl-token-bonding/src/instructions/transfer_reserves/mod.rs:8:9
[INFO] [stdout]   |
[INFO] [stdout] 8 | pub use transfer_reserves_native_v0::*;
[INFO] [stdout]   |         ^^^^^^^^^^^^^^^^^^^^^^^^^^^^^^ the name `handler` in the value namespace is first re-exported here
[INFO] [stdout] 9 | pub use transfer_reserves_v0::*;
[INFO] [stdout]   |         ----------------------- but the name `handler` in the value namespace is also re-exported here
[INFO] [stdout] 
[INFO] [stdout] 
[INFO] [stdout] warning: ambiguous glob re-exports
[INFO] [stdout]   --> programs/spl-token-bonding/src/instructions/mod.rs:11:9
[INFO] [stdout]    |
[INFO] [stdout] 11 | pub use buy::*;
[INFO] [stdout]    |         ^^^^^^ the name `common` in the type namespace is first re-exported here
[INFO] [stdout] ...
[INFO] [stdout] 16 | pub use sell::*;
[INFO] [stdout]    |         ------- but the name `common` in the type namespace is also re-exported here
[INFO] [stdout] 
[INFO] [stdout] 
[INFO] [stdout] warning: ambiguous glob re-exports
[INFO] [stdout]   --> programs/spl-token-bonding/src/instructions/mod.rs:11:9
[INFO] [stdout]    |
[INFO] [stdout] 11 | pub use buy::*;
[INFO] [stdout]    |         ^^^^^^ the name `handler` in the value namespace is first re-exported here
[INFO] [stdout] ...
[INFO] [stdout] 19 | pub use update_token_bonding_v0::*;
[INFO] [stdout]    |         -------------------------- but the name `handler` in the value namespace is also re-exported here
[INFO] [stdout] 
[INFO] [stdout] 
[INFO] [stdout] warning: 5 warnings emitted
[INFO] [stdout] 
[INFO] [stdout] 
[INFO] [stderr]    Compiling rand_chacha v0.3.1
[INFO] [stderr]    Compiling rand_xorshift v0.3.0
[INFO] [stderr]    Compiling bit-set v0.5.2
[INFO] [stderr]    Compiling rand v0.8.4
[INFO] [stderr]    Compiling tempfile v3.2.0
[INFO] [stderr]    Compiling rusty-fork v0.3.0
[INFO] [stderr]    Compiling proptest v1.0.0
[INFO] [stderr]    Compiling spl-token-collective v3.2.5 (/opt/rustwide/workdir/programs/spl-token-collective)
[INFO] [stderr]    Compiling spl-token-bonding v3.2.5 (/opt/rustwide/workdir/programs/spl-token-bonding)
[INFO] [stdout] warning: ambiguous glob re-exports
[INFO] [stdout]   --> programs/spl-token-bonding/src/instructions/buy/mod.rs:10:9
[INFO] [stdout]    |
[INFO] [stdout] 10 | pub use buy_native_v0::*;
[INFO] [stdout]    |         ^^^^^^^^^^^^^^^^ the name `handler` in the value namespace is first re-exported here
[INFO] [stdout] 11 | pub use buy_v1::*;
[INFO] [stdout] 12 | pub use buy_wrapped_sol_v0::*;
[INFO] [stdout]    |         --------------------- but the name `handler` in the value namespace is also re-exported here
[INFO] [stdout]    |
[INFO] [stdout]    = note: `#[warn(ambiguous_glob_reexports)]` on by default
[INFO] [stdout] 
[INFO] [stdout] 
[INFO] [stdout] warning: ambiguous glob re-exports
[INFO] [stdout]   --> programs/spl-token-bonding/src/instructions/sell/mod.rs:10:9
[INFO] [stdout]    |
[INFO] [stdout] 10 | pub use sell_native_v0::*;
[INFO] [stdout]    |         ^^^^^^^^^^^^^^^^^ the name `handler` in the value namespace is first re-exported here
[INFO] [stdout] 11 | pub use sell_v1::*;
[INFO] [stdout] 12 | pub use sell_wrapped_sol_v0::*;
[INFO] [stdout]    |         ---------------------- but the name `handler` in the value namespace is also re-exported here
[INFO] [stdout] 
[INFO] [stdout] 
[INFO] [stdout] warning: ambiguous glob re-exports
[INFO] [stdout]  --> programs/spl-token-bonding/src/instructions/transfer_reserves/mod.rs:8:9
[INFO] [stdout]   |
[INFO] [stdout] 8 | pub use transfer_reserves_native_v0::*;
[INFO] [stdout]   |         ^^^^^^^^^^^^^^^^^^^^^^^^^^^^^^ the name `handler` in the value namespace is first re-exported here
[INFO] [stdout] 9 | pub use transfer_reserves_v0::*;
[INFO] [stdout]   |         ----------------------- but the name `handler` in the value namespace is also re-exported here
[INFO] [stdout] 
[INFO] [stdout] 
[INFO] [stdout] warning: ambiguous glob re-exports
[INFO] [stdout]   --> programs/spl-token-bonding/src/instructions/mod.rs:11:9
[INFO] [stdout]    |
[INFO] [stdout] 11 | pub use buy::*;
[INFO] [stdout]    |         ^^^^^^ the name `common` in the type namespace is first re-exported here
[INFO] [stdout] ...
[INFO] [stdout] 16 | pub use sell::*;
[INFO] [stdout]    |         ------- but the name `common` in the type namespace is also re-exported here
[INFO] [stdout] 
[INFO] [stdout] 
[INFO] [stdout] warning: ambiguous glob re-exports
[INFO] [stdout]   --> programs/spl-token-bonding/src/instructions/mod.rs:11:9
[INFO] [stdout]    |
[INFO] [stdout] 11 | pub use buy::*;
[INFO] [stdout]    |         ^^^^^^ the name `handler` in the value namespace is first re-exported here
[INFO] [stdout] ...
[INFO] [stdout] 19 | pub use update_token_bonding_v0::*;
[INFO] [stdout]    |         -------------------------- but the name `handler` in the value namespace is also re-exported here
[INFO] [stdout] 
[INFO] [stdout] 
[INFO] [stdout] warning: 5 warnings emitted
[INFO] [stdout] 
[INFO] [stdout] 
[INFO] [stderr]     Finished test [unoptimized + debuginfo] target(s) in 6.11s
[INFO] running `Command { std: "docker" "inspect" "edf0b55deb0e1f8ecb8f1d798cf0456882f6b02cf4cde55b60dfe5c7ed79ea76", kill_on_drop: false }`
[INFO] running `Command { std: "docker" "rm" "-f" "edf0b55deb0e1f8ecb8f1d798cf0456882f6b02cf4cde55b60dfe5c7ed79ea76", kill_on_drop: false }`
[INFO] [stdout] edf0b55deb0e1f8ecb8f1d798cf0456882f6b02cf4cde55b60dfe5c7ed79ea76
[INFO] running `Command { std: "docker" "create" "-v" "/var/lib/crater-agent-workspace/builds/worker-7-tc2/target:/opt/rustwide/target:rw,Z" "-v" "/var/lib/crater-agent-workspace/builds/worker-7-tc2/source:/opt/rustwide/workdir:ro,Z" "-v" "/var/lib/crater-agent-workspace/cargo-home:/opt/rustwide/cargo-home:ro,Z" "-v" "/var/lib/crater-agent-workspace/rustup-home:/opt/rustwide/rustup-home:ro,Z" "-e" "SOURCE_DIR=/opt/rustwide/workdir" "-e" "CARGO_TARGET_DIR=/opt/rustwide/target" "-e" "CARGO_INCREMENTAL=0" "-e" "RUST_BACKTRACE=full" "-e" "RUSTFLAGS=--cap-lints=warn" "-e" "RUSTDOCFLAGS=--cap-lints=warn" "-e" "CARGO_HOME=/opt/rustwide/cargo-home" "-e" "RUSTUP_HOME=/opt/rustwide/rustup-home" "-w" "/opt/rustwide/workdir" "-m" "1610612736" "--user" "0:0" "--network" "none" "ghcr.io/rust-lang/crates-build-env/linux@sha256:2788e3201cd34a07e3172128adcd8b3090168a8e3bcc40d7c032b9dda1df7d1c" "/opt/rustwide/cargo-home/bin/cargo" "+beta-2023-12-22" "test" "--frozen", kill_on_drop: false }`
[INFO] [stdout] f28cb625377faa9defe6d295d15465412d6c09d838545eee515d2855a1304635
[INFO] running `Command { std: "docker" "start" "-a" "f28cb625377faa9defe6d295d15465412d6c09d838545eee515d2855a1304635", kill_on_drop: false }`
[INFO] [stderr] warning: ambiguous glob re-exports
[INFO] [stderr]   --> programs/spl-token-bonding/src/instructions/buy/mod.rs:10:9
[INFO] [stderr]    |
[INFO] [stderr] 10 | pub use buy_native_v0::*;
[INFO] [stderr]    |         ^^^^^^^^^^^^^^^^ the name `handler` in the value namespace is first re-exported here
[INFO] [stderr] 11 | pub use buy_v1::*;
[INFO] [stderr] 12 | pub use buy_wrapped_sol_v0::*;
[INFO] [stderr]    |         --------------------- but the name `handler` in the value namespace is also re-exported here
[INFO] [stderr]    |
[INFO] [stderr]    = note: `#[warn(ambiguous_glob_reexports)]` on by default
[INFO] [stderr] 
[INFO] [stderr] warning: ambiguous glob re-exports
[INFO] [stderr]   --> programs/spl-token-bonding/src/instructions/sell/mod.rs:10:9
[INFO] [stderr]    |
[INFO] [stderr] 10 | pub use sell_native_v0::*;
[INFO] [stderr]    |         ^^^^^^^^^^^^^^^^^ the name `handler` in the value namespace is first re-exported here
[INFO] [stderr] 11 | pub use sell_v1::*;
[INFO] [stderr] 12 | pub use sell_wrapped_sol_v0::*;
[INFO] [stderr]    |         ---------------------- but the name `handler` in the value namespace is also re-exported here
[INFO] [stderr] 
[INFO] [stderr] warning: ambiguous glob re-exports
[INFO] [stderr]  --> programs/spl-token-bonding/src/instructions/transfer_reserves/mod.rs:8:9
[INFO] [stderr]   |
[INFO] [stderr] 8 | pub use transfer_reserves_native_v0::*;
[INFO] [stderr]   |         ^^^^^^^^^^^^^^^^^^^^^^^^^^^^^^ the name `handler` in the value namespace is first re-exported here
[INFO] [stderr] 9 | pub use transfer_reserves_v0::*;
[INFO] [stderr]   |         ----------------------- but the name `handler` in the value namespace is also re-exported here
[INFO] [stderr] 
[INFO] [stderr] warning: ambiguous glob re-exports
[INFO] [stderr]   --> programs/spl-token-bonding/src/instructions/mod.rs:11:9
[INFO] [stderr]    |
[INFO] [stderr] 11 | pub use buy::*;
[INFO] [stderr]    |         ^^^^^^ the name `common` in the type namespace is first re-exported here
[INFO] [stderr] ...
[INFO] [stderr] 16 | pub use sell::*;
[INFO] [stderr]    |         ------- but the name `common` in the type namespace is also re-exported here
[INFO] [stderr] 
[INFO] [stderr] warning: ambiguous glob re-exports
[INFO] [stderr]   --> programs/spl-token-bonding/src/instructions/mod.rs:11:9
[INFO] [stderr]    |
[INFO] [stderr] 11 | pub use buy::*;
[INFO] [stderr]    |         ^^^^^^ the name `handler` in the value namespace is first re-exported here
[INFO] [stderr] ...
[INFO] [stderr] 19 | pub use update_token_bonding_v0::*;
[INFO] [stderr]    |         -------------------------- but the name `handler` in the value namespace is also re-exported here
[INFO] [stderr] 
[INFO] [stderr] warning: `spl-token-bonding` (lib) generated 5 warnings
[INFO] [stderr] warning: `spl-token-bonding` (lib test) generated 5 warnings (5 duplicates)
[INFO] [stderr]     Finished test [unoptimized + debuginfo] target(s) in 0.16s
[INFO] [stderr]      Running unittests src/lib.rs (/opt/rustwide/target/debug/deps/spl_token_bonding-4c4d165cc1582b0e)
[INFO] [stdout] 
[INFO] [stdout] running 6 tests
[INFO] [stdout] test precise_number::tests::test_ceiling ... ok
[INFO] [stdout] test precise_number::tests::test_log ... ok
[INFO] [stdout] test precise_number::tests::test_floor ... ok
[INFO] [stdout] test precise_number::tests::test_pow ... ok
[INFO] [stdout] test test_id ... ok
[INFO] [stdout] test signed_precise_number::tests::test_exp ... ok
[INFO] [stdout] 
[INFO] [stdout] test result: ok. 6 passed; 0 failed; 0 ignored; 0 measured; 0 filtered out; finished in 0.00s
[INFO] [stdout] 
[INFO] [stderr]      Running unittests src/lib.rs (/opt/rustwide/target/debug/deps/spl_token_collective-3ce27fd61de03bc6)
[INFO] [stdout] 
[INFO] [stdout] running 1 test
[INFO] [stdout] test test_id ... ok
[INFO] [stdout] 
[INFO] [stdout] test result: ok. 1 passed; 0 failed; 0 ignored; 0 measured; 0 filtered out; finished in 0.00s
[INFO] [stdout] 
[INFO] [stderr]    Doc-tests spl_token_bonding
[INFO] [stdout] 
[INFO] [stdout] running 0 tests
[INFO] [stdout] 
[INFO] [stdout] test result: ok. 0 passed; 0 failed; 0 ignored; 0 measured; 0 filtered out; finished in 0.00s
[INFO] [stdout] 
[INFO] [stderr]    Doc-tests spl_token_collective
[INFO] [stdout] 
[INFO] [stdout] running 0 tests
[INFO] [stdout] 
[INFO] [stdout] test result: ok. 0 passed; 0 failed; 0 ignored; 0 measured; 0 filtered out; finished in 0.00s
[INFO] [stdout] 
[INFO] running `Command { std: "docker" "inspect" "f28cb625377faa9defe6d295d15465412d6c09d838545eee515d2855a1304635", kill_on_drop: false }`
[INFO] running `Command { std: "docker" "rm" "-f" "f28cb625377faa9defe6d295d15465412d6c09d838545eee515d2855a1304635", kill_on_drop: false }`
[INFO] [stdout] f28cb625377faa9defe6d295d15465412d6c09d838545eee515d2855a1304635
