[INFO] cloning repository https://github.com/dorakueyon/rust-monkey-compiler
[INFO] running `Command { std: "git" "-c" "credential.helper=" "-c" "credential.helper=/workspace/cargo-home/bin/git-credential-null" "clone" "--bare" "https://github.com/dorakueyon/rust-monkey-compiler" "/workspace/cache/git-repos/https%3A%2F%2Fgithub.com%2Fdorakueyon%2Frust-monkey-compiler", kill_on_drop: false }`
[INFO] [stderr] Cloning into bare repository '/workspace/cache/git-repos/https%3A%2F%2Fgithub.com%2Fdorakueyon%2Frust-monkey-compiler'...
[INFO] running `Command { std: "git" "rev-parse" "HEAD", kill_on_drop: false }`
[INFO] [stdout] 997aa38e248e75d63a1f4300e439827061998f3d
[INFO] testing dorakueyon/rust-monkey-compiler against 1.75.0 for beta-1.76-1
[INFO] running `Command { std: "git" "clone" "/workspace/cache/git-repos/https%3A%2F%2Fgithub.com%2Fdorakueyon%2Frust-monkey-compiler" "/workspace/builds/worker-4-tc1/source", kill_on_drop: false }`
[INFO] [stderr] Cloning into '/workspace/builds/worker-4-tc1/source'...
[INFO] [stderr] done.
[INFO] validating manifest of git repo https://github.com/dorakueyon/rust-monkey-compiler on toolchain 1.75.0
[INFO] running `Command { std: CARGO_HOME="/workspace/cargo-home" RUSTUP_HOME="/workspace/rustup-home" "/workspace/cargo-home/bin/cargo" "+1.75.0" "metadata" "--manifest-path" "Cargo.toml" "--no-deps", kill_on_drop: false }`
[INFO] started tweaking git repo https://github.com/dorakueyon/rust-monkey-compiler
[INFO] finished tweaking git repo https://github.com/dorakueyon/rust-monkey-compiler
[INFO] tweaked toml for git repo https://github.com/dorakueyon/rust-monkey-compiler written to /workspace/builds/worker-4-tc1/source/Cargo.toml
[INFO] crate git repo https://github.com/dorakueyon/rust-monkey-compiler already has a lockfile, it will not be regenerated
[INFO] running `Command { std: CARGO_HOME="/workspace/cargo-home" RUSTUP_HOME="/workspace/rustup-home" "/workspace/cargo-home/bin/cargo" "+1.75.0" "fetch" "--manifest-path" "Cargo.toml", kill_on_drop: false }`
[INFO] [stderr]     Blocking waiting for file lock on package cache
[ERROR] error running command: no output for 300 seconds
[ERROR] this task or one of its parent failed!
[ERROR] no output for 300 seconds
[ERROR] note: run with `RUST_BACKTRACE=1` to display a backtrace.
[INFO] testing dorakueyon/rust-monkey-compiler against beta-2023-12-22 for beta-1.76-1
[INFO] running `Command { std: "git" "clone" "/workspace/cache/git-repos/https%3A%2F%2Fgithub.com%2Fdorakueyon%2Frust-monkey-compiler" "/workspace/builds/worker-4-tc2/source", kill_on_drop: false }`
[INFO] [stderr] Cloning into '/workspace/builds/worker-4-tc2/source'...
[INFO] [stderr] done.
[INFO] validating manifest of git repo https://github.com/dorakueyon/rust-monkey-compiler on toolchain beta-2023-12-22
[INFO] running `Command { std: CARGO_HOME="/workspace/cargo-home" RUSTUP_HOME="/workspace/rustup-home" "/workspace/cargo-home/bin/cargo" "+beta-2023-12-22" "metadata" "--manifest-path" "Cargo.toml" "--no-deps", kill_on_drop: false }`
[INFO] started tweaking git repo https://github.com/dorakueyon/rust-monkey-compiler
[INFO] finished tweaking git repo https://github.com/dorakueyon/rust-monkey-compiler
[INFO] tweaked toml for git repo https://github.com/dorakueyon/rust-monkey-compiler written to /workspace/builds/worker-4-tc2/source/Cargo.toml
[INFO] crate git repo https://github.com/dorakueyon/rust-monkey-compiler already has a lockfile, it will not be regenerated
[INFO] running `Command { std: CARGO_HOME="/workspace/cargo-home" RUSTUP_HOME="/workspace/rustup-home" "/workspace/cargo-home/bin/cargo" "+beta-2023-12-22" "fetch" "--manifest-path" "Cargo.toml", kill_on_drop: false }`
[INFO] [stderr]     Blocking waiting for file lock on package cache
[INFO] [stderr]     Blocking waiting for file lock on package cache
[ERROR] error running command: no output for 300 seconds
[INFO] testing dorakueyon/rust-monkey-compiler against beta-2023-12-22 for beta-1.76-1
[INFO] running `Command { std: "git" "clone" "/workspace/cache/git-repos/https%3A%2F%2Fgithub.com%2Fdorakueyon%2Frust-monkey-compiler" "/workspace/builds/worker-4-tc2/source", kill_on_drop: false }`
[INFO] [stderr] Cloning into '/workspace/builds/worker-4-tc2/source'...
[INFO] [stderr] done.
[INFO] validating manifest of git repo https://github.com/dorakueyon/rust-monkey-compiler on toolchain beta-2023-12-22
[INFO] running `Command { std: CARGO_HOME="/workspace/cargo-home" RUSTUP_HOME="/workspace/rustup-home" "/workspace/cargo-home/bin/cargo" "+beta-2023-12-22" "metadata" "--manifest-path" "Cargo.toml" "--no-deps", kill_on_drop: false }`
[INFO] started tweaking git repo https://github.com/dorakueyon/rust-monkey-compiler
[INFO] finished tweaking git repo https://github.com/dorakueyon/rust-monkey-compiler
[INFO] tweaked toml for git repo https://github.com/dorakueyon/rust-monkey-compiler written to /workspace/builds/worker-4-tc2/source/Cargo.toml
[INFO] crate git repo https://github.com/dorakueyon/rust-monkey-compiler already has a lockfile, it will not be regenerated
[INFO] running `Command { std: CARGO_HOME="/workspace/cargo-home" RUSTUP_HOME="/workspace/rustup-home" "/workspace/cargo-home/bin/cargo" "+beta-2023-12-22" "fetch" "--manifest-path" "Cargo.toml", kill_on_drop: false }`
[INFO] [stderr]     Blocking waiting for file lock on package cache
[INFO] [stderr]     Blocking waiting for file lock on package cache
[INFO] running `Command { std: "docker" "create" "-v" "/var/lib/crater-agent-workspace/builds/worker-4-tc2/target:/opt/rustwide/target:rw,Z" "-v" "/var/lib/crater-agent-workspace/builds/worker-4-tc2/source:/opt/rustwide/workdir:ro,Z" "-v" "/var/lib/crater-agent-workspace/cargo-home:/opt/rustwide/cargo-home:ro,Z" "-v" "/var/lib/crater-agent-workspace/rustup-home:/opt/rustwide/rustup-home:ro,Z" "-e" "SOURCE_DIR=/opt/rustwide/workdir" "-e" "CARGO_TARGET_DIR=/opt/rustwide/target" "-e" "CARGO_HOME=/opt/rustwide/cargo-home" "-e" "RUSTUP_HOME=/opt/rustwide/rustup-home" "-w" "/opt/rustwide/workdir" "-m" "1610612736" "--user" "0:0" "--network" "none" "ghcr.io/rust-lang/crates-build-env/linux@sha256:2788e3201cd34a07e3172128adcd8b3090168a8e3bcc40d7c032b9dda1df7d1c" "/opt/rustwide/cargo-home/bin/cargo" "+beta-2023-12-22" "metadata" "--no-deps" "--format-version=1", kill_on_drop: false }`
[INFO] [stdout] 8af5a4c6823c3095602d2c56d4de1c28f3b77b60a75ed94a8a511aa5962a640e
[INFO] running `Command { std: "docker" "start" "-a" "8af5a4c6823c3095602d2c56d4de1c28f3b77b60a75ed94a8a511aa5962a640e", kill_on_drop: false }`
[INFO] running `Command { std: "docker" "inspect" "8af5a4c6823c3095602d2c56d4de1c28f3b77b60a75ed94a8a511aa5962a640e", kill_on_drop: false }`
[INFO] running `Command { std: "docker" "rm" "-f" "8af5a4c6823c3095602d2c56d4de1c28f3b77b60a75ed94a8a511aa5962a640e", kill_on_drop: false }`
[INFO] [stdout] 8af5a4c6823c3095602d2c56d4de1c28f3b77b60a75ed94a8a511aa5962a640e
[INFO] running `Command { std: "docker" "create" "-v" "/var/lib/crater-agent-workspace/builds/worker-4-tc2/target:/opt/rustwide/target:rw,Z" "-v" "/var/lib/crater-agent-workspace/builds/worker-4-tc2/source:/opt/rustwide/workdir:ro,Z" "-v" "/var/lib/crater-agent-workspace/cargo-home:/opt/rustwide/cargo-home:ro,Z" "-v" "/var/lib/crater-agent-workspace/rustup-home:/opt/rustwide/rustup-home:ro,Z" "-e" "SOURCE_DIR=/opt/rustwide/workdir" "-e" "CARGO_TARGET_DIR=/opt/rustwide/target" "-e" "CARGO_INCREMENTAL=0" "-e" "RUST_BACKTRACE=full" "-e" "RUSTFLAGS=--cap-lints=warn" "-e" "RUSTDOCFLAGS=--cap-lints=warn" "-e" "CARGO_HOME=/opt/rustwide/cargo-home" "-e" "RUSTUP_HOME=/opt/rustwide/rustup-home" "-w" "/opt/rustwide/workdir" "-m" "1610612736" "--user" "0:0" "--network" "none" "ghcr.io/rust-lang/crates-build-env/linux@sha256:2788e3201cd34a07e3172128adcd8b3090168a8e3bcc40d7c032b9dda1df7d1c" "/opt/rustwide/cargo-home/bin/cargo" "+beta-2023-12-22" "build" "--frozen" "--message-format=json", kill_on_drop: false }`
[INFO] [stdout] aae58eb5b3b49cb612e7f694bc366a198a4376666054515556ae428e56877c86
[INFO] running `Command { std: "docker" "start" "-a" "aae58eb5b3b49cb612e7f694bc366a198a4376666054515556ae428e56877c86", kill_on_drop: false }`
[INFO] [stderr]    Compiling rust-mini-interpreter v0.1.0 (/opt/rustwide/workdir)
[INFO] [stdout] warning: unused imports: `Lexer`, `Parser`
[INFO] [stdout]  --> src/evaluator.rs:2:76
[INFO] [stdout]   |
[INFO] [stdout] 2 |     BlockStatement, Environment, Errors, Expression, HashPair, Identifier, Lexer, Object, Parser,
[INFO] [stdout]   |                                                                            ^^^^^          ^^^^^^
[INFO] [stdout]   |
[INFO] [stdout]   = note: `#[warn(unused_imports)]` on by default
[INFO] [stdout] 
[INFO] [stdout] 
[INFO] [stdout] warning: 1 warning emitted
[INFO] [stdout] 
[INFO] [stdout] 
[INFO] [stderr]     Finished dev [unoptimized + debuginfo] target(s) in 0.58s
[INFO] running `Command { std: "docker" "inspect" "aae58eb5b3b49cb612e7f694bc366a198a4376666054515556ae428e56877c86", kill_on_drop: false }`
[INFO] running `Command { std: "docker" "rm" "-f" "aae58eb5b3b49cb612e7f694bc366a198a4376666054515556ae428e56877c86", kill_on_drop: false }`
[INFO] [stdout] aae58eb5b3b49cb612e7f694bc366a198a4376666054515556ae428e56877c86
[INFO] running `Command { std: "docker" "create" "-v" "/var/lib/crater-agent-workspace/builds/worker-4-tc2/target:/opt/rustwide/target:rw,Z" "-v" "/var/lib/crater-agent-workspace/builds/worker-4-tc2/source:/opt/rustwide/workdir:ro,Z" "-v" "/var/lib/crater-agent-workspace/cargo-home:/opt/rustwide/cargo-home:ro,Z" "-v" "/var/lib/crater-agent-workspace/rustup-home:/opt/rustwide/rustup-home:ro,Z" "-e" "SOURCE_DIR=/opt/rustwide/workdir" "-e" "CARGO_TARGET_DIR=/opt/rustwide/target" "-e" "CARGO_INCREMENTAL=0" "-e" "RUST_BACKTRACE=full" "-e" "RUSTFLAGS=--cap-lints=warn" "-e" "RUSTDOCFLAGS=--cap-lints=warn" "-e" "CARGO_HOME=/opt/rustwide/cargo-home" "-e" "RUSTUP_HOME=/opt/rustwide/rustup-home" "-w" "/opt/rustwide/workdir" "-m" "1610612736" "--user" "0:0" "--network" "none" "ghcr.io/rust-lang/crates-build-env/linux@sha256:2788e3201cd34a07e3172128adcd8b3090168a8e3bcc40d7c032b9dda1df7d1c" "/opt/rustwide/cargo-home/bin/cargo" "+beta-2023-12-22" "test" "--frozen" "--no-run" "--message-format=json", kill_on_drop: false }`
[INFO] [stdout] 9e91ee93b7a3669406d8dd2ff7f9c5d307f00a0e1c8cba9d6d0d477bd24e2f84
[INFO] running `Command { std: "docker" "start" "-a" "9e91ee93b7a3669406d8dd2ff7f9c5d307f00a0e1c8cba9d6d0d477bd24e2f84", kill_on_drop: false }`
[INFO] [stderr]    Compiling rust-mini-interpreter v0.1.0 (/opt/rustwide/workdir)
[INFO] [stderr]     Finished test [unoptimized + debuginfo] target(s) in 1.72s
[INFO] running `Command { std: "docker" "inspect" "9e91ee93b7a3669406d8dd2ff7f9c5d307f00a0e1c8cba9d6d0d477bd24e2f84", kill_on_drop: false }`
[INFO] running `Command { std: "docker" "rm" "-f" "9e91ee93b7a3669406d8dd2ff7f9c5d307f00a0e1c8cba9d6d0d477bd24e2f84", kill_on_drop: false }`
[INFO] [stdout] 9e91ee93b7a3669406d8dd2ff7f9c5d307f00a0e1c8cba9d6d0d477bd24e2f84
[INFO] running `Command { std: "docker" "create" "-v" "/var/lib/crater-agent-workspace/builds/worker-4-tc2/target:/opt/rustwide/target:rw,Z" "-v" "/var/lib/crater-agent-workspace/builds/worker-4-tc2/source:/opt/rustwide/workdir:ro,Z" "-v" "/var/lib/crater-agent-workspace/cargo-home:/opt/rustwide/cargo-home:ro,Z" "-v" "/var/lib/crater-agent-workspace/rustup-home:/opt/rustwide/rustup-home:ro,Z" "-e" "SOURCE_DIR=/opt/rustwide/workdir" "-e" "CARGO_TARGET_DIR=/opt/rustwide/target" "-e" "CARGO_INCREMENTAL=0" "-e" "RUST_BACKTRACE=full" "-e" "RUSTFLAGS=--cap-lints=warn" "-e" "RUSTDOCFLAGS=--cap-lints=warn" "-e" "CARGO_HOME=/opt/rustwide/cargo-home" "-e" "RUSTUP_HOME=/opt/rustwide/rustup-home" "-w" "/opt/rustwide/workdir" "-m" "1610612736" "--user" "0:0" "--network" "none" "ghcr.io/rust-lang/crates-build-env/linux@sha256:2788e3201cd34a07e3172128adcd8b3090168a8e3bcc40d7c032b9dda1df7d1c" "/opt/rustwide/cargo-home/bin/cargo" "+beta-2023-12-22" "test" "--frozen", kill_on_drop: false }`
[INFO] [stdout] 65b9bf93980464422a10fc6a211a97057c7413718c3063f7d8ffc60b20050e23
[INFO] running `Command { std: "docker" "start" "-a" "65b9bf93980464422a10fc6a211a97057c7413718c3063f7d8ffc60b20050e23", kill_on_drop: false }`
[INFO] [stderr]     Finished test [unoptimized + debuginfo] target(s) in 0.01s
[INFO] [stderr]      Running unittests src/main.rs (/opt/rustwide/target/debug/deps/rust_mini_interpreter-5c4252c9d4b8d663)
[INFO] [stdout] 
[INFO] [stdout] running 38 tests
[INFO] [stdout] test ast::test::test_string ... ok
[INFO] [stdout] test evaluator::test::test_error_handling ... ok
[INFO] [stdout] test evaluator::test::test_closures ... ok
[INFO] [stdout] test evaluator::test::test_eval_boolean_expression ... ok
[INFO] [stdout] test evaluator::test::test_bang_operator ... ok
[INFO] [stdout] test evaluator::test::test_function_object ... ok
[INFO] [stdout] test evaluator::test::test_function_application ... ok
[INFO] [stdout] test evaluator::test::test_buildin_functions ... ok
[INFO] [stdout] test evaluator::test::test_array_index_expression ... ok
[INFO] [stdout] test evaluator::test::test_hash_index_expression ... ok
[INFO] [stdout] test evaluator::test::test_eval_integer_expression ... ok
[INFO] [stdout] test evaluator::test::test_array_literals ... ok
[INFO] [stdout] test evaluator::test::test_let_statement ... ok
[INFO] [stdout] test evaluator::test::test_array_invalid_index_expression ... ok
[INFO] [stdout] test evaluator::test::test_if_else_expressions ... ok
[INFO] [stdout] test evaluator::test::test_hash_literals ... ok
[INFO] [stdout] test evaluator::test::test_string_literal ... ok
[INFO] [stdout] test parser::test::test_boolean_expression ... ok
[INFO] [stdout] test lexer::test::test_next_token ... ok
[INFO] [stdout] test evaluator::test::test_return_statements ... ok
[INFO] [stdout] test parser::test::test_array_expression ... ok
[INFO] [stdout] test evaluator::test::test_string_concatenation ... ok
[INFO] [stdout] test parser::test::test_if_ixpression ... ok
[INFO] [stdout] test parser::test::test_function_literal_parsing ... ok
[INFO] [stdout] test parser::test::test_function_parameter_parsing ... ok
[INFO] [stdout] test parser::test::test_integer_literal_expression ... ok
[INFO] [stdout] test parser::test::test_identifier_expression ... ok
[INFO] [stdout] test parser::test::test_if_else_expression ... ok
[INFO] [stdout] test parser::test::test_call_expression_parsing ... ok
[INFO] [stdout] test parser::test::test_parsing_empty_hash_literal ... ok
[INFO] [stdout] test parser::test::test_operator_precedence_parsing ... ok
[INFO] [stdout] test parser::test::test_parsing_hash_literal_string_keys ... ok
[INFO] [stdout] test parser::test::test_let_statements ... ok
[INFO] [stdout] test parser::test::test_return_statements ... ok
[INFO] [stdout] test parser::test::test_string_literal_expression ... ok
[INFO] [stdout] test parser::test::test_parsing_index_expressions ... ok
[INFO] [stdout] test parser::test::test_parsing_infix_expressions ... ok
[INFO] [stdout] test parser::test::test_parsing_prefix_expression ... ok
[INFO] [stdout] 
[INFO] [stdout] test result: ok. 38 passed; 0 failed; 0 ignored; 0 measured; 0 filtered out; finished in 0.05s
[INFO] [stdout] 
[INFO] running `Command { std: "docker" "inspect" "65b9bf93980464422a10fc6a211a97057c7413718c3063f7d8ffc60b20050e23", kill_on_drop: false }`
[INFO] running `Command { std: "docker" "rm" "-f" "65b9bf93980464422a10fc6a211a97057c7413718c3063f7d8ffc60b20050e23", kill_on_drop: false }`
[INFO] [stdout] 65b9bf93980464422a10fc6a211a97057c7413718c3063f7d8ffc60b20050e23
