[INFO] cloning repository https://github.com/dipaktapase/erc721_rust
[INFO] running `Command { std: "git" "-c" "credential.helper=" "-c" "credential.helper=/workspace/cargo-home/bin/git-credential-null" "clone" "--bare" "https://github.com/dipaktapase/erc721_rust" "/workspace/cache/git-repos/https%3A%2F%2Fgithub.com%2Fdipaktapase%2Ferc721_rust", kill_on_drop: false }`
[INFO] [stderr] Cloning into bare repository '/workspace/cache/git-repos/https%3A%2F%2Fgithub.com%2Fdipaktapase%2Ferc721_rust'...
[INFO] running `Command { std: "git" "rev-parse" "HEAD", kill_on_drop: false }`
[INFO] [stdout] b8d460d5e1d728c089e365f7fbdb8544835cfcbf
[INFO] testing dipaktapase/erc721_rust against 1.75.0 for beta-1.76-1
[INFO] running `Command { std: "git" "clone" "/workspace/cache/git-repos/https%3A%2F%2Fgithub.com%2Fdipaktapase%2Ferc721_rust" "/workspace/builds/worker-7-tc1/source", kill_on_drop: false }`
[INFO] [stderr] Cloning into '/workspace/builds/worker-7-tc1/source'...
[INFO] [stderr] done.
[INFO] validating manifest of git repo https://github.com/dipaktapase/erc721_rust on toolchain 1.75.0
[INFO] running `Command { std: CARGO_HOME="/workspace/cargo-home" RUSTUP_HOME="/workspace/rustup-home" "/workspace/cargo-home/bin/cargo" "+1.75.0" "metadata" "--manifest-path" "Cargo.toml" "--no-deps", kill_on_drop: false }`
[INFO] started tweaking git repo https://github.com/dipaktapase/erc721_rust
[INFO] finished tweaking git repo https://github.com/dipaktapase/erc721_rust
[INFO] tweaked toml for git repo https://github.com/dipaktapase/erc721_rust written to /workspace/builds/worker-7-tc1/source/Cargo.toml
[INFO] crate git repo https://github.com/dipaktapase/erc721_rust already has a lockfile, it will not be regenerated
[INFO] running `Command { std: CARGO_HOME="/workspace/cargo-home" RUSTUP_HOME="/workspace/rustup-home" "/workspace/cargo-home/bin/cargo" "+1.75.0" "fetch" "--manifest-path" "Cargo.toml", kill_on_drop: false }`
[INFO] [stderr]     Blocking waiting for file lock on package cache
[INFO] [stderr]     Updating crates.io index
[INFO] [stderr]     Blocking waiting for file lock on package cache
[ERROR] error running command: no output for 300 seconds
[ERROR] this task or one of its parent failed!
[ERROR] no output for 300 seconds
[ERROR] note: run with `RUST_BACKTRACE=1` to display a backtrace.
[INFO] testing dipaktapase/erc721_rust against beta-2023-12-22 for beta-1.76-1
[INFO] running `Command { std: "git" "clone" "/workspace/cache/git-repos/https%3A%2F%2Fgithub.com%2Fdipaktapase%2Ferc721_rust" "/workspace/builds/worker-7-tc2/source", kill_on_drop: false }`
[INFO] [stderr] Cloning into '/workspace/builds/worker-7-tc2/source'...
[INFO] [stderr] done.
[INFO] validating manifest of git repo https://github.com/dipaktapase/erc721_rust on toolchain beta-2023-12-22
[INFO] running `Command { std: CARGO_HOME="/workspace/cargo-home" RUSTUP_HOME="/workspace/rustup-home" "/workspace/cargo-home/bin/cargo" "+beta-2023-12-22" "metadata" "--manifest-path" "Cargo.toml" "--no-deps", kill_on_drop: false }`
[INFO] started tweaking git repo https://github.com/dipaktapase/erc721_rust
[INFO] finished tweaking git repo https://github.com/dipaktapase/erc721_rust
[INFO] tweaked toml for git repo https://github.com/dipaktapase/erc721_rust written to /workspace/builds/worker-7-tc2/source/Cargo.toml
[INFO] crate git repo https://github.com/dipaktapase/erc721_rust already has a lockfile, it will not be regenerated
[INFO] running `Command { std: CARGO_HOME="/workspace/cargo-home" RUSTUP_HOME="/workspace/rustup-home" "/workspace/cargo-home/bin/cargo" "+beta-2023-12-22" "fetch" "--manifest-path" "Cargo.toml", kill_on_drop: false }`
[INFO] [stderr]     Blocking waiting for file lock on package cache
[INFO] [stderr]     Blocking waiting for file lock on package cache
[INFO] [stderr]  Downloading crates ...
[INFO] [stderr]   Downloaded ink_ir v4.3.0
[INFO] [stderr]   Downloaded ink_prelude v4.3.0
[INFO] [stderr]   Downloaded ink_storage v4.3.0
[INFO] [stderr]   Downloaded ink_allocator v4.3.0
[INFO] [stderr]   Downloaded ink v4.3.0
[INFO] [stderr]   Downloaded ink_primitives v4.3.0
[INFO] [stderr]   Downloaded ink_engine v4.3.0
[INFO] [stderr]   Downloaded ink_metadata v4.3.0
[INFO] [stderr]   Downloaded ink_macro v4.3.0
[INFO] [stderr]   Downloaded ink_env v4.3.0
[INFO] [stderr]   Downloaded ink_codegen v4.3.0
[INFO] [stderr]   Downloaded ink_storage_traits v4.3.0
[INFO] [stderr]   Downloaded scale v0.1.0
[INFO] running `Command { std: "docker" "create" "-v" "/var/lib/crater-agent-workspace/builds/worker-7-tc2/target:/opt/rustwide/target:rw,Z" "-v" "/var/lib/crater-agent-workspace/builds/worker-7-tc2/source:/opt/rustwide/workdir:ro,Z" "-v" "/var/lib/crater-agent-workspace/cargo-home:/opt/rustwide/cargo-home:ro,Z" "-v" "/var/lib/crater-agent-workspace/rustup-home:/opt/rustwide/rustup-home:ro,Z" "-e" "SOURCE_DIR=/opt/rustwide/workdir" "-e" "CARGO_TARGET_DIR=/opt/rustwide/target" "-e" "CARGO_HOME=/opt/rustwide/cargo-home" "-e" "RUSTUP_HOME=/opt/rustwide/rustup-home" "-w" "/opt/rustwide/workdir" "-m" "1610612736" "--user" "0:0" "--network" "none" "ghcr.io/rust-lang/crates-build-env/linux@sha256:2788e3201cd34a07e3172128adcd8b3090168a8e3bcc40d7c032b9dda1df7d1c" "/opt/rustwide/cargo-home/bin/cargo" "+beta-2023-12-22" "metadata" "--no-deps" "--format-version=1", kill_on_drop: false }`
[INFO] [stdout] 250937b8581f2764d0fcf2dd68ee9842965cead49958292fb202217f4c72c207
[INFO] running `Command { std: "docker" "start" "-a" "250937b8581f2764d0fcf2dd68ee9842965cead49958292fb202217f4c72c207", kill_on_drop: false }`
[INFO] running `Command { std: "docker" "inspect" "250937b8581f2764d0fcf2dd68ee9842965cead49958292fb202217f4c72c207", kill_on_drop: false }`
[INFO] running `Command { std: "docker" "rm" "-f" "250937b8581f2764d0fcf2dd68ee9842965cead49958292fb202217f4c72c207", kill_on_drop: false }`
[INFO] [stdout] 250937b8581f2764d0fcf2dd68ee9842965cead49958292fb202217f4c72c207
[INFO] running `Command { std: "docker" "create" "-v" "/var/lib/crater-agent-workspace/builds/worker-7-tc2/target:/opt/rustwide/target:rw,Z" "-v" "/var/lib/crater-agent-workspace/builds/worker-7-tc2/source:/opt/rustwide/workdir:ro,Z" "-v" "/var/lib/crater-agent-workspace/cargo-home:/opt/rustwide/cargo-home:ro,Z" "-v" "/var/lib/crater-agent-workspace/rustup-home:/opt/rustwide/rustup-home:ro,Z" "-e" "SOURCE_DIR=/opt/rustwide/workdir" "-e" "CARGO_TARGET_DIR=/opt/rustwide/target" "-e" "CARGO_INCREMENTAL=0" "-e" "RUST_BACKTRACE=full" "-e" "RUSTFLAGS=--cap-lints=warn" "-e" "RUSTDOCFLAGS=--cap-lints=warn" "-e" "CARGO_HOME=/opt/rustwide/cargo-home" "-e" "RUSTUP_HOME=/opt/rustwide/rustup-home" "-w" "/opt/rustwide/workdir" "-m" "1610612736" "--user" "0:0" "--network" "none" "ghcr.io/rust-lang/crates-build-env/linux@sha256:2788e3201cd34a07e3172128adcd8b3090168a8e3bcc40d7c032b9dda1df7d1c" "/opt/rustwide/cargo-home/bin/cargo" "+beta-2023-12-22" "build" "--frozen" "--message-format=json", kill_on_drop: false }`
[INFO] [stdout] 377277915e798d29613e076807704819e7b01ff49522c03dcb22879aa9126cef
[INFO] running `Command { std: "docker" "start" "-a" "377277915e798d29613e076807704819e7b01ff49522c03dcb22879aa9126cef", kill_on_drop: false }`
[INFO] [stderr]    Compiling proc-macro2 v1.0.70
[INFO] [stderr]    Compiling unicode-ident v1.0.12
[INFO] [stderr]    Compiling syn v1.0.109
[INFO] [stderr]    Compiling equivalent v1.0.1
[INFO] [stderr]    Compiling hashbrown v0.14.3
[INFO] [stderr]    Compiling winnow v0.5.30
[INFO] [stderr]    Compiling toml_datetime v0.6.3
[INFO] [stderr]    Compiling serde v1.0.193
[INFO] [stderr]    Compiling once_cell v1.19.0
[INFO] [stderr]    Compiling cfg-if v1.0.0
[INFO] [stderr]    Compiling radium v0.7.0
[INFO] [stderr]    Compiling byte-slice-cast v1.2.2
[INFO] [stderr]    Compiling tap v1.0.1
[INFO] [stderr]    Compiling arrayvec v0.7.4
[INFO] [stderr]    Compiling wyz v0.5.1
[INFO] [stderr]    Compiling ident_case v1.0.1
[INFO] [stderr]    Compiling strsim v0.10.0
[INFO] [stderr]    Compiling funty v2.0.0
[INFO] [stderr]    Compiling fnv v1.0.7
[INFO] [stderr]    Compiling typenum v1.17.0
[INFO] [stderr]    Compiling indexmap v2.1.0
[INFO] [stderr]    Compiling generic-array v0.14.7
[INFO] [stderr]    Compiling smallvec v1.11.2
[INFO] [stderr]    Compiling quote v1.0.33
[INFO] [stderr]    Compiling subtle v2.5.0
[INFO] [stderr]    Compiling bitvec v1.0.1
[INFO] [stderr]    Compiling syn v2.0.41
[INFO] [stderr]    Compiling libc v0.2.151
[INFO] [stderr]    Compiling ink_prelude v4.3.0
[INFO] [stderr]    Compiling xxhash-rust v0.8.7
[INFO] [stderr]    Compiling memchr v2.6.4
[INFO] [stderr]    Compiling rustix v0.38.28
[INFO] [stderr]    Compiling toml_edit v0.20.2
[INFO] [stderr]    Compiling toml_edit v0.19.15
[INFO] [stderr]    Compiling cc v1.0.83
[INFO] [stderr]    Compiling aho-corasick v1.1.2
[INFO] [stderr]    Compiling block-buffer v0.10.4
[INFO] [stderr]    Compiling crypto-common v0.1.6
[INFO] [stderr]    Compiling digest v0.10.7
[INFO] [stderr]    Compiling blake2 v0.10.6
[INFO] [stderr]    Compiling bitflags v2.4.1
[INFO] [stderr]    Compiling autocfg v1.1.0
[INFO] [stderr]    Compiling secp256k1-sys v0.8.1
[INFO] [stderr]    Compiling proc-macro-crate v2.0.1
[INFO] [stderr]    Compiling regex-syntax v0.8.2
[INFO] [stderr]    Compiling proc-macro-crate v1.3.1
[INFO] [stderr]    Compiling linux-raw-sys v0.4.12
[INFO] [stderr]    Compiling num-traits v0.2.17
[INFO] [stderr]    Compiling regex-automata v0.4.3
[INFO] [stderr]    Compiling darling_core v0.14.4
[INFO] [stderr]    Compiling cpufeatures v0.2.11
[INFO] [stderr]    Compiling paste v1.0.14
[INFO] [stderr]    Compiling either v1.9.0
[INFO] [stderr]    Compiling keccak v0.1.4
[INFO] [stderr]    Compiling serde_json v1.0.108
[INFO] [stderr]    Compiling sha3 v0.10.8
[INFO] [stderr]    Compiling itertools v0.10.5
[INFO] [stderr]    Compiling sha2 v0.10.8
[INFO] [stderr]    Compiling is-terminal v0.4.9
[INFO] [stderr]    Compiling humantime v2.1.0
[INFO] [stderr]    Compiling termcolor v1.4.0
[INFO] [stderr]    Compiling log v0.4.20
[INFO] [stderr]    Compiling serde_derive v1.0.193
[INFO] [stderr]    Compiling ryu v1.0.16
[INFO] [stderr]    Compiling itoa v1.0.10
[INFO] [stderr]    Compiling secp256k1 v0.27.0
[INFO] [stderr]    Compiling regex v1.10.2
[INFO] [stderr]    Compiling ink_ir v4.3.0
[INFO] [stderr]    Compiling env_logger v0.10.1
[INFO] [stderr]    Compiling ink_allocator v4.3.0
[INFO] [stderr]    Compiling arrayref v0.3.7
[INFO] [stderr]    Compiling static_assertions v1.1.0
[INFO] [stderr]    Compiling unicode-xid v0.2.4
[INFO] [stderr]    Compiling array-init v2.1.0
[INFO] [stderr]    Compiling synstructure v0.13.0
[INFO] [stderr]    Compiling impl-trait-for-tuples v0.2.2
[INFO] [stderr]    Compiling parity-scale-codec-derive v3.6.9
[INFO] [stderr]    Compiling derive_more v0.99.17
[INFO] [stderr]    Compiling scale-info-derive v2.10.0
[INFO] [stderr]    Compiling darling_macro v0.14.4
[INFO] [stderr]    Compiling scale v0.1.0
[INFO] [stderr]    Compiling darling v0.14.4
[INFO] [stderr]    Compiling scale-encode-derive v0.5.0
[INFO] [stderr]    Compiling scale-decode-derive v0.9.0
[INFO] [stderr]    Compiling parity-scale-codec v3.6.9
[INFO] [stderr]    Compiling impl-serde v0.4.0
[INFO] [stderr]    Compiling scale-info v2.10.0
[INFO] [stderr]    Compiling scale-bits v0.4.0
[INFO] [stderr]    Compiling scale-encode v0.5.0
[INFO] [stderr]    Compiling scale-decode v0.9.0
[INFO] [stderr]    Compiling ink_primitives v4.3.0
[INFO] [stderr]    Compiling ink_codegen v4.3.0
[INFO] [stderr]    Compiling ink_metadata v4.3.0
[INFO] [stderr]    Compiling ink_engine v4.3.0
[INFO] [stderr]    Compiling ink_storage_traits v4.3.0
[INFO] [stderr]    Compiling ink_env v4.3.0
[INFO] [stderr]    Compiling ink_storage v4.3.0
[INFO] [stderr]    Compiling ink_macro v4.3.0
[INFO] [stderr]    Compiling ink v4.3.0
[INFO] [stderr]    Compiling erc721_rust v0.1.0 (/opt/rustwide/workdir)
[INFO] [stdout] error: encountered unexpected ink! attribute
[INFO] [stdout]   --> src/main.rs:64:11
[INFO] [stdout]    |
[INFO] [stdout] 64 |     #[ink(constructor)]
[INFO] [stdout]    |           ^^^^^^^^^^^
[INFO] [stdout] 
[INFO] [stdout] 
[INFO] [stdout] error: aborting due to 1 previous error
[INFO] [stdout] 
[INFO] [stdout] 
[INFO] [stderr] error: could not compile `erc721_rust` (bin "erc721_rust") due to 2 previous errors
[INFO] running `Command { std: "docker" "inspect" "377277915e798d29613e076807704819e7b01ff49522c03dcb22879aa9126cef", kill_on_drop: false }`
[INFO] running `Command { std: "docker" "rm" "-f" "377277915e798d29613e076807704819e7b01ff49522c03dcb22879aa9126cef", kill_on_drop: false }`
[INFO] [stdout] 377277915e798d29613e076807704819e7b01ff49522c03dcb22879aa9126cef
