[INFO] cloning repository https://github.com/deciduously/impact
[INFO] running `Command { std: "git" "-c" "credential.helper=" "-c" "credential.helper=/workspace/cargo-home/bin/git-credential-null" "clone" "--bare" "https://github.com/deciduously/impact" "/workspace/cache/git-repos/https%3A%2F%2Fgithub.com%2Fdeciduously%2Fimpact", kill_on_drop: false }`
[INFO] [stderr] Cloning into bare repository '/workspace/cache/git-repos/https%3A%2F%2Fgithub.com%2Fdeciduously%2Fimpact'...
[INFO] running `Command { std: "git" "rev-parse" "HEAD", kill_on_drop: false }`
[INFO] [stdout] 960142e3871018f47267c554e4fce21f4f8c637f
[INFO] testing deciduously/impact against 1.75.0 for beta-1.76-1
[INFO] running `Command { std: "git" "clone" "/workspace/cache/git-repos/https%3A%2F%2Fgithub.com%2Fdeciduously%2Fimpact" "/workspace/builds/worker-4-tc1/source", kill_on_drop: false }`
[INFO] [stderr] Cloning into '/workspace/builds/worker-4-tc1/source'...
[INFO] [stderr] done.
[INFO] validating manifest of git repo https://github.com/deciduously/impact on toolchain 1.75.0
[INFO] running `Command { std: CARGO_HOME="/workspace/cargo-home" RUSTUP_HOME="/workspace/rustup-home" "/workspace/cargo-home/bin/cargo" "+1.75.0" "metadata" "--manifest-path" "Cargo.toml" "--no-deps", kill_on_drop: false }`
[INFO] started tweaking git repo https://github.com/deciduously/impact
[INFO] finished tweaking git repo https://github.com/deciduously/impact
[INFO] tweaked toml for git repo https://github.com/deciduously/impact written to /workspace/builds/worker-4-tc1/source/Cargo.toml
[INFO] crate git repo https://github.com/deciduously/impact already has a lockfile, it will not be regenerated
[INFO] running `Command { std: CARGO_HOME="/workspace/cargo-home" RUSTUP_HOME="/workspace/rustup-home" "/workspace/cargo-home/bin/cargo" "+1.75.0" "fetch" "--manifest-path" "Cargo.toml", kill_on_drop: false }`
[INFO] [stderr]     Blocking waiting for file lock on package cache
[ERROR] error running command: no output for 300 seconds
[ERROR] this task or one of its parent failed!
[ERROR] no output for 300 seconds
[ERROR] note: run with `RUST_BACKTRACE=1` to display a backtrace.
[INFO] testing deciduously/impact against beta-2023-12-22 for beta-1.76-1
[INFO] running `Command { std: "git" "clone" "/workspace/cache/git-repos/https%3A%2F%2Fgithub.com%2Fdeciduously%2Fimpact" "/workspace/builds/worker-4-tc2/source", kill_on_drop: false }`
[INFO] [stderr] Cloning into '/workspace/builds/worker-4-tc2/source'...
[INFO] [stderr] done.
[INFO] validating manifest of git repo https://github.com/deciduously/impact on toolchain beta-2023-12-22
[INFO] running `Command { std: CARGO_HOME="/workspace/cargo-home" RUSTUP_HOME="/workspace/rustup-home" "/workspace/cargo-home/bin/cargo" "+beta-2023-12-22" "metadata" "--manifest-path" "Cargo.toml" "--no-deps", kill_on_drop: false }`
[INFO] started tweaking git repo https://github.com/deciduously/impact
[INFO] finished tweaking git repo https://github.com/deciduously/impact
[INFO] tweaked toml for git repo https://github.com/deciduously/impact written to /workspace/builds/worker-4-tc2/source/Cargo.toml
[INFO] crate git repo https://github.com/deciduously/impact already has a lockfile, it will not be regenerated
[INFO] running `Command { std: CARGO_HOME="/workspace/cargo-home" RUSTUP_HOME="/workspace/rustup-home" "/workspace/cargo-home/bin/cargo" "+beta-2023-12-22" "fetch" "--manifest-path" "Cargo.toml", kill_on_drop: false }`
[INFO] [stderr]     Blocking waiting for file lock on package cache
[INFO] [stderr]     Blocking waiting for file lock on package cache
[ERROR] error running command: no output for 300 seconds
[INFO] testing deciduously/impact against beta-2023-12-22 for beta-1.76-1
[INFO] running `Command { std: "git" "clone" "/workspace/cache/git-repos/https%3A%2F%2Fgithub.com%2Fdeciduously%2Fimpact" "/workspace/builds/worker-4-tc2/source", kill_on_drop: false }`
[INFO] [stderr] Cloning into '/workspace/builds/worker-4-tc2/source'...
[INFO] [stderr] done.
[INFO] validating manifest of git repo https://github.com/deciduously/impact on toolchain beta-2023-12-22
[INFO] running `Command { std: CARGO_HOME="/workspace/cargo-home" RUSTUP_HOME="/workspace/rustup-home" "/workspace/cargo-home/bin/cargo" "+beta-2023-12-22" "metadata" "--manifest-path" "Cargo.toml" "--no-deps", kill_on_drop: false }`
[INFO] started tweaking git repo https://github.com/deciduously/impact
[INFO] finished tweaking git repo https://github.com/deciduously/impact
[INFO] tweaked toml for git repo https://github.com/deciduously/impact written to /workspace/builds/worker-4-tc2/source/Cargo.toml
[INFO] crate git repo https://github.com/deciduously/impact already has a lockfile, it will not be regenerated
[INFO] running `Command { std: CARGO_HOME="/workspace/cargo-home" RUSTUP_HOME="/workspace/rustup-home" "/workspace/cargo-home/bin/cargo" "+beta-2023-12-22" "fetch" "--manifest-path" "Cargo.toml", kill_on_drop: false }`
[INFO] [stderr]     Blocking waiting for file lock on package cache
[INFO] [stderr]     Blocking waiting for file lock on package cache
[INFO] [stderr]  Downloading crates ...
[INFO] [stderr]   Downloaded yew-macro v0.7.0
[INFO] [stderr]   Downloaded yew v0.7.0
[INFO] running `Command { std: "docker" "create" "-v" "/var/lib/crater-agent-workspace/builds/worker-4-tc2/target:/opt/rustwide/target:rw,Z" "-v" "/var/lib/crater-agent-workspace/builds/worker-4-tc2/source:/opt/rustwide/workdir:ro,Z" "-v" "/var/lib/crater-agent-workspace/cargo-home:/opt/rustwide/cargo-home:ro,Z" "-v" "/var/lib/crater-agent-workspace/rustup-home:/opt/rustwide/rustup-home:ro,Z" "-e" "SOURCE_DIR=/opt/rustwide/workdir" "-e" "CARGO_TARGET_DIR=/opt/rustwide/target" "-e" "CARGO_HOME=/opt/rustwide/cargo-home" "-e" "RUSTUP_HOME=/opt/rustwide/rustup-home" "-w" "/opt/rustwide/workdir" "-m" "1610612736" "--user" "0:0" "--network" "none" "ghcr.io/rust-lang/crates-build-env/linux@sha256:2788e3201cd34a07e3172128adcd8b3090168a8e3bcc40d7c032b9dda1df7d1c" "/opt/rustwide/cargo-home/bin/cargo" "+beta-2023-12-22" "metadata" "--no-deps" "--format-version=1", kill_on_drop: false }`
[INFO] [stdout] cbad01c76fddc3220df0c14e6f6b8aab92bdc1602d473d66c1666bfec5301b9a
[INFO] running `Command { std: "docker" "start" "-a" "cbad01c76fddc3220df0c14e6f6b8aab92bdc1602d473d66c1666bfec5301b9a", kill_on_drop: false }`
[INFO] running `Command { std: "docker" "inspect" "cbad01c76fddc3220df0c14e6f6b8aab92bdc1602d473d66c1666bfec5301b9a", kill_on_drop: false }`
[INFO] running `Command { std: "docker" "rm" "-f" "cbad01c76fddc3220df0c14e6f6b8aab92bdc1602d473d66c1666bfec5301b9a", kill_on_drop: false }`
[INFO] [stdout] cbad01c76fddc3220df0c14e6f6b8aab92bdc1602d473d66c1666bfec5301b9a
[INFO] running `Command { std: "docker" "create" "-v" "/var/lib/crater-agent-workspace/builds/worker-4-tc2/target:/opt/rustwide/target:rw,Z" "-v" "/var/lib/crater-agent-workspace/builds/worker-4-tc2/source:/opt/rustwide/workdir:ro,Z" "-v" "/var/lib/crater-agent-workspace/cargo-home:/opt/rustwide/cargo-home:ro,Z" "-v" "/var/lib/crater-agent-workspace/rustup-home:/opt/rustwide/rustup-home:ro,Z" "-e" "SOURCE_DIR=/opt/rustwide/workdir" "-e" "CARGO_TARGET_DIR=/opt/rustwide/target" "-e" "CARGO_INCREMENTAL=0" "-e" "RUST_BACKTRACE=full" "-e" "RUSTFLAGS=--cap-lints=warn" "-e" "RUSTDOCFLAGS=--cap-lints=warn" "-e" "CARGO_HOME=/opt/rustwide/cargo-home" "-e" "RUSTUP_HOME=/opt/rustwide/rustup-home" "-w" "/opt/rustwide/workdir" "-m" "1610612736" "--user" "0:0" "--network" "none" "ghcr.io/rust-lang/crates-build-env/linux@sha256:2788e3201cd34a07e3172128adcd8b3090168a8e3bcc40d7c032b9dda1df7d1c" "/opt/rustwide/cargo-home/bin/cargo" "+beta-2023-12-22" "build" "--frozen" "--message-format=json", kill_on_drop: false }`
[INFO] [stdout] 25dc2115c5747ae687d208412c903c3a4db622d20ab841000be0516756e9e6dd
[INFO] running `Command { std: "docker" "start" "-a" "25dc2115c5747ae687d208412c903c3a4db622d20ab841000be0516756e9e6dd", kill_on_drop: false }`
[INFO] [stderr]    Compiling proc-macro2 v1.0.9
[INFO] [stderr]    Compiling unicode-xid v0.2.0
[INFO] [stderr]    Compiling syn v1.0.16
[INFO] [stderr]    Compiling libc v0.2.67
[INFO] [stderr]    Compiling serde v1.0.104
[INFO] [stderr]    Compiling byteorder v1.3.4
[INFO] [stderr]    Compiling proc-macro2 v0.4.30
[INFO] [stderr]    Compiling ryu v1.0.2
[INFO] [stderr]    Compiling cc v1.0.50
[INFO] [stderr]    Compiling semver-parser v0.7.0
[INFO] [stderr]    Compiling unicode-xid v0.1.0
[INFO] [stderr]    Compiling itoa v0.4.5
[INFO] [stderr]    Compiling semver v0.9.0
[INFO] [stderr]    Compiling rustc_version v0.2.3
[INFO] [stderr]    Compiling syn v0.15.44
[INFO] [stderr]    Compiling cfg-if v0.1.10
[INFO] [stderr]    Compiling failure_derive v0.1.6
[INFO] [stderr]    Compiling stdweb-internal-runtime v0.1.5
[INFO] [stderr]    Compiling stdweb v0.4.20
[INFO] [stderr]    Compiling quote v1.0.2
[INFO] [stderr]    Compiling backtrace-sys v0.1.32
[INFO] [stderr]    Compiling iovec v0.1.4
[INFO] [stderr]    Compiling quote v0.6.13
[INFO] [stderr]    Compiling base-x v0.2.6
[INFO] [stderr]    Compiling log v0.4.8
[INFO] [stderr]    Compiling sha1 v0.6.0
[INFO] [stderr]    Compiling proc-macro-nested v0.1.3
[INFO] [stderr]    Compiling rustc-demangle v0.1.16
[INFO] [stderr]    Compiling bytes v0.4.12
[INFO] [stderr]    Compiling boolinator v2.4.0
[INFO] [stderr]    Compiling yew v0.7.0
[INFO] [stderr]    Compiling lazy_static v1.4.0
[INFO] [stderr]    Compiling discard v1.0.4
[INFO] [stderr]    Compiling fnv v1.0.6
[INFO] [stderr]    Compiling http v0.1.21
[INFO] [stderr]    Compiling anymap v0.12.1
[INFO] [stderr]    Compiling slab v0.4.2
[INFO] [stderr]    Compiling backtrace v0.3.44
[INFO] [stderr]    Compiling synstructure v0.12.3
[INFO] [stderr]    Compiling serde_derive v1.0.104
[INFO] [stderr]    Compiling proc-macro-hack v0.5.11
[INFO] [stderr]    Compiling yew-macro v0.7.0
[INFO] [stderr]    Compiling failure v0.1.6
[INFO] [stderr]    Compiling serde_json v1.0.48
[INFO] [stderr]    Compiling bincode v1.0.1
[INFO] [stderr]    Compiling stdweb-derive v0.5.3
[INFO] [stderr]    Compiling stdweb-internal-macros v0.2.9
[INFO] [stderr]    Compiling impact v0.1.1 (/opt/rustwide/workdir)
[INFO] [stdout] error: linking with `cc` failed: exit status: 1
[INFO] [stdout]   |
[INFO] [stdout]   = note: LC_ALL="C" PATH="/opt/rustwide/rustup-home/toolchains/beta-2023-12-22-x86_64-unknown-linux-gnu/lib/rustlib/x86_64-unknown-linux-gnu/bin:/opt/rustwide/cargo-home/bin:/usr/local/sbin:/usr/local/bin:/usr/sbin:/usr/bin:/sbin:/bin" VSLANG="1033" "cc" "-m64" "/tmp/rustcVXl1kQ/symbols.o" "/opt/rustwide/target/debug/deps/impact-abbf5dc8231818fb.impact.fbecc4ac411cf990-cgu.00.rcgu.o" "/opt/rustwide/target/debug/deps/impact-abbf5dc8231818fb.impact.fbecc4ac411cf990-cgu.01.rcgu.o" "/opt/rustwide/target/debug/deps/impact-abbf5dc8231818fb.impact.fbecc4ac411cf990-cgu.02.rcgu.o" "/opt/rustwide/target/debug/deps/impact-abbf5dc8231818fb.impact.fbecc4ac411cf990-cgu.03.rcgu.o" "/opt/rustwide/target/debug/deps/impact-abbf5dc8231818fb.impact.fbecc4ac411cf990-cgu.04.rcgu.o" "/opt/rustwide/target/debug/deps/impact-abbf5dc8231818fb.impact.fbecc4ac411cf990-cgu.05.rcgu.o" "/opt/rustwide/target/debug/deps/impact-abbf5dc8231818fb.impact.fbecc4ac411cf990-cgu.06.rcgu.o" "/opt/rustwide/target/debug/deps/impact-abbf5dc8231818fb.impact.fbecc4ac411cf990-cgu.07.rcgu.o" "/opt/rustwide/target/debug/deps/impact-abbf5dc8231818fb.impact.fbecc4ac411cf990-cgu.08.rcgu.o" "/opt/rustwide/target/debug/deps/impact-abbf5dc8231818fb.impact.fbecc4ac411cf990-cgu.09.rcgu.o" "/opt/rustwide/target/debug/deps/impact-abbf5dc8231818fb.impact.fbecc4ac411cf990-cgu.10.rcgu.o" "/opt/rustwide/target/debug/deps/impact-abbf5dc8231818fb.impact.fbecc4ac411cf990-cgu.11.rcgu.o" "/opt/rustwide/target/debug/deps/impact-abbf5dc8231818fb.impact.fbecc4ac411cf990-cgu.12.rcgu.o" "/opt/rustwide/target/debug/deps/impact-abbf5dc8231818fb.impact.fbecc4ac411cf990-cgu.13.rcgu.o" "/opt/rustwide/target/debug/deps/impact-abbf5dc8231818fb.impact.fbecc4ac411cf990-cgu.14.rcgu.o" "/opt/rustwide/target/debug/deps/impact-abbf5dc8231818fb.impact.fbecc4ac411cf990-cgu.15.rcgu.o" "/opt/rustwide/target/debug/deps/impact-abbf5dc8231818fb.2gwojr45p8o0akl5.rcgu.o" "-Wl,--as-needed" "-L" "/opt/rustwide/target/debug/deps" "-L" "/opt/rustwide/target/debug/build/backtrace-sys-0eb8a3b9e0fb2ee0/out" "-L" "/opt/rustwide/rustup-home/toolchains/beta-2023-12-22-x86_64-unknown-linux-gnu/lib/rustlib/x86_64-unknown-linux-gnu/lib" "-Wl,-Bstatic" "/opt/rustwide/target/debug/deps/libyew-bab67c6e3da5c95a.rlib" "/opt/rustwide/target/debug/deps/libproc_macro_nested-cca6474edb14922a.rlib" "/opt/rustwide/target/debug/deps/libhttp-b174af150f769000.rlib" "/opt/rustwide/target/debug/deps/libfnv-0cf8f48f1b8f2e1f.rlib" "/opt/rustwide/target/debug/deps/libbytes-5f99528b99a363b2.rlib" "/opt/rustwide/target/debug/deps/libiovec-95d24df1aaa6e8d9.rlib" "/opt/rustwide/target/debug/deps/libfailure-32a1a42510fd12cd.rlib" "/opt/rustwide/target/debug/deps/libbacktrace-8d5e04bb800c0649.rlib" "/opt/rustwide/target/debug/deps/libbacktrace_sys-e57318c627b3b0dc.rlib" "/opt/rustwide/target/debug/deps/liblibc-0a71593e49484954.rlib" "/opt/rustwide/target/debug/deps/librustc_demangle-714cf96303b41459.rlib" "/opt/rustwide/target/debug/deps/libstdweb-25f341276e6a80d9.rlib" "/opt/rustwide/target/debug/deps/libdiscard-c3f9575a20f571f6.rlib" "/opt/rustwide/target/debug/deps/libstdweb_internal_runtime-d4eb46fdbd1f5e77.rlib" "/opt/rustwide/target/debug/deps/libserde_json-aa282c1266e7b94a.rlib" "/opt/rustwide/target/debug/deps/libryu-f928ad285dae3371.rlib" "/opt/rustwide/target/debug/deps/libitoa-1a4d8b211f73dcc5.rlib" "/opt/rustwide/target/debug/deps/libslab-dd1405d6c4e5d540.rlib" "/opt/rustwide/target/debug/deps/liblog-60d914ea53dbb3df.rlib" "/opt/rustwide/target/debug/deps/libcfg_if-e83968822db62928.rlib" "/opt/rustwide/target/debug/deps/libbincode-684c695175d89322.rlib" "/opt/rustwide/target/debug/deps/libserde-ffcfed467c3a1397.rlib" "/opt/rustwide/target/debug/deps/libbyteorder-66043869386c58c8.rlib" "/opt/rustwide/target/debug/deps/libanymap-e98826a71abf628d.rlib" "/opt/rustwide/rustup-home/toolchains/beta-2023-12-22-x86_64-unknown-linux-gnu/lib/rustlib/x86_64-unknown-linux-gnu/lib/libstd-0672489a78b613de.rlib" "/opt/rustwide/rustup-home/toolchains/beta-2023-12-22-x86_64-unknown-linux-gnu/lib/rustlib/x86_64-unknown-linux-gnu/lib/libpanic_unwind-7eb3ffc34a49f675.rlib" "/opt/rustwide/rustup-home/toolchains/beta-2023-12-22-x86_64-unknown-linux-gnu/lib/rustlib/x86_64-unknown-linux-gnu/lib/libobject-6478a9daa4bee8e2.rlib" "/opt/rustwide/rustup-home/toolchains/beta-2023-12-22-x86_64-unknown-linux-gnu/lib/rustlib/x86_64-unknown-linux-gnu/lib/libmemchr-0c75d871a5c3923d.rlib" "/opt/rustwide/rustup-home/toolchains/beta-2023-12-22-x86_64-unknown-linux-gnu/lib/rustlib/x86_64-unknown-linux-gnu/lib/libaddr2line-d163ef63ad37bb71.rlib" "/opt/rustwide/rustup-home/toolchains/beta-2023-12-22-x86_64-unknown-linux-gnu/lib/rustlib/x86_64-unknown-linux-gnu/lib/libgimli-8a3fd810a85b9f4c.rlib" "/opt/rustwide/rustup-home/toolchains/beta-2023-12-22-x86_64-unknown-linux-gnu/lib/rustlib/x86_64-unknown-linux-gnu/lib/librustc_demangle-462a2cde8c5dfc10.rlib" "/opt/rustwide/rustup-home/toolchains/beta-2023-12-22-x86_64-unknown-linux-gnu/lib/rustlib/x86_64-unknown-linux-gnu/lib/libstd_detect-cb06ac9f54713f71.rlib" "/opt/rustwide/rustup-home/toolchains/beta-2023-12-22-x86_64-unknown-linux-gnu/lib/rustlib/x86_64-unknown-linux-gnu/lib/libhashbrown-f20bfd1f8e59b393.rlib" "/opt/rustwide/rustup-home/toolchains/beta-2023-12-22-x86_64-unknown-linux-gnu/lib/rustlib/x86_64-unknown-linux-gnu/lib/librustc_std_workspace_alloc-1ef460949b49da4b.rlib" "/opt/rustwide/rustup-home/toolchains/beta-2023-12-22-x86_64-unknown-linux-gnu/lib/rustlib/x86_64-unknown-linux-gnu/lib/libminiz_oxide-2cb0c0ffe4f87514.rlib" "/opt/rustwide/rustup-home/toolchains/beta-2023-12-22-x86_64-unknown-linux-gnu/lib/rustlib/x86_64-unknown-linux-gnu/lib/libadler-58d841eb322a11a2.rlib" "/opt/rustwide/rustup-home/toolchains/beta-2023-12-22-x86_64-unknown-linux-gnu/lib/rustlib/x86_64-unknown-linux-gnu/lib/libunwind-aa2ae0b0a9d11533.rlib" "/opt/rustwide/rustup-home/toolchains/beta-2023-12-22-x86_64-unknown-linux-gnu/lib/rustlib/x86_64-unknown-linux-gnu/lib/libcfg_if-23874e15830ed336.rlib" "/opt/rustwide/rustup-home/toolchains/beta-2023-12-22-x86_64-unknown-linux-gnu/lib/rustlib/x86_64-unknown-linux-gnu/lib/liblibc-e47cddc003bce885.rlib" "/opt/rustwide/rustup-home/toolchains/beta-2023-12-22-x86_64-unknown-linux-gnu/lib/rustlib/x86_64-unknown-linux-gnu/lib/liballoc-c22b13b48a8f128e.rlib" "/opt/rustwide/rustup-home/toolchains/beta-2023-12-22-x86_64-unknown-linux-gnu/lib/rustlib/x86_64-unknown-linux-gnu/lib/librustc_std_workspace_core-e46bc3da6d7c462f.rlib" "/opt/rustwide/rustup-home/toolchains/beta-2023-12-22-x86_64-unknown-linux-gnu/lib/rustlib/x86_64-unknown-linux-gnu/lib/libcore-8d1ac131d3cb2645.rlib" "/opt/rustwide/rustup-home/toolchains/beta-2023-12-22-x86_64-unknown-linux-gnu/lib/rustlib/x86_64-unknown-linux-gnu/lib/libcompiler_builtins-a1b43df8c6899c1f.rlib" "-Wl,-Bdynamic" "-lutil" "-ldl" "-lutil" "-lgcc_s" "-lutil" "-lrt" "-lpthread" "-lm" "-ldl" "-lc" "-Wl,--eh-frame-hdr" "-Wl,-z,noexecstack" "-L" "/opt/rustwide/rustup-home/toolchains/beta-2023-12-22-x86_64-unknown-linux-gnu/lib/rustlib/x86_64-unknown-linux-gnu/lib" "-o" "/opt/rustwide/target/debug/deps/impact-abbf5dc8231818fb" "-Wl,--gc-sections" "-pie" "-Wl,-z,relro,-z,now" "-nodefaultlibs"
[INFO] [stdout]   = note: /usr/bin/ld: /opt/rustwide/target/debug/deps/libyew-bab67c6e3da5c95a.rlib(yew-bab67c6e3da5c95a.yew.59e3960fd37e5955-cgu.1.rcgu.o): in function `yew::virtual_dom::vtag::VTag<COMP>::apply_diffs::snippet::__cargo_web_snippet_0da47658267a7497de743e1b0892f992ba6ca6ef':
[INFO] [stdout]           /opt/rustwide/cargo-home/registry/src/index.crates.io-6f17d22bba15001f/stdweb-0.4.20/src/webcore/macros.rs:139: undefined reference to `emscripten_asm_const_int'
[INFO] [stdout]           /usr/bin/ld: /opt/rustwide/target/debug/deps/libyew-bab67c6e3da5c95a.rlib(yew-bab67c6e3da5c95a.yew.59e3960fd37e5955-cgu.1.rcgu.o): in function `yew::virtual_dom::vtag::VTag<COMP>::apply_diffs::snippet::__cargo_web_snippet_6a77b2f2accec26fefbfa0d864061d26f40f8f6f':
[INFO] [stdout]           /opt/rustwide/cargo-home/registry/src/index.crates.io-6f17d22bba15001f/stdweb-0.4.20/src/webcore/macros.rs:139: undefined reference to `emscripten_asm_const_int'
[INFO] [stdout]           /usr/bin/ld: /opt/rustwide/target/debug/deps/libyew-bab67c6e3da5c95a.rlib(yew-bab67c6e3da5c95a.yew.59e3960fd37e5955-cgu.1.rcgu.o): in function `yew::virtual_dom::vtag::set_attribute::snippet::__cargo_web_snippet_da2febd72f9938d90bc2bf2905643f595b07abd9':
[INFO] [stdout]           /opt/rustwide/cargo-home/registry/src/index.crates.io-6f17d22bba15001f/stdweb-0.4.20/src/webcore/macros.rs:139: undefined reference to `emscripten_asm_const_int'
[INFO] [stdout]           /usr/bin/ld: /opt/rustwide/target/debug/deps/libyew-bab67c6e3da5c95a.rlib(yew-bab67c6e3da5c95a.yew.59e3960fd37e5955-cgu.1.rcgu.o): in function `yew::virtual_dom::vtag::remove_attribute::snippet::__cargo_web_snippet_f6358c198ebcc61c9da370cca2679c0b8bc81a7b':
[INFO] [stdout]           /opt/rustwide/cargo-home/registry/src/index.crates.io-6f17d22bba15001f/stdweb-0.4.20/src/webcore/macros.rs:139: undefined reference to `emscripten_asm_const_int'
[INFO] [stdout]           /usr/bin/ld: /opt/rustwide/target/debug/deps/libyew-bab67c6e3da5c95a.rlib(yew-bab67c6e3da5c95a.yew.59e3960fd37e5955-cgu.1.rcgu.o): in function `yew::virtual_dom::vtag::set_checked::snippet::__cargo_web_snippet_a1f43b583e011a9bbeae64030b81f677e6c29005':
[INFO] [stdout]           /opt/rustwide/cargo-home/registry/src/index.crates.io-6f17d22bba15001f/stdweb-0.4.20/src/webcore/macros.rs:139: undefined reference to `emscripten_asm_const_int'
[INFO] [stdout]           /usr/bin/ld: /opt/rustwide/target/debug/deps/libstdweb-25f341276e6a80d9.rlib(stdweb-25f341276e6a80d9.stdweb.9edccbdef5fbb7c2-cgu.03.rcgu.o): in function `stdweb::webcore::ffi::emscripten::event_loop':
[INFO] [stdout]           /opt/rustwide/cargo-home/registry/src/index.crates.io-6f17d22bba15001f/stdweb-0.4.20/src/webcore/ffi/emscripten.rs:11: undefined reference to `emscripten_pause_main_loop'
[INFO] [stdout]           /usr/bin/ld: /opt/rustwide/cargo-home/registry/src/index.crates.io-6f17d22bba15001f/stdweb-0.4.20/src/webcore/ffi/emscripten.rs:11: undefined reference to `emscripten_set_main_loop'
[INFO] [stdout]           /usr/bin/ld: /opt/rustwide/target/debug/deps/libstdweb-25f341276e6a80d9.rlib(stdweb-25f341276e6a80d9.stdweb.9edccbdef5fbb7c2-cgu.04.rcgu.o): in function `stdweb::webapi::event::IEvent::stop_propagation::snippet::__cargo_web_snippet_85b9ecbdb8513465b790546acfd0cd530441b8a4':
[INFO] [stdout]           /opt/rustwide/cargo-home/registry/src/index.crates.io-6f17d22bba15001f/stdweb-0.4.20/src/webcore/macros.rs:139: undefined reference to `emscripten_asm_const_int'
[INFO] [stdout]           /usr/bin/ld: /opt/rustwide/target/debug/deps/libstdweb-25f341276e6a80d9.rlib(stdweb-25f341276e6a80d9.stdweb.9edccbdef5fbb7c2-cgu.04.rcgu.o): in function `stdweb::webapi::event_target::EventListenerHandle::remove::snippet::__cargo_web_snippet_f750c7bda400081b4d7209f43f9d59214d39f6ea':
[INFO] [stdout]           /opt/rustwide/cargo-home/registry/src/index.crates.io-6f17d22bba15001f/stdweb-0.4.20/src/webcore/macros.rs:139: undefined reference to `emscripten_asm_const_int'
[INFO] [stdout]           /usr/bin/ld: /opt/rustwide/target/debug/deps/libstdweb-25f341276e6a80d9.rlib(stdweb-25f341276e6a80d9.stdweb.9edccbdef5fbb7c2-cgu.04.rcgu.o): in function `stdweb::webapi::event_target::IEventTarget::add_event_listener::snippet::__cargo_web_snippet_99c4eefdc8d4cc724135163b8c8665a1f3de99e4':
[INFO] [stdout]           /opt/rustwide/cargo-home/registry/src/index.crates.io-6f17d22bba15001f/stdweb-0.4.20/src/webcore/macros.rs:149: undefined reference to `emscripten_asm_const_int'
[INFO] [stdout]           /usr/bin/ld: /opt/rustwide/target/debug/deps/libstdweb-25f341276e6a80d9.rlib(stdweb-25f341276e6a80d9.stdweb.9edccbdef5fbb7c2-cgu.06.rcgu.o): in function `stdweb::webapi::element::IElement::class_list::snippet::__cargo_web_snippet_bb618d13cbb219642bd219af99ee1519e5658d77':
[INFO] [stdout]           /opt/rustwide/cargo-home/registry/src/index.crates.io-6f17d22bba15001f/stdweb-0.4.20/src/webcore/macros.rs:149: undefined reference to `emscripten_asm_const_int'
[INFO] [stdout]           /usr/bin/ld: /opt/rustwide/target/debug/deps/libstdweb-25f341276e6a80d9.rlib(stdweb-25f341276e6a80d9.stdweb.9edccbdef5fbb7c2-cgu.06.rcgu.o): in function `<stdweb::webapi::element::Element as stdweb::webcore::instance_of::InstanceOf>::instance_of::snippet::__cargo_web_snippet_3c5e83d16a83fc7147ec91e2506438012952f55a':
[INFO] [stdout]           /opt/rustwide/cargo-home/registry/src/index.crates.io-6f17d22bba15001f/stdweb-0.4.20/src/webcore/macros.rs:64: undefined reference to `emscripten_asm_const_int'
[INFO] [stdout]           /usr/bin/ld: /opt/rustwide/target/debug/deps/libstdweb-25f341276e6a80d9.rlib(stdweb-25f341276e6a80d9.stdweb.9edccbdef5fbb7c2-cgu.08.rcgu.o):/opt/rustwide/cargo-home/registry/src/index.crates.io-6f17d22bba15001f/stdweb-0.4.20/src/webcore/macros.rs:32: more undefined references to `emscripten_asm_const_int' follow
[INFO] [stdout]           collect2: error: ld returned 1 exit status
[INFO] [stdout]           
[INFO] [stdout]   = note: some `extern` functions couldn't be found; some native libraries may need to be installed or have their path specified
[INFO] [stdout]   = note: use the `-l` flag to specify native libraries to link
[INFO] [stdout]   = note: use the `cargo:rustc-link-lib` directive to specify the native libraries to link with Cargo (see https://doc.rust-lang.org/cargo/reference/build-scripts.html#cargorustc-link-libkindname)
[INFO] [stdout] 
[INFO] [stdout] 
[INFO] [stdout] error: aborting due to 1 previous error
[INFO] [stdout] 
[INFO] [stdout] 
[INFO] [stderr] error: could not compile `impact` (bin "impact") due to 2 previous errors
[INFO] running `Command { std: "docker" "inspect" "25dc2115c5747ae687d208412c903c3a4db622d20ab841000be0516756e9e6dd", kill_on_drop: false }`
[INFO] running `Command { std: "docker" "rm" "-f" "25dc2115c5747ae687d208412c903c3a4db622d20ab841000be0516756e9e6dd", kill_on_drop: false }`
[INFO] [stdout] 25dc2115c5747ae687d208412c903c3a4db622d20ab841000be0516756e9e6dd
