[INFO] cloning repository https://github.com/davidHarwardt/planer
[INFO] running `Command { std: "git" "-c" "credential.helper=" "-c" "credential.helper=/workspace/cargo-home/bin/git-credential-null" "clone" "--bare" "https://github.com/davidHarwardt/planer" "/workspace/cache/git-repos/https%3A%2F%2Fgithub.com%2FdavidHarwardt%2Fplaner", kill_on_drop: false }`
[INFO] [stderr] Cloning into bare repository '/workspace/cache/git-repos/https%3A%2F%2Fgithub.com%2FdavidHarwardt%2Fplaner'...
[INFO] running `Command { std: "git" "rev-parse" "HEAD", kill_on_drop: false }`
[INFO] [stdout] d3371ecd24601c84750d50d173e2ca8768ac7a91
[INFO] testing davidHarwardt/planer against 1.75.0 for beta-1.76-1
[INFO] running `Command { std: "git" "clone" "/workspace/cache/git-repos/https%3A%2F%2Fgithub.com%2FdavidHarwardt%2Fplaner" "/workspace/builds/worker-5-tc1/source", kill_on_drop: false }`
[INFO] [stderr] Cloning into '/workspace/builds/worker-5-tc1/source'...
[INFO] [stderr] done.
[INFO] validating manifest of git repo https://github.com/davidHarwardt/planer on toolchain 1.75.0
[INFO] running `Command { std: CARGO_HOME="/workspace/cargo-home" RUSTUP_HOME="/workspace/rustup-home" "/workspace/cargo-home/bin/cargo" "+1.75.0" "metadata" "--manifest-path" "Cargo.toml" "--no-deps", kill_on_drop: false }`
[INFO] started tweaking git repo https://github.com/davidHarwardt/planer
[INFO] finished tweaking git repo https://github.com/davidHarwardt/planer
[INFO] tweaked toml for git repo https://github.com/davidHarwardt/planer written to /workspace/builds/worker-5-tc1/source/Cargo.toml
[INFO] crate git repo https://github.com/davidHarwardt/planer already has a lockfile, it will not be regenerated
[INFO] running `Command { std: CARGO_HOME="/workspace/cargo-home" RUSTUP_HOME="/workspace/rustup-home" "/workspace/cargo-home/bin/cargo" "+1.75.0" "fetch" "--manifest-path" "Cargo.toml", kill_on_drop: false }`
[INFO] [stderr]     Blocking waiting for file lock on package cache
[ERROR] error running command: no output for 300 seconds
[ERROR] this task or one of its parent failed!
[ERROR] no output for 300 seconds
[ERROR] note: run with `RUST_BACKTRACE=1` to display a backtrace.
[INFO] testing davidHarwardt/planer against beta-2023-12-22 for beta-1.76-1
[INFO] running `Command { std: "git" "clone" "/workspace/cache/git-repos/https%3A%2F%2Fgithub.com%2FdavidHarwardt%2Fplaner" "/workspace/builds/worker-5-tc2/source", kill_on_drop: false }`
[INFO] [stderr] Cloning into '/workspace/builds/worker-5-tc2/source'...
[INFO] [stderr] done.
[INFO] validating manifest of git repo https://github.com/davidHarwardt/planer on toolchain beta-2023-12-22
[INFO] running `Command { std: CARGO_HOME="/workspace/cargo-home" RUSTUP_HOME="/workspace/rustup-home" "/workspace/cargo-home/bin/cargo" "+beta-2023-12-22" "metadata" "--manifest-path" "Cargo.toml" "--no-deps", kill_on_drop: false }`
[INFO] started tweaking git repo https://github.com/davidHarwardt/planer
[INFO] finished tweaking git repo https://github.com/davidHarwardt/planer
[INFO] tweaked toml for git repo https://github.com/davidHarwardt/planer written to /workspace/builds/worker-5-tc2/source/Cargo.toml
[INFO] crate git repo https://github.com/davidHarwardt/planer already has a lockfile, it will not be regenerated
[INFO] running `Command { std: CARGO_HOME="/workspace/cargo-home" RUSTUP_HOME="/workspace/rustup-home" "/workspace/cargo-home/bin/cargo" "+beta-2023-12-22" "fetch" "--manifest-path" "Cargo.toml", kill_on_drop: false }`
[INFO] [stderr]     Blocking waiting for file lock on package cache
[INFO] [stderr]     Blocking waiting for file lock on package cache
[INFO] [stderr]  Downloading crates ...
[INFO] [stderr]   Downloaded rfd v0.10.0
[INFO] [stderr]   Downloaded serde_with v2.0.1
[INFO] [stderr]   Downloaded serde_with_macros v2.0.1
[INFO] running `Command { std: "docker" "create" "-v" "/var/lib/crater-agent-workspace/builds/worker-5-tc2/target:/opt/rustwide/target:rw,Z" "-v" "/var/lib/crater-agent-workspace/builds/worker-5-tc2/source:/opt/rustwide/workdir:ro,Z" "-v" "/var/lib/crater-agent-workspace/cargo-home:/opt/rustwide/cargo-home:ro,Z" "-v" "/var/lib/crater-agent-workspace/rustup-home:/opt/rustwide/rustup-home:ro,Z" "-e" "SOURCE_DIR=/opt/rustwide/workdir" "-e" "CARGO_TARGET_DIR=/opt/rustwide/target" "-e" "CARGO_HOME=/opt/rustwide/cargo-home" "-e" "RUSTUP_HOME=/opt/rustwide/rustup-home" "-w" "/opt/rustwide/workdir" "-m" "1610612736" "--user" "0:0" "--network" "none" "ghcr.io/rust-lang/crates-build-env/linux@sha256:2788e3201cd34a07e3172128adcd8b3090168a8e3bcc40d7c032b9dda1df7d1c" "/opt/rustwide/cargo-home/bin/cargo" "+beta-2023-12-22" "metadata" "--no-deps" "--format-version=1", kill_on_drop: false }`
[INFO] [stdout] 6f5e85552995cde470bcda5d5109530f52bdf142501b2d2ffaee4c525fc72a9f
[INFO] running `Command { std: "docker" "start" "-a" "6f5e85552995cde470bcda5d5109530f52bdf142501b2d2ffaee4c525fc72a9f", kill_on_drop: false }`
[INFO] running `Command { std: "docker" "inspect" "6f5e85552995cde470bcda5d5109530f52bdf142501b2d2ffaee4c525fc72a9f", kill_on_drop: false }`
[INFO] running `Command { std: "docker" "rm" "-f" "6f5e85552995cde470bcda5d5109530f52bdf142501b2d2ffaee4c525fc72a9f", kill_on_drop: false }`
[INFO] [stdout] 6f5e85552995cde470bcda5d5109530f52bdf142501b2d2ffaee4c525fc72a9f
[INFO] running `Command { std: "docker" "create" "-v" "/var/lib/crater-agent-workspace/builds/worker-5-tc2/target:/opt/rustwide/target:rw,Z" "-v" "/var/lib/crater-agent-workspace/builds/worker-5-tc2/source:/opt/rustwide/workdir:ro,Z" "-v" "/var/lib/crater-agent-workspace/cargo-home:/opt/rustwide/cargo-home:ro,Z" "-v" "/var/lib/crater-agent-workspace/rustup-home:/opt/rustwide/rustup-home:ro,Z" "-e" "SOURCE_DIR=/opt/rustwide/workdir" "-e" "CARGO_TARGET_DIR=/opt/rustwide/target" "-e" "CARGO_INCREMENTAL=0" "-e" "RUST_BACKTRACE=full" "-e" "RUSTFLAGS=--cap-lints=warn" "-e" "RUSTDOCFLAGS=--cap-lints=warn" "-e" "CARGO_HOME=/opt/rustwide/cargo-home" "-e" "RUSTUP_HOME=/opt/rustwide/rustup-home" "-w" "/opt/rustwide/workdir" "-m" "1610612736" "--user" "0:0" "--network" "none" "ghcr.io/rust-lang/crates-build-env/linux@sha256:2788e3201cd34a07e3172128adcd8b3090168a8e3bcc40d7c032b9dda1df7d1c" "/opt/rustwide/cargo-home/bin/cargo" "+beta-2023-12-22" "build" "--frozen" "--message-format=json", kill_on_drop: false }`
[INFO] [stdout] cf5157649dc608591765cab90c2ab4355d74d53f9b0b9031b13bc0373ad47d2b
[INFO] running `Command { std: "docker" "start" "-a" "cf5157649dc608591765cab90c2ab4355d74d53f9b0b9031b13bc0373ad47d2b", kill_on_drop: false }`
[INFO] [stderr]    Compiling pkg-config v0.3.26
[INFO] [stderr]    Compiling proc-macro2 v1.0.47
[INFO] [stderr]    Compiling libc v0.2.137
[INFO] [stderr]    Compiling unicode-ident v1.0.5
[INFO] [stderr]    Compiling quote v1.0.21
[INFO] [stderr]    Compiling smallvec v1.10.0
[INFO] [stderr]    Compiling cfg-if v1.0.0
[INFO] [stderr]    Compiling syn v1.0.103
[INFO] [stderr]    Compiling autocfg v1.1.0
[INFO] [stderr]    Compiling serde v1.0.147
[INFO] [stderr]    Compiling cfg-expr v0.11.0
[INFO] [stderr]    Compiling version-compare v0.1.0
[INFO] [stderr]    Compiling heck v0.4.0
[INFO] [stderr]    Compiling xml-rs v0.8.4
[INFO] [stderr]    Compiling log v0.4.17
[INFO] [stderr]    Compiling bitflags v1.3.2
[INFO] [stderr]    Compiling memoffset v0.6.5
[INFO] [stderr]    Compiling once_cell v1.16.0
[INFO] [stderr]    Compiling lazy_static v1.4.0
[INFO] [stderr]    Compiling cc v1.0.74
[INFO] [stderr]    Compiling version_check v0.9.4
[INFO] [stderr]    Compiling libloading v0.7.3
[INFO] [stderr]    Compiling wayland-scanner v0.29.5
[INFO] [stderr]    Compiling dlib v0.5.0
[INFO] [stderr]    Compiling wayland-sys v0.29.5
[INFO] [stderr]    Compiling cmake v0.1.49
[INFO] [stderr]    Compiling strsim v0.10.0
[INFO] [stderr]    Compiling fnv v1.0.7
[INFO] [stderr]    Compiling ident_case v1.0.1
[INFO] [stderr]    Compiling nix v0.24.2
[INFO] [stderr]    Compiling memchr v2.5.0
[INFO] [stderr]    Compiling lock_api v0.4.9
[INFO] [stderr]    Compiling khronos_api v3.1.0
[INFO] [stderr]    Compiling freetype-sys v0.13.1
[INFO] [stderr]    Compiling expat-sys v2.1.6
[INFO] [stderr]    Compiling parking_lot_core v0.9.4
[INFO] [stderr]    Compiling thiserror v1.0.37
[INFO] [stderr]    Compiling wayland-client v0.29.5
[INFO] [stderr]    Compiling slotmap v1.0.6
[INFO] [stderr]    Compiling scopeguard v1.1.0
[INFO] [stderr]    Compiling downcast-rs v1.2.0
[INFO] [stderr]    Compiling crc32fast v1.3.2
[INFO] [stderr]    Compiling adler v1.0.2
[INFO] [stderr]    Compiling scoped-tls v1.0.1
[INFO] [stderr]    Compiling minimal-lexical v0.2.1
[INFO] [stderr]    Compiling nom v7.1.1
[INFO] [stderr]    Compiling wayland-protocols v0.29.5
[INFO] [stderr]    Compiling servo-fontconfig-sys v5.1.0
[INFO] [stderr]    Compiling gl_generator v0.14.0
[INFO] [stderr]    Compiling toml v0.5.9
[INFO] [stderr]    Compiling parking_lot v0.12.1
[INFO] [stderr]    Compiling darling_core v0.14.2
[INFO] [stderr]    Compiling system-deps v6.0.3
[INFO] [stderr]    Compiling xcursor v0.3.4
[INFO] [stderr]    Compiling miniz_oxide v0.5.4
[INFO] [stderr]    Compiling wayland-commons v0.29.5
[INFO] [stderr]    Compiling glib-sys v0.15.10
[INFO] [stderr]    Compiling gobject-sys v0.15.10
[INFO] [stderr]    Compiling x11-dl v2.20.0
[INFO] [stderr]    Compiling smithay-client-toolkit v0.16.0
[INFO] [stderr]    Compiling cty v0.2.2
[INFO] [stderr]    Compiling vec_map v0.8.2
[INFO] [stderr]    Compiling flate2 v1.0.24
[INFO] [stderr]    Compiling miniz_oxide v0.6.2
[INFO] [stderr]    Compiling memmap2 v0.5.7
[INFO] [stderr]    Compiling wayland-cursor v0.29.5
[INFO] [stderr]    Compiling ahash v0.8.2
[INFO] [stderr]    Compiling crossfont v0.5.1
[INFO] [stderr]    Compiling arrayvec v0.7.2
[INFO] [stderr]    Compiling ttf-parser v0.17.1
[INFO] [stderr]    Compiling serde_derive v1.0.147
[INFO] [stderr]    Compiling percent-encoding v2.2.0
[INFO] [stderr]    Compiling arrayref v0.3.6
[INFO] [stderr]    Compiling bytemuck_derive v1.2.1
[INFO] [stderr]    Compiling darling_macro v0.14.2
[INFO] [stderr]    Compiling thiserror-impl v1.0.37
[INFO] [stderr]    Compiling foreign-types-macros v0.2.2
[INFO] [stderr]    Compiling tinyvec_macros v0.1.0
[INFO] [stderr]    Compiling foreign-types-shared v0.3.1
[INFO] [stderr]    Compiling tinyvec v1.6.0
[INFO] [stderr]    Compiling darling v0.14.2
[INFO] [stderr]    Compiling enumset_derive v0.6.1
[INFO] [stderr]    Compiling foreign-types v0.5.0
[INFO] [stderr]    Compiling kurbo v0.8.3
[INFO] [stderr]    Compiling bytemuck v1.12.2
[INFO] [stderr]    Compiling png v0.17.7
[INFO] [stderr]    Compiling safe_arch v0.5.2
[INFO] [stderr]    Compiling tiny-skia-path v0.7.0
[INFO] [stderr]    Compiling owned_ttf_parser v0.17.0
[INFO] [stderr]    Compiling calloop v0.10.1
[INFO] [stderr]    Compiling enumset v1.0.12
[INFO] [stderr]    Compiling servo-fontconfig v0.5.1
[INFO] [stderr]    Compiling raw-window-handle v0.5.0
[INFO] [stderr]    Compiling gio-sys v0.15.10
[INFO] [stderr]    Compiling atk-sys v0.15.1
[INFO] [stderr]    Compiling gdk-sys v0.15.1
[INFO] [stderr]    Compiling freetype-rs v0.26.0
[INFO] [stderr]    Compiling arrayvec v0.5.2
[INFO] [stderr]    Compiling ab_glyph_rasterizer v0.1.7
[INFO] [stderr]    Compiling tiny-skia v0.7.0
[INFO] [stderr]    Compiling ab_glyph v0.2.18
[INFO] [stderr]    Compiling accesskit v0.8.1
[INFO] [stderr]    Compiling ecolor v0.20.0
[INFO] [stderr]    Compiling emath v0.20.0
[INFO] [stderr]    Compiling unicode-normalization v0.1.22
[INFO] [stderr]    Compiling gdk-pixbuf-sys v0.15.10
[INFO] [stderr]    Compiling cairo-sys-rs v0.15.1
[INFO] [stderr]    Compiling pango-sys v0.15.10
[INFO] [stderr]    Compiling tracing-core v0.1.30
[INFO] [stderr]    Compiling num-traits v0.2.15
[INFO] [stderr]    Compiling pin-project-lite v0.2.9
[INFO] [stderr]    Compiling unicode-bidi v0.3.8
[INFO] [stderr]    Compiling nohash-hasher v0.2.0
[INFO] [stderr]    Compiling epaint v0.20.0
[INFO] [stderr]    Compiling idna v0.3.0
[INFO] [stderr]    Compiling tracing v0.1.37
[INFO] [stderr]    Compiling form_urlencoded v1.1.0
[INFO] [stderr]    Compiling raw-window-handle v0.4.3
[INFO] [stderr]    Compiling gtk-sys v0.15.3
[INFO] [stderr]    Compiling x11rb-protocol v0.10.0
[INFO] [stderr]    Compiling glutin_egl_sys v0.3.1
[INFO] [stderr]    Compiling glutin_glx_sys v0.3.0
[INFO] [stderr]    Compiling gethostname v0.2.3
[INFO] [stderr]    Compiling mio v0.8.5
[INFO] [stderr]    Compiling wayland-sys v0.30.1
[INFO] [stderr]    Compiling num-integer v0.1.45
[INFO] [stderr]    Compiling instant v0.1.12
[INFO] [stderr]    Compiling cfg_aliases v0.1.1
[INFO] [stderr]    Compiling glutin v0.30.3
[INFO] [stderr]    Compiling egui v0.20.1
[INFO] [stderr]    Compiling url v2.3.1
[INFO] [stderr]    Compiling webbrowser v0.8.2
[INFO] [stderr]    Compiling time v0.1.44
[INFO] [stderr]    Compiling rfd v0.10.0
[INFO] [stderr]    Compiling iana-time-zone v0.1.53
[INFO] [stderr]    Compiling glow v0.11.2
[INFO] [stderr]    Compiling serde_json v1.0.87
[INFO] [stderr]    Compiling serde_with_macros v2.0.1
[INFO] [stderr]    Compiling x11rb v0.10.1
[INFO] [stderr]    Compiling egui_glow v0.20.1
[INFO] [stderr]    Compiling getrandom v0.2.8
[INFO] [stderr]    Compiling ryu v1.0.11
[INFO] [stderr]    Compiling itoa v1.0.4
[INFO] [stderr]    Compiling arboard v3.2.0
[INFO] [stderr]    Compiling chrono v0.4.22
[INFO] [stderr]    Compiling uuid v1.2.1
[INFO] [stderr]    Compiling serde_with v2.0.1
[INFO] [stderr]    Compiling sctk-adwaita v0.4.3
[INFO] [stderr]    Compiling smithay-clipboard v0.6.6
[INFO] [stderr]    Compiling winit v0.27.5
[INFO] [stderr]    Compiling accesskit_winit v0.7.1
[INFO] [stderr]    Compiling egui-winit v0.20.1
[INFO] [stderr]    Compiling eframe v0.20.1
[INFO] [stderr]    Compiling planer v0.1.0 (/opt/rustwide/workdir)
[INFO] [stdout] warning: unused import: `cell::RefCell`
[INFO] [stdout]  --> src/app.rs:1:11
[INFO] [stdout]   |
[INFO] [stdout] 1 | use std::{cell::RefCell, sync::Mutex};
[INFO] [stdout]   |           ^^^^^^^^^^^^^
[INFO] [stdout]   |
[INFO] [stdout]   = note: `#[warn(unused_imports)]` on by default
[INFO] [stdout] 
[INFO] [stdout] 
[INFO] [stdout] warning: unused imports: `emath`, `pos2`
[INFO] [stdout]  --> src/app.rs:4:27
[INFO] [stdout]   |
[INFO] [stdout] 4 | use eframe::{egui::{self, emath}, epaint::{vec2, pos2}};
[INFO] [stdout]   |                           ^^^^^                  ^^^^
[INFO] [stdout] 
[INFO] [stdout] 
[INFO] [stdout] warning: unused import: `uuid::Uuid`
[INFO] [stdout]  --> src/app.rs:5:5
[INFO] [stdout]   |
[INFO] [stdout] 5 | use uuid::Uuid;
[INFO] [stdout]   |     ^^^^^^^^^^
[INFO] [stdout] 
[INFO] [stdout] 
[INFO] [stdout] warning: unused import: `calendar::Event`
[INFO] [stdout]  --> src/app.rs:7:116
[INFO] [stdout]   |
[INFO] [stdout] 7 | use crate::{drag_and_drop::drop_target, planer::{PlanerData, Exam, Teacher, Student, uuid_ref::UuidRef, Tag, Name, calendar::Event}, moda...
[INFO] [stdout]   |                                                                                                                    ^^^^^^^^^^^^^^^
[INFO] [stdout] 
[INFO] [stdout] 
[INFO] [stdout] warning: unused import: `epaint::vec2`
[INFO] [stdout]  --> src/drag_and_drop.rs:1:36
[INFO] [stdout]   |
[INFO] [stdout] 1 | use eframe::{egui::{self, epaint}, epaint::vec2};
[INFO] [stdout]   |                                    ^^^^^^^^^^^^
[INFO] [stdout] 
[INFO] [stdout] 
[INFO] [stdout] warning: fields `maximized` and `dummy_string` are never read
[INFO] [stdout]   --> src/app.rs:12:5
[INFO] [stdout]    |
[INFO] [stdout] 11 | pub struct PlanerApp {
[INFO] [stdout]    |            --------- fields in this struct
[INFO] [stdout] 12 |     maximized: bool,
[INFO] [stdout]    |     ^^^^^^^^^
[INFO] [stdout] ...
[INFO] [stdout] 21 |     dummy_string: String,
[INFO] [stdout]    |     ^^^^^^^^^^^^
[INFO] [stdout]    |
[INFO] [stdout]    = note: `#[warn(dead_code)]` on by default
[INFO] [stdout] 
[INFO] [stdout] 
[INFO] [stdout] warning: fields `id`, `duration`, `subjects`, and `tags` are never read
[INFO] [stdout]   --> src/app.rs:37:5
[INFO] [stdout]    |
[INFO] [stdout] 36 | struct AddExamData {
[INFO] [stdout]    |        ----------- fields in this struct
[INFO] [stdout] 37 |     id: String,
[INFO] [stdout]    |     ^^
[INFO] [stdout] 38 |     duration: Duration,
[INFO] [stdout]    |     ^^^^^^^^
[INFO] [stdout] 39 |     subjects: Vec<String>,
[INFO] [stdout]    |     ^^^^^^^^
[INFO] [stdout] 40 |     tags: Vec<Tag>,
[INFO] [stdout]    |     ^^^^
[INFO] [stdout]    |
[INFO] [stdout]    = note: `AddExamData` has a derived impl for the trait `Debug`, but this is intentionally ignored during dead code analysis
[INFO] [stdout] 
[INFO] [stdout] 
[INFO] [stdout] warning: constant `MAXIMIZE_WINDOW_ICON` is never used
[INFO] [stdout]    --> src/app.rs:109:7
[INFO] [stdout]     |
[INFO] [stdout] 109 | const MAXIMIZE_WINDOW_ICON: &str    = "🗖";
[INFO] [stdout]     |       ^^^^^^^^^^^^^^^^^^^^
[INFO] [stdout] 
[INFO] [stdout] 
[INFO] [stdout] warning: constant `MINIMIZE_WINDOW_ICON` is never used
[INFO] [stdout]    --> src/app.rs:110:7
[INFO] [stdout]     |
[INFO] [stdout] 110 | const MINIMIZE_WINDOW_ICON: &str    = "🗕";
[INFO] [stdout]     |       ^^^^^^^^^^^^^^^^^^^^
[INFO] [stdout] 
[INFO] [stdout] 
[INFO] [stdout] warning: methods `is_booked_at`, `get_events_at_mut`, and `get_booked_from_to_mut` are never used
[INFO] [stdout]   --> src/planer/calendar.rs:26:12
[INFO] [stdout]    |
[INFO] [stdout] 14 | impl<E> Calendar<E> {
[INFO] [stdout]    | ------------------- methods in this implementation
[INFO] [stdout] ...
[INFO] [stdout] 26 |     pub fn is_booked_at(&self, time: &DateTime<Utc>) -> bool {
[INFO] [stdout]    |            ^^^^^^^^^^^^
[INFO] [stdout] ...
[INFO] [stdout] 34 |     pub fn get_events_at_mut(&mut self, time: &DateTime<Utc>) -> Vec<&mut Event<E>> {
[INFO] [stdout]    |            ^^^^^^^^^^^^^^^^^
[INFO] [stdout] ...
[INFO] [stdout] 47 |     pub fn get_booked_from_to_mut(&mut self, time: &DateTime<Utc>, duration: Duration) -> Vec<&mut Event<E>> {
[INFO] [stdout]    |            ^^^^^^^^^^^^^^^^^^^^^^
[INFO] [stdout] 
[INFO] [stdout] 
[INFO] [stdout] warning: associated function `null` is never used
[INFO] [stdout]   --> src/planer/uuid_ref.rs:32:12
[INFO] [stdout]    |
[INFO] [stdout] 27 | impl<T: AsUuid> UuidRef<T> {
[INFO] [stdout]    | -------------------------- associated function in this implementation
[INFO] [stdout] ...
[INFO] [stdout] 32 |     pub fn null() -> Self {
[INFO] [stdout]    |            ^^^^
[INFO] [stdout] 
[INFO] [stdout] 
[INFO] [stdout] warning: enum `SearchKind` is never used
[INFO] [stdout]  --> src/search.rs:3:10
[INFO] [stdout]   |
[INFO] [stdout] 3 | pub enum SearchKind {
[INFO] [stdout]   |          ^^^^^^^^^^
[INFO] [stdout] 
[INFO] [stdout] 
[INFO] [stdout] warning: field `search_type` is never read
[INFO] [stdout]   --> src/search.rs:11:5
[INFO] [stdout]    |
[INFO] [stdout] 9  | pub struct SearchData<T> {
[INFO] [stdout]    |            ---------- field in this struct
[INFO] [stdout] 10 |     search_string: String,
[INFO] [stdout] 11 |     search_type: T,
[INFO] [stdout]    |     ^^^^^^^^^^^
[INFO] [stdout] 
[INFO] [stdout] 
[INFO] [stdout] warning: 13 warnings emitted
[INFO] [stdout] 
[INFO] [stdout] 
[INFO] [stderr]     Finished dev [unoptimized + debuginfo] target(s) in 46.94s
[INFO] running `Command { std: "docker" "inspect" "cf5157649dc608591765cab90c2ab4355d74d53f9b0b9031b13bc0373ad47d2b", kill_on_drop: false }`
[INFO] running `Command { std: "docker" "rm" "-f" "cf5157649dc608591765cab90c2ab4355d74d53f9b0b9031b13bc0373ad47d2b", kill_on_drop: false }`
[INFO] [stdout] cf5157649dc608591765cab90c2ab4355d74d53f9b0b9031b13bc0373ad47d2b
[INFO] running `Command { std: "docker" "create" "-v" "/var/lib/crater-agent-workspace/builds/worker-5-tc2/target:/opt/rustwide/target:rw,Z" "-v" "/var/lib/crater-agent-workspace/builds/worker-5-tc2/source:/opt/rustwide/workdir:ro,Z" "-v" "/var/lib/crater-agent-workspace/cargo-home:/opt/rustwide/cargo-home:ro,Z" "-v" "/var/lib/crater-agent-workspace/rustup-home:/opt/rustwide/rustup-home:ro,Z" "-e" "SOURCE_DIR=/opt/rustwide/workdir" "-e" "CARGO_TARGET_DIR=/opt/rustwide/target" "-e" "CARGO_INCREMENTAL=0" "-e" "RUST_BACKTRACE=full" "-e" "RUSTFLAGS=--cap-lints=warn" "-e" "RUSTDOCFLAGS=--cap-lints=warn" "-e" "CARGO_HOME=/opt/rustwide/cargo-home" "-e" "RUSTUP_HOME=/opt/rustwide/rustup-home" "-w" "/opt/rustwide/workdir" "-m" "1610612736" "--user" "0:0" "--network" "none" "ghcr.io/rust-lang/crates-build-env/linux@sha256:2788e3201cd34a07e3172128adcd8b3090168a8e3bcc40d7c032b9dda1df7d1c" "/opt/rustwide/cargo-home/bin/cargo" "+beta-2023-12-22" "test" "--frozen" "--no-run" "--message-format=json", kill_on_drop: false }`
[INFO] [stdout] eaebaed07bdb8be607bcab92f9ff36e7a7895d4d92388079782bdf6625a4d3d2
[INFO] running `Command { std: "docker" "start" "-a" "eaebaed07bdb8be607bcab92f9ff36e7a7895d4d92388079782bdf6625a4d3d2", kill_on_drop: false }`
[INFO] [stderr]    Compiling planer v0.1.0 (/opt/rustwide/workdir)
[INFO] [stdout] warning: unused import: `cell::RefCell`
[INFO] [stdout]  --> src/app.rs:1:11
[INFO] [stdout]   |
[INFO] [stdout] 1 | use std::{cell::RefCell, sync::Mutex};
[INFO] [stdout]   |           ^^^^^^^^^^^^^
[INFO] [stdout]   |
[INFO] [stdout]   = note: `#[warn(unused_imports)]` on by default
[INFO] [stdout] 
[INFO] [stdout] 
[INFO] [stdout] warning: unused imports: `emath`, `pos2`
[INFO] [stdout]  --> src/app.rs:4:27
[INFO] [stdout]   |
[INFO] [stdout] 4 | use eframe::{egui::{self, emath}, epaint::{vec2, pos2}};
[INFO] [stdout]   |                           ^^^^^                  ^^^^
[INFO] [stdout] 
[INFO] [stdout] 
[INFO] [stdout] warning: unused import: `uuid::Uuid`
[INFO] [stdout]  --> src/app.rs:5:5
[INFO] [stdout]   |
[INFO] [stdout] 5 | use uuid::Uuid;
[INFO] [stdout]   |     ^^^^^^^^^^
[INFO] [stdout] 
[INFO] [stdout] 
[INFO] [stdout] warning: unused import: `calendar::Event`
[INFO] [stdout]  --> src/app.rs:7:116
[INFO] [stdout]   |
[INFO] [stdout] 7 | use crate::{drag_and_drop::drop_target, planer::{PlanerData, Exam, Teacher, Student, uuid_ref::UuidRef, Tag, Name, calendar::Event}, moda...
[INFO] [stdout]   |                                                                                                                    ^^^^^^^^^^^^^^^
[INFO] [stdout] 
[INFO] [stdout] 
[INFO] [stdout] warning: unused import: `epaint::vec2`
[INFO] [stdout]  --> src/drag_and_drop.rs:1:36
[INFO] [stdout]   |
[INFO] [stdout] 1 | use eframe::{egui::{self, epaint}, epaint::vec2};
[INFO] [stdout]   |                                    ^^^^^^^^^^^^
[INFO] [stdout] 
[INFO] [stdout] 
[INFO] [stdout] warning: fields `maximized` and `dummy_string` are never read
[INFO] [stdout]   --> src/app.rs:12:5
[INFO] [stdout]    |
[INFO] [stdout] 11 | pub struct PlanerApp {
[INFO] [stdout]    |            --------- fields in this struct
[INFO] [stdout] 12 |     maximized: bool,
[INFO] [stdout]    |     ^^^^^^^^^
[INFO] [stdout] ...
[INFO] [stdout] 21 |     dummy_string: String,
[INFO] [stdout]    |     ^^^^^^^^^^^^
[INFO] [stdout]    |
[INFO] [stdout]    = note: `#[warn(dead_code)]` on by default
[INFO] [stdout] 
[INFO] [stdout] 
[INFO] [stdout] warning: fields `id`, `duration`, `subjects`, and `tags` are never read
[INFO] [stdout]   --> src/app.rs:37:5
[INFO] [stdout]    |
[INFO] [stdout] 36 | struct AddExamData {
[INFO] [stdout]    |        ----------- fields in this struct
[INFO] [stdout] 37 |     id: String,
[INFO] [stdout]    |     ^^
[INFO] [stdout] 38 |     duration: Duration,
[INFO] [stdout]    |     ^^^^^^^^
[INFO] [stdout] 39 |     subjects: Vec<String>,
[INFO] [stdout]    |     ^^^^^^^^
[INFO] [stdout] 40 |     tags: Vec<Tag>,
[INFO] [stdout]    |     ^^^^
[INFO] [stdout]    |
[INFO] [stdout]    = note: `AddExamData` has a derived impl for the trait `Debug`, but this is intentionally ignored during dead code analysis
[INFO] [stdout] 
[INFO] [stdout] 
[INFO] [stdout] warning: constant `MAXIMIZE_WINDOW_ICON` is never used
[INFO] [stdout]    --> src/app.rs:109:7
[INFO] [stdout]     |
[INFO] [stdout] 109 | const MAXIMIZE_WINDOW_ICON: &str    = "🗖";
[INFO] [stdout]     |       ^^^^^^^^^^^^^^^^^^^^
[INFO] [stdout] 
[INFO] [stdout] 
[INFO] [stdout] warning: constant `MINIMIZE_WINDOW_ICON` is never used
[INFO] [stdout]    --> src/app.rs:110:7
[INFO] [stdout]     |
[INFO] [stdout] 110 | const MINIMIZE_WINDOW_ICON: &str    = "🗕";
[INFO] [stdout]     |       ^^^^^^^^^^^^^^^^^^^^
[INFO] [stdout] 
[INFO] [stdout] 
[INFO] [stdout] warning: methods `is_booked_at`, `get_events_at_mut`, and `get_booked_from_to_mut` are never used
[INFO] [stdout]   --> src/planer/calendar.rs:26:12
[INFO] [stdout]    |
[INFO] [stdout] 14 | impl<E> Calendar<E> {
[INFO] [stdout]    | ------------------- methods in this implementation
[INFO] [stdout] ...
[INFO] [stdout] 26 |     pub fn is_booked_at(&self, time: &DateTime<Utc>) -> bool {
[INFO] [stdout]    |            ^^^^^^^^^^^^
[INFO] [stdout] ...
[INFO] [stdout] 34 |     pub fn get_events_at_mut(&mut self, time: &DateTime<Utc>) -> Vec<&mut Event<E>> {
[INFO] [stdout]    |            ^^^^^^^^^^^^^^^^^
[INFO] [stdout] ...
[INFO] [stdout] 47 |     pub fn get_booked_from_to_mut(&mut self, time: &DateTime<Utc>, duration: Duration) -> Vec<&mut Event<E>> {
[INFO] [stdout]    |            ^^^^^^^^^^^^^^^^^^^^^^
[INFO] [stdout] 
[INFO] [stdout] 
[INFO] [stdout] warning: associated function `null` is never used
[INFO] [stdout]   --> src/planer/uuid_ref.rs:32:12
[INFO] [stdout]    |
[INFO] [stdout] 27 | impl<T: AsUuid> UuidRef<T> {
[INFO] [stdout]    | -------------------------- associated function in this implementation
[INFO] [stdout] ...
[INFO] [stdout] 32 |     pub fn null() -> Self {
[INFO] [stdout]    |            ^^^^
[INFO] [stdout] 
[INFO] [stdout] 
[INFO] [stdout] warning: enum `SearchKind` is never used
[INFO] [stdout]  --> src/search.rs:3:10
[INFO] [stdout]   |
[INFO] [stdout] 3 | pub enum SearchKind {
[INFO] [stdout]   |          ^^^^^^^^^^
[INFO] [stdout] 
[INFO] [stdout] 
[INFO] [stdout] warning: field `search_type` is never read
[INFO] [stdout]   --> src/search.rs:11:5
[INFO] [stdout]    |
[INFO] [stdout] 9  | pub struct SearchData<T> {
[INFO] [stdout]    |            ---------- field in this struct
[INFO] [stdout] 10 |     search_string: String,
[INFO] [stdout] 11 |     search_type: T,
[INFO] [stdout]    |     ^^^^^^^^^^^
[INFO] [stdout] 
[INFO] [stdout] 
[INFO] [stdout] warning: 13 warnings emitted
[INFO] [stdout] 
[INFO] [stdout] 
[INFO] [stderr]     Finished test [unoptimized + debuginfo] target(s) in 1.08s
[INFO] running `Command { std: "docker" "inspect" "eaebaed07bdb8be607bcab92f9ff36e7a7895d4d92388079782bdf6625a4d3d2", kill_on_drop: false }`
[INFO] running `Command { std: "docker" "rm" "-f" "eaebaed07bdb8be607bcab92f9ff36e7a7895d4d92388079782bdf6625a4d3d2", kill_on_drop: false }`
[INFO] [stdout] eaebaed07bdb8be607bcab92f9ff36e7a7895d4d92388079782bdf6625a4d3d2
[INFO] running `Command { std: "docker" "create" "-v" "/var/lib/crater-agent-workspace/builds/worker-5-tc2/target:/opt/rustwide/target:rw,Z" "-v" "/var/lib/crater-agent-workspace/builds/worker-5-tc2/source:/opt/rustwide/workdir:ro,Z" "-v" "/var/lib/crater-agent-workspace/cargo-home:/opt/rustwide/cargo-home:ro,Z" "-v" "/var/lib/crater-agent-workspace/rustup-home:/opt/rustwide/rustup-home:ro,Z" "-e" "SOURCE_DIR=/opt/rustwide/workdir" "-e" "CARGO_TARGET_DIR=/opt/rustwide/target" "-e" "CARGO_INCREMENTAL=0" "-e" "RUST_BACKTRACE=full" "-e" "RUSTFLAGS=--cap-lints=warn" "-e" "RUSTDOCFLAGS=--cap-lints=warn" "-e" "CARGO_HOME=/opt/rustwide/cargo-home" "-e" "RUSTUP_HOME=/opt/rustwide/rustup-home" "-w" "/opt/rustwide/workdir" "-m" "1610612736" "--user" "0:0" "--network" "none" "ghcr.io/rust-lang/crates-build-env/linux@sha256:2788e3201cd34a07e3172128adcd8b3090168a8e3bcc40d7c032b9dda1df7d1c" "/opt/rustwide/cargo-home/bin/cargo" "+beta-2023-12-22" "test" "--frozen", kill_on_drop: false }`
[INFO] [stdout] 2b64a41b9ee12d2ff063620275890f42504e7b81dd6d7557bb638e195cb2c1ba
[INFO] running `Command { std: "docker" "start" "-a" "2b64a41b9ee12d2ff063620275890f42504e7b81dd6d7557bb638e195cb2c1ba", kill_on_drop: false }`
[INFO] [stderr] warning: unused import: `cell::RefCell`
[INFO] [stderr]  --> src/app.rs:1:11
[INFO] [stderr]   |
[INFO] [stderr] 1 | use std::{cell::RefCell, sync::Mutex};
[INFO] [stderr]   |           ^^^^^^^^^^^^^
[INFO] [stderr]   |
[INFO] [stderr]   = note: `#[warn(unused_imports)]` on by default
[INFO] [stderr] 
[INFO] [stderr] warning: unused imports: `emath`, `pos2`
[INFO] [stderr]  --> src/app.rs:4:27
[INFO] [stderr]   |
[INFO] [stderr] 4 | use eframe::{egui::{self, emath}, epaint::{vec2, pos2}};
[INFO] [stderr]   |                           ^^^^^                  ^^^^
[INFO] [stderr] 
[INFO] [stderr] warning: unused import: `uuid::Uuid`
[INFO] [stderr]  --> src/app.rs:5:5
[INFO] [stderr]   |
[INFO] [stderr] 5 | use uuid::Uuid;
[INFO] [stderr]   |     ^^^^^^^^^^
[INFO] [stderr] 
[INFO] [stderr] warning: unused import: `calendar::Event`
[INFO] [stderr]  --> src/app.rs:7:116
[INFO] [stderr]   |
[INFO] [stderr] 7 | use crate::{drag_and_drop::drop_target, planer::{PlanerData, Exam, Teacher, Student, uuid_ref::UuidRef, Tag, Name, calendar::Event}, moda...
[INFO] [stderr]   |                                                                                                                    ^^^^^^^^^^^^^^^
[INFO] [stderr] 
[INFO] [stderr] warning: unused import: `epaint::vec2`
[INFO] [stderr]  --> src/drag_and_drop.rs:1:36
[INFO] [stderr]   |
[INFO] [stderr] 1 | use eframe::{egui::{self, epaint}, epaint::vec2};
[INFO] [stderr]   |                                    ^^^^^^^^^^^^
[INFO] [stderr] 
[INFO] [stderr] warning: fields `maximized` and `dummy_string` are never read
[INFO] [stderr]   --> src/app.rs:12:5
[INFO] [stderr]    |
[INFO] [stderr] 11 | pub struct PlanerApp {
[INFO] [stderr]    |            --------- fields in this struct
[INFO] [stderr] 12 |     maximized: bool,
[INFO] [stderr]    |     ^^^^^^^^^
[INFO] [stderr] ...
[INFO] [stderr] 21 |     dummy_string: String,
[INFO] [stderr]    |     ^^^^^^^^^^^^
[INFO] [stderr]    |
[INFO] [stderr]    = note: `#[warn(dead_code)]` on by default
[INFO] [stderr] 
[INFO] [stderr] warning: fields `id`, `duration`, `subjects`, and `tags` are never read
[INFO] [stderr]   --> src/app.rs:37:5
[INFO] [stderr]    |
[INFO] [stderr] 36 | struct AddExamData {
[INFO] [stderr]    |        ----------- fields in this struct
[INFO] [stderr] 37 |     id: String,
[INFO] [stderr]    |     ^^
[INFO] [stderr] 38 |     duration: Duration,
[INFO] [stderr]    |     ^^^^^^^^
[INFO] [stderr] 39 |     subjects: Vec<String>,
[INFO] [stderr]    |     ^^^^^^^^
[INFO] [stderr] 40 |     tags: Vec<Tag>,
[INFO] [stderr]    |     ^^^^
[INFO] [stderr]    |
[INFO] [stderr]    = note: `AddExamData` has a derived impl for the trait `Debug`, but this is intentionally ignored during dead code analysis
[INFO] [stderr] 
[INFO] [stderr] warning: constant `MAXIMIZE_WINDOW_ICON` is never used
[INFO] [stderr]    --> src/app.rs:109:7
[INFO] [stderr]     |
[INFO] [stderr] 109 | const MAXIMIZE_WINDOW_ICON: &str    = "🗖";
[INFO] [stderr]     |       ^^^^^^^^^^^^^^^^^^^^
[INFO] [stderr] 
[INFO] [stderr] warning: constant `MINIMIZE_WINDOW_ICON` is never used
[INFO] [stderr]    --> src/app.rs:110:7
[INFO] [stderr]     |
[INFO] [stderr] 110 | const MINIMIZE_WINDOW_ICON: &str    = "🗕";
[INFO] [stderr]     |       ^^^^^^^^^^^^^^^^^^^^
[INFO] [stderr] 
[INFO] [stderr] warning: methods `is_booked_at`, `get_events_at_mut`, and `get_booked_from_to_mut` are never used
[INFO] [stderr]   --> src/planer/calendar.rs:26:12
[INFO] [stderr]    |
[INFO] [stderr] 14 | impl<E> Calendar<E> {
[INFO] [stderr]    | ------------------- methods in this implementation
[INFO] [stderr] ...
[INFO] [stderr] 26 |     pub fn is_booked_at(&self, time: &DateTime<Utc>) -> bool {
[INFO] [stderr]    |            ^^^^^^^^^^^^
[INFO] [stderr] ...
[INFO] [stderr] 34 |     pub fn get_events_at_mut(&mut self, time: &DateTime<Utc>) -> Vec<&mut Event<E>> {
[INFO] [stderr]    |            ^^^^^^^^^^^^^^^^^
[INFO] [stderr] ...
[INFO] [stderr] 47 |     pub fn get_booked_from_to_mut(&mut self, time: &DateTime<Utc>, duration: Duration) -> Vec<&mut Event<E>> {
[INFO] [stderr]    |            ^^^^^^^^^^^^^^^^^^^^^^
[INFO] [stderr] 
[INFO] [stderr] warning: associated function `null` is never used
[INFO] [stderr]   --> src/planer/uuid_ref.rs:32:12
[INFO] [stderr]    |
[INFO] [stderr] 27 | impl<T: AsUuid> UuidRef<T> {
[INFO] [stderr]    | -------------------------- associated function in this implementation
[INFO] [stderr] ...
[INFO] [stderr] 32 |     pub fn null() -> Self {
[INFO] [stderr]    |            ^^^^
[INFO] [stderr] 
[INFO] [stderr] warning: enum `SearchKind` is never used
[INFO] [stderr]  --> src/search.rs:3:10
[INFO] [stderr]   |
[INFO] [stderr] 3 | pub enum SearchKind {
[INFO] [stderr]   |          ^^^^^^^^^^
[INFO] [stderr] 
[INFO] [stderr] warning: field `search_type` is never read
[INFO] [stderr]   --> src/search.rs:11:5
[INFO] [stderr]    |
[INFO] [stderr] 9  | pub struct SearchData<T> {
[INFO] [stderr]    |            ---------- field in this struct
[INFO] [stderr] 10 |     search_string: String,
[INFO] [stderr] 11 |     search_type: T,
[INFO] [stderr]    |     ^^^^^^^^^^^
[INFO] [stderr] 
[INFO] [stderr] warning: `planer` (bin "planer" test) generated 13 warnings (run `cargo fix --bin "planer" --tests` to apply 5 suggestions)
[INFO] [stderr]     Finished test [unoptimized + debuginfo] target(s) in 0.10s
[INFO] [stderr]      Running unittests src/main.rs (/opt/rustwide/target/debug/deps/planer-9947d1a54280d79d)
[INFO] [stdout] 
[INFO] [stdout] running 2 tests
[INFO] [stdout] test planer::calendar::tests::event_includes ... ok
[INFO] [stdout] test planer::calendar::tests::event_includes_time ... ok
[INFO] [stdout] 
[INFO] [stdout] test result: ok. 2 passed; 0 failed; 0 ignored; 0 measured; 0 filtered out; finished in 0.00s
[INFO] [stdout] 
[INFO] running `Command { std: "docker" "inspect" "2b64a41b9ee12d2ff063620275890f42504e7b81dd6d7557bb638e195cb2c1ba", kill_on_drop: false }`
[INFO] running `Command { std: "docker" "rm" "-f" "2b64a41b9ee12d2ff063620275890f42504e7b81dd6d7557bb638e195cb2c1ba", kill_on_drop: false }`
[INFO] [stdout] 2b64a41b9ee12d2ff063620275890f42504e7b81dd6d7557bb638e195cb2c1ba
