[INFO] cloning repository https://github.com/chunghha/ron-demo
[INFO] running `Command { std: "git" "-c" "credential.helper=" "-c" "credential.helper=/workspace/cargo-home/bin/git-credential-null" "clone" "--bare" "https://github.com/chunghha/ron-demo" "/workspace/cache/git-repos/https%3A%2F%2Fgithub.com%2Fchunghha%2Fron-demo", kill_on_drop: false }`
[INFO] [stderr] Cloning into bare repository '/workspace/cache/git-repos/https%3A%2F%2Fgithub.com%2Fchunghha%2Fron-demo'...
[INFO] running `Command { std: "git" "rev-parse" "HEAD", kill_on_drop: false }`
[INFO] [stdout] 948237ecb06c4bf8d9b6dd8f4e22a1acbab2a950
[INFO] testing chunghha/ron-demo against 1.75.0 for beta-1.76-1
[INFO] running `Command { std: "git" "clone" "/workspace/cache/git-repos/https%3A%2F%2Fgithub.com%2Fchunghha%2Fron-demo" "/workspace/builds/worker-3-tc1/source", kill_on_drop: false }`
[INFO] [stderr] Cloning into '/workspace/builds/worker-3-tc1/source'...
[INFO] [stderr] done.
[INFO] validating manifest of git repo https://github.com/chunghha/ron-demo on toolchain 1.75.0
[INFO] running `Command { std: CARGO_HOME="/workspace/cargo-home" RUSTUP_HOME="/workspace/rustup-home" "/workspace/cargo-home/bin/cargo" "+1.75.0" "metadata" "--manifest-path" "Cargo.toml" "--no-deps", kill_on_drop: false }`
[INFO] started tweaking git repo https://github.com/chunghha/ron-demo
[INFO] finished tweaking git repo https://github.com/chunghha/ron-demo
[INFO] tweaked toml for git repo https://github.com/chunghha/ron-demo written to /workspace/builds/worker-3-tc1/source/Cargo.toml
[INFO] crate git repo https://github.com/chunghha/ron-demo already has a lockfile, it will not be regenerated
[INFO] running `Command { std: CARGO_HOME="/workspace/cargo-home" RUSTUP_HOME="/workspace/rustup-home" "/workspace/cargo-home/bin/cargo" "+1.75.0" "fetch" "--manifest-path" "Cargo.toml", kill_on_drop: false }`
[INFO] [stderr]     Blocking waiting for file lock on package cache
[ERROR] error running command: no output for 300 seconds
[ERROR] this task or one of its parent failed!
[ERROR] no output for 300 seconds
[ERROR] note: run with `RUST_BACKTRACE=1` to display a backtrace.
[INFO] testing chunghha/ron-demo against beta-2023-12-22 for beta-1.76-1
[INFO] running `Command { std: "git" "clone" "/workspace/cache/git-repos/https%3A%2F%2Fgithub.com%2Fchunghha%2Fron-demo" "/workspace/builds/worker-3-tc2/source", kill_on_drop: false }`
[INFO] [stderr] Cloning into '/workspace/builds/worker-3-tc2/source'...
[INFO] [stderr] done.
[INFO] validating manifest of git repo https://github.com/chunghha/ron-demo on toolchain beta-2023-12-22
[INFO] running `Command { std: CARGO_HOME="/workspace/cargo-home" RUSTUP_HOME="/workspace/rustup-home" "/workspace/cargo-home/bin/cargo" "+beta-2023-12-22" "metadata" "--manifest-path" "Cargo.toml" "--no-deps", kill_on_drop: false }`
[INFO] started tweaking git repo https://github.com/chunghha/ron-demo
[INFO] finished tweaking git repo https://github.com/chunghha/ron-demo
[INFO] tweaked toml for git repo https://github.com/chunghha/ron-demo written to /workspace/builds/worker-3-tc2/source/Cargo.toml
[INFO] crate git repo https://github.com/chunghha/ron-demo already has a lockfile, it will not be regenerated
[INFO] running `Command { std: CARGO_HOME="/workspace/cargo-home" RUSTUP_HOME="/workspace/rustup-home" "/workspace/cargo-home/bin/cargo" "+beta-2023-12-22" "fetch" "--manifest-path" "Cargo.toml", kill_on_drop: false }`
[INFO] [stderr]     Blocking waiting for file lock on package cache
[INFO] [stderr]     Blocking waiting for file lock on package cache
[INFO] [stderr]  Downloading crates ...
[INFO] [stderr]   Downloaded svg v0.7.2
[INFO] [stderr]   Downloaded plotlib v0.5.1
[INFO] [stderr]   Downloaded ron v0.6.0
[INFO] [stderr]   Downloaded better-panic v0.2.0
[INFO] running `Command { std: "docker" "create" "-v" "/var/lib/crater-agent-workspace/builds/worker-3-tc2/target:/opt/rustwide/target:rw,Z" "-v" "/var/lib/crater-agent-workspace/builds/worker-3-tc2/source:/opt/rustwide/workdir:ro,Z" "-v" "/var/lib/crater-agent-workspace/cargo-home:/opt/rustwide/cargo-home:ro,Z" "-v" "/var/lib/crater-agent-workspace/rustup-home:/opt/rustwide/rustup-home:ro,Z" "-e" "SOURCE_DIR=/opt/rustwide/workdir" "-e" "CARGO_TARGET_DIR=/opt/rustwide/target" "-e" "CARGO_HOME=/opt/rustwide/cargo-home" "-e" "RUSTUP_HOME=/opt/rustwide/rustup-home" "-w" "/opt/rustwide/workdir" "-m" "1610612736" "--user" "0:0" "--network" "none" "ghcr.io/rust-lang/crates-build-env/linux@sha256:2788e3201cd34a07e3172128adcd8b3090168a8e3bcc40d7c032b9dda1df7d1c" "/opt/rustwide/cargo-home/bin/cargo" "+beta-2023-12-22" "metadata" "--no-deps" "--format-version=1", kill_on_drop: false }`
[INFO] [stdout] cbf394c36f2ba054ae2daeb69608213b6070932a871556ba6e996c5bbf3f9224
[INFO] running `Command { std: "docker" "start" "-a" "cbf394c36f2ba054ae2daeb69608213b6070932a871556ba6e996c5bbf3f9224", kill_on_drop: false }`
[INFO] running `Command { std: "docker" "inspect" "cbf394c36f2ba054ae2daeb69608213b6070932a871556ba6e996c5bbf3f9224", kill_on_drop: false }`
[INFO] running `Command { std: "docker" "rm" "-f" "cbf394c36f2ba054ae2daeb69608213b6070932a871556ba6e996c5bbf3f9224", kill_on_drop: false }`
[INFO] [stdout] cbf394c36f2ba054ae2daeb69608213b6070932a871556ba6e996c5bbf3f9224
[INFO] running `Command { std: "docker" "create" "-v" "/var/lib/crater-agent-workspace/builds/worker-3-tc2/target:/opt/rustwide/target:rw,Z" "-v" "/var/lib/crater-agent-workspace/builds/worker-3-tc2/source:/opt/rustwide/workdir:ro,Z" "-v" "/var/lib/crater-agent-workspace/cargo-home:/opt/rustwide/cargo-home:ro,Z" "-v" "/var/lib/crater-agent-workspace/rustup-home:/opt/rustwide/rustup-home:ro,Z" "-e" "SOURCE_DIR=/opt/rustwide/workdir" "-e" "CARGO_TARGET_DIR=/opt/rustwide/target" "-e" "CARGO_INCREMENTAL=0" "-e" "RUST_BACKTRACE=full" "-e" "RUSTFLAGS=--cap-lints=warn" "-e" "RUSTDOCFLAGS=--cap-lints=warn" "-e" "CARGO_HOME=/opt/rustwide/cargo-home" "-e" "RUSTUP_HOME=/opt/rustwide/rustup-home" "-w" "/opt/rustwide/workdir" "-m" "1610612736" "--user" "0:0" "--network" "none" "ghcr.io/rust-lang/crates-build-env/linux@sha256:2788e3201cd34a07e3172128adcd8b3090168a8e3bcc40d7c032b9dda1df7d1c" "/opt/rustwide/cargo-home/bin/cargo" "+beta-2023-12-22" "build" "--frozen" "--message-format=json", kill_on_drop: false }`
[INFO] [stdout] 464de226bc15f45700da1719e4b9a516b196d2eedede696e2cd61a93d72a4c48
[INFO] running `Command { std: "docker" "start" "-a" "464de226bc15f45700da1719e4b9a516b196d2eedede696e2cd61a93d72a4c48", kill_on_drop: false }`
[INFO] [stderr]    Compiling proc-macro2 v1.0.18
[INFO] [stderr]    Compiling unicode-xid v0.2.0
[INFO] [stderr]    Compiling libc v0.2.71
[INFO] [stderr]    Compiling syn v1.0.31
[INFO] [stderr]    Compiling memchr v2.3.3
[INFO] [stderr]    Compiling version_check v0.9.2
[INFO] [stderr]    Compiling cfg-if v0.1.10
[INFO] [stderr]    Compiling regex-syntax v0.6.18
[INFO] [stderr]    Compiling gimli v0.21.0
[INFO] [stderr]    Compiling bitflags v1.2.1
[INFO] [stderr]    Compiling object v0.19.0
[INFO] [stderr]    Compiling failure_derive v0.1.8
[INFO] [stderr]    Compiling rustc-demangle v0.1.16
[INFO] [stderr]    Compiling log v0.4.8
[INFO] [stderr]    Compiling quick-error v1.2.3
[INFO] [stderr]    Compiling thread_local v1.0.1
[INFO] [stderr]    Compiling serde v1.0.111
[INFO] [stderr]    Compiling unicode-segmentation v1.6.0
[INFO] [stderr]    Compiling unicode-width v0.1.7
[INFO] [stderr]    Compiling textwrap v0.11.0
[INFO] [stderr]    Compiling humantime v1.3.0
[INFO] [stderr]    Compiling anyhow v1.0.31
[INFO] [stderr]    Compiling ansi_term v0.11.0
[INFO] [stderr]    Compiling heck v0.3.1
[INFO] [stderr]    Compiling strsim v0.8.0
[INFO] [stderr]    Compiling vec_map v0.8.2
[INFO] [stderr]    Compiling termcolor v1.1.0
[INFO] [stderr]    Compiling proc-macro-error-attr v1.0.2
[INFO] [stderr]    Compiling proc-macro-error v1.0.2
[INFO] [stderr]    Compiling base64 v0.12.1
[INFO] [stderr]    Compiling aho-corasick v0.7.10
[INFO] [stderr]    Compiling svg v0.7.2
[INFO] [stderr]    Compiling quote v1.0.7
[INFO] [stderr]    Compiling atty v0.2.14
[INFO] [stderr]    Compiling clicolors-control v1.0.1
[INFO] [stderr]    Compiling termios v0.3.2
[INFO] [stderr]    Compiling clap v2.33.1
[INFO] [stderr]    Compiling regex v1.3.9
[INFO] [stderr]    Compiling addr2line v0.12.1
[INFO] [stderr]    Compiling backtrace v0.3.48
[INFO] [stderr]    Compiling env_logger v0.7.1
[INFO] [stderr]    Compiling console v0.9.2
[INFO] [stderr]    Compiling better-panic v0.2.0
[INFO] [stderr]    Compiling pretty_env_logger v0.4.0
[INFO] [stderr]    Compiling syn-mid v0.5.0
[INFO] [stderr]    Compiling synstructure v0.12.4
[INFO] [stderr]    Compiling serde_derive v1.0.111
[INFO] [stderr]    Compiling structopt-derive v0.4.8
[INFO] [stderr]    Compiling failure v0.1.8
[INFO] [stderr]    Compiling plotlib v0.5.1
[INFO] [stderr]    Compiling structopt v0.3.15
[INFO] [stderr]    Compiling ron v0.6.0
[INFO] [stderr]    Compiling ron-demo v0.1.0 (/opt/rustwide/workdir)
[INFO] [stdout] warning: fields `boolean`, `float`, `map`, `nested`, and `tuple` are never read
[INFO] [stdout]   --> src/bin/decode.rs:11:3
[INFO] [stdout]    |
[INFO] [stdout] 10 | struct Config {
[INFO] [stdout]    |        ------ fields in this struct
[INFO] [stdout] 11 |   boolean: bool,
[INFO] [stdout]    |   ^^^^^^^
[INFO] [stdout] 12 |   float: f32,
[INFO] [stdout]    |   ^^^^^
[INFO] [stdout] 13 |   map: HashMap<u8, char>,
[INFO] [stdout]    |   ^^^
[INFO] [stdout] 14 |   nested: Nested,
[INFO] [stdout]    |   ^^^^^^
[INFO] [stdout] 15 |   tuple: (u32, u32),
[INFO] [stdout]    |   ^^^^^
[INFO] [stdout]    |
[INFO] [stdout]    = note: `Config` has a derived impl for the trait `Debug`, but this is intentionally ignored during dead code analysis
[INFO] [stdout]    = note: `#[warn(dead_code)]` on by default
[INFO] [stdout] 
[INFO] [stdout] 
[INFO] [stdout] warning: fields `a` and `b` are never read
[INFO] [stdout]   --> src/bin/decode.rs:20:3
[INFO] [stdout]    |
[INFO] [stdout] 19 | struct Nested {
[INFO] [stdout]    |        ------ fields in this struct
[INFO] [stdout] 20 |   a: String,
[INFO] [stdout]    |   ^
[INFO] [stdout] 21 |   b: char,
[INFO] [stdout]    |   ^
[INFO] [stdout]    |
[INFO] [stdout]    = note: `Nested` has a derived impl for the trait `Debug`, but this is intentionally ignored during dead code analysis
[INFO] [stdout] 
[INFO] [stdout] 
[INFO] [stdout] warning: 2 warnings emitted
[INFO] [stdout] 
[INFO] [stdout] 
[INFO] [stderr]     Finished dev [unoptimized + debuginfo] target(s) in 24.37s
[INFO] [stderr] warning: the following packages contain code that will be rejected by a future version of Rust: svg v0.7.2
[INFO] [stderr] note: to see what the problems were, use the option `--future-incompat-report`, or run `cargo report future-incompatibilities --id 1`
[INFO] running `Command { std: "docker" "inspect" "464de226bc15f45700da1719e4b9a516b196d2eedede696e2cd61a93d72a4c48", kill_on_drop: false }`
[INFO] running `Command { std: "docker" "rm" "-f" "464de226bc15f45700da1719e4b9a516b196d2eedede696e2cd61a93d72a4c48", kill_on_drop: false }`
[INFO] [stdout] 464de226bc15f45700da1719e4b9a516b196d2eedede696e2cd61a93d72a4c48
[INFO] running `Command { std: "docker" "create" "-v" "/var/lib/crater-agent-workspace/builds/worker-3-tc2/target:/opt/rustwide/target:rw,Z" "-v" "/var/lib/crater-agent-workspace/builds/worker-3-tc2/source:/opt/rustwide/workdir:ro,Z" "-v" "/var/lib/crater-agent-workspace/cargo-home:/opt/rustwide/cargo-home:ro,Z" "-v" "/var/lib/crater-agent-workspace/rustup-home:/opt/rustwide/rustup-home:ro,Z" "-e" "SOURCE_DIR=/opt/rustwide/workdir" "-e" "CARGO_TARGET_DIR=/opt/rustwide/target" "-e" "CARGO_INCREMENTAL=0" "-e" "RUST_BACKTRACE=full" "-e" "RUSTFLAGS=--cap-lints=warn" "-e" "RUSTDOCFLAGS=--cap-lints=warn" "-e" "CARGO_HOME=/opt/rustwide/cargo-home" "-e" "RUSTUP_HOME=/opt/rustwide/rustup-home" "-w" "/opt/rustwide/workdir" "-m" "1610612736" "--user" "0:0" "--network" "none" "ghcr.io/rust-lang/crates-build-env/linux@sha256:2788e3201cd34a07e3172128adcd8b3090168a8e3bcc40d7c032b9dda1df7d1c" "/opt/rustwide/cargo-home/bin/cargo" "+beta-2023-12-22" "test" "--frozen" "--no-run" "--message-format=json", kill_on_drop: false }`
[INFO] [stdout] bf44416b2f82ce29d605ed9453ffaf538bab93e33f3f7a7742521fe72368c929
[INFO] running `Command { std: "docker" "start" "-a" "bf44416b2f82ce29d605ed9453ffaf538bab93e33f3f7a7742521fe72368c929", kill_on_drop: false }`
[INFO] [stderr]    Compiling ron-demo v0.1.0 (/opt/rustwide/workdir)
[INFO] [stdout] warning: fields `boolean`, `float`, `map`, `nested`, and `tuple` are never read
[INFO] [stdout]   --> src/bin/decode.rs:11:3
[INFO] [stdout]    |
[INFO] [stdout] 10 | struct Config {
[INFO] [stdout]    |        ------ fields in this struct
[INFO] [stdout] 11 |   boolean: bool,
[INFO] [stdout]    |   ^^^^^^^
[INFO] [stdout] 12 |   float: f32,
[INFO] [stdout]    |   ^^^^^
[INFO] [stdout] 13 |   map: HashMap<u8, char>,
[INFO] [stdout]    |   ^^^
[INFO] [stdout] 14 |   nested: Nested,
[INFO] [stdout]    |   ^^^^^^
[INFO] [stdout] 15 |   tuple: (u32, u32),
[INFO] [stdout]    |   ^^^^^
[INFO] [stdout]    |
[INFO] [stdout]    = note: `Config` has a derived impl for the trait `Debug`, but this is intentionally ignored during dead code analysis
[INFO] [stdout]    = note: `#[warn(dead_code)]` on by default
[INFO] [stdout] 
[INFO] [stdout] 
[INFO] [stdout] warning: fields `a` and `b` are never read
[INFO] [stdout]   --> src/bin/decode.rs:20:3
[INFO] [stdout]    |
[INFO] [stdout] 19 | struct Nested {
[INFO] [stdout]    |        ------ fields in this struct
[INFO] [stdout] 20 |   a: String,
[INFO] [stdout]    |   ^
[INFO] [stdout] 21 |   b: char,
[INFO] [stdout]    |   ^
[INFO] [stdout]    |
[INFO] [stdout]    = note: `Nested` has a derived impl for the trait `Debug`, but this is intentionally ignored during dead code analysis
[INFO] [stdout] 
[INFO] [stdout] 
[INFO] [stdout] warning: 2 warnings emitted
[INFO] [stdout] 
[INFO] [stdout] 
[INFO] [stderr]     Finished test [unoptimized + debuginfo] target(s) in 0.39s
[INFO] [stderr] warning: the following packages contain code that will be rejected by a future version of Rust: svg v0.7.2
[INFO] [stderr] note: to see what the problems were, use the option `--future-incompat-report`, or run `cargo report future-incompatibilities --id 1`
[INFO] running `Command { std: "docker" "inspect" "bf44416b2f82ce29d605ed9453ffaf538bab93e33f3f7a7742521fe72368c929", kill_on_drop: false }`
[INFO] running `Command { std: "docker" "rm" "-f" "bf44416b2f82ce29d605ed9453ffaf538bab93e33f3f7a7742521fe72368c929", kill_on_drop: false }`
[INFO] [stdout] bf44416b2f82ce29d605ed9453ffaf538bab93e33f3f7a7742521fe72368c929
[INFO] running `Command { std: "docker" "create" "-v" "/var/lib/crater-agent-workspace/builds/worker-3-tc2/target:/opt/rustwide/target:rw,Z" "-v" "/var/lib/crater-agent-workspace/builds/worker-3-tc2/source:/opt/rustwide/workdir:ro,Z" "-v" "/var/lib/crater-agent-workspace/cargo-home:/opt/rustwide/cargo-home:ro,Z" "-v" "/var/lib/crater-agent-workspace/rustup-home:/opt/rustwide/rustup-home:ro,Z" "-e" "SOURCE_DIR=/opt/rustwide/workdir" "-e" "CARGO_TARGET_DIR=/opt/rustwide/target" "-e" "CARGO_INCREMENTAL=0" "-e" "RUST_BACKTRACE=full" "-e" "RUSTFLAGS=--cap-lints=warn" "-e" "RUSTDOCFLAGS=--cap-lints=warn" "-e" "CARGO_HOME=/opt/rustwide/cargo-home" "-e" "RUSTUP_HOME=/opt/rustwide/rustup-home" "-w" "/opt/rustwide/workdir" "-m" "1610612736" "--user" "0:0" "--network" "none" "ghcr.io/rust-lang/crates-build-env/linux@sha256:2788e3201cd34a07e3172128adcd8b3090168a8e3bcc40d7c032b9dda1df7d1c" "/opt/rustwide/cargo-home/bin/cargo" "+beta-2023-12-22" "test" "--frozen", kill_on_drop: false }`
[INFO] [stdout] b094e3895de5c4338b0959c2ed4eb99fa84f3c94f3acf1a8d5c670c7d9d0c183
[INFO] running `Command { std: "docker" "start" "-a" "b094e3895de5c4338b0959c2ed4eb99fa84f3c94f3acf1a8d5c670c7d9d0c183", kill_on_drop: false }`
[INFO] [stderr] warning: fields `boolean`, `float`, `map`, `nested`, and `tuple` are never read
[INFO] [stderr]   --> src/bin/decode.rs:11:3
[INFO] [stderr]    |
[INFO] [stderr] 10 | struct Config {
[INFO] [stderr]    |        ------ fields in this struct
[INFO] [stderr] 11 |   boolean: bool,
[INFO] [stderr]    |   ^^^^^^^
[INFO] [stderr] 12 |   float: f32,
[INFO] [stderr]    |   ^^^^^
[INFO] [stderr] 13 |   map: HashMap<u8, char>,
[INFO] [stderr]    |   ^^^
[INFO] [stderr] 14 |   nested: Nested,
[INFO] [stderr]    |   ^^^^^^
[INFO] [stderr] 15 |   tuple: (u32, u32),
[INFO] [stderr]    |   ^^^^^
[INFO] [stderr]    |
[INFO] [stderr]    = note: `Config` has a derived impl for the trait `Debug`, but this is intentionally ignored during dead code analysis
[INFO] [stderr]    = note: `#[warn(dead_code)]` on by default
[INFO] [stderr] 
[INFO] [stderr] warning: fields `a` and `b` are never read
[INFO] [stderr]   --> src/bin/decode.rs:20:3
[INFO] [stderr]    |
[INFO] [stderr] 19 | struct Nested {
[INFO] [stderr]    |        ------ fields in this struct
[INFO] [stderr] 20 |   a: String,
[INFO] [stderr]    |   ^
[INFO] [stderr] 21 |   b: char,
[INFO] [stderr]    |   ^
[INFO] [stderr]    |
[INFO] [stderr]    = note: `Nested` has a derived impl for the trait `Debug`, but this is intentionally ignored during dead code analysis
[INFO] [stderr] 
[INFO] [stderr] warning: `ron-demo` (bin "decode" test) generated 2 warnings
[INFO] [stderr]     Finished test [unoptimized + debuginfo] target(s) in 0.04s
[INFO] [stderr] warning: the following packages contain code that will be rejected by a future version of Rust: svg v0.7.2
[INFO] [stderr] note: to see what the problems were, use the option `--future-incompat-report`, or run `cargo report future-incompatibilities --id 1`
[INFO] [stderr]      Running unittests src/bin/decode.rs (/opt/rustwide/target/debug/deps/decode-68445dc45631388f)
[INFO] [stdout] 
[INFO] [stdout] running 0 tests
[INFO] [stdout] 
[INFO] [stdout] test result: ok. 0 passed; 0 failed; 0 ignored; 0 measured; 0 filtered out; finished in 0.00s
[INFO] [stdout] 
[INFO] [stderr]      Running unittests src/bin/encode.rs (/opt/rustwide/target/debug/deps/encode-b7cd66149972d4e9)
[INFO] [stdout] 
[INFO] [stdout] running 0 tests
[INFO] [stdout] 
[INFO] [stdout] test result: ok. 0 passed; 0 failed; 0 ignored; 0 measured; 0 filtered out; finished in 0.00s
[INFO] [stdout] 
[INFO] [stderr]      Running unittests src/bin/plot.rs (/opt/rustwide/target/debug/deps/plot-160bbecab425509e)
[INFO] [stdout] 
[INFO] [stdout] running 0 tests
[INFO] [stdout] 
[INFO] [stdout] test result: ok. 0 passed; 0 failed; 0 ignored; 0 measured; 0 filtered out; finished in 0.00s
[INFO] [stdout] 
[INFO] running `Command { std: "docker" "inspect" "b094e3895de5c4338b0959c2ed4eb99fa84f3c94f3acf1a8d5c670c7d9d0c183", kill_on_drop: false }`
[INFO] running `Command { std: "docker" "rm" "-f" "b094e3895de5c4338b0959c2ed4eb99fa84f3c94f3acf1a8d5c670c7d9d0c183", kill_on_drop: false }`
[INFO] [stdout] b094e3895de5c4338b0959c2ed4eb99fa84f3c94f3acf1a8d5c670c7d9d0c183
