[INFO] cloning repository https://github.com/chrrasmussen/aureum
[INFO] running `Command { std: "git" "-c" "credential.helper=" "-c" "credential.helper=/workspace/cargo-home/bin/git-credential-null" "clone" "--bare" "https://github.com/chrrasmussen/aureum" "/workspace/cache/git-repos/https%3A%2F%2Fgithub.com%2Fchrrasmussen%2Faureum", kill_on_drop: false }`
[INFO] [stderr] Cloning into bare repository '/workspace/cache/git-repos/https%3A%2F%2Fgithub.com%2Fchrrasmussen%2Faureum'...
[INFO] running `Command { std: "git" "rev-parse" "HEAD", kill_on_drop: false }`
[INFO] [stdout] 748083728c2b6d594e63aad073459c9740e1cb22
[INFO] testing chrrasmussen/aureum against 1.75.0 for beta-1.76-1
[INFO] running `Command { std: "git" "clone" "/workspace/cache/git-repos/https%3A%2F%2Fgithub.com%2Fchrrasmussen%2Faureum" "/workspace/builds/worker-4-tc1/source", kill_on_drop: false }`
[INFO] [stderr] Cloning into '/workspace/builds/worker-4-tc1/source'...
[INFO] [stderr] done.
[INFO] validating manifest of git repo https://github.com/chrrasmussen/aureum on toolchain 1.75.0
[INFO] running `Command { std: CARGO_HOME="/workspace/cargo-home" RUSTUP_HOME="/workspace/rustup-home" "/workspace/cargo-home/bin/cargo" "+1.75.0" "metadata" "--manifest-path" "Cargo.toml" "--no-deps", kill_on_drop: false }`
[INFO] started tweaking git repo https://github.com/chrrasmussen/aureum
[INFO] finished tweaking git repo https://github.com/chrrasmussen/aureum
[INFO] tweaked toml for git repo https://github.com/chrrasmussen/aureum written to /workspace/builds/worker-4-tc1/source/Cargo.toml
[INFO] crate git repo https://github.com/chrrasmussen/aureum already has a lockfile, it will not be regenerated
[INFO] running `Command { std: CARGO_HOME="/workspace/cargo-home" RUSTUP_HOME="/workspace/rustup-home" "/workspace/cargo-home/bin/cargo" "+1.75.0" "fetch" "--manifest-path" "Cargo.toml", kill_on_drop: false }`
[INFO] [stderr]     Blocking waiting for file lock on package cache
[ERROR] error running command: no output for 300 seconds
[ERROR] this task or one of its parent failed!
[ERROR] no output for 300 seconds
[ERROR] note: run with `RUST_BACKTRACE=1` to display a backtrace.
[INFO] testing chrrasmussen/aureum against beta-2023-12-22 for beta-1.76-1
[INFO] running `Command { std: "git" "clone" "/workspace/cache/git-repos/https%3A%2F%2Fgithub.com%2Fchrrasmussen%2Faureum" "/workspace/builds/worker-4-tc2/source", kill_on_drop: false }`
[INFO] [stderr] Cloning into '/workspace/builds/worker-4-tc2/source'...
[INFO] [stderr] done.
[INFO] validating manifest of git repo https://github.com/chrrasmussen/aureum on toolchain beta-2023-12-22
[INFO] running `Command { std: CARGO_HOME="/workspace/cargo-home" RUSTUP_HOME="/workspace/rustup-home" "/workspace/cargo-home/bin/cargo" "+beta-2023-12-22" "metadata" "--manifest-path" "Cargo.toml" "--no-deps", kill_on_drop: false }`
[INFO] started tweaking git repo https://github.com/chrrasmussen/aureum
[INFO] finished tweaking git repo https://github.com/chrrasmussen/aureum
[INFO] tweaked toml for git repo https://github.com/chrrasmussen/aureum written to /workspace/builds/worker-4-tc2/source/Cargo.toml
[INFO] crate git repo https://github.com/chrrasmussen/aureum already has a lockfile, it will not be regenerated
[INFO] running `Command { std: CARGO_HOME="/workspace/cargo-home" RUSTUP_HOME="/workspace/rustup-home" "/workspace/cargo-home/bin/cargo" "+beta-2023-12-22" "fetch" "--manifest-path" "Cargo.toml", kill_on_drop: false }`
[INFO] [stderr]     Blocking waiting for file lock on package cache
[INFO] [stderr]     Blocking waiting for file lock on package cache
[INFO] running `Command { std: "docker" "create" "-v" "/var/lib/crater-agent-workspace/builds/worker-4-tc2/target:/opt/rustwide/target:rw,Z" "-v" "/var/lib/crater-agent-workspace/builds/worker-4-tc2/source:/opt/rustwide/workdir:ro,Z" "-v" "/var/lib/crater-agent-workspace/cargo-home:/opt/rustwide/cargo-home:ro,Z" "-v" "/var/lib/crater-agent-workspace/rustup-home:/opt/rustwide/rustup-home:ro,Z" "-e" "SOURCE_DIR=/opt/rustwide/workdir" "-e" "CARGO_TARGET_DIR=/opt/rustwide/target" "-e" "CARGO_HOME=/opt/rustwide/cargo-home" "-e" "RUSTUP_HOME=/opt/rustwide/rustup-home" "-w" "/opt/rustwide/workdir" "-m" "1610612736" "--user" "0:0" "--network" "none" "ghcr.io/rust-lang/crates-build-env/linux@sha256:2788e3201cd34a07e3172128adcd8b3090168a8e3bcc40d7c032b9dda1df7d1c" "/opt/rustwide/cargo-home/bin/cargo" "+beta-2023-12-22" "metadata" "--no-deps" "--format-version=1", kill_on_drop: false }`
[INFO] [stdout] c5ca759bd1cdadf493d6bfda8cdb8c024bcd5fee981f1f02fc4393eff0130228
[INFO] running `Command { std: "docker" "start" "-a" "c5ca759bd1cdadf493d6bfda8cdb8c024bcd5fee981f1f02fc4393eff0130228", kill_on_drop: false }`
[INFO] running `Command { std: "docker" "inspect" "c5ca759bd1cdadf493d6bfda8cdb8c024bcd5fee981f1f02fc4393eff0130228", kill_on_drop: false }`
[INFO] running `Command { std: "docker" "rm" "-f" "c5ca759bd1cdadf493d6bfda8cdb8c024bcd5fee981f1f02fc4393eff0130228", kill_on_drop: false }`
[INFO] [stdout] c5ca759bd1cdadf493d6bfda8cdb8c024bcd5fee981f1f02fc4393eff0130228
[INFO] running `Command { std: "docker" "create" "-v" "/var/lib/crater-agent-workspace/builds/worker-4-tc2/target:/opt/rustwide/target:rw,Z" "-v" "/var/lib/crater-agent-workspace/builds/worker-4-tc2/source:/opt/rustwide/workdir:ro,Z" "-v" "/var/lib/crater-agent-workspace/cargo-home:/opt/rustwide/cargo-home:ro,Z" "-v" "/var/lib/crater-agent-workspace/rustup-home:/opt/rustwide/rustup-home:ro,Z" "-e" "SOURCE_DIR=/opt/rustwide/workdir" "-e" "CARGO_TARGET_DIR=/opt/rustwide/target" "-e" "CARGO_INCREMENTAL=0" "-e" "RUST_BACKTRACE=full" "-e" "RUSTFLAGS=--cap-lints=warn" "-e" "RUSTDOCFLAGS=--cap-lints=warn" "-e" "CARGO_HOME=/opt/rustwide/cargo-home" "-e" "RUSTUP_HOME=/opt/rustwide/rustup-home" "-w" "/opt/rustwide/workdir" "-m" "1610612736" "--user" "0:0" "--network" "none" "ghcr.io/rust-lang/crates-build-env/linux@sha256:2788e3201cd34a07e3172128adcd8b3090168a8e3bcc40d7c032b9dda1df7d1c" "/opt/rustwide/cargo-home/bin/cargo" "+beta-2023-12-22" "build" "--frozen" "--message-format=json", kill_on_drop: false }`
[INFO] [stdout] e416f4f0970be3973523eb1dbae05428c3988457e372a3cad1ce4bcfae4a6e10
[INFO] running `Command { std: "docker" "start" "-a" "e416f4f0970be3973523eb1dbae05428c3988457e372a3cad1ce4bcfae4a6e10", kill_on_drop: false }`
[INFO] [stderr]    Compiling autocfg v1.1.0
[INFO] [stderr]    Compiling libc v0.2.139
[INFO] [stderr]    Compiling proc-macro2 v1.0.49
[INFO] [stderr]    Compiling quote v1.0.23
[INFO] [stderr]    Compiling unicode-ident v1.0.6
[INFO] [stderr]    Compiling syn v1.0.107
[INFO] [stderr]    Compiling version_check v0.9.4
[INFO] [stderr]    Compiling crossbeam-utils v0.8.14
[INFO] [stderr]    Compiling cfg-if v1.0.0
[INFO] [stderr]    Compiling serde_derive v1.0.152
[INFO] [stderr]    Compiling io-lifetimes v1.0.3
[INFO] [stderr]    Compiling scopeguard v1.1.0
[INFO] [stderr]    Compiling rustix v0.36.6
[INFO] [stderr]    Compiling serde v1.0.152
[INFO] [stderr]    Compiling either v1.8.0
[INFO] [stderr]    Compiling linux-raw-sys v0.1.4
[INFO] [stderr]    Compiling bitflags v1.3.2
[INFO] [stderr]    Compiling rayon-core v1.10.1
[INFO] [stderr]    Compiling heck v0.4.0
[INFO] [stderr]    Compiling os_str_bytes v6.4.1
[INFO] [stderr]    Compiling hashbrown v0.12.3
[INFO] [stderr]    Compiling clap_lex v0.3.0
[INFO] [stderr]    Compiling strsim v0.10.0
[INFO] [stderr]    Compiling proc-macro-error-attr v1.0.4
[INFO] [stderr]    Compiling proc-macro-error v1.0.4
[INFO] [stderr]    Compiling lazy_static v1.4.0
[INFO] [stderr]    Compiling unsafe-libyaml v0.2.5
[INFO] [stderr]    Compiling once_cell v1.17.0
[INFO] [stderr]    Compiling ryu v1.0.12
[INFO] [stderr]    Compiling memoffset v0.7.1
[INFO] [stderr]    Compiling crossbeam-epoch v0.9.13
[INFO] [stderr]    Compiling indexmap v1.9.2
[INFO] [stderr]    Compiling itoa v1.0.5
[INFO] [stderr]    Compiling termcolor v1.1.3
[INFO] [stderr]    Compiling itertools v0.10.5
[INFO] [stderr]    Compiling glob v0.3.1
[INFO] [stderr]    Compiling crossbeam-channel v0.5.6
[INFO] [stderr]    Compiling diff v0.1.13
[INFO] [stderr]    Compiling relative-path v1.7.3
[INFO] [stderr]    Compiling pathdiff v0.2.1
[INFO] [stderr]    Compiling indoc v2.0.0
[INFO] [stderr]    Compiling crossbeam-deque v0.8.2
[INFO] [stderr]    Compiling num_cpus v1.15.0
[INFO] [stderr]    Compiling atty v0.2.14
[INFO] [stderr]    Compiling which v4.4.0
[INFO] [stderr]    Compiling colored v2.0.0
[INFO] [stderr]    Compiling rayon v1.6.1
[INFO] [stderr]    Compiling is-terminal v0.4.2
[INFO] [stderr]    Compiling clap_derive v4.0.21
[INFO] [stderr]    Compiling clap v4.0.32
[INFO] [stderr]    Compiling serde_yaml v0.9.17
[INFO] [stderr]    Compiling toml v0.5.10
[INFO] [stderr]    Compiling aureum v0.1.0 (/opt/rustwide/workdir)
[INFO] [stderr]     Finished dev [unoptimized + debuginfo] target(s) in 22.18s
[INFO] running `Command { std: "docker" "inspect" "e416f4f0970be3973523eb1dbae05428c3988457e372a3cad1ce4bcfae4a6e10", kill_on_drop: false }`
[INFO] running `Command { std: "docker" "rm" "-f" "e416f4f0970be3973523eb1dbae05428c3988457e372a3cad1ce4bcfae4a6e10", kill_on_drop: false }`
[INFO] [stdout] e416f4f0970be3973523eb1dbae05428c3988457e372a3cad1ce4bcfae4a6e10
[INFO] running `Command { std: "docker" "create" "-v" "/var/lib/crater-agent-workspace/builds/worker-4-tc2/target:/opt/rustwide/target:rw,Z" "-v" "/var/lib/crater-agent-workspace/builds/worker-4-tc2/source:/opt/rustwide/workdir:ro,Z" "-v" "/var/lib/crater-agent-workspace/cargo-home:/opt/rustwide/cargo-home:ro,Z" "-v" "/var/lib/crater-agent-workspace/rustup-home:/opt/rustwide/rustup-home:ro,Z" "-e" "SOURCE_DIR=/opt/rustwide/workdir" "-e" "CARGO_TARGET_DIR=/opt/rustwide/target" "-e" "CARGO_INCREMENTAL=0" "-e" "RUST_BACKTRACE=full" "-e" "RUSTFLAGS=--cap-lints=warn" "-e" "RUSTDOCFLAGS=--cap-lints=warn" "-e" "CARGO_HOME=/opt/rustwide/cargo-home" "-e" "RUSTUP_HOME=/opt/rustwide/rustup-home" "-w" "/opt/rustwide/workdir" "-m" "1610612736" "--user" "0:0" "--network" "none" "ghcr.io/rust-lang/crates-build-env/linux@sha256:2788e3201cd34a07e3172128adcd8b3090168a8e3bcc40d7c032b9dda1df7d1c" "/opt/rustwide/cargo-home/bin/cargo" "+beta-2023-12-22" "test" "--frozen" "--no-run" "--message-format=json", kill_on_drop: false }`
[INFO] [stdout] 8189dd61e5562148812a12c72b100afe6eed8e17daa8f3234c7624529674c176
[INFO] running `Command { std: "docker" "start" "-a" "8189dd61e5562148812a12c72b100afe6eed8e17daa8f3234c7624529674c176", kill_on_drop: false }`
[INFO] [stderr]    Compiling aureum v0.1.0 (/opt/rustwide/workdir)
[INFO] [stderr]     Finished test [unoptimized + debuginfo] target(s) in 1.44s
[INFO] running `Command { std: "docker" "inspect" "8189dd61e5562148812a12c72b100afe6eed8e17daa8f3234c7624529674c176", kill_on_drop: false }`
[INFO] running `Command { std: "docker" "rm" "-f" "8189dd61e5562148812a12c72b100afe6eed8e17daa8f3234c7624529674c176", kill_on_drop: false }`
[INFO] [stdout] 8189dd61e5562148812a12c72b100afe6eed8e17daa8f3234c7624529674c176
[INFO] running `Command { std: "docker" "create" "-v" "/var/lib/crater-agent-workspace/builds/worker-4-tc2/target:/opt/rustwide/target:rw,Z" "-v" "/var/lib/crater-agent-workspace/builds/worker-4-tc2/source:/opt/rustwide/workdir:ro,Z" "-v" "/var/lib/crater-agent-workspace/cargo-home:/opt/rustwide/cargo-home:ro,Z" "-v" "/var/lib/crater-agent-workspace/rustup-home:/opt/rustwide/rustup-home:ro,Z" "-e" "SOURCE_DIR=/opt/rustwide/workdir" "-e" "CARGO_TARGET_DIR=/opt/rustwide/target" "-e" "CARGO_INCREMENTAL=0" "-e" "RUST_BACKTRACE=full" "-e" "RUSTFLAGS=--cap-lints=warn" "-e" "RUSTDOCFLAGS=--cap-lints=warn" "-e" "CARGO_HOME=/opt/rustwide/cargo-home" "-e" "RUSTUP_HOME=/opt/rustwide/rustup-home" "-w" "/opt/rustwide/workdir" "-m" "1610612736" "--user" "0:0" "--network" "none" "ghcr.io/rust-lang/crates-build-env/linux@sha256:2788e3201cd34a07e3172128adcd8b3090168a8e3bcc40d7c032b9dda1df7d1c" "/opt/rustwide/cargo-home/bin/cargo" "+beta-2023-12-22" "test" "--frozen", kill_on_drop: false }`
[INFO] [stdout] 65584a18055ddbdb5117d3207b29bcbfeeca18a3c12dadec13d7324fc230f185
[INFO] running `Command { std: "docker" "start" "-a" "65584a18055ddbdb5117d3207b29bcbfeeca18a3c12dadec13d7324fc230f185", kill_on_drop: false }`
[INFO] [stderr]     Finished test [unoptimized + debuginfo] target(s) in 0.04s
[INFO] [stderr]      Running unittests src/lib.rs (/opt/rustwide/target/debug/deps/aureum-0f891a9510831e99)
[INFO] [stdout] 
[INFO] [stdout] running 17 tests
[INFO] [stdout] test formats::tree::tests::test_text_block_multiple_lines_including_empty_lines ... ok
[INFO] [stdout] test formats::tree::tests::test_text_block_empty ... ok
[INFO] [stdout] test formats::tree::tests::test_text_block_multiple_lines_no_newline ... ok
[INFO] [stdout] test formats::tree::tests::test_text_block_multiple_lines_with_newline ... ok
[INFO] [stdout] test formats::tree::tests::test_text_block_only_newline ... ok
[INFO] [stdout] test formats::tree::tests::test_text_block_single_line_no_newline ... ok
[INFO] [stdout] test formats::tree::tests::test_text_block_single_line_with_newline ... ok
[INFO] [stdout] test test_id::tests::test_contains ... ok
[INFO] [stdout] test test_id::tests::test_contains_for_different_sub_levels ... ok
[INFO] [stdout] test test_id::tests::test_id_path ... ok
[INFO] [stdout] test test_id::tests::test_is_root ... ok
[INFO] [stdout] test test_id::tests::test_new_vs_from ... ok
[INFO] [stdout] test test_id::tests::test_to_string ... ok
[INFO] [stdout] test test_id_container::tests::test_adding_different_paths ... ok
[INFO] [stdout] test test_id_container::tests::test_root_blocks_new_elements ... ok
[INFO] [stdout] test utils::string::tests::test_indent_by ... ok
[INFO] [stdout] test utils::string::tests::test_text_block_only_newline ... ok
[INFO] [stdout] 
[INFO] [stdout] test result: ok. 17 passed; 0 failed; 0 ignored; 0 measured; 0 filtered out; finished in 0.00s
[INFO] [stdout] 
[INFO] [stderr]      Running unittests src/main.rs (/opt/rustwide/target/debug/deps/aureum-2fb0cc8624f92bf6)
[INFO] [stdout] 
[INFO] [stdout] running 0 tests
[INFO] [stdout] 
[INFO] [stdout] test result: ok. 0 passed; 0 failed; 0 ignored; 0 measured; 0 filtered out; finished in 0.00s
[INFO] [stdout] 
[INFO] [stderr]      Running tests/file_utils_test.rs (/opt/rustwide/target/debug/deps/file_utils_test-676dec585f5b01ed)
[INFO] [stdout] 
[INFO] [stdout] running 14 tests
[INFO] [stdout] test test_display_path_with_absolute_path ... ok
[INFO] [stdout] test test_display_path_with_relative_path ... ok
[INFO] [stdout] test test_display_path_with_file_name ... ok
[INFO] [stdout] test test_display_path_with_root_dir ... ok
[INFO] [stdout] test test_program_exists_at_absolute_path ... ok
[INFO] [stdout] test test_shell_script_exists ... ok
[INFO] [stdout] test test_program_exists_in_path ... ok
[INFO] [stdout] test test_shell_script_exists_dot_slash ... ok
[INFO] [stdout] test test_shell_script_exists_in_sub_dir ... ok
[INFO] [stdout] test test_shell_script_exists_in_sub_dir_dot_slash ... ok
[INFO] [stdout] test test_split_file_name_with_colon ... ok
[INFO] [stdout] test test_split_file_name_with_colon_and_absolute_path ... ok
[INFO] [stdout] test test_split_file_name_no_colon ... ok
[INFO] [stdout] test test_split_file_name_with_colon_and_sub_dir ... ok
[INFO] [stdout] 
[INFO] [stdout] test result: ok. 14 passed; 0 failed; 0 ignored; 0 measured; 0 filtered out; finished in 0.00s
[INFO] [stdout] 
[INFO] [stderr]    Doc-tests aureum
[INFO] [stdout] 
[INFO] [stdout] running 0 tests
[INFO] [stdout] 
[INFO] [stdout] test result: ok. 0 passed; 0 failed; 0 ignored; 0 measured; 0 filtered out; finished in 0.00s
[INFO] [stdout] 
[INFO] running `Command { std: "docker" "inspect" "65584a18055ddbdb5117d3207b29bcbfeeca18a3c12dadec13d7324fc230f185", kill_on_drop: false }`
[INFO] running `Command { std: "docker" "rm" "-f" "65584a18055ddbdb5117d3207b29bcbfeeca18a3c12dadec13d7324fc230f185", kill_on_drop: false }`
[INFO] [stdout] 65584a18055ddbdb5117d3207b29bcbfeeca18a3c12dadec13d7324fc230f185
