[INFO] cloning repository https://github.com/blasmorkai/wba-w5-t1-cwutils
[INFO] running `Command { std: "git" "-c" "credential.helper=" "-c" "credential.helper=/workspace/cargo-home/bin/git-credential-null" "clone" "--bare" "https://github.com/blasmorkai/wba-w5-t1-cwutils" "/workspace/cache/git-repos/https%3A%2F%2Fgithub.com%2Fblasmorkai%2Fwba-w5-t1-cwutils", kill_on_drop: false }`
[INFO] [stderr] Cloning into bare repository '/workspace/cache/git-repos/https%3A%2F%2Fgithub.com%2Fblasmorkai%2Fwba-w5-t1-cwutils'...
[INFO] running `Command { std: "git" "rev-parse" "HEAD", kill_on_drop: false }`
[INFO] [stdout] 87827b0d01db537c0b7fda6aa965b0d979e7e5ec
[INFO] testing blasmorkai/wba-w5-t1-cwutils against 1.75.0 for beta-1.76-1
[INFO] running `Command { std: "git" "clone" "/workspace/cache/git-repos/https%3A%2F%2Fgithub.com%2Fblasmorkai%2Fwba-w5-t1-cwutils" "/workspace/builds/worker-4-tc1/source", kill_on_drop: false }`
[INFO] [stderr] Cloning into '/workspace/builds/worker-4-tc1/source'...
[INFO] [stderr] done.
[INFO] validating manifest of git repo https://github.com/blasmorkai/wba-w5-t1-cwutils on toolchain 1.75.0
[INFO] running `Command { std: CARGO_HOME="/workspace/cargo-home" RUSTUP_HOME="/workspace/rustup-home" "/workspace/cargo-home/bin/cargo" "+1.75.0" "metadata" "--manifest-path" "Cargo.toml" "--no-deps", kill_on_drop: false }`
[INFO] started tweaking git repo https://github.com/blasmorkai/wba-w5-t1-cwutils
[INFO] finished tweaking git repo https://github.com/blasmorkai/wba-w5-t1-cwutils
[INFO] tweaked toml for git repo https://github.com/blasmorkai/wba-w5-t1-cwutils written to /workspace/builds/worker-4-tc1/source/Cargo.toml
[INFO] crate git repo https://github.com/blasmorkai/wba-w5-t1-cwutils already has a lockfile, it will not be regenerated
[INFO] running `Command { std: CARGO_HOME="/workspace/cargo-home" RUSTUP_HOME="/workspace/rustup-home" "/workspace/cargo-home/bin/cargo" "+1.75.0" "fetch" "--manifest-path" "Cargo.toml", kill_on_drop: false }`
[INFO] [stderr] warning: profiles for the non root package will be ignored, specify profiles at the workspace root:
[INFO] [stderr] package:   /workspace/builds/worker-4-tc1/source/contracts/cw20/Cargo.toml
[INFO] [stderr] workspace: /workspace/builds/worker-4-tc1/source/Cargo.toml
[INFO] [stderr] warning: profiles for the non root package will be ignored, specify profiles at the workspace root:
[INFO] [stderr] package:   /workspace/builds/worker-4-tc1/source/contracts/deposit-cw20/Cargo.toml
[INFO] [stderr] workspace: /workspace/builds/worker-4-tc1/source/Cargo.toml
[INFO] [stderr] warning: virtual workspace defaulting to `resolver = "1"` despite one or more workspace members being on edition 2021 which implies `resolver = "2"`
[INFO] [stderr] note: to keep the current resolver, specify `workspace.resolver = "1"` in the workspace root's manifest
[INFO] [stderr] note: to use the edition 2021 resolver, specify `workspace.resolver = "2"` in the workspace root's manifest
[INFO] [stderr] note: for more details see https://doc.rust-lang.org/cargo/reference/resolver.html#resolver-versions
[INFO] [stderr]     Blocking waiting for file lock on package cache
[ERROR] error running command: no output for 300 seconds
[ERROR] this task or one of its parent failed!
[ERROR] no output for 300 seconds
[ERROR] note: run with `RUST_BACKTRACE=1` to display a backtrace.
[INFO] testing blasmorkai/wba-w5-t1-cwutils against beta-2023-12-22 for beta-1.76-1
[INFO] running `Command { std: "git" "clone" "/workspace/cache/git-repos/https%3A%2F%2Fgithub.com%2Fblasmorkai%2Fwba-w5-t1-cwutils" "/workspace/builds/worker-4-tc2/source", kill_on_drop: false }`
[INFO] [stderr] Cloning into '/workspace/builds/worker-4-tc2/source'...
[INFO] [stderr] done.
[INFO] validating manifest of git repo https://github.com/blasmorkai/wba-w5-t1-cwutils on toolchain beta-2023-12-22
[INFO] running `Command { std: CARGO_HOME="/workspace/cargo-home" RUSTUP_HOME="/workspace/rustup-home" "/workspace/cargo-home/bin/cargo" "+beta-2023-12-22" "metadata" "--manifest-path" "Cargo.toml" "--no-deps", kill_on_drop: false }`
[INFO] started tweaking git repo https://github.com/blasmorkai/wba-w5-t1-cwutils
[INFO] finished tweaking git repo https://github.com/blasmorkai/wba-w5-t1-cwutils
[INFO] tweaked toml for git repo https://github.com/blasmorkai/wba-w5-t1-cwutils written to /workspace/builds/worker-4-tc2/source/Cargo.toml
[INFO] crate git repo https://github.com/blasmorkai/wba-w5-t1-cwutils already has a lockfile, it will not be regenerated
[INFO] running `Command { std: CARGO_HOME="/workspace/cargo-home" RUSTUP_HOME="/workspace/rustup-home" "/workspace/cargo-home/bin/cargo" "+beta-2023-12-22" "fetch" "--manifest-path" "Cargo.toml", kill_on_drop: false }`
[INFO] [stderr] warning: profiles for the non root package will be ignored, specify profiles at the workspace root:
[INFO] [stderr] package:   /workspace/builds/worker-4-tc2/source/contracts/cw20/Cargo.toml
[INFO] [stderr] workspace: /workspace/builds/worker-4-tc2/source/Cargo.toml
[INFO] [stderr] warning: profiles for the non root package will be ignored, specify profiles at the workspace root:
[INFO] [stderr] package:   /workspace/builds/worker-4-tc2/source/contracts/deposit-cw20/Cargo.toml
[INFO] [stderr] workspace: /workspace/builds/worker-4-tc2/source/Cargo.toml
[INFO] [stderr] warning: virtual workspace defaulting to `resolver = "1"` despite one or more workspace members being on edition 2021 which implies `resolver = "2"`
[INFO] [stderr] note: to keep the current resolver, specify `workspace.resolver = "1"` in the workspace root's manifest
[INFO] [stderr] note: to use the edition 2021 resolver, specify `workspace.resolver = "2"` in the workspace root's manifest
[INFO] [stderr] note: for more details see https://doc.rust-lang.org/cargo/reference/resolver.html#resolver-versions
[INFO] [stderr]     Blocking waiting for file lock on package cache
[INFO] [stderr]     Blocking waiting for file lock on package cache
[ERROR] error running command: no output for 300 seconds
[INFO] testing blasmorkai/wba-w5-t1-cwutils against beta-2023-12-22 for beta-1.76-1
[INFO] running `Command { std: "git" "clone" "/workspace/cache/git-repos/https%3A%2F%2Fgithub.com%2Fblasmorkai%2Fwba-w5-t1-cwutils" "/workspace/builds/worker-4-tc2/source", kill_on_drop: false }`
[INFO] [stderr] Cloning into '/workspace/builds/worker-4-tc2/source'...
[INFO] [stderr] done.
[INFO] validating manifest of git repo https://github.com/blasmorkai/wba-w5-t1-cwutils on toolchain beta-2023-12-22
[INFO] running `Command { std: CARGO_HOME="/workspace/cargo-home" RUSTUP_HOME="/workspace/rustup-home" "/workspace/cargo-home/bin/cargo" "+beta-2023-12-22" "metadata" "--manifest-path" "Cargo.toml" "--no-deps", kill_on_drop: false }`
[INFO] started tweaking git repo https://github.com/blasmorkai/wba-w5-t1-cwutils
[INFO] finished tweaking git repo https://github.com/blasmorkai/wba-w5-t1-cwutils
[INFO] tweaked toml for git repo https://github.com/blasmorkai/wba-w5-t1-cwutils written to /workspace/builds/worker-4-tc2/source/Cargo.toml
[INFO] crate git repo https://github.com/blasmorkai/wba-w5-t1-cwutils already has a lockfile, it will not be regenerated
[INFO] running `Command { std: CARGO_HOME="/workspace/cargo-home" RUSTUP_HOME="/workspace/rustup-home" "/workspace/cargo-home/bin/cargo" "+beta-2023-12-22" "fetch" "--manifest-path" "Cargo.toml", kill_on_drop: false }`
[INFO] [stderr] warning: profiles for the non root package will be ignored, specify profiles at the workspace root:
[INFO] [stderr] package:   /workspace/builds/worker-4-tc2/source/contracts/cw20/Cargo.toml
[INFO] [stderr] workspace: /workspace/builds/worker-4-tc2/source/Cargo.toml
[INFO] [stderr] warning: profiles for the non root package will be ignored, specify profiles at the workspace root:
[INFO] [stderr] package:   /workspace/builds/worker-4-tc2/source/contracts/deposit-cw20/Cargo.toml
[INFO] [stderr] workspace: /workspace/builds/worker-4-tc2/source/Cargo.toml
[INFO] [stderr] warning: virtual workspace defaulting to `resolver = "1"` despite one or more workspace members being on edition 2021 which implies `resolver = "2"`
[INFO] [stderr] note: to keep the current resolver, specify `workspace.resolver = "1"` in the workspace root's manifest
[INFO] [stderr] note: to use the edition 2021 resolver, specify `workspace.resolver = "2"` in the workspace root's manifest
[INFO] [stderr] note: for more details see https://doc.rust-lang.org/cargo/reference/resolver.html#resolver-versions
[INFO] [stderr]     Blocking waiting for file lock on package cache
[INFO] [stderr]     Blocking waiting for file lock on package cache
[INFO] [stderr]  Downloading crates ...
[INFO] [stderr]   Downloaded cw-utils v1.0.0
[INFO] running `Command { std: "docker" "create" "-v" "/var/lib/crater-agent-workspace/builds/worker-4-tc2/target:/opt/rustwide/target:rw,Z" "-v" "/var/lib/crater-agent-workspace/builds/worker-4-tc2/source:/opt/rustwide/workdir:ro,Z" "-v" "/var/lib/crater-agent-workspace/cargo-home:/opt/rustwide/cargo-home:ro,Z" "-v" "/var/lib/crater-agent-workspace/rustup-home:/opt/rustwide/rustup-home:ro,Z" "-e" "SOURCE_DIR=/opt/rustwide/workdir" "-e" "CARGO_TARGET_DIR=/opt/rustwide/target" "-e" "CARGO_HOME=/opt/rustwide/cargo-home" "-e" "RUSTUP_HOME=/opt/rustwide/rustup-home" "-w" "/opt/rustwide/workdir" "-m" "1610612736" "--user" "0:0" "--network" "none" "ghcr.io/rust-lang/crates-build-env/linux@sha256:2788e3201cd34a07e3172128adcd8b3090168a8e3bcc40d7c032b9dda1df7d1c" "/opt/rustwide/cargo-home/bin/cargo" "+beta-2023-12-22" "metadata" "--no-deps" "--format-version=1", kill_on_drop: false }`
[INFO] [stdout] a337d7e93b98eb3a344cbe38e28fd7ec5998e95757e5af425f57e8c53cfd53e8
[INFO] running `Command { std: "docker" "start" "-a" "a337d7e93b98eb3a344cbe38e28fd7ec5998e95757e5af425f57e8c53cfd53e8", kill_on_drop: false }`
[INFO] running `Command { std: "docker" "inspect" "a337d7e93b98eb3a344cbe38e28fd7ec5998e95757e5af425f57e8c53cfd53e8", kill_on_drop: false }`
[INFO] running `Command { std: "docker" "rm" "-f" "a337d7e93b98eb3a344cbe38e28fd7ec5998e95757e5af425f57e8c53cfd53e8", kill_on_drop: false }`
[INFO] [stdout] a337d7e93b98eb3a344cbe38e28fd7ec5998e95757e5af425f57e8c53cfd53e8
[INFO] running `Command { std: "docker" "create" "-v" "/var/lib/crater-agent-workspace/builds/worker-4-tc2/target:/opt/rustwide/target:rw,Z" "-v" "/var/lib/crater-agent-workspace/builds/worker-4-tc2/source:/opt/rustwide/workdir:ro,Z" "-v" "/var/lib/crater-agent-workspace/cargo-home:/opt/rustwide/cargo-home:ro,Z" "-v" "/var/lib/crater-agent-workspace/rustup-home:/opt/rustwide/rustup-home:ro,Z" "-e" "SOURCE_DIR=/opt/rustwide/workdir" "-e" "CARGO_TARGET_DIR=/opt/rustwide/target" "-e" "CARGO_INCREMENTAL=0" "-e" "RUST_BACKTRACE=full" "-e" "RUSTFLAGS=--cap-lints=warn" "-e" "RUSTDOCFLAGS=--cap-lints=warn" "-e" "CARGO_HOME=/opt/rustwide/cargo-home" "-e" "RUSTUP_HOME=/opt/rustwide/rustup-home" "-w" "/opt/rustwide/workdir" "-m" "1610612736" "--user" "0:0" "--network" "none" "ghcr.io/rust-lang/crates-build-env/linux@sha256:2788e3201cd34a07e3172128adcd8b3090168a8e3bcc40d7c032b9dda1df7d1c" "/opt/rustwide/cargo-home/bin/cargo" "+beta-2023-12-22" "build" "--frozen" "--message-format=json", kill_on_drop: false }`
[INFO] [stdout] 9b27631fac532f0b762a6183698ccf81ccc1dd9af21f282a93137adb044be819
[INFO] running `Command { std: "docker" "start" "-a" "9b27631fac532f0b762a6183698ccf81ccc1dd9af21f282a93137adb044be819", kill_on_drop: false }`
[INFO] [stderr] warning: profiles for the non root package will be ignored, specify profiles at the workspace root:
[INFO] [stderr] package:   /opt/rustwide/workdir/contracts/cw20/Cargo.toml
[INFO] [stderr] workspace: /opt/rustwide/workdir/Cargo.toml
[INFO] [stderr] warning: profiles for the non root package will be ignored, specify profiles at the workspace root:
[INFO] [stderr] package:   /opt/rustwide/workdir/contracts/deposit-cw20/Cargo.toml
[INFO] [stderr] workspace: /opt/rustwide/workdir/Cargo.toml
[INFO] [stderr] warning: virtual workspace defaulting to `resolver = "1"` despite one or more workspace members being on edition 2021 which implies `resolver = "2"`
[INFO] [stderr] note: to keep the current resolver, specify `workspace.resolver = "1"` in the workspace root's manifest
[INFO] [stderr] note: to use the edition 2021 resolver, specify `workspace.resolver = "2"` in the workspace root's manifest
[INFO] [stderr] note: for more details see https://doc.rust-lang.org/cargo/reference/resolver.html#resolver-versions
[INFO] [stderr]    Compiling version_check v0.9.4
[INFO] [stderr]    Compiling typenum v1.15.0
[INFO] [stderr]    Compiling proc-macro2 v1.0.43
[INFO] [stderr]    Compiling unicode-ident v1.0.3
[INFO] [stderr]    Compiling quote v1.0.21
[INFO] [stderr]    Compiling libc v0.2.132
[INFO] [stderr]    Compiling syn v1.0.99
[INFO] [stderr]    Compiling subtle v2.4.1
[INFO] [stderr]    Compiling zeroize v1.5.7
[INFO] [stderr]    Compiling serde_derive v1.0.144
[INFO] [stderr]    Compiling const-oid v0.9.1
[INFO] [stderr]    Compiling generic-array v0.14.6
[INFO] [stderr]    Compiling serde v1.0.144
[INFO] [stderr]    Compiling der v0.6.0
[INFO] [stderr]    Compiling base64ct v1.5.2
[INFO] [stderr]    Compiling getrandom v0.1.16
[INFO] [stderr]    Compiling base16ct v0.1.1
[INFO] [stderr]    Compiling cpufeatures v0.2.4
[INFO] [stderr]    Compiling byteorder v1.4.3
[INFO] [stderr]    Compiling serde_json v1.0.85
[INFO] [stderr]    Compiling ryu v1.0.11
[INFO] [stderr]    Compiling schemars v0.8.10
[INFO] [stderr]    Compiling itoa v1.0.3
[INFO] [stderr]    Compiling hex v0.4.3
[INFO] [stderr]    Compiling getrandom v0.2.7
[INFO] [stderr]    Compiling crunchy v0.2.2
[INFO] [stderr]    Compiling rand_core v0.6.3
[INFO] [stderr]    Compiling dyn-clone v1.0.9
[INFO] [stderr]    Compiling rand_core v0.5.1
[INFO] [stderr]    Compiling static_assertions v1.1.0
[INFO] [stderr]    Compiling spki v0.6.0
[INFO] [stderr]    Compiling forward_ref v1.0.0
[INFO] [stderr]    Compiling ff v0.12.1
[INFO] [stderr]    Compiling uint v0.9.3
[INFO] [stderr]    Compiling semver v1.0.13
[INFO] [stderr]    Compiling anyhow v1.0.62
[INFO] [stderr]    Compiling pkcs8 v0.9.0
[INFO] [stderr]    Compiling group v0.12.1
[INFO] [stderr]    Compiling block-buffer v0.10.3
[INFO] [stderr]    Compiling crypto-common v0.1.6
[INFO] [stderr]    Compiling crypto-bigint v0.4.9
[INFO] [stderr]    Compiling sec1 v0.3.0
[INFO] [stderr]    Compiling digest v0.9.0
[INFO] [stderr]    Compiling block-buffer v0.9.0
[INFO] [stderr]    Compiling digest v0.10.6
[INFO] [stderr]    Compiling curve25519-dalek v3.2.0
[INFO] [stderr]    Compiling sha2 v0.9.9
[INFO] [stderr]    Compiling hmac v0.12.1
[INFO] [stderr]    Compiling signature v1.6.4
[INFO] [stderr]    Compiling sha2 v0.10.6
[INFO] [stderr]    Compiling rfc6979 v0.3.1
[INFO] [stderr]    Compiling elliptic-curve v0.12.3
[INFO] [stderr]    Compiling ecdsa v0.14.8
[INFO] [stderr]    Compiling k256 v0.11.6
[INFO] [stderr]    Compiling serde_derive_internals v0.26.0
[INFO] [stderr]    Compiling thiserror-impl v1.0.32
[INFO] [stderr]    Compiling schemars_derive v0.8.10
[INFO] [stderr]    Compiling cosmwasm-derive v1.1.8
[INFO] [stderr]    Compiling derivative v2.2.0
[INFO] [stderr]    Compiling cosmwasm-schema-derive v1.1.8
[INFO] [stderr]    Compiling thiserror v1.0.32
[INFO] [stderr]    Compiling ed25519-zebra v3.0.0
[INFO] [stderr]    Compiling serde-json-wasm v0.4.1
[INFO] [stderr]    Compiling cosmwasm-crypto v1.1.8
[INFO] [stderr]    Compiling cosmwasm-std v1.1.8
[INFO] [stderr]    Compiling cosmwasm-schema v1.1.8
[INFO] [stderr]    Compiling cw-utils v0.13.4
[INFO] [stderr]    Compiling cw-storage-plus v0.13.4
[INFO] [stderr]    Compiling cw-storage-plus v0.16.0
[INFO] [stderr]    Compiling cosmwasm-storage v1.0.0
[INFO] [stderr]    Compiling cw-storage-plus v1.0.0
[INFO] [stderr]    Compiling cw2 v0.13.4
[INFO] [stderr]    Compiling cw2 v1.0.0
[INFO] [stderr]    Compiling cw2 v0.16.0
[INFO] [stderr]    Compiling cw721 v0.13.4
[INFO] [stderr]    Compiling cw20 v0.13.4
[INFO] [stderr]    Compiling cw-utils v1.0.0
[INFO] [stderr]    Compiling cw721-base v0.13.4
[INFO] [stderr]    Compiling cw20-base v0.13.4
[INFO] [stderr]    Compiling nft v0.1.0 (/opt/rustwide/workdir/contracts/nft)
[INFO] [stderr]    Compiling cw20-example v0.1.0 (/opt/rustwide/workdir/contracts/cw20)
[INFO] [stderr]    Compiling deposit-cw20 v0.1.0 (/opt/rustwide/workdir/contracts/deposit-cw20)
[INFO] [stdout] warning: unused import: `Expiration`
[INFO] [stdout]   --> contracts/deposit-cw20/src/contract.rs:13:95
[INFO] [stdout]    |
[INFO] [stdout] 13 | use cw_utils::{self, one_coin, PaymentError, nonpayable, ensure_from_older_version, Duration, Expiration};
[INFO] [stdout]    |                                                                                               ^^^^^^^^^^
[INFO] [stdout]    |
[INFO] [stdout]    = note: `#[warn(unused_imports)]` on by default
[INFO] [stdout] 
[INFO] [stdout] 
[INFO] [stdout] warning: unused import: `BlockInfo`
[INFO] [stdout]  --> contracts/deposit-cw20/src/state.rs:8:41
[INFO] [stdout]   |
[INFO] [stdout] 8 | use cosmwasm_std::{Uint128, Addr, Coin, BlockInfo, CustomMsg};
[INFO] [stdout]   |                                         ^^^^^^^^^
[INFO] [stdout] 
[INFO] [stdout] 
[INFO] [stdout] warning: unused imports: `SnapshotMap`, `UniqueIndex`
[INFO] [stdout]  --> contracts/deposit-cw20/src/state.rs:9:68
[INFO] [stdout]   |
[INFO] [stdout] 9 | use cw_storage_plus::{Map, Item, SnapshotItem, IndexedSnapshotMap, SnapshotMap, Strategy, UniqueIndex, Index, IndexList, MultiIndex, Inde...
[INFO] [stdout]   |                                                                    ^^^^^^^^^^^            ^^^^^^^^^^^
[INFO] [stdout] 
[INFO] [stdout] 
[INFO] [stdout] warning: unused variable: `res`
[INFO] [stdout]    --> contracts/deposit-cw20/src/contract.rs:161:16
[INFO] [stdout]     |
[INFO] [stdout] 161 |             Ok(res) => {},
[INFO] [stdout]     |                ^^^ help: if this is intentional, prefix it with an underscore: `_res`
[INFO] [stdout]     |
[INFO] [stdout]     = note: `#[warn(unused_variables)]` on by default
[INFO] [stdout] 
[INFO] [stdout] 
[INFO] [stdout] warning: 4 warnings emitted
[INFO] [stdout] 
[INFO] [stdout] 
[INFO] [stderr]     Finished dev [unoptimized + debuginfo] target(s) in 35.70s
[INFO] running `Command { std: "docker" "inspect" "9b27631fac532f0b762a6183698ccf81ccc1dd9af21f282a93137adb044be819", kill_on_drop: false }`
[INFO] running `Command { std: "docker" "rm" "-f" "9b27631fac532f0b762a6183698ccf81ccc1dd9af21f282a93137adb044be819", kill_on_drop: false }`
[INFO] [stdout] 9b27631fac532f0b762a6183698ccf81ccc1dd9af21f282a93137adb044be819
[INFO] running `Command { std: "docker" "create" "-v" "/var/lib/crater-agent-workspace/builds/worker-4-tc2/target:/opt/rustwide/target:rw,Z" "-v" "/var/lib/crater-agent-workspace/builds/worker-4-tc2/source:/opt/rustwide/workdir:ro,Z" "-v" "/var/lib/crater-agent-workspace/cargo-home:/opt/rustwide/cargo-home:ro,Z" "-v" "/var/lib/crater-agent-workspace/rustup-home:/opt/rustwide/rustup-home:ro,Z" "-e" "SOURCE_DIR=/opt/rustwide/workdir" "-e" "CARGO_TARGET_DIR=/opt/rustwide/target" "-e" "CARGO_INCREMENTAL=0" "-e" "RUST_BACKTRACE=full" "-e" "RUSTFLAGS=--cap-lints=warn" "-e" "RUSTDOCFLAGS=--cap-lints=warn" "-e" "CARGO_HOME=/opt/rustwide/cargo-home" "-e" "RUSTUP_HOME=/opt/rustwide/rustup-home" "-w" "/opt/rustwide/workdir" "-m" "1610612736" "--user" "0:0" "--network" "none" "ghcr.io/rust-lang/crates-build-env/linux@sha256:2788e3201cd34a07e3172128adcd8b3090168a8e3bcc40d7c032b9dda1df7d1c" "/opt/rustwide/cargo-home/bin/cargo" "+beta-2023-12-22" "test" "--frozen" "--no-run" "--message-format=json", kill_on_drop: false }`
[INFO] [stdout] 5d87a11f0c57a2ce71dbac01f0fb486390f009bb4612eb551899ab90743228cc
[INFO] running `Command { std: "docker" "start" "-a" "5d87a11f0c57a2ce71dbac01f0fb486390f009bb4612eb551899ab90743228cc", kill_on_drop: false }`
[INFO] [stderr] warning: profiles for the non root package will be ignored, specify profiles at the workspace root:
[INFO] [stderr] package:   /opt/rustwide/workdir/contracts/cw20/Cargo.toml
[INFO] [stderr] workspace: /opt/rustwide/workdir/Cargo.toml
[INFO] [stderr] warning: profiles for the non root package will be ignored, specify profiles at the workspace root:
[INFO] [stderr] package:   /opt/rustwide/workdir/contracts/deposit-cw20/Cargo.toml
[INFO] [stderr] workspace: /opt/rustwide/workdir/Cargo.toml
[INFO] [stderr] warning: virtual workspace defaulting to `resolver = "1"` despite one or more workspace members being on edition 2021 which implies `resolver = "2"`
[INFO] [stderr] note: to keep the current resolver, specify `workspace.resolver = "1"` in the workspace root's manifest
[INFO] [stderr] note: to use the edition 2021 resolver, specify `workspace.resolver = "2"` in the workspace root's manifest
[INFO] [stderr] note: for more details see https://doc.rust-lang.org/cargo/reference/resolver.html#resolver-versions
[INFO] [stderr] warning: output filename collision.
[INFO] [stderr] The example target `schema` in package `deposit-cw20 v0.1.0 (/opt/rustwide/workdir/contracts/deposit-cw20)` has the same output filename as the example target `schema` in package `cw20-example v0.1.0 (/opt/rustwide/workdir/contracts/cw20)`.
[INFO] [stderr] Colliding filename is: /opt/rustwide/target/debug/examples/schema
[INFO] [stderr] The targets should have unique names.
[INFO] [stderr] Consider changing their names to be unique or compiling them separately.
[INFO] [stderr] This may become a hard error in the future; see <https://github.com/rust-lang/cargo/issues/6313>.
[INFO] [stderr] warning: output filename collision.
[INFO] [stderr] The example target `schema` in package `deposit-cw20 v0.1.0 (/opt/rustwide/workdir/contracts/deposit-cw20)` has the same output filename as the example target `schema` in package `cw20-example v0.1.0 (/opt/rustwide/workdir/contracts/cw20)`.
[INFO] [stderr] Colliding filename is: /opt/rustwide/target/debug/examples/schema.dwp
[INFO] [stderr] The targets should have unique names.
[INFO] [stderr] Consider changing their names to be unique or compiling them separately.
[INFO] [stderr] This may become a hard error in the future; see <https://github.com/rust-lang/cargo/issues/6313>.
[INFO] [stderr] warning: output filename collision.
[INFO] [stderr] The example target `schema` in package `nft v0.1.0 (/opt/rustwide/workdir/contracts/nft)` has the same output filename as the example target `schema` in package `deposit-cw20 v0.1.0 (/opt/rustwide/workdir/contracts/deposit-cw20)`.
[INFO] [stderr] Colliding filename is: /opt/rustwide/target/debug/examples/schema
[INFO] [stderr] The targets should have unique names.
[INFO] [stderr] Consider changing their names to be unique or compiling them separately.
[INFO] [stderr] This may become a hard error in the future; see <https://github.com/rust-lang/cargo/issues/6313>.
[INFO] [stderr] warning: output filename collision.
[INFO] [stderr] The example target `schema` in package `nft v0.1.0 (/opt/rustwide/workdir/contracts/nft)` has the same output filename as the example target `schema` in package `deposit-cw20 v0.1.0 (/opt/rustwide/workdir/contracts/deposit-cw20)`.
[INFO] [stderr] Colliding filename is: /opt/rustwide/target/debug/examples/schema.dwp
[INFO] [stderr] The targets should have unique names.
[INFO] [stderr] Consider changing their names to be unique or compiling them separately.
[INFO] [stderr] This may become a hard error in the future; see <https://github.com/rust-lang/cargo/issues/6313>.
[INFO] [stderr]    Compiling either v1.8.0
[INFO] [stderr]    Compiling bytes v1.2.1
[INFO] [stderr]    Compiling cw-utils v0.16.0
[INFO] [stdout] warning: unused import: `Expiration`
[INFO] [stdout]   --> contracts/deposit-cw20/src/contract.rs:13:95
[INFO] [stdout]    |
[INFO] [stdout] 13 | use cw_utils::{self, one_coin, PaymentError, nonpayable, ensure_from_older_version, Duration, Expiration};
[INFO] [stdout]    |                                                                                               ^^^^^^^^^^
[INFO] [stdout]    |
[INFO] [stdout]    = note: `#[warn(unused_imports)]` on by default
[INFO] [stdout] 
[INFO] [stdout] 
[INFO] [stdout] warning: unused import: `BlockInfo`
[INFO] [stdout]  --> contracts/deposit-cw20/src/state.rs:8:41
[INFO] [stdout]   |
[INFO] [stdout] 8 | use cosmwasm_std::{Uint128, Addr, Coin, BlockInfo, CustomMsg};
[INFO] [stdout]   |                                         ^^^^^^^^^
[INFO] [stdout] 
[INFO] [stdout] 
[INFO] [stdout] warning: unused imports: `SnapshotMap`, `UniqueIndex`
[INFO] [stdout]  --> contracts/deposit-cw20/src/state.rs:9:68
[INFO] [stdout]   |
[INFO] [stdout] 9 | use cw_storage_plus::{Map, Item, SnapshotItem, IndexedSnapshotMap, SnapshotMap, Strategy, UniqueIndex, Index, IndexList, MultiIndex, Inde...
[INFO] [stdout]   |                                                                    ^^^^^^^^^^^            ^^^^^^^^^^^
[INFO] [stdout] 
[INFO] [stdout] 
[INFO] [stdout] warning: unused variable: `res`
[INFO] [stdout]    --> contracts/deposit-cw20/src/contract.rs:161:16
[INFO] [stdout]     |
[INFO] [stdout] 161 |             Ok(res) => {},
[INFO] [stdout]     |                ^^^ help: if this is intentional, prefix it with an underscore: `_res`
[INFO] [stdout]     |
[INFO] [stdout]     = note: `#[warn(unused_variables)]` on by default
[INFO] [stdout] 
[INFO] [stdout] 
[INFO] [stdout] warning: 4 warnings emitted
[INFO] [stdout] 
[INFO] [stdout] 
[INFO] [stderr]    Compiling itertools v0.10.3
[INFO] [stderr]    Compiling prost-derive v0.9.0
[INFO] [stderr]    Compiling prost v0.9.0
[INFO] [stderr]    Compiling cw-multi-test v0.16.1
[INFO] [stderr]    Compiling deposit-cw20 v0.1.0 (/opt/rustwide/workdir/contracts/deposit-cw20)
[INFO] [stderr]    Compiling nft v0.1.0 (/opt/rustwide/workdir/contracts/nft)
[INFO] [stderr]    Compiling cw20-example v0.1.0 (/opt/rustwide/workdir/contracts/cw20)
[INFO] [stdout] warning: unused import: `Expiration`
[INFO] [stdout]   --> contracts/deposit-cw20/src/contract.rs:13:95
[INFO] [stdout]    |
[INFO] [stdout] 13 | use cw_utils::{self, one_coin, PaymentError, nonpayable, ensure_from_older_version, Duration, Expiration};
[INFO] [stdout]    |                                                                                               ^^^^^^^^^^
[INFO] [stdout]    |
[INFO] [stdout]    = note: `#[warn(unused_imports)]` on by default
[INFO] [stdout] 
[INFO] [stdout] 
[INFO] [stdout] warning: unused import: `BlockInfo`
[INFO] [stdout]  --> contracts/deposit-cw20/src/state.rs:8:41
[INFO] [stdout]   |
[INFO] [stdout] 8 | use cosmwasm_std::{Uint128, Addr, Coin, BlockInfo, CustomMsg};
[INFO] [stdout]   |                                         ^^^^^^^^^
[INFO] [stdout] 
[INFO] [stdout] 
[INFO] [stdout] warning: unused imports: `SnapshotMap`, `UniqueIndex`
[INFO] [stdout]  --> contracts/deposit-cw20/src/state.rs:9:68
[INFO] [stdout]   |
[INFO] [stdout] 9 | use cw_storage_plus::{Map, Item, SnapshotItem, IndexedSnapshotMap, SnapshotMap, Strategy, UniqueIndex, Index, IndexList, MultiIndex, Inde...
[INFO] [stdout]   |                                                                    ^^^^^^^^^^^            ^^^^^^^^^^^
[INFO] [stdout] 
[INFO] [stdout] 
[INFO] [stdout] warning: unused imports: `BankMsg`, `BankQuery`
[INFO] [stdout]  --> contracts/deposit-cw20/src/integration_tests.rs:5:63
[INFO] [stdout]   |
[INFO] [stdout] 5 |     use cosmwasm_std::{Addr, Coin, Empty, Uint128, to_binary, BankQuery, BankMsg, coin, WasmMsg};
[INFO] [stdout]   |                                                               ^^^^^^^^^  ^^^^^^^
[INFO] [stdout] 
[INFO] [stdout] 
[INFO] [stdout] warning: unused variable: `res`
[INFO] [stdout]    --> contracts/deposit-cw20/src/contract.rs:161:16
[INFO] [stdout]     |
[INFO] [stdout] 161 |             Ok(res) => {},
[INFO] [stdout]     |                ^^^ help: if this is intentional, prefix it with an underscore: `_res`
[INFO] [stdout]     |
[INFO] [stdout]     = note: `#[warn(unused_variables)]` on by default
[INFO] [stdout] 
[INFO] [stdout] 
[INFO] [stdout] warning: function `get_deposits` is never used
[INFO] [stdout]    --> contracts/deposit-cw20/src/integration_tests.rs:118:8
[INFO] [stdout]     |
[INFO] [stdout] 118 |     fn get_deposits(app: &App, deposit_contract: &DepositContract) -> DepositResponse {
[INFO] [stdout]     |        ^^^^^^^^^^^^
[INFO] [stdout]     |
[INFO] [stdout]     = note: `#[warn(dead_code)]` on by default
[INFO] [stdout] 
[INFO] [stdout] 
[INFO] [stdout] warning: function `get_cw721_deposits_by_contract` is never used
[INFO] [stdout]    --> contracts/deposit-cw20/src/integration_tests.rs:140:8
[INFO] [stdout]     |
[INFO] [stdout] 140 |     fn get_cw721_deposits_by_contract(app: &App, deposit_contract: &DepositContract, nft_contract:&NftContract) -> Cw721DepositResponse {
[INFO] [stdout]     |        ^^^^^^^^^^^^^^^^^^^^^^^^^^^^^^
[INFO] [stdout] 
[INFO] [stdout] 
[INFO] [stdout] warning: function `get_cw721_deposits_by_owner` is never used
[INFO] [stdout]    --> contracts/deposit-cw20/src/integration_tests.rs:146:8
[INFO] [stdout]     |
[INFO] [stdout] 146 |     fn get_cw721_deposits_by_owner(app: &App, deposit_contract: &DepositContract, owner:String) -> Cw721DepositResponse {
[INFO] [stdout]     |        ^^^^^^^^^^^^^^^^^^^^^^^^^^^
[INFO] [stdout] 
[INFO] [stdout] 
[INFO] [stdout] warning: 8 warnings emitted
[INFO] [stdout] 
[INFO] [stdout] 
[INFO] [stderr]     Finished test [unoptimized + debuginfo] target(s) in 12.63s
[INFO] running `Command { std: "docker" "inspect" "5d87a11f0c57a2ce71dbac01f0fb486390f009bb4612eb551899ab90743228cc", kill_on_drop: false }`
[INFO] running `Command { std: "docker" "rm" "-f" "5d87a11f0c57a2ce71dbac01f0fb486390f009bb4612eb551899ab90743228cc", kill_on_drop: false }`
[INFO] [stdout] 5d87a11f0c57a2ce71dbac01f0fb486390f009bb4612eb551899ab90743228cc
[INFO] running `Command { std: "docker" "create" "-v" "/var/lib/crater-agent-workspace/builds/worker-4-tc2/target:/opt/rustwide/target:rw,Z" "-v" "/var/lib/crater-agent-workspace/builds/worker-4-tc2/source:/opt/rustwide/workdir:ro,Z" "-v" "/var/lib/crater-agent-workspace/cargo-home:/opt/rustwide/cargo-home:ro,Z" "-v" "/var/lib/crater-agent-workspace/rustup-home:/opt/rustwide/rustup-home:ro,Z" "-e" "SOURCE_DIR=/opt/rustwide/workdir" "-e" "CARGO_TARGET_DIR=/opt/rustwide/target" "-e" "CARGO_INCREMENTAL=0" "-e" "RUST_BACKTRACE=full" "-e" "RUSTFLAGS=--cap-lints=warn" "-e" "RUSTDOCFLAGS=--cap-lints=warn" "-e" "CARGO_HOME=/opt/rustwide/cargo-home" "-e" "RUSTUP_HOME=/opt/rustwide/rustup-home" "-w" "/opt/rustwide/workdir" "-m" "1610612736" "--user" "0:0" "--network" "none" "ghcr.io/rust-lang/crates-build-env/linux@sha256:2788e3201cd34a07e3172128adcd8b3090168a8e3bcc40d7c032b9dda1df7d1c" "/opt/rustwide/cargo-home/bin/cargo" "+beta-2023-12-22" "test" "--frozen", kill_on_drop: false }`
[INFO] [stdout] 493947f51dd5cb79c651001c64b25d13c2347dd258f260cc62ac7e1cafa8f093
[INFO] running `Command { std: "docker" "start" "-a" "493947f51dd5cb79c651001c64b25d13c2347dd258f260cc62ac7e1cafa8f093", kill_on_drop: false }`
[INFO] [stderr] warning: profiles for the non root package will be ignored, specify profiles at the workspace root:
[INFO] [stderr] package:   /opt/rustwide/workdir/contracts/cw20/Cargo.toml
[INFO] [stderr] workspace: /opt/rustwide/workdir/Cargo.toml
[INFO] [stderr] warning: profiles for the non root package will be ignored, specify profiles at the workspace root:
[INFO] [stderr] package:   /opt/rustwide/workdir/contracts/deposit-cw20/Cargo.toml
[INFO] [stderr] workspace: /opt/rustwide/workdir/Cargo.toml
[INFO] [stderr] warning: virtual workspace defaulting to `resolver = "1"` despite one or more workspace members being on edition 2021 which implies `resolver = "2"`
[INFO] [stderr] note: to keep the current resolver, specify `workspace.resolver = "1"` in the workspace root's manifest
[INFO] [stderr] note: to use the edition 2021 resolver, specify `workspace.resolver = "2"` in the workspace root's manifest
[INFO] [stderr] note: for more details see https://doc.rust-lang.org/cargo/reference/resolver.html#resolver-versions
[INFO] [stderr] warning: output filename collision.
[INFO] [stderr] The example target `schema` in package `deposit-cw20 v0.1.0 (/opt/rustwide/workdir/contracts/deposit-cw20)` has the same output filename as the example target `schema` in package `cw20-example v0.1.0 (/opt/rustwide/workdir/contracts/cw20)`.
[INFO] [stderr] Colliding filename is: /opt/rustwide/target/debug/examples/schema
[INFO] [stderr] The targets should have unique names.
[INFO] [stderr] Consider changing their names to be unique or compiling them separately.
[INFO] [stderr] This may become a hard error in the future; see <https://github.com/rust-lang/cargo/issues/6313>.
[INFO] [stderr] warning: output filename collision.
[INFO] [stderr] The example target `schema` in package `deposit-cw20 v0.1.0 (/opt/rustwide/workdir/contracts/deposit-cw20)` has the same output filename as the example target `schema` in package `cw20-example v0.1.0 (/opt/rustwide/workdir/contracts/cw20)`.
[INFO] [stderr] Colliding filename is: /opt/rustwide/target/debug/examples/schema.dwp
[INFO] [stderr] The targets should have unique names.
[INFO] [stderr] Consider changing their names to be unique or compiling them separately.
[INFO] [stderr] This may become a hard error in the future; see <https://github.com/rust-lang/cargo/issues/6313>.
[INFO] [stderr] warning: output filename collision.
[INFO] [stderr] The example target `schema` in package `nft v0.1.0 (/opt/rustwide/workdir/contracts/nft)` has the same output filename as the example target `schema` in package `deposit-cw20 v0.1.0 (/opt/rustwide/workdir/contracts/deposit-cw20)`.
[INFO] [stderr] Colliding filename is: /opt/rustwide/target/debug/examples/schema
[INFO] [stderr] The targets should have unique names.
[INFO] [stderr] Consider changing their names to be unique or compiling them separately.
[INFO] [stderr] This may become a hard error in the future; see <https://github.com/rust-lang/cargo/issues/6313>.
[INFO] [stderr] warning: output filename collision.
[INFO] [stderr] The example target `schema` in package `nft v0.1.0 (/opt/rustwide/workdir/contracts/nft)` has the same output filename as the example target `schema` in package `deposit-cw20 v0.1.0 (/opt/rustwide/workdir/contracts/deposit-cw20)`.
[INFO] [stderr] Colliding filename is: /opt/rustwide/target/debug/examples/schema.dwp
[INFO] [stderr] The targets should have unique names.
[INFO] [stderr] Consider changing their names to be unique or compiling them separately.
[INFO] [stderr] This may become a hard error in the future; see <https://github.com/rust-lang/cargo/issues/6313>.
[INFO] [stderr] warning: unused import: `Expiration`
[INFO] [stderr]   --> contracts/deposit-cw20/src/contract.rs:13:95
[INFO] [stderr]    |
[INFO] [stderr] 13 | use cw_utils::{self, one_coin, PaymentError, nonpayable, ensure_from_older_version, Duration, Expiration};
[INFO] [stderr]    |                                                                                               ^^^^^^^^^^
[INFO] [stderr]    |
[INFO] [stderr]    = note: `#[warn(unused_imports)]` on by default
[INFO] [stderr] 
[INFO] [stderr] warning: unused import: `BlockInfo`
[INFO] [stderr]  --> contracts/deposit-cw20/src/state.rs:8:41
[INFO] [stderr]   |
[INFO] [stderr] 8 | use cosmwasm_std::{Uint128, Addr, Coin, BlockInfo, CustomMsg};
[INFO] [stderr]   |                                         ^^^^^^^^^
[INFO] [stderr] 
[INFO] [stderr] warning: unused imports: `SnapshotMap`, `UniqueIndex`
[INFO] [stderr]  --> contracts/deposit-cw20/src/state.rs:9:68
[INFO] [stderr]   |
[INFO] [stderr] 9 | use cw_storage_plus::{Map, Item, SnapshotItem, IndexedSnapshotMap, SnapshotMap, Strategy, UniqueIndex, Index, IndexList, MultiIndex, Inde...
[INFO] [stderr]   |                                                                    ^^^^^^^^^^^            ^^^^^^^^^^^
[INFO] [stderr] 
[INFO] [stderr] warning: unused variable: `res`
[INFO] [stderr]    --> contracts/deposit-cw20/src/contract.rs:161:16
[INFO] [stderr]     |
[INFO] [stderr] 161 |             Ok(res) => {},
[INFO] [stderr]     |                ^^^ help: if this is intentional, prefix it with an underscore: `_res`
[INFO] [stderr]     |
[INFO] [stderr]     = note: `#[warn(unused_variables)]` on by default
[INFO] [stderr] 
[INFO] [stderr] warning: `deposit-cw20` (lib) generated 4 warnings (run `cargo fix --lib -p deposit-cw20` to apply 4 suggestions)
[INFO] [stderr] warning: unused imports: `BankMsg`, `BankQuery`
[INFO] [stderr]  --> contracts/deposit-cw20/src/integration_tests.rs:5:63
[INFO] [stderr]   |
[INFO] [stderr] 5 |     use cosmwasm_std::{Addr, Coin, Empty, Uint128, to_binary, BankQuery, BankMsg, coin, WasmMsg};
[INFO] [stderr]   |                                                               ^^^^^^^^^  ^^^^^^^
[INFO] [stderr] 
[INFO] [stderr] warning: function `get_deposits` is never used
[INFO] [stderr]    --> contracts/deposit-cw20/src/integration_tests.rs:118:8
[INFO] [stderr]     |
[INFO] [stderr] 118 |     fn get_deposits(app: &App, deposit_contract: &DepositContract) -> DepositResponse {
[INFO] [stderr]     |        ^^^^^^^^^^^^
[INFO] [stderr]     |
[INFO] [stderr]     = note: `#[warn(dead_code)]` on by default
[INFO] [stderr] 
[INFO] [stderr] warning: function `get_cw721_deposits_by_contract` is never used
[INFO] [stderr]    --> contracts/deposit-cw20/src/integration_tests.rs:140:8
[INFO] [stderr]     |
[INFO] [stderr] 140 |     fn get_cw721_deposits_by_contract(app: &App, deposit_contract: &DepositContract, nft_contract:&NftContract) -> Cw721DepositResponse {
[INFO] [stderr]     |        ^^^^^^^^^^^^^^^^^^^^^^^^^^^^^^
[INFO] [stderr] 
[INFO] [stderr] warning: function `get_cw721_deposits_by_owner` is never used
[INFO] [stderr]    --> contracts/deposit-cw20/src/integration_tests.rs:146:8
[INFO] [stderr]     |
[INFO] [stderr] 146 |     fn get_cw721_deposits_by_owner(app: &App, deposit_contract: &DepositContract, owner:String) -> Cw721DepositResponse {
[INFO] [stderr]     |        ^^^^^^^^^^^^^^^^^^^^^^^^^^^
[INFO] [stderr] 
[INFO] [stderr] warning: `deposit-cw20` (lib test) generated 8 warnings (4 duplicates) (run `cargo fix --lib -p deposit-cw20 --tests` to apply 1 suggestion)
[INFO] [stderr]     Finished test [unoptimized + debuginfo] target(s) in 0.10s
[INFO] [stderr]      Running unittests src/lib.rs (/opt/rustwide/target/debug/deps/cw20_example-74f38f4be5d7fedc)
[INFO] [stdout] 
[INFO] [stdout] running 0 tests
[INFO] [stdout] 
[INFO] [stdout] test result: ok. 0 passed; 0 failed; 0 ignored; 0 measured; 0 filtered out; finished in 0.00s
[INFO] [stdout] 
[INFO] [stderr]      Running unittests src/lib.rs (/opt/rustwide/target/debug/deps/deposit_cw20-85712e5abc3d753b)
[INFO] [stdout] 
[INFO] [stdout] running 4 tests
[INFO] [stdout] test integration_tests::tests::deposit_cw20 ... ok
[INFO] [stdout] test integration_tests::tests::deposit_native ... ok
[INFO] [stdout] test integration_tests::tests::deposit_cw20_and_withdraw_after_expiration_has_passed ... ok
[INFO] [stdout] test integration_tests::tests::mint_then_deposit_nft_then_withdraw_nft_back_to_owner ... ok
[INFO] [stdout] 
[INFO] [stdout] test result: ok. 4 passed; 0 failed; 0 ignored; 0 measured; 0 filtered out; finished in 0.02s
[INFO] [stdout] 
[INFO] [stderr]      Running unittests src/lib.rs (/opt/rustwide/target/debug/deps/nft-9fa65910764ef61d)
[INFO] [stdout] 
[INFO] [stdout] running 1 test
[INFO] [stdout] test contract::tests::use_metadata_extension ... ok
[INFO] [stdout] 
[INFO] [stdout] test result: ok. 1 passed; 0 failed; 0 ignored; 0 measured; 0 filtered out; finished in 0.01s
[INFO] [stdout] 
[INFO] [stderr]    Doc-tests cw20-example
[INFO] [stdout] 
[INFO] [stdout] running 0 tests
[INFO] [stdout] 
[INFO] [stdout] test result: ok. 0 passed; 0 failed; 0 ignored; 0 measured; 0 filtered out; finished in 0.00s
[INFO] [stdout] 
[INFO] [stderr]    Doc-tests deposit-cw20
[INFO] [stdout] 
[INFO] [stdout] running 0 tests
[INFO] [stdout] 
[INFO] [stdout] test result: ok. 0 passed; 0 failed; 0 ignored; 0 measured; 0 filtered out; finished in 0.00s
[INFO] [stdout] 
[INFO] [stderr]    Doc-tests nft
[INFO] [stdout] 
[INFO] [stdout] running 0 tests
[INFO] [stdout] 
[INFO] [stdout] test result: ok. 0 passed; 0 failed; 0 ignored; 0 measured; 0 filtered out; finished in 0.00s
[INFO] [stdout] 
[INFO] running `Command { std: "docker" "inspect" "493947f51dd5cb79c651001c64b25d13c2347dd258f260cc62ac7e1cafa8f093", kill_on_drop: false }`
[INFO] running `Command { std: "docker" "rm" "-f" "493947f51dd5cb79c651001c64b25d13c2347dd258f260cc62ac7e1cafa8f093", kill_on_drop: false }`
[INFO] [stdout] 493947f51dd5cb79c651001c64b25d13c2347dd258f260cc62ac7e1cafa8f093
