[INFO] cloning repository https://github.com/bcr/fraction-rs
[INFO] running `Command { std: "git" "-c" "credential.helper=" "-c" "credential.helper=/workspace/cargo-home/bin/git-credential-null" "clone" "--bare" "https://github.com/bcr/fraction-rs" "/workspace/cache/git-repos/https%3A%2F%2Fgithub.com%2Fbcr%2Ffraction-rs", kill_on_drop: false }`
[INFO] [stderr] Cloning into bare repository '/workspace/cache/git-repos/https%3A%2F%2Fgithub.com%2Fbcr%2Ffraction-rs'...
[INFO] running `Command { std: "git" "rev-parse" "HEAD", kill_on_drop: false }`
[INFO] [stdout] 3149d0e840c30c421b85c1795c9f1c2058e1a550
[INFO] testing bcr/fraction-rs against 1.75.0 for beta-1.76-1
[INFO] running `Command { std: "git" "clone" "/workspace/cache/git-repos/https%3A%2F%2Fgithub.com%2Fbcr%2Ffraction-rs" "/workspace/builds/worker-6-tc1/source", kill_on_drop: false }`
[INFO] [stderr] Cloning into '/workspace/builds/worker-6-tc1/source'...
[INFO] [stderr] done.
[INFO] validating manifest of git repo https://github.com/bcr/fraction-rs on toolchain 1.75.0
[INFO] running `Command { std: CARGO_HOME="/workspace/cargo-home" RUSTUP_HOME="/workspace/rustup-home" "/workspace/cargo-home/bin/cargo" "+1.75.0" "metadata" "--manifest-path" "Cargo.toml" "--no-deps", kill_on_drop: false }`
[INFO] started tweaking git repo https://github.com/bcr/fraction-rs
[INFO] removed 0 missing tests
[INFO] finished tweaking git repo https://github.com/bcr/fraction-rs
[INFO] tweaked toml for git repo https://github.com/bcr/fraction-rs written to /workspace/builds/worker-6-tc1/source/Cargo.toml
[INFO] crate git repo https://github.com/bcr/fraction-rs already has a lockfile, it will not be regenerated
[INFO] running `Command { std: CARGO_HOME="/workspace/cargo-home" RUSTUP_HOME="/workspace/rustup-home" "/workspace/cargo-home/bin/cargo" "+1.75.0" "fetch" "--manifest-path" "Cargo.toml", kill_on_drop: false }`
[INFO] [stderr]     Blocking waiting for file lock on package cache
[ERROR] error running command: no output for 300 seconds
[ERROR] this task or one of its parent failed!
[ERROR] no output for 300 seconds
[ERROR] note: run with `RUST_BACKTRACE=1` to display a backtrace.
[INFO] testing bcr/fraction-rs against beta-2023-12-22 for beta-1.76-1
[INFO] running `Command { std: "git" "clone" "/workspace/cache/git-repos/https%3A%2F%2Fgithub.com%2Fbcr%2Ffraction-rs" "/workspace/builds/worker-6-tc2/source", kill_on_drop: false }`
[INFO] [stderr] Cloning into '/workspace/builds/worker-6-tc2/source'...
[INFO] [stderr] done.
[INFO] validating manifest of git repo https://github.com/bcr/fraction-rs on toolchain beta-2023-12-22
[INFO] running `Command { std: CARGO_HOME="/workspace/cargo-home" RUSTUP_HOME="/workspace/rustup-home" "/workspace/cargo-home/bin/cargo" "+beta-2023-12-22" "metadata" "--manifest-path" "Cargo.toml" "--no-deps", kill_on_drop: false }`
[INFO] started tweaking git repo https://github.com/bcr/fraction-rs
[INFO] removed 0 missing tests
[INFO] finished tweaking git repo https://github.com/bcr/fraction-rs
[INFO] tweaked toml for git repo https://github.com/bcr/fraction-rs written to /workspace/builds/worker-6-tc2/source/Cargo.toml
[INFO] crate git repo https://github.com/bcr/fraction-rs already has a lockfile, it will not be regenerated
[INFO] running `Command { std: CARGO_HOME="/workspace/cargo-home" RUSTUP_HOME="/workspace/rustup-home" "/workspace/cargo-home/bin/cargo" "+beta-2023-12-22" "fetch" "--manifest-path" "Cargo.toml", kill_on_drop: false }`
[INFO] [stderr]     Blocking waiting for file lock on package cache
[INFO] [stderr]     Updating git repository `https://github.com/bbqsrc/cucumber-rust`
[INFO] [stderr]     Updating crates.io index
[INFO] [stderr]     Blocking waiting for file lock on package cache
[ERROR] error running command: no output for 300 seconds
[INFO] testing bcr/fraction-rs against beta-2023-12-22 for beta-1.76-1
[INFO] running `Command { std: "git" "clone" "/workspace/cache/git-repos/https%3A%2F%2Fgithub.com%2Fbcr%2Ffraction-rs" "/workspace/builds/worker-6-tc2/source", kill_on_drop: false }`
[INFO] [stderr] Cloning into '/workspace/builds/worker-6-tc2/source'...
[INFO] [stderr] done.
[INFO] validating manifest of git repo https://github.com/bcr/fraction-rs on toolchain beta-2023-12-22
[INFO] running `Command { std: CARGO_HOME="/workspace/cargo-home" RUSTUP_HOME="/workspace/rustup-home" "/workspace/cargo-home/bin/cargo" "+beta-2023-12-22" "metadata" "--manifest-path" "Cargo.toml" "--no-deps", kill_on_drop: false }`
[INFO] started tweaking git repo https://github.com/bcr/fraction-rs
[INFO] removed 0 missing tests
[INFO] finished tweaking git repo https://github.com/bcr/fraction-rs
[INFO] tweaked toml for git repo https://github.com/bcr/fraction-rs written to /workspace/builds/worker-6-tc2/source/Cargo.toml
[INFO] crate git repo https://github.com/bcr/fraction-rs already has a lockfile, it will not be regenerated
[INFO] running `Command { std: CARGO_HOME="/workspace/cargo-home" RUSTUP_HOME="/workspace/rustup-home" "/workspace/cargo-home/bin/cargo" "+beta-2023-12-22" "fetch" "--manifest-path" "Cargo.toml", kill_on_drop: false }`
[INFO] [stderr]     Blocking waiting for file lock on package cache
[INFO] [stderr]     Blocking waiting for file lock on package cache
[INFO] [stderr]  Downloading crates ...
[INFO] [stderr]   Downloaded ignore v0.4.17
[INFO] [stderr]   Downloaded terminal_size v0.1.16
[INFO] [stderr]   Downloaded peg v0.6.3
[INFO] [stderr]   Downloaded peg-runtime v0.6.3
[INFO] [stderr]   Downloaded shh v1.0.1
[INFO] [stderr]   Downloaded cute_custom_default v2.1.0
[INFO] [stderr]   Downloaded typed-builder v0.7.1
[INFO] [stderr]   Downloaded async-stream-impl v0.3.1
[INFO] [stderr]   Downloaded peg-macros v0.6.3
[INFO] [stderr]   Downloaded async-stream v0.3.1
[INFO] [stderr]   Downloaded pathdiff v0.2.0
[INFO] [stderr]   Downloaded gherkin_rust v0.10.1
[INFO] [stderr]   Downloaded syn v1.0.71
[INFO] [stderr]   Downloaded regex v1.5.3
[INFO] running `Command { std: "docker" "create" "-v" "/var/lib/crater-agent-workspace/builds/worker-6-tc2/target:/opt/rustwide/target:rw,Z" "-v" "/var/lib/crater-agent-workspace/builds/worker-6-tc2/source:/opt/rustwide/workdir:ro,Z" "-v" "/var/lib/crater-agent-workspace/cargo-home:/opt/rustwide/cargo-home:ro,Z" "-v" "/var/lib/crater-agent-workspace/rustup-home:/opt/rustwide/rustup-home:ro,Z" "-e" "SOURCE_DIR=/opt/rustwide/workdir" "-e" "CARGO_TARGET_DIR=/opt/rustwide/target" "-e" "CARGO_HOME=/opt/rustwide/cargo-home" "-e" "RUSTUP_HOME=/opt/rustwide/rustup-home" "-w" "/opt/rustwide/workdir" "-m" "1610612736" "--user" "0:0" "--network" "none" "ghcr.io/rust-lang/crates-build-env/linux@sha256:2788e3201cd34a07e3172128adcd8b3090168a8e3bcc40d7c032b9dda1df7d1c" "/opt/rustwide/cargo-home/bin/cargo" "+beta-2023-12-22" "metadata" "--no-deps" "--format-version=1", kill_on_drop: false }`
[INFO] [stdout] 6e7789bc67ba4c5790a959f5d41713ffb33a89e215cec6a289a0e90fa5ba3e8d
[INFO] running `Command { std: "docker" "start" "-a" "6e7789bc67ba4c5790a959f5d41713ffb33a89e215cec6a289a0e90fa5ba3e8d", kill_on_drop: false }`
[INFO] running `Command { std: "docker" "inspect" "6e7789bc67ba4c5790a959f5d41713ffb33a89e215cec6a289a0e90fa5ba3e8d", kill_on_drop: false }`
[INFO] running `Command { std: "docker" "rm" "-f" "6e7789bc67ba4c5790a959f5d41713ffb33a89e215cec6a289a0e90fa5ba3e8d", kill_on_drop: false }`
[INFO] [stdout] 6e7789bc67ba4c5790a959f5d41713ffb33a89e215cec6a289a0e90fa5ba3e8d
[INFO] running `Command { std: "docker" "create" "-v" "/var/lib/crater-agent-workspace/builds/worker-6-tc2/target:/opt/rustwide/target:rw,Z" "-v" "/var/lib/crater-agent-workspace/builds/worker-6-tc2/source:/opt/rustwide/workdir:ro,Z" "-v" "/var/lib/crater-agent-workspace/cargo-home:/opt/rustwide/cargo-home:ro,Z" "-v" "/var/lib/crater-agent-workspace/rustup-home:/opt/rustwide/rustup-home:ro,Z" "-e" "SOURCE_DIR=/opt/rustwide/workdir" "-e" "CARGO_TARGET_DIR=/opt/rustwide/target" "-e" "CARGO_INCREMENTAL=0" "-e" "RUST_BACKTRACE=full" "-e" "RUSTFLAGS=--cap-lints=warn" "-e" "RUSTDOCFLAGS=--cap-lints=warn" "-e" "CARGO_HOME=/opt/rustwide/cargo-home" "-e" "RUSTUP_HOME=/opt/rustwide/rustup-home" "-w" "/opt/rustwide/workdir" "-m" "1610612736" "--user" "0:0" "--network" "none" "ghcr.io/rust-lang/crates-build-env/linux@sha256:2788e3201cd34a07e3172128adcd8b3090168a8e3bcc40d7c032b9dda1df7d1c" "/opt/rustwide/cargo-home/bin/cargo" "+beta-2023-12-22" "build" "--frozen" "--message-format=json", kill_on_drop: false }`
[INFO] [stdout] fbaf9cf5bd63f5e0b767e5e69dcb24e963a8d037eec785ade2678402633b0808
[INFO] running `Command { std: "docker" "start" "-a" "fbaf9cf5bd63f5e0b767e5e69dcb24e963a8d037eec785ade2678402633b0808", kill_on_drop: false }`
[INFO] [stderr]    Compiling fraction v1.0.0 (/opt/rustwide/workdir)
[INFO] [stderr]     Finished dev [unoptimized + debuginfo] target(s) in 0.50s
[INFO] running `Command { std: "docker" "inspect" "fbaf9cf5bd63f5e0b767e5e69dcb24e963a8d037eec785ade2678402633b0808", kill_on_drop: false }`
[INFO] running `Command { std: "docker" "rm" "-f" "fbaf9cf5bd63f5e0b767e5e69dcb24e963a8d037eec785ade2678402633b0808", kill_on_drop: false }`
[INFO] [stdout] fbaf9cf5bd63f5e0b767e5e69dcb24e963a8d037eec785ade2678402633b0808
[INFO] running `Command { std: "docker" "create" "-v" "/var/lib/crater-agent-workspace/builds/worker-6-tc2/target:/opt/rustwide/target:rw,Z" "-v" "/var/lib/crater-agent-workspace/builds/worker-6-tc2/source:/opt/rustwide/workdir:ro,Z" "-v" "/var/lib/crater-agent-workspace/cargo-home:/opt/rustwide/cargo-home:ro,Z" "-v" "/var/lib/crater-agent-workspace/rustup-home:/opt/rustwide/rustup-home:ro,Z" "-e" "SOURCE_DIR=/opt/rustwide/workdir" "-e" "CARGO_TARGET_DIR=/opt/rustwide/target" "-e" "CARGO_INCREMENTAL=0" "-e" "RUST_BACKTRACE=full" "-e" "RUSTFLAGS=--cap-lints=warn" "-e" "RUSTDOCFLAGS=--cap-lints=warn" "-e" "CARGO_HOME=/opt/rustwide/cargo-home" "-e" "RUSTUP_HOME=/opt/rustwide/rustup-home" "-w" "/opt/rustwide/workdir" "-m" "1610612736" "--user" "0:0" "--network" "none" "ghcr.io/rust-lang/crates-build-env/linux@sha256:2788e3201cd34a07e3172128adcd8b3090168a8e3bcc40d7c032b9dda1df7d1c" "/opt/rustwide/cargo-home/bin/cargo" "+beta-2023-12-22" "test" "--frozen" "--no-run" "--message-format=json", kill_on_drop: false }`
[INFO] [stdout] 21f5ddb8fc2aa2093823895c5e2ed51fc036aa16dcded3ea892bc3bf84b03277
[INFO] running `Command { std: "docker" "start" "-a" "21f5ddb8fc2aa2093823895c5e2ed51fc036aa16dcded3ea892bc3bf84b03277", kill_on_drop: false }`
[INFO] [stderr]    Compiling proc-macro2 v1.0.26
[INFO] [stderr]    Compiling unicode-xid v0.2.2
[INFO] [stderr]    Compiling syn v1.0.71
[INFO] [stderr]    Compiling memchr v2.4.0
[INFO] [stderr]    Compiling libc v0.2.94
[INFO] [stderr]    Compiling autocfg v1.0.1
[INFO] [stderr]    Compiling serde_derive v1.0.125
[INFO] [stderr]    Compiling proc-macro-hack v0.5.19
[INFO] [stderr]    Compiling serde v1.0.125
[INFO] [stderr]    Compiling ryu v1.0.5
[INFO] [stderr]    Compiling proc-macro-nested v0.1.7
[INFO] [stderr]    Compiling lazy_static v1.4.0
[INFO] [stderr]    Compiling pin-project-lite v0.2.6
[INFO] [stderr]    Compiling log v0.4.14
[INFO] [stderr]    Compiling futures-core v0.3.14
[INFO] [stderr]    Compiling serde_json v1.0.64
[INFO] [stderr]    Compiling unicode-width v0.1.8
[INFO] [stderr]    Compiling futures-sink v0.3.14
[INFO] [stderr]    Compiling itoa v0.4.7
[INFO] [stderr]    Compiling unicode-segmentation v1.7.1
[INFO] [stderr]    Compiling regex-syntax v0.6.25
[INFO] [stderr]    Compiling bitflags v1.2.1
[INFO] [stderr]    Compiling futures-channel v0.3.14
[INFO] [stderr]    Compiling futures-io v0.3.14
[INFO] [stderr]    Compiling peg-runtime v0.6.3
[INFO] [stderr]    Compiling crossbeam-utils v0.8.4
[INFO] [stderr]    Compiling once_cell v1.7.2
[INFO] [stderr]    Compiling heck v0.3.2
[INFO] [stderr]    Compiling same-file v1.0.6
[INFO] [stderr]    Compiling fnv v1.0.7
[INFO] [stderr]    Compiling futures-task v0.3.14
[INFO] [stderr]    Compiling slab v0.4.3
[INFO] [stderr]    Compiling async-trait v0.1.50
[INFO] [stderr]    Compiling thread_local v1.1.3
[INFO] [stderr]    Compiling walkdir v2.3.2
[INFO] [stderr]    Compiling tokio v1.5.0
[INFO] [stderr]    Compiling textwrap v0.11.0
[INFO] [stderr]    Compiling tracing-core v0.1.18
[INFO] [stderr]    Compiling ansi_term v0.11.0
[INFO] [stderr]    Compiling vec_map v0.8.2
[INFO] [stderr]    Compiling strsim v0.8.0
[INFO] [stderr]    Compiling aho-corasick v0.7.18
[INFO] [stderr]    Compiling quote v1.0.9
[INFO] [stderr]    Compiling bstr v0.2.16
[INFO] [stderr]    Compiling pathdiff v0.2.0
[INFO] [stderr]    Compiling futures-timer v3.0.2
[INFO] [stderr]    Compiling termcolor v1.1.2
[INFO] [stderr]    Compiling peg-macros v0.6.3
[INFO] [stderr]    Compiling terminal_size v0.1.16
[INFO] [stderr]    Compiling atty v0.2.14
[INFO] [stderr]    Compiling clap v2.33.3
[INFO] [stderr]    Compiling shh v1.0.1
[INFO] [stderr]    Compiling num_cpus v1.13.0
[INFO] [stderr]    Compiling textwrap v0.12.1
[INFO] [stderr]    Compiling regex v1.5.3
[INFO] [stderr]    Compiling peg v0.6.3
[INFO] [stderr]    Compiling globset v0.4.6
[INFO] [stderr]    Compiling ignore v0.4.17
[INFO] [stderr]    Compiling globwalk v0.8.1
[INFO] [stderr]    Compiling futures-macro v0.3.14
[INFO] [stderr]    Compiling thiserror-impl v1.0.24
[INFO] [stderr]    Compiling typed-builder v0.7.1
[INFO] [stderr]    Compiling tracing-attributes v0.1.15
[INFO] [stderr]    Compiling async-stream-impl v0.3.1
[INFO] [stderr]    Compiling cute_custom_default v2.1.0
[INFO] [stderr]    Compiling tokio-macros v1.1.0
[INFO] [stderr]    Compiling async-stream v0.3.1
[INFO] [stderr]    Compiling futures-util v0.3.14
[INFO] [stderr]    Compiling thiserror v1.0.24
[INFO] [stderr]    Compiling tracing v0.1.26
[INFO] [stderr]    Compiling futures-executor v0.3.14
[INFO] [stderr]    Compiling futures v0.3.14
[INFO] [stderr]    Compiling gherkin_rust v0.10.1
[INFO] [stderr]    Compiling cucumber_rust v0.8.4 (https://github.com/bbqsrc/cucumber-rust?branch=main#93bdaaf0)
[INFO] [stderr]    Compiling fraction v1.0.0 (/opt/rustwide/workdir)
[INFO] [stderr]     Finished test [unoptimized + debuginfo] target(s) in 20.60s
[INFO] running `Command { std: "docker" "inspect" "21f5ddb8fc2aa2093823895c5e2ed51fc036aa16dcded3ea892bc3bf84b03277", kill_on_drop: false }`
[INFO] running `Command { std: "docker" "rm" "-f" "21f5ddb8fc2aa2093823895c5e2ed51fc036aa16dcded3ea892bc3bf84b03277", kill_on_drop: false }`
[INFO] [stdout] 21f5ddb8fc2aa2093823895c5e2ed51fc036aa16dcded3ea892bc3bf84b03277
[INFO] running `Command { std: "docker" "create" "-v" "/var/lib/crater-agent-workspace/builds/worker-6-tc2/target:/opt/rustwide/target:rw,Z" "-v" "/var/lib/crater-agent-workspace/builds/worker-6-tc2/source:/opt/rustwide/workdir:ro,Z" "-v" "/var/lib/crater-agent-workspace/cargo-home:/opt/rustwide/cargo-home:ro,Z" "-v" "/var/lib/crater-agent-workspace/rustup-home:/opt/rustwide/rustup-home:ro,Z" "-e" "SOURCE_DIR=/opt/rustwide/workdir" "-e" "CARGO_TARGET_DIR=/opt/rustwide/target" "-e" "CARGO_INCREMENTAL=0" "-e" "RUST_BACKTRACE=full" "-e" "RUSTFLAGS=--cap-lints=warn" "-e" "RUSTDOCFLAGS=--cap-lints=warn" "-e" "CARGO_HOME=/opt/rustwide/cargo-home" "-e" "RUSTUP_HOME=/opt/rustwide/rustup-home" "-w" "/opt/rustwide/workdir" "-m" "1610612736" "--user" "0:0" "--network" "none" "ghcr.io/rust-lang/crates-build-env/linux@sha256:2788e3201cd34a07e3172128adcd8b3090168a8e3bcc40d7c032b9dda1df7d1c" "/opt/rustwide/cargo-home/bin/cargo" "+beta-2023-12-22" "test" "--frozen", kill_on_drop: false }`
[INFO] [stdout] 4581b750b62e819990832f01990c239223d12fecfa64eac097850fff5764648d
[INFO] running `Command { std: "docker" "start" "-a" "4581b750b62e819990832f01990c239223d12fecfa64eac097850fff5764648d", kill_on_drop: false }`
[INFO] [stderr]     Finished test [unoptimized + debuginfo] target(s) in 0.05s
[INFO] [stderr]      Running unittests src/lib.rs (/opt/rustwide/target/debug/deps/fraction-6be1693916ffb0b7)
[INFO] [stdout] 
[INFO] [stdout] running 10 tests
[INFO] [stdout] test tests::examples ... ok
[INFO] [stdout] test tests::divide ... ok
[INFO] [stdout] test tests::format ... ok
[INFO] [stdout] test tests::add ... ok
[INFO] [stdout] test tests::fraction ... ok
[INFO] [stdout] test tests::mixed ... ok
[INFO] [stdout] test tests::multiply ... ok
[INFO] [stdout] test tests::spaces ... ok
[INFO] [stdout] test tests::sub ... ok
[INFO] [stdout] test tests::whole_number ... ok
[INFO] [stdout] 
[INFO] [stdout] test result: ok. 10 passed; 0 failed; 0 ignored; 0 measured; 0 filtered out; finished in 0.00s
[INFO] [stdout] 
[INFO] [stderr]      Running unittests src/main.rs (/opt/rustwide/target/debug/deps/fraction-1acdb061e9109603)
[INFO] [stdout] 
[INFO] [stdout] running 0 tests
[INFO] [stdout] 
[INFO] [stdout] test result: ok. 0 passed; 0 failed; 0 ignored; 0 measured; 0 filtered out; finished in 0.00s
[INFO] [stdout] 
[INFO] [stderr]      Running tests/cucumber.rs (/opt/rustwide/target/debug/deps/cucumber-61ba81b06e93e53c)
[INFO] [stdout] [0m[1m[34m[Cucumber v0.8.4]
[INFO] [stdout] [0m[0m[1m[37mFeature: Given requirements                  [0m[0m[37m features/requirements.feature:1:1 
[INFO] [stdout] [0m
[INFO] [stdout] [0m[1m[37m Scenario: Operands and operators shall be separated by one or more spaces.
[INFO] [stdout]                                              [0m[0m[37m features/requirements.feature:5:5 
[INFO] [stdout] [0m[0m[37m  When we have the input "1   +   2"         [0m[0m[37m features/requirements.feature:6:9 
[INFO] [stdout] [0m[1A[2K[0m[32m  ✔ When we have the input "1   +   2"       [0m[0m[37m features/requirements.feature:6:9 
[INFO] [stdout] [0m[0m[37m  Then the output should be "3"              [0m[0m[37m features/requirements.feature:7:9 
[INFO] [stdout] [0m[1A[2K[0m[32m  ✔ Then the output should be "3"            [0m[0m[37m features/requirements.feature:7:9 
[INFO] [stdout] [0m[0m[1m[37m Scenario: Mixed numbers will be represented by whole_numerator/denominator.
[INFO] [stdout]  e.g. "3_1/4".                               [0m[0m[37m features/requirements.feature:9:5 
[INFO] [stdout] [0m[0m[37m  When we have the input "3_1/4 + 0"        [0m[0m[37m features/requirements.feature:10:9 
[INFO] [stdout] [0m[1A[2K[0m[32m  ✔ When we have the input "3_1/4 + 0"      [0m[0m[37m features/requirements.feature:10:9 
[INFO] [stdout] [0m[0m[37m  Then the output should be "3_1/4"         [0m[0m[37m features/requirements.feature:11:9 
[INFO] [stdout] [0m[1A[2K[0m[32m  ✔ Then the output should be "3_1/4"       [0m[0m[37m features/requirements.feature:11:9 
[INFO] [stdout] [0m[0m[1m[37m Scenario: Improper fractions and whole numbers are also allowed as operands.
[INFO] [stdout]                                             [0m[0m[37m features/requirements.feature:13:5 
[INFO] [stdout] [0m[0m[37m  When we have the input "9/8 + 2"          [0m[0m[37m features/requirements.feature:14:9 
[INFO] [stdout] [0m[1A[2K[0m[32m  ✔ When we have the input "9/8 + 2"        [0m[0m[37m features/requirements.feature:14:9 
[INFO] [stdout] [0m[0m[37m  Then the output should be "3_1/8"         [0m[0m[37m features/requirements.feature:15:9 
[INFO] [stdout] [0m[1A[2K[0m[32m  ✔ Then the output should be "3_1/8"       [0m[0m[37m features/requirements.feature:15:9 
[INFO] [stdout] [0m[0m[1m[37m Scenario: Multiplication works.            [0m[0m[37m features/requirements.feature:17:5 
[INFO] [stdout] [0m[0m[37m  When we have the input "1/2 * 2"          [0m[0m[37m features/requirements.feature:18:9 
[INFO] [stdout] [0m[1A[2K[0m[32m  ✔ When we have the input "1/2 * 2"        [0m[0m[37m features/requirements.feature:18:9 
[INFO] [stdout] [0m[0m[37m  Then the output should be "1"             [0m[0m[37m features/requirements.feature:19:9 
[INFO] [stdout] [0m[1A[2K[0m[32m  ✔ Then the output should be "1"           [0m[0m[37m features/requirements.feature:19:9 
[INFO] [stdout] [0m[0m[1m[37m Scenario: Addition works.                  [0m[0m[37m features/requirements.feature:21:5 
[INFO] [stdout] [0m[0m[37m  When we have the input "1/2 + 1/4"        [0m[0m[37m features/requirements.feature:22:9 
[INFO] [stdout] [0m[1A[2K[0m[32m  ✔ When we have the input "1/2 + 1/4"      [0m[0m[37m features/requirements.feature:22:9 
[INFO] [stdout] [0m[0m[37m  Then the output should be "3/4"           [0m[0m[37m features/requirements.feature:23:9 
[INFO] [stdout] [0m[1A[2K[0m[32m  ✔ Then the output should be "3/4"         [0m[0m[37m features/requirements.feature:23:9 
[INFO] [stdout] [0m[0m[1m[37m Scenario: Subtraction works.               [0m[0m[37m features/requirements.feature:25:5 
[INFO] [stdout] [0m[0m[37m  When we have the input "1/2 - 1/4"        [0m[0m[37m features/requirements.feature:26:9 
[INFO] [stdout] [0m[1A[2K[0m[32m  ✔ When we have the input "1/2 - 1/4"      [0m[0m[37m features/requirements.feature:26:9 
[INFO] [stdout] [0m[0m[37m  Then the output should be "1/4"           [0m[0m[37m features/requirements.feature:27:9 
[INFO] [stdout] [0m[1A[2K[0m[32m  ✔ Then the output should be "1/4"         [0m[0m[37m features/requirements.feature:27:9 
[INFO] [stdout] [0m[0m[1m[37m Scenario: Division works.                  [0m[0m[37m features/requirements.feature:29:5 
[INFO] [stdout] [0m[0m[37m  When we have the input "1/2 / 1/2"        [0m[0m[37m features/requirements.feature:30:9 
[INFO] [stdout] [0m[1A[2K[0m[32m  ✔ When we have the input "1/2 / 1/2"      [0m[0m[37m features/requirements.feature:30:9 
[INFO] [stdout] [0m[0m[37m  Then the output should be "1"             [0m[0m[37m features/requirements.feature:31:9 
[INFO] [stdout] [0m[1A[2K[0m[32m  ✔ Then the output should be "1"           [0m[0m[37m features/requirements.feature:31:9 
[INFO] [stdout] [0m[0m[1m[37m Scenario: Example one from requirements.   [0m[0m[37m features/requirements.feature:33:5 
[INFO] [stdout] [0m[0m[37m  When we have the input "1/2 * 3_3/4"      [0m[0m[37m features/requirements.feature:34:9 
[INFO] [stdout] [0m[1A[2K[0m[32m  ✔ When we have the input "1/2 * 3_3/4"    [0m[0m[37m features/requirements.feature:34:9 
[INFO] [stdout] [0m[0m[37m  Then the output should be "1_7/8"         [0m[0m[37m features/requirements.feature:35:9 
[INFO] [stdout] [0m[1A[2K[0m[32m  ✔ Then the output should be "1_7/8"       [0m[0m[37m features/requirements.feature:35:9 
[INFO] [stdout] [0m[0m[1m[37m Scenario: Example two from requirements.   [0m[0m[37m features/requirements.feature:37:5 
[INFO] [stdout] [0m[0m[37m  When we have the input "2_3/8 + 9/8"      [0m[0m[37m features/requirements.feature:38:9 
[INFO] [stdout] [0m[1A[2K[0m[32m  ✔ When we have the input "2_3/8 + 9/8"    [0m[0m[37m features/requirements.feature:38:9 
[INFO] [stdout] [0m[0m[37m  Then the output should be "3_1/2"         [0m[0m[37m features/requirements.feature:39:9 
[INFO] [stdout] [0m[1A[2K[0m[32m  ✔ Then the output should be "3_1/2"       [0m[0m[37m features/requirements.feature:39:9 
[INFO] [stdout] [0m
[INFO] [stdout] [0m[1m[34m[Summary]
[INFO] [stdout] [0m[0m[1m[37m1 features
[INFO] [stdout] [0m[0m[1m[37m9 scenarios ([0m[0m[1m[32m9 passed[0m[0m[1m[37m)
[INFO] [stdout] [0m[0m[1m[37m36 steps ([0m[0m[1m[32m18 passed[0m[0m[1m[37m)
[INFO] [stdout] [0m
[INFO] [stdout] Finished in 0.3 seconds.
[INFO] [stderr]    Doc-tests fraction
[INFO] [stdout] 
[INFO] [stdout] running 0 tests
[INFO] [stdout] 
[INFO] [stdout] test result: ok. 0 passed; 0 failed; 0 ignored; 0 measured; 0 filtered out; finished in 0.00s
[INFO] [stdout] 
[INFO] running `Command { std: "docker" "inspect" "4581b750b62e819990832f01990c239223d12fecfa64eac097850fff5764648d", kill_on_drop: false }`
[INFO] running `Command { std: "docker" "rm" "-f" "4581b750b62e819990832f01990c239223d12fecfa64eac097850fff5764648d", kill_on_drop: false }`
[INFO] [stdout] 4581b750b62e819990832f01990c239223d12fecfa64eac097850fff5764648d
