[INFO] cloning repository https://github.com/atkinchris/kubesecrets
[INFO] running `Command { std: "git" "-c" "credential.helper=" "-c" "credential.helper=/workspace/cargo-home/bin/git-credential-null" "clone" "--bare" "https://github.com/atkinchris/kubesecrets" "/workspace/cache/git-repos/https%3A%2F%2Fgithub.com%2Fatkinchris%2Fkubesecrets", kill_on_drop: false }`
[INFO] [stderr] Cloning into bare repository '/workspace/cache/git-repos/https%3A%2F%2Fgithub.com%2Fatkinchris%2Fkubesecrets'...
[INFO] running `Command { std: "git" "rev-parse" "HEAD", kill_on_drop: false }`
[INFO] [stdout] 93a0c545d0ddf8537953cc914923ef1610bf029e
[INFO] testing atkinchris/kubesecrets against 1.75.0 for beta-1.76-1
[INFO] running `Command { std: "git" "clone" "/workspace/cache/git-repos/https%3A%2F%2Fgithub.com%2Fatkinchris%2Fkubesecrets" "/workspace/builds/worker-6-tc1/source", kill_on_drop: false }`
[INFO] [stderr] Cloning into '/workspace/builds/worker-6-tc1/source'...
[INFO] [stderr] done.
[INFO] validating manifest of git repo https://github.com/atkinchris/kubesecrets on toolchain 1.75.0
[INFO] running `Command { std: CARGO_HOME="/workspace/cargo-home" RUSTUP_HOME="/workspace/rustup-home" "/workspace/cargo-home/bin/cargo" "+1.75.0" "metadata" "--manifest-path" "Cargo.toml" "--no-deps", kill_on_drop: false }`
[INFO] started tweaking git repo https://github.com/atkinchris/kubesecrets
[INFO] finished tweaking git repo https://github.com/atkinchris/kubesecrets
[INFO] tweaked toml for git repo https://github.com/atkinchris/kubesecrets written to /workspace/builds/worker-6-tc1/source/Cargo.toml
[INFO] crate git repo https://github.com/atkinchris/kubesecrets already has a lockfile, it will not be regenerated
[INFO] running `Command { std: CARGO_HOME="/workspace/cargo-home" RUSTUP_HOME="/workspace/rustup-home" "/workspace/cargo-home/bin/cargo" "+1.75.0" "fetch" "--manifest-path" "Cargo.toml", kill_on_drop: false }`
[INFO] [stderr]     Blocking waiting for file lock on package cache
[ERROR] error running command: no output for 300 seconds
[ERROR] this task or one of its parent failed!
[ERROR] no output for 300 seconds
[ERROR] note: run with `RUST_BACKTRACE=1` to display a backtrace.
[INFO] testing atkinchris/kubesecrets against beta-2023-12-22 for beta-1.76-1
[INFO] running `Command { std: "git" "clone" "/workspace/cache/git-repos/https%3A%2F%2Fgithub.com%2Fatkinchris%2Fkubesecrets" "/workspace/builds/worker-6-tc2/source", kill_on_drop: false }`
[INFO] [stderr] Cloning into '/workspace/builds/worker-6-tc2/source'...
[INFO] [stderr] done.
[INFO] validating manifest of git repo https://github.com/atkinchris/kubesecrets on toolchain beta-2023-12-22
[INFO] running `Command { std: CARGO_HOME="/workspace/cargo-home" RUSTUP_HOME="/workspace/rustup-home" "/workspace/cargo-home/bin/cargo" "+beta-2023-12-22" "metadata" "--manifest-path" "Cargo.toml" "--no-deps", kill_on_drop: false }`
[INFO] started tweaking git repo https://github.com/atkinchris/kubesecrets
[INFO] finished tweaking git repo https://github.com/atkinchris/kubesecrets
[INFO] tweaked toml for git repo https://github.com/atkinchris/kubesecrets written to /workspace/builds/worker-6-tc2/source/Cargo.toml
[INFO] crate git repo https://github.com/atkinchris/kubesecrets already has a lockfile, it will not be regenerated
[INFO] running `Command { std: CARGO_HOME="/workspace/cargo-home" RUSTUP_HOME="/workspace/rustup-home" "/workspace/cargo-home/bin/cargo" "+beta-2023-12-22" "fetch" "--manifest-path" "Cargo.toml", kill_on_drop: false }`
[INFO] [stderr]     Blocking waiting for file lock on package cache
[INFO] [stderr]     Blocking waiting for file lock on package cache
[ERROR] error running command: no output for 300 seconds
[INFO] testing atkinchris/kubesecrets against beta-2023-12-22 for beta-1.76-1
[INFO] running `Command { std: "git" "clone" "/workspace/cache/git-repos/https%3A%2F%2Fgithub.com%2Fatkinchris%2Fkubesecrets" "/workspace/builds/worker-6-tc2/source", kill_on_drop: false }`
[INFO] [stderr] Cloning into '/workspace/builds/worker-6-tc2/source'...
[INFO] [stderr] done.
[INFO] validating manifest of git repo https://github.com/atkinchris/kubesecrets on toolchain beta-2023-12-22
[INFO] running `Command { std: CARGO_HOME="/workspace/cargo-home" RUSTUP_HOME="/workspace/rustup-home" "/workspace/cargo-home/bin/cargo" "+beta-2023-12-22" "metadata" "--manifest-path" "Cargo.toml" "--no-deps", kill_on_drop: false }`
[INFO] started tweaking git repo https://github.com/atkinchris/kubesecrets
[INFO] finished tweaking git repo https://github.com/atkinchris/kubesecrets
[INFO] tweaked toml for git repo https://github.com/atkinchris/kubesecrets written to /workspace/builds/worker-6-tc2/source/Cargo.toml
[INFO] crate git repo https://github.com/atkinchris/kubesecrets already has a lockfile, it will not be regenerated
[INFO] running `Command { std: CARGO_HOME="/workspace/cargo-home" RUSTUP_HOME="/workspace/rustup-home" "/workspace/cargo-home/bin/cargo" "+beta-2023-12-22" "fetch" "--manifest-path" "Cargo.toml", kill_on_drop: false }`
[INFO] [stderr]     Blocking waiting for file lock on package cache
[INFO] [stderr]     Blocking waiting for file lock on package cache
[INFO] [stderr]  Downloading crates ...
[INFO] [stderr]   Downloaded subprocess v0.1.16
[INFO] [stderr]   Downloaded serde v1.0.79
[INFO] [stderr]   Downloaded serde_json v1.0.31
[INFO] [stderr]   Downloaded text_io v0.1.7
[INFO] [stderr]   Downloaded serde_derive v1.0.79
[INFO] [stderr]   Downloaded syn v0.15.7
[INFO] running `Command { std: "docker" "create" "-v" "/var/lib/crater-agent-workspace/builds/worker-6-tc2/target:/opt/rustwide/target:rw,Z" "-v" "/var/lib/crater-agent-workspace/builds/worker-6-tc2/source:/opt/rustwide/workdir:ro,Z" "-v" "/var/lib/crater-agent-workspace/cargo-home:/opt/rustwide/cargo-home:ro,Z" "-v" "/var/lib/crater-agent-workspace/rustup-home:/opt/rustwide/rustup-home:ro,Z" "-e" "SOURCE_DIR=/opt/rustwide/workdir" "-e" "CARGO_TARGET_DIR=/opt/rustwide/target" "-e" "CARGO_HOME=/opt/rustwide/cargo-home" "-e" "RUSTUP_HOME=/opt/rustwide/rustup-home" "-w" "/opt/rustwide/workdir" "-m" "1610612736" "--user" "0:0" "--network" "none" "ghcr.io/rust-lang/crates-build-env/linux@sha256:2788e3201cd34a07e3172128adcd8b3090168a8e3bcc40d7c032b9dda1df7d1c" "/opt/rustwide/cargo-home/bin/cargo" "+beta-2023-12-22" "metadata" "--no-deps" "--format-version=1", kill_on_drop: false }`
[INFO] [stdout] c2bbc6031d5300b45e09be0799b05c748a3e4f442203e769e3b7330daac5d4e3
[INFO] running `Command { std: "docker" "start" "-a" "c2bbc6031d5300b45e09be0799b05c748a3e4f442203e769e3b7330daac5d4e3", kill_on_drop: false }`
[INFO] running `Command { std: "docker" "inspect" "c2bbc6031d5300b45e09be0799b05c748a3e4f442203e769e3b7330daac5d4e3", kill_on_drop: false }`
[INFO] running `Command { std: "docker" "rm" "-f" "c2bbc6031d5300b45e09be0799b05c748a3e4f442203e769e3b7330daac5d4e3", kill_on_drop: false }`
[INFO] [stdout] c2bbc6031d5300b45e09be0799b05c748a3e4f442203e769e3b7330daac5d4e3
[INFO] running `Command { std: "docker" "create" "-v" "/var/lib/crater-agent-workspace/builds/worker-6-tc2/target:/opt/rustwide/target:rw,Z" "-v" "/var/lib/crater-agent-workspace/builds/worker-6-tc2/source:/opt/rustwide/workdir:ro,Z" "-v" "/var/lib/crater-agent-workspace/cargo-home:/opt/rustwide/cargo-home:ro,Z" "-v" "/var/lib/crater-agent-workspace/rustup-home:/opt/rustwide/rustup-home:ro,Z" "-e" "SOURCE_DIR=/opt/rustwide/workdir" "-e" "CARGO_TARGET_DIR=/opt/rustwide/target" "-e" "CARGO_INCREMENTAL=0" "-e" "RUST_BACKTRACE=full" "-e" "RUSTFLAGS=--cap-lints=warn" "-e" "RUSTDOCFLAGS=--cap-lints=warn" "-e" "CARGO_HOME=/opt/rustwide/cargo-home" "-e" "RUSTUP_HOME=/opt/rustwide/rustup-home" "-w" "/opt/rustwide/workdir" "-m" "1610612736" "--user" "0:0" "--network" "none" "ghcr.io/rust-lang/crates-build-env/linux@sha256:2788e3201cd34a07e3172128adcd8b3090168a8e3bcc40d7c032b9dda1df7d1c" "/opt/rustwide/cargo-home/bin/cargo" "+beta-2023-12-22" "build" "--frozen" "--message-format=json", kill_on_drop: false }`
[INFO] [stdout] 18fc19841eff2b9bfb7b8dfd9b19e0cbf3f71f748ada05dac0fdf7dc8d91ba62
[INFO] running `Command { std: "docker" "start" "-a" "18fc19841eff2b9bfb7b8dfd9b19e0cbf3f71f748ada05dac0fdf7dc8d91ba62", kill_on_drop: false }`
[INFO] [stderr]    Compiling proc-macro2 v0.4.19
[INFO] [stderr]    Compiling unicode-xid v0.1.0
[INFO] [stderr]    Compiling ryu v0.2.6
[INFO] [stderr]    Compiling libc v0.2.43
[INFO] [stderr]    Compiling serde v1.0.79
[INFO] [stderr]    Compiling unicode-width v0.1.5
[INFO] [stderr]    Compiling bitflags v1.0.4
[INFO] [stderr]    Compiling byteorder v1.2.6
[INFO] [stderr]    Compiling safemem v0.3.0
[INFO] [stderr]    Compiling vec_map v0.8.1
[INFO] [stderr]    Compiling itoa v0.4.3
[INFO] [stderr]    Compiling strsim v0.7.0
[INFO] [stderr]    Compiling ansi_term v0.11.0
[INFO] [stderr]    Compiling text_io v0.1.7
[INFO] [stderr]    Compiling textwrap v0.10.0
[INFO] [stderr]    Compiling base64 v0.9.3
[INFO] [stderr]    Compiling atty v0.2.11
[INFO] [stderr]    Compiling subprocess v0.1.16
[INFO] [stderr]    Compiling clap v2.32.0
[INFO] [stderr]    Compiling quote v0.6.8
[INFO] [stderr]    Compiling syn v0.15.7
[INFO] [stderr]    Compiling serde_derive v1.0.79
[INFO] [stderr]    Compiling serde_json v1.0.31
[INFO] [stderr]    Compiling kubesecrets v0.5.1 (/opt/rustwide/workdir)
[INFO] [stdout] warning: use of deprecated method `std::error::Error::description`: use the Display impl or to_string()
[INFO] [stdout]   --> src/commands.rs:35:67
[INFO] [stdout]    |
[INFO] [stdout] 35 |     .unwrap_or_else(|e| panic!("couldn't parse input file, {}", e.description()));
[INFO] [stdout]    |                                                                   ^^^^^^^^^^^
[INFO] [stdout]    |
[INFO] [stdout]    = note: `#[warn(deprecated)]` on by default
[INFO] [stdout] 
[INFO] [stdout] 
[INFO] [stdout] warning: use of deprecated method `std::error::Error::description`: use the Display impl or to_string()
[INFO] [stdout]   --> src/errors.rs:37:31
[INFO] [stdout]    |
[INFO] [stdout] 37 |     ApplicationError::new(err.description())
[INFO] [stdout]    |                               ^^^^^^^^^^^
[INFO] [stdout] 
[INFO] [stdout] 
[INFO] [stdout] warning: use of deprecated method `std::error::Error::description`: use the Display impl or to_string()
[INFO] [stdout]   --> src/errors.rs:43:31
[INFO] [stdout]    |
[INFO] [stdout] 43 |     ApplicationError::new(err.description())
[INFO] [stdout]    |                               ^^^^^^^^^^^
[INFO] [stdout] 
[INFO] [stdout] 
[INFO] [stdout] warning: use of deprecated method `std::error::Error::description`: use the Display impl or to_string()
[INFO] [stdout]   --> src/fs.rs:12:63
[INFO] [stdout]    |
[INFO] [stdout] 12 |     Err(why) => panic!("couldn't create {}: {}", display, why.description()),
[INFO] [stdout]    |                                                               ^^^^^^^^^^^
[INFO] [stdout] 
[INFO] [stdout] 
[INFO] [stdout] warning: use of deprecated method `std::error::Error::description`: use the Display impl or to_string()
[INFO] [stdout]   --> src/fs.rs:17:65
[INFO] [stdout]    |
[INFO] [stdout] 17 |     Err(why) => panic!("couldn't write to {}: {}", display, why.description()),
[INFO] [stdout]    |                                                                 ^^^^^^^^^^^
[INFO] [stdout] 
[INFO] [stdout] 
[INFO] [stdout] warning: use of deprecated method `std::error::Error::description`: use the Display impl or to_string()
[INFO] [stdout]   --> src/fs.rs:31:54
[INFO] [stdout]    |
[INFO] [stdout] 31 |         format!("couldn't open {}: {}", display, why.description()),
[INFO] [stdout]    |                                                      ^^^^^^^^^^^
[INFO] [stdout] 
[INFO] [stdout] 
[INFO] [stdout] warning: use of deprecated method `std::error::Error::description`: use the Display impl or to_string()
[INFO] [stdout]   --> src/fs.rs:40:66
[INFO] [stdout]    |
[INFO] [stdout] 40 |     Err(why) => panic!("couldn't read from {}: {}", display, why.description()),
[INFO] [stdout]    |                                                                  ^^^^^^^^^^^
[INFO] [stdout] 
[INFO] [stdout] 
[INFO] [stdout] warning: use of deprecated method `std::error::Error::description`: use the Display impl or to_string()
[INFO] [stdout]   --> src/kubectl.rs:22:67
[INFO] [stdout]    |
[INFO] [stdout] 22 |     .unwrap_or_else(|e| panic!("Failed to execute kubectl: {}", e.description()));
[INFO] [stdout]    |                                                                   ^^^^^^^^^^^
[INFO] [stdout] 
[INFO] [stdout] 
[INFO] [stdout] warning: use of deprecated method `std::error::Error::description`: use the Display impl or to_string()
[INFO] [stdout]   --> src/kubectl.rs:47:67
[INFO] [stdout]    |
[INFO] [stdout] 47 |     .unwrap_or_else(|e| panic!("Failed to execute kubectl: {}", e.description()));
[INFO] [stdout]    |                                                                   ^^^^^^^^^^^
[INFO] [stdout] 
[INFO] [stdout] 
[INFO] [stdout] warning: use of deprecated method `std::error::Error::description`: use the Display impl or to_string()
[INFO] [stdout]   --> src/kubectl.rs:54:76
[INFO] [stdout]    |
[INFO] [stdout] 54 |     .unwrap_or_else(|e| panic!("Failed to read stdout from kubectl: {}", e.description()));
[INFO] [stdout]    |                                                                            ^^^^^^^^^^^
[INFO] [stdout] 
[INFO] [stdout] 
[INFO] [stdout] warning: 10 warnings emitted
[INFO] [stdout] 
[INFO] [stdout] 
[INFO] [stderr]     Finished dev [unoptimized + debuginfo] target(s) in 10.62s
[INFO] running `Command { std: "docker" "inspect" "18fc19841eff2b9bfb7b8dfd9b19e0cbf3f71f748ada05dac0fdf7dc8d91ba62", kill_on_drop: false }`
[INFO] running `Command { std: "docker" "rm" "-f" "18fc19841eff2b9bfb7b8dfd9b19e0cbf3f71f748ada05dac0fdf7dc8d91ba62", kill_on_drop: false }`
[INFO] [stdout] 18fc19841eff2b9bfb7b8dfd9b19e0cbf3f71f748ada05dac0fdf7dc8d91ba62
[INFO] running `Command { std: "docker" "create" "-v" "/var/lib/crater-agent-workspace/builds/worker-6-tc2/target:/opt/rustwide/target:rw,Z" "-v" "/var/lib/crater-agent-workspace/builds/worker-6-tc2/source:/opt/rustwide/workdir:ro,Z" "-v" "/var/lib/crater-agent-workspace/cargo-home:/opt/rustwide/cargo-home:ro,Z" "-v" "/var/lib/crater-agent-workspace/rustup-home:/opt/rustwide/rustup-home:ro,Z" "-e" "SOURCE_DIR=/opt/rustwide/workdir" "-e" "CARGO_TARGET_DIR=/opt/rustwide/target" "-e" "CARGO_INCREMENTAL=0" "-e" "RUST_BACKTRACE=full" "-e" "RUSTFLAGS=--cap-lints=warn" "-e" "RUSTDOCFLAGS=--cap-lints=warn" "-e" "CARGO_HOME=/opt/rustwide/cargo-home" "-e" "RUSTUP_HOME=/opt/rustwide/rustup-home" "-w" "/opt/rustwide/workdir" "-m" "1610612736" "--user" "0:0" "--network" "none" "ghcr.io/rust-lang/crates-build-env/linux@sha256:2788e3201cd34a07e3172128adcd8b3090168a8e3bcc40d7c032b9dda1df7d1c" "/opt/rustwide/cargo-home/bin/cargo" "+beta-2023-12-22" "test" "--frozen" "--no-run" "--message-format=json", kill_on_drop: false }`
[INFO] [stdout] 95c9feef2564ade6b1f56cca07a2c934ffa60c4e8920355790478eb286c718a1
[INFO] running `Command { std: "docker" "start" "-a" "95c9feef2564ade6b1f56cca07a2c934ffa60c4e8920355790478eb286c718a1", kill_on_drop: false }`
[INFO] [stderr]    Compiling kubesecrets v0.5.1 (/opt/rustwide/workdir)
[INFO] [stdout] warning: use of deprecated method `std::error::Error::description`: use the Display impl or to_string()
[INFO] [stdout]   --> src/commands.rs:35:67
[INFO] [stdout]    |
[INFO] [stdout] 35 |     .unwrap_or_else(|e| panic!("couldn't parse input file, {}", e.description()));
[INFO] [stdout]    |                                                                   ^^^^^^^^^^^
[INFO] [stdout]    |
[INFO] [stdout]    = note: `#[warn(deprecated)]` on by default
[INFO] [stdout] 
[INFO] [stdout] 
[INFO] [stdout] warning: use of deprecated method `std::error::Error::description`: use the Display impl or to_string()
[INFO] [stdout]   --> src/errors.rs:37:31
[INFO] [stdout]    |
[INFO] [stdout] 37 |     ApplicationError::new(err.description())
[INFO] [stdout]    |                               ^^^^^^^^^^^
[INFO] [stdout] 
[INFO] [stdout] 
[INFO] [stdout] warning: use of deprecated method `std::error::Error::description`: use the Display impl or to_string()
[INFO] [stdout]   --> src/errors.rs:43:31
[INFO] [stdout]    |
[INFO] [stdout] 43 |     ApplicationError::new(err.description())
[INFO] [stdout]    |                               ^^^^^^^^^^^
[INFO] [stdout] 
[INFO] [stdout] 
[INFO] [stdout] warning: use of deprecated method `std::error::Error::description`: use the Display impl or to_string()
[INFO] [stdout]   --> src/fs.rs:12:63
[INFO] [stdout]    |
[INFO] [stdout] 12 |     Err(why) => panic!("couldn't create {}: {}", display, why.description()),
[INFO] [stdout]    |                                                               ^^^^^^^^^^^
[INFO] [stdout] 
[INFO] [stdout] 
[INFO] [stdout] warning: use of deprecated method `std::error::Error::description`: use the Display impl or to_string()
[INFO] [stdout]   --> src/fs.rs:17:65
[INFO] [stdout]    |
[INFO] [stdout] 17 |     Err(why) => panic!("couldn't write to {}: {}", display, why.description()),
[INFO] [stdout]    |                                                                 ^^^^^^^^^^^
[INFO] [stdout] 
[INFO] [stdout] 
[INFO] [stdout] warning: use of deprecated method `std::error::Error::description`: use the Display impl or to_string()
[INFO] [stdout]   --> src/fs.rs:31:54
[INFO] [stdout]    |
[INFO] [stdout] 31 |         format!("couldn't open {}: {}", display, why.description()),
[INFO] [stdout]    |                                                      ^^^^^^^^^^^
[INFO] [stdout] 
[INFO] [stdout] 
[INFO] [stdout] warning: use of deprecated method `std::error::Error::description`: use the Display impl or to_string()
[INFO] [stdout]   --> src/fs.rs:40:66
[INFO] [stdout]    |
[INFO] [stdout] 40 |     Err(why) => panic!("couldn't read from {}: {}", display, why.description()),
[INFO] [stdout]    |                                                                  ^^^^^^^^^^^
[INFO] [stdout] 
[INFO] [stdout] 
[INFO] [stdout] warning: use of deprecated method `std::error::Error::description`: use the Display impl or to_string()
[INFO] [stdout]   --> src/kubectl.rs:22:67
[INFO] [stdout]    |
[INFO] [stdout] 22 |     .unwrap_or_else(|e| panic!("Failed to execute kubectl: {}", e.description()));
[INFO] [stdout]    |                                                                   ^^^^^^^^^^^
[INFO] [stdout] 
[INFO] [stdout] 
[INFO] [stdout] warning: use of deprecated method `std::error::Error::description`: use the Display impl or to_string()
[INFO] [stdout]   --> src/kubectl.rs:47:67
[INFO] [stdout]    |
[INFO] [stdout] 47 |     .unwrap_or_else(|e| panic!("Failed to execute kubectl: {}", e.description()));
[INFO] [stdout]    |                                                                   ^^^^^^^^^^^
[INFO] [stdout] 
[INFO] [stdout] 
[INFO] [stdout] warning: use of deprecated method `std::error::Error::description`: use the Display impl or to_string()
[INFO] [stdout]   --> src/kubectl.rs:54:76
[INFO] [stdout]    |
[INFO] [stdout] 54 |     .unwrap_or_else(|e| panic!("Failed to read stdout from kubectl: {}", e.description()));
[INFO] [stdout]    |                                                                            ^^^^^^^^^^^
[INFO] [stdout] 
[INFO] [stdout] 
[INFO] [stdout] warning: 10 warnings emitted
[INFO] [stdout] 
[INFO] [stdout] 
[INFO] [stderr]     Finished test [unoptimized + debuginfo] target(s) in 1.33s
[INFO] running `Command { std: "docker" "inspect" "95c9feef2564ade6b1f56cca07a2c934ffa60c4e8920355790478eb286c718a1", kill_on_drop: false }`
[INFO] running `Command { std: "docker" "rm" "-f" "95c9feef2564ade6b1f56cca07a2c934ffa60c4e8920355790478eb286c718a1", kill_on_drop: false }`
[INFO] [stdout] 95c9feef2564ade6b1f56cca07a2c934ffa60c4e8920355790478eb286c718a1
[INFO] running `Command { std: "docker" "create" "-v" "/var/lib/crater-agent-workspace/builds/worker-6-tc2/target:/opt/rustwide/target:rw,Z" "-v" "/var/lib/crater-agent-workspace/builds/worker-6-tc2/source:/opt/rustwide/workdir:ro,Z" "-v" "/var/lib/crater-agent-workspace/cargo-home:/opt/rustwide/cargo-home:ro,Z" "-v" "/var/lib/crater-agent-workspace/rustup-home:/opt/rustwide/rustup-home:ro,Z" "-e" "SOURCE_DIR=/opt/rustwide/workdir" "-e" "CARGO_TARGET_DIR=/opt/rustwide/target" "-e" "CARGO_INCREMENTAL=0" "-e" "RUST_BACKTRACE=full" "-e" "RUSTFLAGS=--cap-lints=warn" "-e" "RUSTDOCFLAGS=--cap-lints=warn" "-e" "CARGO_HOME=/opt/rustwide/cargo-home" "-e" "RUSTUP_HOME=/opt/rustwide/rustup-home" "-w" "/opt/rustwide/workdir" "-m" "1610612736" "--user" "0:0" "--network" "none" "ghcr.io/rust-lang/crates-build-env/linux@sha256:2788e3201cd34a07e3172128adcd8b3090168a8e3bcc40d7c032b9dda1df7d1c" "/opt/rustwide/cargo-home/bin/cargo" "+beta-2023-12-22" "test" "--frozen", kill_on_drop: false }`
[INFO] [stdout] ad5266ff3ed599d7a74d40fe9968a7fe352b3c3f0d6a4bcccd0d72f22dcfc312
[INFO] running `Command { std: "docker" "start" "-a" "ad5266ff3ed599d7a74d40fe9968a7fe352b3c3f0d6a4bcccd0d72f22dcfc312", kill_on_drop: false }`
[INFO] [stderr] warning: use of deprecated method `std::error::Error::description`: use the Display impl or to_string()
[INFO] [stderr]   --> src/commands.rs:35:67
[INFO] [stderr]    |
[INFO] [stderr] 35 |     .unwrap_or_else(|e| panic!("couldn't parse input file, {}", e.description()));
[INFO] [stderr]    |                                                                   ^^^^^^^^^^^
[INFO] [stderr]    |
[INFO] [stderr]    = note: `#[warn(deprecated)]` on by default
[INFO] [stderr] 
[INFO] [stderr] warning: use of deprecated method `std::error::Error::description`: use the Display impl or to_string()
[INFO] [stderr]   --> src/errors.rs:37:31
[INFO] [stderr]    |
[INFO] [stderr] 37 |     ApplicationError::new(err.description())
[INFO] [stderr]    |                               ^^^^^^^^^^^
[INFO] [stderr] 
[INFO] [stderr] warning: use of deprecated method `std::error::Error::description`: use the Display impl or to_string()
[INFO] [stderr]   --> src/errors.rs:43:31
[INFO] [stderr]    |
[INFO] [stderr] 43 |     ApplicationError::new(err.description())
[INFO] [stderr]    |                               ^^^^^^^^^^^
[INFO] [stderr] 
[INFO] [stderr] warning: use of deprecated method `std::error::Error::description`: use the Display impl or to_string()
[INFO] [stderr]   --> src/fs.rs:12:63
[INFO] [stderr]    |
[INFO] [stderr] 12 |     Err(why) => panic!("couldn't create {}: {}", display, why.description()),
[INFO] [stderr]    |                                                               ^^^^^^^^^^^
[INFO] [stderr] 
[INFO] [stderr] warning: use of deprecated method `std::error::Error::description`: use the Display impl or to_string()
[INFO] [stderr]   --> src/fs.rs:17:65
[INFO] [stderr]    |
[INFO] [stderr] 17 |     Err(why) => panic!("couldn't write to {}: {}", display, why.description()),
[INFO] [stderr]    |                                                                 ^^^^^^^^^^^
[INFO] [stderr] 
[INFO] [stderr] warning: use of deprecated method `std::error::Error::description`: use the Display impl or to_string()
[INFO] [stderr]   --> src/fs.rs:31:54
[INFO] [stderr]    |
[INFO] [stderr] 31 |         format!("couldn't open {}: {}", display, why.description()),
[INFO] [stderr]    |                                                      ^^^^^^^^^^^
[INFO] [stderr] 
[INFO] [stderr] warning: use of deprecated method `std::error::Error::description`: use the Display impl or to_string()
[INFO] [stderr]   --> src/fs.rs:40:66
[INFO] [stderr]    |
[INFO] [stderr] 40 |     Err(why) => panic!("couldn't read from {}: {}", display, why.description()),
[INFO] [stderr]    |                                                                  ^^^^^^^^^^^
[INFO] [stderr] 
[INFO] [stderr] warning: use of deprecated method `std::error::Error::description`: use the Display impl or to_string()
[INFO] [stderr]   --> src/kubectl.rs:22:67
[INFO] [stderr]    |
[INFO] [stderr] 22 |     .unwrap_or_else(|e| panic!("Failed to execute kubectl: {}", e.description()));
[INFO] [stderr]    |                                                                   ^^^^^^^^^^^
[INFO] [stderr] 
[INFO] [stderr] warning: use of deprecated method `std::error::Error::description`: use the Display impl or to_string()
[INFO] [stderr]   --> src/kubectl.rs:47:67
[INFO] [stderr]    |
[INFO] [stderr] 47 |     .unwrap_or_else(|e| panic!("Failed to execute kubectl: {}", e.description()));
[INFO] [stderr]    |                                                                   ^^^^^^^^^^^
[INFO] [stderr] 
[INFO] [stderr] warning: use of deprecated method `std::error::Error::description`: use the Display impl or to_string()
[INFO] [stderr]   --> src/kubectl.rs:54:76
[INFO] [stderr]    |
[INFO] [stderr] 54 |     .unwrap_or_else(|e| panic!("Failed to read stdout from kubectl: {}", e.description()));
[INFO] [stderr]    |                                                                            ^^^^^^^^^^^
[INFO] [stderr] 
[INFO] [stderr] warning: `kubesecrets` (bin "kubesecrets" test) generated 10 warnings
[INFO] [stderr]     Finished test [unoptimized + debuginfo] target(s) in 0.04s
[INFO] [stderr]      Running unittests src/main.rs (/opt/rustwide/target/debug/deps/kubesecrets-bdd7e52b54b9eec5)
[INFO] [stdout] 
[INFO] [stdout] running 6 tests
[INFO] [stdout] test b64::tests::test_encode ... ok
[INFO] [stdout] test difference::tests::test_deleted ... ok
[INFO] [stdout] test b64::tests::test_decode ... ok
[INFO] [stdout] test difference::tests::test_unchanged ... ok
[INFO] [stdout] test duplicates::tests::test_find_duplicates ... ok
[INFO] [stdout] test difference::tests::test_added ... ok
[INFO] [stdout] 
[INFO] [stdout] test result: ok. 6 passed; 0 failed; 0 ignored; 0 measured; 0 filtered out; finished in 0.01s
[INFO] [stdout] 
[INFO] running `Command { std: "docker" "inspect" "ad5266ff3ed599d7a74d40fe9968a7fe352b3c3f0d6a4bcccd0d72f22dcfc312", kill_on_drop: false }`
[INFO] running `Command { std: "docker" "rm" "-f" "ad5266ff3ed599d7a74d40fe9968a7fe352b3c3f0d6a4bcccd0d72f22dcfc312", kill_on_drop: false }`
[INFO] [stdout] ad5266ff3ed599d7a74d40fe9968a7fe352b3c3f0d6a4bcccd0d72f22dcfc312
