[INFO] cloning repository https://github.com/asafigan/memory-game-prototype
[INFO] running `Command { std: "git" "-c" "credential.helper=" "-c" "credential.helper=/workspace/cargo-home/bin/git-credential-null" "clone" "--bare" "https://github.com/asafigan/memory-game-prototype" "/workspace/cache/git-repos/https%3A%2F%2Fgithub.com%2Fasafigan%2Fmemory-game-prototype", kill_on_drop: false }`
[INFO] [stderr] Cloning into bare repository '/workspace/cache/git-repos/https%3A%2F%2Fgithub.com%2Fasafigan%2Fmemory-game-prototype'...
[INFO] running `Command { std: "git" "rev-parse" "HEAD", kill_on_drop: false }`
[INFO] [stdout] e5367ff7a3fc83bdddb65233094dcc83e72ecb26
[INFO] testing asafigan/memory-game-prototype against 1.75.0 for beta-1.76-1
[INFO] running `Command { std: "git" "clone" "/workspace/cache/git-repos/https%3A%2F%2Fgithub.com%2Fasafigan%2Fmemory-game-prototype" "/workspace/builds/worker-1-tc1/source", kill_on_drop: false }`
[INFO] [stderr] Cloning into '/workspace/builds/worker-1-tc1/source'...
[INFO] [stderr] done.
[INFO] validating manifest of git repo https://github.com/asafigan/memory-game-prototype on toolchain 1.75.0
[INFO] running `Command { std: CARGO_HOME="/workspace/cargo-home" RUSTUP_HOME="/workspace/rustup-home" "/workspace/cargo-home/bin/cargo" "+1.75.0" "metadata" "--manifest-path" "Cargo.toml" "--no-deps", kill_on_drop: false }`
[INFO] removed /workspace/builds/worker-1-tc1/source/rust-toolchain.toml
[INFO] started tweaking git repo https://github.com/asafigan/memory-game-prototype
[INFO] finished tweaking git repo https://github.com/asafigan/memory-game-prototype
[INFO] tweaked toml for git repo https://github.com/asafigan/memory-game-prototype written to /workspace/builds/worker-1-tc1/source/Cargo.toml
[INFO] crate git repo https://github.com/asafigan/memory-game-prototype already has a lockfile, it will not be regenerated
[INFO] running `Command { std: CARGO_HOME="/workspace/cargo-home" RUSTUP_HOME="/workspace/rustup-home" "/workspace/cargo-home/bin/cargo" "+1.75.0" "fetch" "--manifest-path" "Cargo.toml", kill_on_drop: false }`
[INFO] [stderr]     Blocking waiting for file lock on package cache
[INFO] [stderr]     Updating crates.io index
[INFO] [stderr]     Blocking waiting for file lock on package cache
[ERROR] error running command: no output for 300 seconds
[ERROR] this task or one of its parent failed!
[ERROR] no output for 300 seconds
[ERROR] note: run with `RUST_BACKTRACE=1` to display a backtrace.
[INFO] testing asafigan/memory-game-prototype against beta-2023-12-22 for beta-1.76-1
[INFO] running `Command { std: "git" "clone" "/workspace/cache/git-repos/https%3A%2F%2Fgithub.com%2Fasafigan%2Fmemory-game-prototype" "/workspace/builds/worker-1-tc2/source", kill_on_drop: false }`
[INFO] [stderr] Cloning into '/workspace/builds/worker-1-tc2/source'...
[INFO] [stderr] done.
[INFO] validating manifest of git repo https://github.com/asafigan/memory-game-prototype on toolchain beta-2023-12-22
[INFO] running `Command { std: CARGO_HOME="/workspace/cargo-home" RUSTUP_HOME="/workspace/rustup-home" "/workspace/cargo-home/bin/cargo" "+beta-2023-12-22" "metadata" "--manifest-path" "Cargo.toml" "--no-deps", kill_on_drop: false }`
[INFO] removed /workspace/builds/worker-1-tc2/source/rust-toolchain.toml
[INFO] started tweaking git repo https://github.com/asafigan/memory-game-prototype
[INFO] finished tweaking git repo https://github.com/asafigan/memory-game-prototype
[INFO] tweaked toml for git repo https://github.com/asafigan/memory-game-prototype written to /workspace/builds/worker-1-tc2/source/Cargo.toml
[INFO] crate git repo https://github.com/asafigan/memory-game-prototype already has a lockfile, it will not be regenerated
[INFO] running `Command { std: CARGO_HOME="/workspace/cargo-home" RUSTUP_HOME="/workspace/rustup-home" "/workspace/cargo-home/bin/cargo" "+beta-2023-12-22" "fetch" "--manifest-path" "Cargo.toml", kill_on_drop: false }`
[INFO] [stderr]     Blocking waiting for file lock on package cache
[INFO] [stderr]     Blocking waiting for file lock on package cache
[ERROR] error running command: no output for 300 seconds
[INFO] testing asafigan/memory-game-prototype against beta-2023-12-22 for beta-1.76-1
[INFO] running `Command { std: "git" "clone" "/workspace/cache/git-repos/https%3A%2F%2Fgithub.com%2Fasafigan%2Fmemory-game-prototype" "/workspace/builds/worker-1-tc2/source", kill_on_drop: false }`
[INFO] [stderr] Cloning into '/workspace/builds/worker-1-tc2/source'...
[INFO] [stderr] done.
[INFO] validating manifest of git repo https://github.com/asafigan/memory-game-prototype on toolchain beta-2023-12-22
[INFO] running `Command { std: CARGO_HOME="/workspace/cargo-home" RUSTUP_HOME="/workspace/rustup-home" "/workspace/cargo-home/bin/cargo" "+beta-2023-12-22" "metadata" "--manifest-path" "Cargo.toml" "--no-deps", kill_on_drop: false }`
[INFO] removed /workspace/builds/worker-1-tc2/source/rust-toolchain.toml
[INFO] started tweaking git repo https://github.com/asafigan/memory-game-prototype
[INFO] finished tweaking git repo https://github.com/asafigan/memory-game-prototype
[INFO] tweaked toml for git repo https://github.com/asafigan/memory-game-prototype written to /workspace/builds/worker-1-tc2/source/Cargo.toml
[INFO] crate git repo https://github.com/asafigan/memory-game-prototype already has a lockfile, it will not be regenerated
[INFO] running `Command { std: CARGO_HOME="/workspace/cargo-home" RUSTUP_HOME="/workspace/rustup-home" "/workspace/cargo-home/bin/cargo" "+beta-2023-12-22" "fetch" "--manifest-path" "Cargo.toml", kill_on_drop: false }`
[INFO] [stderr]     Blocking waiting for file lock on package cache
[INFO] [stderr]     Blocking waiting for file lock on package cache
[ERROR] error running command: no output for 300 seconds
[INFO] testing asafigan/memory-game-prototype against beta-2023-12-22 for beta-1.76-1
[INFO] running `Command { std: "git" "clone" "/workspace/cache/git-repos/https%3A%2F%2Fgithub.com%2Fasafigan%2Fmemory-game-prototype" "/workspace/builds/worker-1-tc2/source", kill_on_drop: false }`
[INFO] [stderr] Cloning into '/workspace/builds/worker-1-tc2/source'...
[INFO] [stderr] done.
[INFO] validating manifest of git repo https://github.com/asafigan/memory-game-prototype on toolchain beta-2023-12-22
[INFO] running `Command { std: CARGO_HOME="/workspace/cargo-home" RUSTUP_HOME="/workspace/rustup-home" "/workspace/cargo-home/bin/cargo" "+beta-2023-12-22" "metadata" "--manifest-path" "Cargo.toml" "--no-deps", kill_on_drop: false }`
[INFO] removed /workspace/builds/worker-1-tc2/source/rust-toolchain.toml
[INFO] started tweaking git repo https://github.com/asafigan/memory-game-prototype
[INFO] finished tweaking git repo https://github.com/asafigan/memory-game-prototype
[INFO] tweaked toml for git repo https://github.com/asafigan/memory-game-prototype written to /workspace/builds/worker-1-tc2/source/Cargo.toml
[INFO] crate git repo https://github.com/asafigan/memory-game-prototype already has a lockfile, it will not be regenerated
[INFO] running `Command { std: CARGO_HOME="/workspace/cargo-home" RUSTUP_HOME="/workspace/rustup-home" "/workspace/cargo-home/bin/cargo" "+beta-2023-12-22" "fetch" "--manifest-path" "Cargo.toml", kill_on_drop: false }`
[INFO] [stderr]     Blocking waiting for file lock on package cache
[INFO] [stderr]     Blocking waiting for file lock on package cache
[ERROR] error running command: no output for 300 seconds
[INFO] testing asafigan/memory-game-prototype against beta-2023-12-22 for beta-1.76-1
[INFO] running `Command { std: "git" "clone" "/workspace/cache/git-repos/https%3A%2F%2Fgithub.com%2Fasafigan%2Fmemory-game-prototype" "/workspace/builds/worker-1-tc2/source", kill_on_drop: false }`
[INFO] [stderr] Cloning into '/workspace/builds/worker-1-tc2/source'...
[INFO] [stderr] done.
[INFO] validating manifest of git repo https://github.com/asafigan/memory-game-prototype on toolchain beta-2023-12-22
[INFO] running `Command { std: CARGO_HOME="/workspace/cargo-home" RUSTUP_HOME="/workspace/rustup-home" "/workspace/cargo-home/bin/cargo" "+beta-2023-12-22" "metadata" "--manifest-path" "Cargo.toml" "--no-deps", kill_on_drop: false }`
[INFO] removed /workspace/builds/worker-1-tc2/source/rust-toolchain.toml
[INFO] started tweaking git repo https://github.com/asafigan/memory-game-prototype
[INFO] finished tweaking git repo https://github.com/asafigan/memory-game-prototype
[INFO] tweaked toml for git repo https://github.com/asafigan/memory-game-prototype written to /workspace/builds/worker-1-tc2/source/Cargo.toml
[INFO] crate git repo https://github.com/asafigan/memory-game-prototype already has a lockfile, it will not be regenerated
[INFO] running `Command { std: CARGO_HOME="/workspace/cargo-home" RUSTUP_HOME="/workspace/rustup-home" "/workspace/cargo-home/bin/cargo" "+beta-2023-12-22" "fetch" "--manifest-path" "Cargo.toml", kill_on_drop: false }`
[INFO] [stderr]     Blocking waiting for file lock on package cache
[INFO] [stderr]     Blocking waiting for file lock on package cache
[ERROR] error running command: no output for 300 seconds
[INFO] testing asafigan/memory-game-prototype against beta-2023-12-22 for beta-1.76-1
[INFO] running `Command { std: "git" "clone" "/workspace/cache/git-repos/https%3A%2F%2Fgithub.com%2Fasafigan%2Fmemory-game-prototype" "/workspace/builds/worker-1-tc2/source", kill_on_drop: false }`
[INFO] [stderr] Cloning into '/workspace/builds/worker-1-tc2/source'...
[INFO] [stderr] done.
[INFO] validating manifest of git repo https://github.com/asafigan/memory-game-prototype on toolchain beta-2023-12-22
[INFO] running `Command { std: CARGO_HOME="/workspace/cargo-home" RUSTUP_HOME="/workspace/rustup-home" "/workspace/cargo-home/bin/cargo" "+beta-2023-12-22" "metadata" "--manifest-path" "Cargo.toml" "--no-deps", kill_on_drop: false }`
[INFO] removed /workspace/builds/worker-1-tc2/source/rust-toolchain.toml
[INFO] started tweaking git repo https://github.com/asafigan/memory-game-prototype
[INFO] finished tweaking git repo https://github.com/asafigan/memory-game-prototype
[INFO] tweaked toml for git repo https://github.com/asafigan/memory-game-prototype written to /workspace/builds/worker-1-tc2/source/Cargo.toml
[INFO] crate git repo https://github.com/asafigan/memory-game-prototype already has a lockfile, it will not be regenerated
[INFO] running `Command { std: CARGO_HOME="/workspace/cargo-home" RUSTUP_HOME="/workspace/rustup-home" "/workspace/cargo-home/bin/cargo" "+beta-2023-12-22" "fetch" "--manifest-path" "Cargo.toml", kill_on_drop: false }`
[INFO] [stderr]     Blocking waiting for file lock on package cache
[INFO] [stderr]  Downloading crates ...
[INFO] [stderr]   Downloaded serialize-to-javascript v0.1.1
[INFO] [stderr]   Downloaded rend v0.4.1
[INFO] [stderr]   Downloaded infer v0.12.0
[INFO] [stderr]   Downloaded simple_logger v4.2.0
[INFO] [stderr]   Downloaded manyhow v0.8.1
[INFO] [stderr]   Downloaded bytecheck v0.6.11
[INFO] [stderr]   Downloaded parking v2.1.1
[INFO] [stderr]   Downloaded xxhash-rust v0.8.7
[INFO] [stderr]   Downloaded webkit2gtk v1.1.1
[INFO] [stderr]   Downloaded quote-use v0.7.2
[INFO] [stderr]   Downloaded serde_with v3.3.0
[INFO] [stderr]   Downloaded webkit2gtk-sys v1.1.1
[INFO] [stderr]   Downloaded cairo-sys-rs v0.16.3
[INFO] [stderr]   Downloaded leptos_dom v0.5.0
[INFO] [stderr]   Downloaded javascriptcore-rs-sys v1.0.0
[INFO] [stderr]   Downloaded cssparser v0.27.2
[INFO] [stderr]   Downloaded rustix v0.37.24
[INFO] [stderr]   Downloaded open v4.2.0
[INFO] [stderr]   Downloaded tauri-winres v0.1.1
[INFO] [stderr]   Downloaded gdkwayland-sys v0.16.0
[INFO] [stderr]   Downloaded gdkx11-sys v0.16.0
[INFO] [stderr]   Downloaded async-executor v1.5.4
[INFO] [stderr]   Downloaded async-signal v0.2.4
[INFO] [stderr]   Downloaded servo_arc v0.1.1
[INFO] [stderr]   Downloaded kuchikiki v0.8.2
[INFO] [stderr]   Downloaded tao v0.22.2
[INFO] [stderr]   Downloaded soup3 v0.3.2
[INFO] [stderr]   Downloaded wry v0.33.0
[INFO] [stderr]   Downloaded leptos_axum v0.5.0
[INFO] [stderr]   Downloaded windows-metadata v0.48.0
[INFO] [stderr]   Downloaded leptos_hot_reload v0.5.0
[INFO] [stderr]   Downloaded tauri-runtime-wry v1.0.0-alpha.3
[INFO] [stderr]   Downloaded tauri-utils v2.0.0-alpha.8
[INFO] [stderr]   Downloaded leptos_integration_utils v0.5.0
[INFO] [stderr]   Downloaded webview2-com-sys v0.25.0
[INFO] [stderr]   Downloaded muda v0.8.7
[INFO] [stderr]   Downloaded gtk v0.16.2
[INFO] [stderr]   Downloaded gobject-sys v0.16.3
[INFO] [stderr]   Downloaded toml v0.8.2
[INFO] [stderr]   Downloaded windows-bindgen v0.48.0
[INFO] [stderr]   Downloaded webview2-com v0.25.0
[INFO] [stderr]   Downloaded tauri v2.0.0-alpha.15
[INFO] [stderr]   Downloaded core-graphics v0.23.1
[INFO] [stderr]   Downloaded tray-icon v0.8.3
[INFO] [stderr]   Downloaded pango v0.16.5
[INFO] [stderr]   Downloaded glib v0.16.9
[INFO] [stderr]   Downloaded pango-sys v0.16.3
[INFO] [stderr]   Downloaded winnow v0.5.16
[INFO] [stderr]   Downloaded axum-macros v0.3.8
[INFO] [stderr]   Downloaded attribute-derive v0.8.1
[INFO] [stderr]   Downloaded embed-resource v2.4.0
[INFO] [stderr]   Downloaded ico v0.3.0
[INFO] [stderr]   Downloaded async-task v4.4.1
[INFO] [stderr]   Downloaded selectors v0.22.0
[INFO] [stderr]   Downloaded phf_macros v0.10.0
[INFO] [stderr]   Downloaded serde_with_macros v3.3.0
[INFO] [stderr]   Downloaded atk v0.16.0
[INFO] [stderr]   Downloaded gdk-sys v0.16.0
[INFO] [stderr]   Downloaded gtk-sys v0.16.0
[INFO] [stderr]   Downloaded toml_edit v0.20.2
[INFO] [stderr]   Downloaded common_macros v0.1.1
[INFO] [stderr]   Downloaded collection_literals v1.0.1
[INFO] [stderr]   Downloaded derive-where v1.2.5
[INFO] [stderr]   Downloaded leptos_macro v0.5.0
[INFO] [stderr]   Downloaded leptos_reactive v0.5.0
[INFO] [stderr]   Downloaded tauri-plugin-window v2.0.0-alpha.2
[INFO] [stderr]   Downloaded tauri-plugin-shell v2.0.0-alpha.2
[INFO] [stderr]   Downloaded rkyv v0.7.42
[INFO] [stderr]   Downloaded cargo_toml v0.15.3
[INFO] [stderr]   Downloaded swift-rs v1.0.6
[INFO] [stderr]   Downloaded winreg v0.51.0
[INFO] [stderr]   Downloaded tauri-runtime v1.0.0-alpha.2
[INFO] [stderr]   Downloaded phf_macros v0.8.0
[INFO] [stderr]   Downloaded libappindicator v0.8.0
[INFO] [stderr]   Downloaded cocoa v0.25.0
[INFO] [stderr]   Downloaded gtk3-macros v0.16.3
[INFO] [stderr]   Downloaded javascriptcore-rs v1.0.0
[INFO] [stderr]   Downloaded atk-sys v0.16.0
[INFO] [stderr]   Downloaded gio-sys v0.16.3
[INFO] [stderr]   Downloaded soup3-sys v0.3.1
[INFO] [stderr]   Downloaded leptos_config v0.5.0
[INFO] [stderr]   Downloaded rstml v0.11.2
[INFO] [stderr]   Downloaded leptos_server v0.5.0
[INFO] [stderr]   Downloaded cached v0.45.1
[INFO] [stderr]   Downloaded leptos_router v0.5.0
[INFO] [stderr]   Downloaded serialize-to-javascript-impl v0.1.1
[INFO] [stderr]   Downloaded tauri-build v2.0.0-alpha.9
[INFO] [stderr]   Downloaded tauri-codegen v2.0.0-alpha.8
[INFO] [stderr]   Downloaded x11 v2.21.0
[INFO] [stderr]   Downloaded thin-slice v0.1.1
[INFO] [stderr]   Downloaded cairo-rs v0.16.7
[INFO] [stderr]   Downloaded gdk-pixbuf v0.16.7
[INFO] [stderr]   Downloaded glib-macros v0.16.8
[INFO] [stderr]   Downloaded interpolator v0.5.0
[INFO] [stderr]   Downloaded bytecheck_derive v0.6.11
[INFO] [stderr]   Downloaded self_cell v1.0.1
[INFO] [stderr]   Downloaded ciborium-io v0.2.1
[INFO] [stderr]   Downloaded inventory v0.3.12
[INFO] [stderr]   Downloaded server_fn_macro_default v0.5.0
[INFO] [stderr]   Downloaded leptos v0.5.0
[INFO] [stderr]   Downloaded gio v0.16.7
[INFO] [stderr]   Downloaded rkyv_derive v0.7.42
[INFO] [stderr]   Downloaded simdutf8 v0.1.4
[INFO] [stderr]   Downloaded typed-builder v0.16.2
[INFO] [stderr]   Downloaded json-patch v1.2.0
[INFO] [stderr]   Downloaded server_fn v0.5.0
[INFO] [stderr]   Downloaded server_fn_macro v0.5.0
[INFO] [stderr]   Downloaded os_pipe v1.1.4
[INFO] [stderr]   Downloaded event-listener v3.0.0
[INFO] [stderr]   Downloaded libappindicator-sys v0.8.0
[INFO] [stderr]   Downloaded webview2-com-macros v0.7.0
[INFO] [stderr]   Downloaded windows-tokens v0.48.0
[INFO] [stderr]   Downloaded cached_proc_macro_types v0.1.0
[INFO] [stderr]   Downloaded tauri-macros v2.0.0-alpha.8
[INFO] [stderr]   Downloaded quote-use-macros v0.7.2
[INFO] [stderr]   Downloaded tao-macros v0.1.2
[INFO] [stderr]   Downloaded ciborium-ll v0.2.1
[INFO] [stderr]   Downloaded gdk v0.16.2
[INFO] [stderr]   Downloaded treediff v4.0.2
[INFO] [stderr]   Downloaded linear-map v1.2.0
[INFO] [stderr]   Downloaded leptos_meta v0.5.0
[INFO] [stderr]   Downloaded drain_filter_polyfill v0.1.3
[INFO] [stderr]   Downloaded syn_derive v0.1.7
[INFO] [stderr]   Downloaded shared_child v1.0.0
[INFO] [stderr]   Downloaded glib-sys v0.16.3
[INFO] [stderr]   Downloaded pad-adapter v0.1.1
[INFO] [stderr]   Downloaded typed-builder-macro v0.16.2
[INFO] [stderr]   Downloaded attribute-derive-macro v0.8.1
[INFO] [stderr]   Downloaded proc-macro-utils v0.8.0
[INFO] [stderr]   Downloaded ciborium v0.2.1
[INFO] [stderr]   Downloaded cfb v0.7.3
[INFO] [stderr]   Downloaded manyhow-macros v0.8.1
[INFO] [stderr]   Downloaded embed_plist v1.2.2
[INFO] [stderr]   Downloaded system-deps v6.1.2
[INFO] [stderr]   Downloaded cached_proc_macro v0.18.0
[INFO] [stderr]   Downloaded gdk-pixbuf-sys v0.16.3
[INFO] running `Command { std: "docker" "create" "-v" "/var/lib/crater-agent-workspace/builds/worker-1-tc2/target:/opt/rustwide/target:rw,Z" "-v" "/var/lib/crater-agent-workspace/builds/worker-1-tc2/source:/opt/rustwide/workdir:ro,Z" "-v" "/var/lib/crater-agent-workspace/cargo-home:/opt/rustwide/cargo-home:ro,Z" "-v" "/var/lib/crater-agent-workspace/rustup-home:/opt/rustwide/rustup-home:ro,Z" "-e" "SOURCE_DIR=/opt/rustwide/workdir" "-e" "CARGO_TARGET_DIR=/opt/rustwide/target" "-e" "CARGO_HOME=/opt/rustwide/cargo-home" "-e" "RUSTUP_HOME=/opt/rustwide/rustup-home" "-w" "/opt/rustwide/workdir" "-m" "1610612736" "--user" "0:0" "--network" "none" "ghcr.io/rust-lang/crates-build-env/linux@sha256:2788e3201cd34a07e3172128adcd8b3090168a8e3bcc40d7c032b9dda1df7d1c" "/opt/rustwide/cargo-home/bin/cargo" "+beta-2023-12-22" "metadata" "--no-deps" "--format-version=1", kill_on_drop: false }`
[INFO] [stdout] 92dbf9a1a09072acabdaa811c27f426a9f45852e15eb7c218c296f016071f3fe
[INFO] running `Command { std: "docker" "start" "-a" "92dbf9a1a09072acabdaa811c27f426a9f45852e15eb7c218c296f016071f3fe", kill_on_drop: false }`
[INFO] running `Command { std: "docker" "inspect" "92dbf9a1a09072acabdaa811c27f426a9f45852e15eb7c218c296f016071f3fe", kill_on_drop: false }`
[INFO] running `Command { std: "docker" "rm" "-f" "92dbf9a1a09072acabdaa811c27f426a9f45852e15eb7c218c296f016071f3fe", kill_on_drop: false }`
[INFO] [stdout] 92dbf9a1a09072acabdaa811c27f426a9f45852e15eb7c218c296f016071f3fe
[INFO] running `Command { std: "docker" "create" "-v" "/var/lib/crater-agent-workspace/builds/worker-1-tc2/target:/opt/rustwide/target:rw,Z" "-v" "/var/lib/crater-agent-workspace/builds/worker-1-tc2/source:/opt/rustwide/workdir:ro,Z" "-v" "/var/lib/crater-agent-workspace/cargo-home:/opt/rustwide/cargo-home:ro,Z" "-v" "/var/lib/crater-agent-workspace/rustup-home:/opt/rustwide/rustup-home:ro,Z" "-e" "SOURCE_DIR=/opt/rustwide/workdir" "-e" "CARGO_TARGET_DIR=/opt/rustwide/target" "-e" "CARGO_INCREMENTAL=0" "-e" "RUST_BACKTRACE=full" "-e" "RUSTFLAGS=--cap-lints=warn" "-e" "RUSTDOCFLAGS=--cap-lints=warn" "-e" "CARGO_HOME=/opt/rustwide/cargo-home" "-e" "RUSTUP_HOME=/opt/rustwide/rustup-home" "-w" "/opt/rustwide/workdir" "-m" "1610612736" "--user" "0:0" "--network" "none" "ghcr.io/rust-lang/crates-build-env/linux@sha256:2788e3201cd34a07e3172128adcd8b3090168a8e3bcc40d7c032b9dda1df7d1c" "/opt/rustwide/cargo-home/bin/cargo" "+beta-2023-12-22" "build" "--frozen" "--message-format=json", kill_on_drop: false }`
[INFO] [stdout] 36e24fa113768ae21c30708cb72e3f1d50d4782644e613416d04faff4bf11780
[INFO] running `Command { std: "docker" "start" "-a" "36e24fa113768ae21c30708cb72e3f1d50d4782644e613416d04faff4bf11780", kill_on_drop: false }`
[INFO] [stderr]    Compiling unicode-ident v1.0.12
[INFO] [stderr]    Compiling proc-macro2 v1.0.67
[INFO] [stderr]    Compiling cfg-if v1.0.0
[INFO] [stderr]    Compiling once_cell v1.18.0
[INFO] [stderr]    Compiling version_check v0.9.4
[INFO] [stderr]    Compiling autocfg v1.1.0
[INFO] [stderr]    Compiling libc v0.2.148
[INFO] [stderr]    Compiling serde v1.0.188
[INFO] [stderr]    Compiling wasm-bindgen-shared v0.2.87
[INFO] [stderr]    Compiling memchr v2.6.4
[INFO] [stderr]    Compiling log v0.4.20
[INFO] [stderr]    Compiling itoa v1.0.9
[INFO] [stderr]    Compiling bumpalo v3.14.0
[INFO] [stderr]    Compiling pin-project-lite v0.2.13
[INFO] [stderr]    Compiling futures-core v0.3.28
[INFO] [stderr]    Compiling futures-sink v0.3.28
[INFO] [stderr]    Compiling wasm-bindgen v0.2.87
[INFO] [stderr]    Compiling futures-channel v0.3.28
[INFO] [stderr]    Compiling thiserror v1.0.49
[INFO] [stderr]    Compiling futures-task v0.3.28
[INFO] [stderr]    Compiling futures-util v0.3.28
[INFO] [stderr]    Compiling tracing-core v0.1.31
[INFO] [stderr]    Compiling smallvec v1.11.1
[INFO] [stderr]    Compiling futures-io v0.3.28
[INFO] [stderr]    Compiling bytes v1.5.0
[INFO] [stderr]    Compiling proc-macro-error-attr v1.0.4
[INFO] [stderr]    Compiling proc-macro-error v1.0.4
[INFO] [stderr]    Compiling pin-utils v0.1.0
[INFO] [stderr]    Compiling slab v0.4.9
[INFO] [stderr]    Compiling ryu v1.0.15
[INFO] [stderr]    Compiling indexmap v1.9.3
[INFO] [stderr]    Compiling serde_json v1.0.107
[INFO] [stderr]    Compiling unicode-xid v0.2.4
[INFO] [stderr]    Compiling fnv v1.0.7
[INFO] [stderr]    Compiling tinyvec_macros v0.1.1
[INFO] [stderr]    Compiling percent-encoding v2.3.0
[INFO] [stderr]    Compiling tinyvec v1.6.0
[INFO] [stderr]    Compiling lazy_static v1.4.0
[INFO] [stderr]    Compiling hashbrown v0.12.3
[INFO] [stderr]    Compiling httparse v1.8.0
[INFO] [stderr]    Compiling lock_api v0.4.10
[INFO] [stderr]    Compiling proc-macro2-diagnostics v0.10.1
[INFO] [stderr]    Compiling form_urlencoded v1.2.0
[INFO] [stderr]    Compiling xxhash-rust v0.8.7
[INFO] [stderr]    Compiling http v0.2.9
[INFO] [stderr]    Compiling parking_lot_core v0.9.8
[INFO] [stderr]    Compiling unicode-bidi v0.3.13
[INFO] [stderr]    Compiling quote v1.0.33
[INFO] [stderr]    Compiling hashbrown v0.14.1
[INFO] [stderr]    Compiling try-lock v0.2.4
[INFO] [stderr]    Compiling equivalent v1.0.1
[INFO] [stderr]    Compiling syn v2.0.37
[INFO] [stderr]    Compiling proc-macro-utils v0.8.0
[INFO] [stderr]    Compiling mio v0.8.8
[INFO] [stderr]    Compiling socket2 v0.5.4
[INFO] [stderr]    Compiling socket2 v0.4.9
[INFO] [stderr]    Compiling want v0.3.1
[INFO] [stderr]    Compiling slotmap v1.0.6
[INFO] [stderr]    Compiling anyhow v1.0.75
[INFO] [stderr]    Compiling http-body v0.4.5
[INFO] [stderr]    Compiling scopeguard v1.2.0
[INFO] [stderr]    Compiling const_format_proc_macros v0.2.31
[INFO] [stderr]    Compiling unicode-normalization v0.1.22
[INFO] [stderr]    Compiling indexmap v2.0.2
[INFO] [stderr]    Compiling tokio v1.32.0
[INFO] [stderr]    Compiling yansi v1.0.0-rc.1
[INFO] [stderr]    Compiling tower-service v0.3.2
[INFO] [stderr]    Compiling camino v1.1.6
[INFO] [stderr]    Compiling half v1.8.2
[INFO] [stderr]    Compiling ciborium-io v0.2.1
[INFO] [stderr]    Compiling either v1.9.0
[INFO] [stderr]    Compiling manyhow-macros v0.8.1
[INFO] [stderr]    Compiling httpdate v1.0.3
[INFO] [stderr]    Compiling base64 v0.21.4
[INFO] [stderr]    Compiling ciborium-ll v0.2.1
[INFO] [stderr]    Compiling idna v0.4.0
[INFO] [stderr]    Compiling encoding_rs v0.8.33
[INFO] [stderr]    Compiling same-file v1.0.6
[INFO] [stderr]    Compiling prettyplease v0.2.15
[INFO] [stderr]    Compiling interpolator v0.5.0
[INFO] [stderr]    Compiling utf8-width v0.1.6
[INFO] [stderr]    Compiling mime v0.3.17
[INFO] [stderr]    Compiling ipnet v2.8.0
[INFO] [stderr]    Compiling collection_literals v1.0.1
[INFO] [stderr]    Compiling async-trait v0.1.73
[INFO] [stderr]    Compiling parking_lot v0.12.1
[INFO] [stderr]    Compiling html-escape v0.2.13
[INFO] [stderr]    Compiling walkdir v2.4.0
[INFO] [stderr]    Compiling url v2.4.1
[INFO] [stderr]    Compiling getrandom v0.2.10
[INFO] [stderr]    Compiling aho-corasick v1.1.1
[INFO] [stderr]    Compiling minimal-lexical v0.2.1
[INFO] [stderr]    Compiling self_cell v1.0.1
[INFO] [stderr]    Compiling paste v1.0.14
[INFO] [stderr]    Compiling rustc-hash v1.1.0
[INFO] [stderr]    Compiling unicode-segmentation v1.10.1
[INFO] [stderr]    Compiling const_format v0.2.31
[INFO] [stderr]    Compiling regex-syntax v0.7.5
[INFO] [stderr]    Compiling nom v7.1.3
[INFO] [stderr]    Compiling uuid v1.4.1
[INFO] [stderr]    Compiling itertools v0.11.0
[INFO] [stderr]    Compiling convert_case v0.6.0
[INFO] [stderr]    Compiling rustix v0.38.15
[INFO] [stderr]    Compiling pathdiff v0.2.1
[INFO] [stderr]    Compiling itertools v0.10.5
[INFO] [stderr]    Compiling inventory v0.3.12
[INFO] [stderr]    Compiling bitflags v2.4.0
[INFO] [stderr]    Compiling pad-adapter v0.1.1
[INFO] [stderr]    Compiling drain_filter_polyfill v0.1.3
[INFO] [stderr]    Compiling linux-raw-sys v0.4.8
[INFO] [stderr]    Compiling time-core v0.1.2
[INFO] [stderr]    Compiling deranged v0.3.8
[INFO] [stderr]    Compiling num_threads v0.1.6
[INFO] [stderr]    Compiling time-macros v0.2.15
[INFO] [stderr]    Compiling common_macros v0.1.1
[INFO] [stderr]    Compiling fastrand v2.0.1
[INFO] [stderr]    Compiling wasm-bindgen-backend v0.2.87
[INFO] [stderr]    Compiling manyhow v0.8.1
[INFO] [stderr]    Compiling is-terminal v0.4.9
[INFO] [stderr]    Compiling colored v2.0.4
[INFO] [stderr]    Compiling regex-automata v0.3.9
[INFO] [stderr]    Compiling time v0.3.29
[INFO] [stderr]    Compiling wasm-bindgen-macro-support v0.2.87
[INFO] [stderr]    Compiling serde_derive v1.0.188
[INFO] [stderr]    Compiling thiserror-impl v1.0.49
[INFO] [stderr]    Compiling futures-macro v0.3.28
[INFO] [stderr]    Compiling tracing-attributes v0.1.26
[INFO] [stderr]    Compiling derive-where v1.2.5
[INFO] [stderr]    Compiling pin-project-internal v1.1.3
[INFO] [stderr]    Compiling syn_derive v0.1.7
[INFO] [stderr]    Compiling typed-builder-macro v0.16.2
[INFO] [stderr]    Compiling async-recursion v1.0.5
[INFO] [stderr]    Compiling simple_logger v4.2.0
[INFO] [stderr]    Compiling wasm-bindgen-macro v0.2.87
[INFO] [stderr]    Compiling regex v1.9.6
[INFO] [stderr]    Compiling tracing v0.1.37
[INFO] [stderr]    Compiling pin-project v1.1.3
[INFO] [stderr]    Compiling typed-builder v0.16.2
[INFO] [stderr]    Compiling js-sys v0.3.64
[INFO] [stderr]    Compiling rstml v0.11.2
[INFO] [stderr]    Compiling console_error_panic_hook v0.1.7
[INFO] [stderr]    Compiling quote-use-macros v0.7.2
[INFO] [stderr]    Compiling tokio-util v0.7.9
[INFO] [stderr]    Compiling quote-use v0.7.2
[INFO] [stderr]    Compiling attribute-derive-macro v0.8.1
[INFO] [stderr]    Compiling web-sys v0.3.64
[INFO] [stderr]    Compiling wasm-bindgen-futures v0.4.37
[INFO] [stderr]    Compiling attribute-derive v0.8.1
[INFO] [stderr]    Compiling h2 v0.3.21
[INFO] [stderr]    Compiling futures-executor v0.3.28
[INFO] [stderr]    Compiling futures v0.3.28
[INFO] [stderr]    Compiling serde_urlencoded v0.7.1
[INFO] [stderr]    Compiling serde-wasm-bindgen v0.5.0
[INFO] [stderr]    Compiling ciborium v0.2.1
[INFO] [stderr]    Compiling serde_qs v0.12.0
[INFO] [stderr]    Compiling toml v0.5.11
[INFO] [stderr]    Compiling serde_test v1.0.176
[INFO] [stderr]    Compiling server_fn_macro v0.5.0
[INFO] [stderr]    Compiling leptos_hot_reload v0.5.0
[INFO] [stdout] error[E0554]: `#![feature]` may not be used on the beta release channel
[INFO] [stdout]  --> /opt/rustwide/cargo-home/registry/src/index.crates.io-6f17d22bba15001f/server_fn_macro-0.5.0/src/lib.rs:1:42
[INFO] [stdout]   |
[INFO] [stdout] 1 | #![cfg_attr(feature = "nightly", feature(proc_macro_span))]
[INFO] [stdout]   |                                          ^^^^^^^^^^^^^^^
[INFO] [stdout] 
[INFO] [stdout] 
[INFO] [stdout] error: aborting due to 1 previous error
[INFO] [stdout] 
[INFO] [stdout] 
[INFO] [stdout] For more information about this error, try `rustc --explain E0554`.
[INFO] [stdout] 
[INFO] [stderr] error: could not compile `server_fn_macro` (lib) due to 2 previous errors
[INFO] [stderr] warning: build failed, waiting for other jobs to finish...
[INFO] running `Command { std: "docker" "inspect" "36e24fa113768ae21c30708cb72e3f1d50d4782644e613416d04faff4bf11780", kill_on_drop: false }`
[INFO] running `Command { std: "docker" "rm" "-f" "36e24fa113768ae21c30708cb72e3f1d50d4782644e613416d04faff4bf11780", kill_on_drop: false }`
[INFO] [stdout] 36e24fa113768ae21c30708cb72e3f1d50d4782644e613416d04faff4bf11780
