[INFO] cloning repository https://github.com/WesleyJoseSantos/rust_opcua_client
[INFO] running `Command { std: "git" "-c" "credential.helper=" "-c" "credential.helper=/workspace/cargo-home/bin/git-credential-null" "clone" "--bare" "https://github.com/WesleyJoseSantos/rust_opcua_client" "/workspace/cache/git-repos/https%3A%2F%2Fgithub.com%2FWesleyJoseSantos%2Frust_opcua_client", kill_on_drop: false }`
[INFO] [stderr] Cloning into bare repository '/workspace/cache/git-repos/https%3A%2F%2Fgithub.com%2FWesleyJoseSantos%2Frust_opcua_client'...
[INFO] running `Command { std: "git" "rev-parse" "HEAD", kill_on_drop: false }`
[INFO] [stdout] c49a6b1d8dfc21c3ff835902843e5e0c8259449f
[INFO] testing WesleyJoseSantos/rust_opcua_client against 1.75.0 for beta-1.76-1
[INFO] running `Command { std: "git" "clone" "/workspace/cache/git-repos/https%3A%2F%2Fgithub.com%2FWesleyJoseSantos%2Frust_opcua_client" "/workspace/builds/worker-3-tc1/source", kill_on_drop: false }`
[INFO] [stderr] Cloning into '/workspace/builds/worker-3-tc1/source'...
[INFO] [stderr] done.
[INFO] validating manifest of git repo https://github.com/WesleyJoseSantos/rust_opcua_client on toolchain 1.75.0
[INFO] running `Command { std: CARGO_HOME="/workspace/cargo-home" RUSTUP_HOME="/workspace/rustup-home" "/workspace/cargo-home/bin/cargo" "+1.75.0" "metadata" "--manifest-path" "Cargo.toml" "--no-deps", kill_on_drop: false }`
[INFO] started tweaking git repo https://github.com/WesleyJoseSantos/rust_opcua_client
[INFO] finished tweaking git repo https://github.com/WesleyJoseSantos/rust_opcua_client
[INFO] tweaked toml for git repo https://github.com/WesleyJoseSantos/rust_opcua_client written to /workspace/builds/worker-3-tc1/source/Cargo.toml
[INFO] crate git repo https://github.com/WesleyJoseSantos/rust_opcua_client already has a lockfile, it will not be regenerated
[INFO] running `Command { std: CARGO_HOME="/workspace/cargo-home" RUSTUP_HOME="/workspace/rustup-home" "/workspace/cargo-home/bin/cargo" "+1.75.0" "fetch" "--manifest-path" "Cargo.toml", kill_on_drop: false }`
[INFO] [stderr]     Blocking waiting for file lock on package cache
[ERROR] error running command: no output for 300 seconds
[ERROR] this task or one of its parent failed!
[ERROR] no output for 300 seconds
[ERROR] note: run with `RUST_BACKTRACE=1` to display a backtrace.
[INFO] testing WesleyJoseSantos/rust_opcua_client against beta-2023-12-22 for beta-1.76-1
[INFO] running `Command { std: "git" "clone" "/workspace/cache/git-repos/https%3A%2F%2Fgithub.com%2FWesleyJoseSantos%2Frust_opcua_client" "/workspace/builds/worker-3-tc2/source", kill_on_drop: false }`
[INFO] [stderr] Cloning into '/workspace/builds/worker-3-tc2/source'...
[INFO] [stderr] done.
[INFO] validating manifest of git repo https://github.com/WesleyJoseSantos/rust_opcua_client on toolchain beta-2023-12-22
[INFO] running `Command { std: CARGO_HOME="/workspace/cargo-home" RUSTUP_HOME="/workspace/rustup-home" "/workspace/cargo-home/bin/cargo" "+beta-2023-12-22" "metadata" "--manifest-path" "Cargo.toml" "--no-deps", kill_on_drop: false }`
[INFO] started tweaking git repo https://github.com/WesleyJoseSantos/rust_opcua_client
[INFO] finished tweaking git repo https://github.com/WesleyJoseSantos/rust_opcua_client
[INFO] tweaked toml for git repo https://github.com/WesleyJoseSantos/rust_opcua_client written to /workspace/builds/worker-3-tc2/source/Cargo.toml
[INFO] crate git repo https://github.com/WesleyJoseSantos/rust_opcua_client already has a lockfile, it will not be regenerated
[INFO] running `Command { std: CARGO_HOME="/workspace/cargo-home" RUSTUP_HOME="/workspace/rustup-home" "/workspace/cargo-home/bin/cargo" "+beta-2023-12-22" "fetch" "--manifest-path" "Cargo.toml", kill_on_drop: false }`
[INFO] [stderr]     Blocking waiting for file lock on package cache
[INFO] [stderr]     Updating crates.io index
[INFO] [stderr]     Blocking waiting for file lock on package cache
[ERROR] error running command: no output for 300 seconds
[INFO] testing WesleyJoseSantos/rust_opcua_client against beta-2023-12-22 for beta-1.76-1
[INFO] running `Command { std: "git" "clone" "/workspace/cache/git-repos/https%3A%2F%2Fgithub.com%2FWesleyJoseSantos%2Frust_opcua_client" "/workspace/builds/worker-3-tc2/source", kill_on_drop: false }`
[INFO] [stderr] Cloning into '/workspace/builds/worker-3-tc2/source'...
[INFO] [stderr] done.
[INFO] validating manifest of git repo https://github.com/WesleyJoseSantos/rust_opcua_client on toolchain beta-2023-12-22
[INFO] running `Command { std: CARGO_HOME="/workspace/cargo-home" RUSTUP_HOME="/workspace/rustup-home" "/workspace/cargo-home/bin/cargo" "+beta-2023-12-22" "metadata" "--manifest-path" "Cargo.toml" "--no-deps", kill_on_drop: false }`
[INFO] started tweaking git repo https://github.com/WesleyJoseSantos/rust_opcua_client
[INFO] finished tweaking git repo https://github.com/WesleyJoseSantos/rust_opcua_client
[INFO] tweaked toml for git repo https://github.com/WesleyJoseSantos/rust_opcua_client written to /workspace/builds/worker-3-tc2/source/Cargo.toml
[INFO] crate git repo https://github.com/WesleyJoseSantos/rust_opcua_client already has a lockfile, it will not be regenerated
[INFO] running `Command { std: CARGO_HOME="/workspace/cargo-home" RUSTUP_HOME="/workspace/rustup-home" "/workspace/cargo-home/bin/cargo" "+beta-2023-12-22" "fetch" "--manifest-path" "Cargo.toml", kill_on_drop: false }`
[INFO] [stderr]     Blocking waiting for file lock on package cache
[INFO] [stderr]     Blocking waiting for file lock on package cache
[INFO] [stderr]  Downloading crates ...
[INFO] [stderr]   Downloaded opcua v0.11.0
[INFO] running `Command { std: "docker" "create" "-v" "/var/lib/crater-agent-workspace/builds/worker-3-tc2/target:/opt/rustwide/target:rw,Z" "-v" "/var/lib/crater-agent-workspace/builds/worker-3-tc2/source:/opt/rustwide/workdir:ro,Z" "-v" "/var/lib/crater-agent-workspace/cargo-home:/opt/rustwide/cargo-home:ro,Z" "-v" "/var/lib/crater-agent-workspace/rustup-home:/opt/rustwide/rustup-home:ro,Z" "-e" "SOURCE_DIR=/opt/rustwide/workdir" "-e" "CARGO_TARGET_DIR=/opt/rustwide/target" "-e" "CARGO_HOME=/opt/rustwide/cargo-home" "-e" "RUSTUP_HOME=/opt/rustwide/rustup-home" "-w" "/opt/rustwide/workdir" "-m" "1610612736" "--user" "0:0" "--network" "none" "ghcr.io/rust-lang/crates-build-env/linux@sha256:2788e3201cd34a07e3172128adcd8b3090168a8e3bcc40d7c032b9dda1df7d1c" "/opt/rustwide/cargo-home/bin/cargo" "+beta-2023-12-22" "metadata" "--no-deps" "--format-version=1", kill_on_drop: false }`
[INFO] [stdout] e42317a0d63c88619d95dc9fb296080355e006bbdecf158972c4cddd3cc97f2d
[INFO] running `Command { std: "docker" "start" "-a" "e42317a0d63c88619d95dc9fb296080355e006bbdecf158972c4cddd3cc97f2d", kill_on_drop: false }`
[INFO] running `Command { std: "docker" "inspect" "e42317a0d63c88619d95dc9fb296080355e006bbdecf158972c4cddd3cc97f2d", kill_on_drop: false }`
[INFO] running `Command { std: "docker" "rm" "-f" "e42317a0d63c88619d95dc9fb296080355e006bbdecf158972c4cddd3cc97f2d", kill_on_drop: false }`
[INFO] [stdout] e42317a0d63c88619d95dc9fb296080355e006bbdecf158972c4cddd3cc97f2d
[INFO] running `Command { std: "docker" "create" "-v" "/var/lib/crater-agent-workspace/builds/worker-3-tc2/target:/opt/rustwide/target:rw,Z" "-v" "/var/lib/crater-agent-workspace/builds/worker-3-tc2/source:/opt/rustwide/workdir:ro,Z" "-v" "/var/lib/crater-agent-workspace/cargo-home:/opt/rustwide/cargo-home:ro,Z" "-v" "/var/lib/crater-agent-workspace/rustup-home:/opt/rustwide/rustup-home:ro,Z" "-e" "SOURCE_DIR=/opt/rustwide/workdir" "-e" "CARGO_TARGET_DIR=/opt/rustwide/target" "-e" "CARGO_INCREMENTAL=0" "-e" "RUST_BACKTRACE=full" "-e" "RUSTFLAGS=--cap-lints=warn" "-e" "RUSTDOCFLAGS=--cap-lints=warn" "-e" "CARGO_HOME=/opt/rustwide/cargo-home" "-e" "RUSTUP_HOME=/opt/rustwide/rustup-home" "-w" "/opt/rustwide/workdir" "-m" "1610612736" "--user" "0:0" "--network" "none" "ghcr.io/rust-lang/crates-build-env/linux@sha256:2788e3201cd34a07e3172128adcd8b3090168a8e3bcc40d7c032b9dda1df7d1c" "/opt/rustwide/cargo-home/bin/cargo" "+beta-2023-12-22" "build" "--frozen" "--message-format=json", kill_on_drop: false }`
[INFO] [stdout] aea17f7cbc67c1f2cdda0dc353e57db2e7555e9171c40b6ef791d37e88540ac4
[INFO] running `Command { std: "docker" "start" "-a" "aea17f7cbc67c1f2cdda0dc353e57db2e7555e9171c40b6ef791d37e88540ac4", kill_on_drop: false }`
[INFO] [stderr]    Compiling libc v0.2.139
[INFO] [stderr]    Compiling proc-macro2 v1.0.50
[INFO] [stderr]    Compiling quote v1.0.23
[INFO] [stderr]    Compiling unicode-ident v1.0.6
[INFO] [stderr]    Compiling syn v1.0.107
[INFO] [stderr]    Compiling futures-core v0.3.26
[INFO] [stderr]    Compiling log v0.4.17
[INFO] [stderr]    Compiling slab v0.4.7
[INFO] [stderr]    Compiling lock_api v0.4.9
[INFO] [stderr]    Compiling futures-channel v0.3.26
[INFO] [stderr]    Compiling pkg-config v0.3.26
[INFO] [stderr]    Compiling serde v1.0.152
[INFO] [stderr]    Compiling parking_lot_core v0.9.7
[INFO] [stderr]    Compiling futures-task v0.3.26
[INFO] [stderr]    Compiling pin-project-lite v0.2.9
[INFO] [stderr]    Compiling cc v1.0.79
[INFO] [stderr]    Compiling proc-macro2 v0.4.30
[INFO] [stderr]    Compiling futures-sink v0.3.26
[INFO] [stderr]    Compiling num-traits v0.2.15
[INFO] [stderr]    Compiling scopeguard v1.1.0
[INFO] [stderr]    Compiling unicode-xid v0.1.0
[INFO] [stderr]    Compiling smallvec v1.10.0
[INFO] [stderr]    Compiling tinyvec_macros v0.1.0
[INFO] [stderr]    Compiling futures-util v0.3.26
[INFO] [stderr]    Compiling tinyvec v1.6.0
[INFO] [stderr]    Compiling indexmap v1.9.2
[INFO] [stderr]    Compiling num-integer v0.1.45
[INFO] [stderr]    Compiling tokio v1.25.0
[INFO] [stderr]    Compiling syn v0.15.44
[INFO] [stderr]    Compiling futures-io v0.3.26
[INFO] [stderr]    Compiling pin-utils v0.1.0
[INFO] [stderr]    Compiling aho-corasick v0.7.20
[INFO] [stderr]    Compiling unicode-bidi v0.3.10
[INFO] [stderr]    Compiling ryu v1.0.12
[INFO] [stderr]    Compiling quote v0.6.13
[INFO] [stderr]    Compiling regex-syntax v0.6.28
[INFO] [stderr]    Compiling quick-error v1.2.3
[INFO] [stderr]    Compiling serde_json v1.0.91
[INFO] [stderr]    Compiling hashbrown v0.12.3
[INFO] [stderr]    Compiling linked-hash-map v0.5.6
[INFO] [stderr]    Compiling bytes v1.4.0
[INFO] [stderr]    Compiling openssl v0.10.45
[INFO] [stderr]    Compiling serde_derive v1.0.152
[INFO] [stderr]    Compiling matches v0.1.10
[INFO] [stderr]    Compiling socket2 v0.4.7
[INFO] [stderr]    Compiling mio v0.8.5
[INFO] [stderr]    Compiling signal-hook-registry v1.4.0
[INFO] [stderr]    Compiling unicode-normalization v0.1.22
[INFO] [stderr]    Compiling num_cpus v1.15.0
[INFO] [stderr]    Compiling parking_lot v0.12.1
[INFO] [stderr]    Compiling openssl-sys v0.9.80
[INFO] [stderr]    Compiling atty v0.2.14
[INFO] [stderr]    Compiling time v0.1.45
[INFO] [stderr]    Compiling getrandom v0.2.8
[INFO] [stderr]    Compiling yaml-rust v0.4.5
[INFO] [stderr]    Compiling humantime v1.3.0
[INFO] [stderr]    Compiling once_cell v1.17.0
[INFO] [stderr]    Compiling itoa v1.0.5
[INFO] [stderr]    Compiling iana-time-zone v0.1.53
[INFO] [stderr]    Compiling uuid v0.8.2
[INFO] [stderr]    Compiling gethostname v0.2.3
[INFO] [stderr]    Compiling base64 v0.12.3
[INFO] [stderr]    Compiling pico-args v0.5.0
[INFO] [stderr]    Compiling idna v0.1.5
[INFO] [stderr]    Compiling regex v1.7.1
[INFO] [stderr]    Compiling url v1.7.2
[INFO] [stderr]    Compiling env_logger v0.5.13
[INFO] [stderr]    Compiling chrono v0.4.23
[INFO] [stderr]    Compiling serde_yaml v0.8.26
[INFO] [stderr]    Compiling derivative v1.0.4
[INFO] [stderr]    Compiling futures-macro v0.3.26
[INFO] [stderr]    Compiling tokio-macros v1.8.2
[INFO] [stderr]    Compiling openssl-macros v0.1.0
[INFO] [stderr]    Compiling futures-executor v0.3.26
[INFO] [stderr]    Compiling futures v0.3.26
[INFO] [stderr]    Compiling tokio-util v0.6.10
[INFO] [stderr]    Compiling opcua v0.11.0
[INFO] [stderr] error: could not compile `opcua` (lib)
[INFO] [stderr] 
[INFO] [stderr] Caused by:
[INFO] [stderr]   process didn't exit successfully: `/opt/rustwide/rustup-home/toolchains/beta-2023-12-22-x86_64-unknown-linux-gnu/bin/rustc --crate-name opcua --edition=2018 /opt/rustwide/cargo-home/registry/src/index.crates.io-6f17d22bba15001f/opcua-0.11.0/src/lib.rs --error-format=json --json=diagnostic-rendered-ansi,artifacts,future-incompat --crate-type lib --emit=dep-info,metadata,link -C embed-bitcode=no -C debuginfo=2 --cfg 'feature="client"' --cfg 'feature="console-logging"' --cfg 'feature="default"' --cfg 'feature="discovery-server-registration"' --cfg 'feature="env_logger"' --cfg 'feature="generated-address-space"' --cfg 'feature="server"' -C metadata=60ea84c80c5c9274 -C extra-filename=-60ea84c80c5c9274 --out-dir /opt/rustwide/target/debug/deps -L dependency=/opt/rustwide/target/debug/deps --extern base64=/opt/rustwide/target/debug/deps/libbase64-3ea0acb8791808bf.rmeta --extern bitflags=/opt/rustwide/target/debug/deps/libbitflags-85e13ed1e0c6d910.rmeta --extern byteorder=/opt/rustwide/target/debug/deps/libbyteorder-0ef92d8cf14cf0b1.rmeta --extern bytes=/opt/rustwide/target/debug/deps/libbytes-8217216c646d0e94.rmeta --extern chrono=/opt/rustwide/target/debug/deps/libchrono-cbd248d3c7085c5d.rmeta --extern derivative=/opt/rustwide/target/debug/deps/libderivative-de39adda07505ded.so --extern env_logger=/opt/rustwide/target/debug/deps/libenv_logger-c59c45c701b5d893.rmeta --extern foreign_types=/opt/rustwide/target/debug/deps/libforeign_types-34162016ad32c65c.rmeta --extern futures=/opt/rustwide/target/debug/deps/libfutures-b8f8bf2183ffb86f.rmeta --extern gethostname=/opt/rustwide/target/debug/deps/libgethostname-27829a26608cba2b.rmeta --extern lazy_static=/opt/rustwide/target/debug/deps/liblazy_static-efa3519517df6cf0.rmeta --extern libc=/opt/rustwide/target/debug/deps/liblibc-c55557f7f88b1291.rmeta --extern log=/opt/rustwide/target/debug/deps/liblog-5dd7ca7285786d5e.rmeta --extern openssl=/opt/rustwide/target/debug/deps/libopenssl-bf4d0ac6bd366477.rmeta --extern openssl_sys=/opt/rustwide/target/debug/deps/libopenssl_sys-14270e6e6cf1b01c.rmeta --extern parking_lot=/opt/rustwide/target/debug/deps/libparking_lot-54cd1df486975878.rmeta --extern regex=/opt/rustwide/target/debug/deps/libregex-dc9f101a563969d6.rmeta --extern serde=/opt/rustwide/target/debug/deps/libserde-c455678db161e2df.rmeta --extern serde_derive=/opt/rustwide/target/debug/deps/libserde_derive-18d53202c06a3d8f.so --extern serde_json=/opt/rustwide/target/debug/deps/libserde_json-f5bdd6fae0242aa3.rmeta --extern serde_yaml=/opt/rustwide/target/debug/deps/libserde_yaml-ca2b65f0e16ffbbd.rmeta --extern time=/opt/rustwide/target/debug/deps/libtime-d60ec394230d2615.rmeta --extern tokio=/opt/rustwide/target/debug/deps/libtokio-e6f1f81110973e11.rmeta --extern tokio_util=/opt/rustwide/target/debug/deps/libtokio_util-8b7540c9bf5c0549.rmeta --extern url=/opt/rustwide/target/debug/deps/liburl-207cd8a6c29249cb.rmeta --extern uuid=/opt/rustwide/target/debug/deps/libuuid-245aac204d7a2aac.rmeta --cap-lints allow --cap-lints=warn` (signal: 9, SIGKILL: kill)
[INFO] running `Command { std: "docker" "inspect" "aea17f7cbc67c1f2cdda0dc353e57db2e7555e9171c40b6ef791d37e88540ac4", kill_on_drop: false }`
[INFO] running `Command { std: "docker" "rm" "-f" "aea17f7cbc67c1f2cdda0dc353e57db2e7555e9171c40b6ef791d37e88540ac4", kill_on_drop: false }`
[INFO] [stdout] aea17f7cbc67c1f2cdda0dc353e57db2e7555e9171c40b6ef791d37e88540ac4
