[INFO] cloning repository https://github.com/ViliLipo/mini-pascal-compiler
[INFO] running `Command { std: "git" "-c" "credential.helper=" "-c" "credential.helper=/workspace/cargo-home/bin/git-credential-null" "clone" "--bare" "https://github.com/ViliLipo/mini-pascal-compiler" "/workspace/cache/git-repos/https%3A%2F%2Fgithub.com%2FViliLipo%2Fmini-pascal-compiler", kill_on_drop: false }`
[INFO] [stderr] Cloning into bare repository '/workspace/cache/git-repos/https%3A%2F%2Fgithub.com%2FViliLipo%2Fmini-pascal-compiler'...
[INFO] running `Command { std: "git" "rev-parse" "HEAD", kill_on_drop: false }`
[INFO] [stdout] 0df044ecf222c236197a3a3cae1459646d748eb5
[INFO] testing ViliLipo/mini-pascal-compiler against 1.75.0 for beta-1.76-1
[INFO] running `Command { std: "git" "clone" "/workspace/cache/git-repos/https%3A%2F%2Fgithub.com%2FViliLipo%2Fmini-pascal-compiler" "/workspace/builds/worker-3-tc1/source", kill_on_drop: false }`
[INFO] [stderr] Cloning into '/workspace/builds/worker-3-tc1/source'...
[INFO] [stderr] done.
[INFO] validating manifest of git repo https://github.com/ViliLipo/mini-pascal-compiler on toolchain 1.75.0
[INFO] running `Command { std: CARGO_HOME="/workspace/cargo-home" RUSTUP_HOME="/workspace/rustup-home" "/workspace/cargo-home/bin/cargo" "+1.75.0" "metadata" "--manifest-path" "Cargo.toml" "--no-deps", kill_on_drop: false }`
[INFO] started tweaking git repo https://github.com/ViliLipo/mini-pascal-compiler
[INFO] finished tweaking git repo https://github.com/ViliLipo/mini-pascal-compiler
[INFO] tweaked toml for git repo https://github.com/ViliLipo/mini-pascal-compiler written to /workspace/builds/worker-3-tc1/source/Cargo.toml
[INFO] crate git repo https://github.com/ViliLipo/mini-pascal-compiler already has a lockfile, it will not be regenerated
[INFO] running `Command { std: CARGO_HOME="/workspace/cargo-home" RUSTUP_HOME="/workspace/rustup-home" "/workspace/cargo-home/bin/cargo" "+1.75.0" "fetch" "--manifest-path" "Cargo.toml", kill_on_drop: false }`
[INFO] [stderr]     Blocking waiting for file lock on package cache
[ERROR] error running command: no output for 300 seconds
[ERROR] this task or one of its parent failed!
[ERROR] no output for 300 seconds
[ERROR] note: run with `RUST_BACKTRACE=1` to display a backtrace.
[INFO] testing ViliLipo/mini-pascal-compiler against beta-2023-12-22 for beta-1.76-1
[INFO] running `Command { std: "git" "clone" "/workspace/cache/git-repos/https%3A%2F%2Fgithub.com%2FViliLipo%2Fmini-pascal-compiler" "/workspace/builds/worker-3-tc2/source", kill_on_drop: false }`
[INFO] [stderr] Cloning into '/workspace/builds/worker-3-tc2/source'...
[INFO] [stderr] done.
[INFO] validating manifest of git repo https://github.com/ViliLipo/mini-pascal-compiler on toolchain beta-2023-12-22
[INFO] running `Command { std: CARGO_HOME="/workspace/cargo-home" RUSTUP_HOME="/workspace/rustup-home" "/workspace/cargo-home/bin/cargo" "+beta-2023-12-22" "metadata" "--manifest-path" "Cargo.toml" "--no-deps", kill_on_drop: false }`
[INFO] started tweaking git repo https://github.com/ViliLipo/mini-pascal-compiler
[INFO] finished tweaking git repo https://github.com/ViliLipo/mini-pascal-compiler
[INFO] tweaked toml for git repo https://github.com/ViliLipo/mini-pascal-compiler written to /workspace/builds/worker-3-tc2/source/Cargo.toml
[INFO] crate git repo https://github.com/ViliLipo/mini-pascal-compiler already has a lockfile, it will not be regenerated
[INFO] running `Command { std: CARGO_HOME="/workspace/cargo-home" RUSTUP_HOME="/workspace/rustup-home" "/workspace/cargo-home/bin/cargo" "+beta-2023-12-22" "fetch" "--manifest-path" "Cargo.toml", kill_on_drop: false }`
[INFO] [stderr]     Blocking waiting for file lock on package cache
[INFO] [stderr]     Blocking waiting for file lock on package cache
[INFO] running `Command { std: "docker" "create" "-v" "/var/lib/crater-agent-workspace/builds/worker-3-tc2/target:/opt/rustwide/target:rw,Z" "-v" "/var/lib/crater-agent-workspace/builds/worker-3-tc2/source:/opt/rustwide/workdir:ro,Z" "-v" "/var/lib/crater-agent-workspace/cargo-home:/opt/rustwide/cargo-home:ro,Z" "-v" "/var/lib/crater-agent-workspace/rustup-home:/opt/rustwide/rustup-home:ro,Z" "-e" "SOURCE_DIR=/opt/rustwide/workdir" "-e" "CARGO_TARGET_DIR=/opt/rustwide/target" "-e" "CARGO_HOME=/opt/rustwide/cargo-home" "-e" "RUSTUP_HOME=/opt/rustwide/rustup-home" "-w" "/opt/rustwide/workdir" "-m" "1610612736" "--user" "0:0" "--network" "none" "ghcr.io/rust-lang/crates-build-env/linux@sha256:2788e3201cd34a07e3172128adcd8b3090168a8e3bcc40d7c032b9dda1df7d1c" "/opt/rustwide/cargo-home/bin/cargo" "+beta-2023-12-22" "metadata" "--no-deps" "--format-version=1", kill_on_drop: false }`
[INFO] [stdout] 1bc04448ac246f17e70d00e92eaa12eb47f870f439048a14868e3c64d6db387f
[INFO] running `Command { std: "docker" "start" "-a" "1bc04448ac246f17e70d00e92eaa12eb47f870f439048a14868e3c64d6db387f", kill_on_drop: false }`
[INFO] running `Command { std: "docker" "inspect" "1bc04448ac246f17e70d00e92eaa12eb47f870f439048a14868e3c64d6db387f", kill_on_drop: false }`
[INFO] running `Command { std: "docker" "rm" "-f" "1bc04448ac246f17e70d00e92eaa12eb47f870f439048a14868e3c64d6db387f", kill_on_drop: false }`
[INFO] [stdout] 1bc04448ac246f17e70d00e92eaa12eb47f870f439048a14868e3c64d6db387f
[INFO] running `Command { std: "docker" "create" "-v" "/var/lib/crater-agent-workspace/builds/worker-3-tc2/target:/opt/rustwide/target:rw,Z" "-v" "/var/lib/crater-agent-workspace/builds/worker-3-tc2/source:/opt/rustwide/workdir:ro,Z" "-v" "/var/lib/crater-agent-workspace/cargo-home:/opt/rustwide/cargo-home:ro,Z" "-v" "/var/lib/crater-agent-workspace/rustup-home:/opt/rustwide/rustup-home:ro,Z" "-e" "SOURCE_DIR=/opt/rustwide/workdir" "-e" "CARGO_TARGET_DIR=/opt/rustwide/target" "-e" "CARGO_INCREMENTAL=0" "-e" "RUST_BACKTRACE=full" "-e" "RUSTFLAGS=--cap-lints=warn" "-e" "RUSTDOCFLAGS=--cap-lints=warn" "-e" "CARGO_HOME=/opt/rustwide/cargo-home" "-e" "RUSTUP_HOME=/opt/rustwide/rustup-home" "-w" "/opt/rustwide/workdir" "-m" "1610612736" "--user" "0:0" "--network" "none" "ghcr.io/rust-lang/crates-build-env/linux@sha256:2788e3201cd34a07e3172128adcd8b3090168a8e3bcc40d7c032b9dda1df7d1c" "/opt/rustwide/cargo-home/bin/cargo" "+beta-2023-12-22" "build" "--frozen" "--message-format=json", kill_on_drop: false }`
[INFO] [stdout] 97c3050a006f5ca494416b734807ca79d8f02584d528feb9b32e296fae0f8d86
[INFO] running `Command { std: "docker" "start" "-a" "97c3050a006f5ca494416b734807ca79d8f02584d528feb9b32e296fae0f8d86", kill_on_drop: false }`
[INFO] [stderr]    Compiling mini-pascal-compiler v0.1.0 (/opt/rustwide/workdir)
[INFO] [stdout] warning: call to `.clone()` on a reference in this situation does nothing
[INFO] [stdout]    --> src/codegenvisitor.rs:253:54
[INFO] [stdout]     |
[INFO] [stdout] 253 |         if let Ok(mut file) = File::open(runtime_file.clone()) {
[INFO] [stdout]     |                                                      ^^^^^^^^ help: remove this redundant call
[INFO] [stdout]     |
[INFO] [stdout]     = note: the type `str` does not implement `Clone`, so calling `clone` on `&str` copies the reference, which does not do anything and can be removed
[INFO] [stdout]     = note: `#[warn(noop_method_call)]` on by default
[INFO] [stdout] 
[INFO] [stdout] 
[INFO] [stdout] warning: 1 warning emitted
[INFO] [stdout] 
[INFO] [stdout] 
[INFO] [stderr]     Finished dev [unoptimized + debuginfo] target(s) in 0.54s
[INFO] running `Command { std: "docker" "inspect" "97c3050a006f5ca494416b734807ca79d8f02584d528feb9b32e296fae0f8d86", kill_on_drop: false }`
[INFO] running `Command { std: "docker" "rm" "-f" "97c3050a006f5ca494416b734807ca79d8f02584d528feb9b32e296fae0f8d86", kill_on_drop: false }`
[INFO] [stdout] 97c3050a006f5ca494416b734807ca79d8f02584d528feb9b32e296fae0f8d86
[INFO] running `Command { std: "docker" "create" "-v" "/var/lib/crater-agent-workspace/builds/worker-3-tc2/target:/opt/rustwide/target:rw,Z" "-v" "/var/lib/crater-agent-workspace/builds/worker-3-tc2/source:/opt/rustwide/workdir:ro,Z" "-v" "/var/lib/crater-agent-workspace/cargo-home:/opt/rustwide/cargo-home:ro,Z" "-v" "/var/lib/crater-agent-workspace/rustup-home:/opt/rustwide/rustup-home:ro,Z" "-e" "SOURCE_DIR=/opt/rustwide/workdir" "-e" "CARGO_TARGET_DIR=/opt/rustwide/target" "-e" "CARGO_INCREMENTAL=0" "-e" "RUST_BACKTRACE=full" "-e" "RUSTFLAGS=--cap-lints=warn" "-e" "RUSTDOCFLAGS=--cap-lints=warn" "-e" "CARGO_HOME=/opt/rustwide/cargo-home" "-e" "RUSTUP_HOME=/opt/rustwide/rustup-home" "-w" "/opt/rustwide/workdir" "-m" "1610612736" "--user" "0:0" "--network" "none" "ghcr.io/rust-lang/crates-build-env/linux@sha256:2788e3201cd34a07e3172128adcd8b3090168a8e3bcc40d7c032b9dda1df7d1c" "/opt/rustwide/cargo-home/bin/cargo" "+beta-2023-12-22" "test" "--frozen" "--no-run" "--message-format=json", kill_on_drop: false }`
[INFO] [stdout] 3945960bfe00de0699f331e65302b639c42d19f6e9b719e324cc56f6bb2c1dc5
[INFO] running `Command { std: "docker" "start" "-a" "3945960bfe00de0699f331e65302b639c42d19f6e9b719e324cc56f6bb2c1dc5", kill_on_drop: false }`
[INFO] [stderr]    Compiling mini-pascal-compiler v0.1.0 (/opt/rustwide/workdir)
[INFO] [stdout] warning: call to `.clone()` on a reference in this situation does nothing
[INFO] [stdout]    --> src/codegenvisitor.rs:253:54
[INFO] [stdout]     |
[INFO] [stdout] 253 |         if let Ok(mut file) = File::open(runtime_file.clone()) {
[INFO] [stdout]     |                                                      ^^^^^^^^ help: remove this redundant call
[INFO] [stdout]     |
[INFO] [stdout]     = note: the type `str` does not implement `Clone`, so calling `clone` on `&str` copies the reference, which does not do anything and can be removed
[INFO] [stdout]     = note: `#[warn(noop_method_call)]` on by default
[INFO] [stdout] 
[INFO] [stdout] 
[INFO] [stdout] warning: 1 warning emitted
[INFO] [stdout] 
[INFO] [stdout] 
[INFO] [stderr]     Finished test [unoptimized + debuginfo] target(s) in 0.44s
[INFO] running `Command { std: "docker" "inspect" "3945960bfe00de0699f331e65302b639c42d19f6e9b719e324cc56f6bb2c1dc5", kill_on_drop: false }`
[INFO] running `Command { std: "docker" "rm" "-f" "3945960bfe00de0699f331e65302b639c42d19f6e9b719e324cc56f6bb2c1dc5", kill_on_drop: false }`
[INFO] [stdout] 3945960bfe00de0699f331e65302b639c42d19f6e9b719e324cc56f6bb2c1dc5
[INFO] running `Command { std: "docker" "create" "-v" "/var/lib/crater-agent-workspace/builds/worker-3-tc2/target:/opt/rustwide/target:rw,Z" "-v" "/var/lib/crater-agent-workspace/builds/worker-3-tc2/source:/opt/rustwide/workdir:ro,Z" "-v" "/var/lib/crater-agent-workspace/cargo-home:/opt/rustwide/cargo-home:ro,Z" "-v" "/var/lib/crater-agent-workspace/rustup-home:/opt/rustwide/rustup-home:ro,Z" "-e" "SOURCE_DIR=/opt/rustwide/workdir" "-e" "CARGO_TARGET_DIR=/opt/rustwide/target" "-e" "CARGO_INCREMENTAL=0" "-e" "RUST_BACKTRACE=full" "-e" "RUSTFLAGS=--cap-lints=warn" "-e" "RUSTDOCFLAGS=--cap-lints=warn" "-e" "CARGO_HOME=/opt/rustwide/cargo-home" "-e" "RUSTUP_HOME=/opt/rustwide/rustup-home" "-w" "/opt/rustwide/workdir" "-m" "1610612736" "--user" "0:0" "--network" "none" "ghcr.io/rust-lang/crates-build-env/linux@sha256:2788e3201cd34a07e3172128adcd8b3090168a8e3bcc40d7c032b9dda1df7d1c" "/opt/rustwide/cargo-home/bin/cargo" "+beta-2023-12-22" "test" "--frozen", kill_on_drop: false }`
[INFO] [stdout] 84fff147621031b602e282c0c25a1cfedfaf4183b971effe86c646e25f9746e9
[INFO] running `Command { std: "docker" "start" "-a" "84fff147621031b602e282c0c25a1cfedfaf4183b971effe86c646e25f9746e9", kill_on_drop: false }`
[INFO] [stderr] warning: call to `.clone()` on a reference in this situation does nothing
[INFO] [stderr]    --> src/codegenvisitor.rs:253:54
[INFO] [stderr]     |
[INFO] [stderr] 253 |         if let Ok(mut file) = File::open(runtime_file.clone()) {
[INFO] [stderr]     |                                                      ^^^^^^^^ help: remove this redundant call
[INFO] [stderr]     |
[INFO] [stderr]     = note: the type `str` does not implement `Clone`, so calling `clone` on `&str` copies the reference, which does not do anything and can be removed
[INFO] [stderr]     = note: `#[warn(noop_method_call)]` on by default
[INFO] [stderr] 
[INFO] [stderr] warning: `mini-pascal-compiler` (bin "mini-pascal-compiler" test) generated 1 warning (run `cargo fix --bin "mini-pascal-compiler" --tests` to apply 1 suggestion)
[INFO] [stderr]     Finished test [unoptimized + debuginfo] target(s) in 0.00s
[INFO] [stderr]      Running unittests src/main.rs (/opt/rustwide/target/debug/deps/mini_pascal_compiler-8278087a294ec6a6)
[INFO] [stdout] 
[INFO] [stdout] running 9 tests
[INFO] [stdout] test scanner::test::test_scan_declaration_stmnt ... ok
[INFO] [stdout] test scanner::test::test_scan_identifier ... ok
[INFO] [stdout] test scanner::test::test_scan_real_literal ... ok
[INFO] [stdout] test scanner::test::test_scan_not_equal ... ok
[INFO] [stdout] test scanner::test::test_scan_real_literal_with_exponent ... ok
[INFO] [stdout] test scanner::test::test_scan_string_literal ... ok
[INFO] [stdout] test scanner::test::test_screen_multiline_comments ... ok
[INFO] [stdout] test scanner::test::test_screen_singleline_comments ... ok
[INFO] [stdout] test source::test::test_get_next_char ... ok
[INFO] [stdout] 
[INFO] [stdout] test result: ok. 9 passed; 0 failed; 0 ignored; 0 measured; 0 filtered out; finished in 0.00s
[INFO] [stdout] 
[INFO] running `Command { std: "docker" "inspect" "84fff147621031b602e282c0c25a1cfedfaf4183b971effe86c646e25f9746e9", kill_on_drop: false }`
[INFO] running `Command { std: "docker" "rm" "-f" "84fff147621031b602e282c0c25a1cfedfaf4183b971effe86c646e25f9746e9", kill_on_drop: false }`
[INFO] [stdout] 84fff147621031b602e282c0c25a1cfedfaf4183b971effe86c646e25f9746e9
