[INFO] cloning repository https://github.com/Tomarchelone/PAC-FCA
[INFO] running `Command { std: "git" "-c" "credential.helper=" "-c" "credential.helper=/workspace/cargo-home/bin/git-credential-null" "clone" "--bare" "https://github.com/Tomarchelone/PAC-FCA" "/workspace/cache/git-repos/https%3A%2F%2Fgithub.com%2FTomarchelone%2FPAC-FCA", kill_on_drop: false }`
[INFO] [stderr] Cloning into bare repository '/workspace/cache/git-repos/https%3A%2F%2Fgithub.com%2FTomarchelone%2FPAC-FCA'...
[INFO] running `Command { std: "git" "rev-parse" "HEAD", kill_on_drop: false }`
[INFO] [stdout] be750a34a02896a01ad5ebc96652ae1802ca41f7
[INFO] testing Tomarchelone/PAC-FCA against 1.75.0 for beta-1.76-1
[INFO] running `Command { std: "git" "clone" "/workspace/cache/git-repos/https%3A%2F%2Fgithub.com%2FTomarchelone%2FPAC-FCA" "/workspace/builds/worker-2-tc1/source", kill_on_drop: false }`
[INFO] [stderr] Cloning into '/workspace/builds/worker-2-tc1/source'...
[INFO] [stderr] done.
[INFO] validating manifest of git repo https://github.com/Tomarchelone/PAC-FCA on toolchain 1.75.0
[INFO] running `Command { std: CARGO_HOME="/workspace/cargo-home" RUSTUP_HOME="/workspace/rustup-home" "/workspace/cargo-home/bin/cargo" "+1.75.0" "metadata" "--manifest-path" "Cargo.toml" "--no-deps", kill_on_drop: false }`
[INFO] started tweaking git repo https://github.com/Tomarchelone/PAC-FCA
[INFO] finished tweaking git repo https://github.com/Tomarchelone/PAC-FCA
[INFO] tweaked toml for git repo https://github.com/Tomarchelone/PAC-FCA written to /workspace/builds/worker-2-tc1/source/Cargo.toml
[INFO] crate git repo https://github.com/Tomarchelone/PAC-FCA already has a lockfile, it will not be regenerated
[INFO] running `Command { std: CARGO_HOME="/workspace/cargo-home" RUSTUP_HOME="/workspace/rustup-home" "/workspace/cargo-home/bin/cargo" "+1.75.0" "fetch" "--manifest-path" "Cargo.toml", kill_on_drop: false }`
[INFO] [stderr]     Blocking waiting for file lock on package cache
[INFO] [stderr]     Blocking waiting for file lock on package cache
[ERROR] error running command: no output for 300 seconds
[ERROR] this task or one of its parent failed!
[ERROR] no output for 300 seconds
[ERROR] note: run with `RUST_BACKTRACE=1` to display a backtrace.
[INFO] testing Tomarchelone/PAC-FCA against beta-2023-12-22 for beta-1.76-1
[INFO] running `Command { std: "git" "clone" "/workspace/cache/git-repos/https%3A%2F%2Fgithub.com%2FTomarchelone%2FPAC-FCA" "/workspace/builds/worker-2-tc2/source", kill_on_drop: false }`
[INFO] [stderr] Cloning into '/workspace/builds/worker-2-tc2/source'...
[INFO] [stderr] done.
[INFO] validating manifest of git repo https://github.com/Tomarchelone/PAC-FCA on toolchain beta-2023-12-22
[INFO] running `Command { std: CARGO_HOME="/workspace/cargo-home" RUSTUP_HOME="/workspace/rustup-home" "/workspace/cargo-home/bin/cargo" "+beta-2023-12-22" "metadata" "--manifest-path" "Cargo.toml" "--no-deps", kill_on_drop: false }`
[INFO] started tweaking git repo https://github.com/Tomarchelone/PAC-FCA
[INFO] finished tweaking git repo https://github.com/Tomarchelone/PAC-FCA
[INFO] tweaked toml for git repo https://github.com/Tomarchelone/PAC-FCA written to /workspace/builds/worker-2-tc2/source/Cargo.toml
[INFO] crate git repo https://github.com/Tomarchelone/PAC-FCA already has a lockfile, it will not be regenerated
[INFO] running `Command { std: CARGO_HOME="/workspace/cargo-home" RUSTUP_HOME="/workspace/rustup-home" "/workspace/cargo-home/bin/cargo" "+beta-2023-12-22" "fetch" "--manifest-path" "Cargo.toml", kill_on_drop: false }`
[INFO] [stderr]     Blocking waiting for file lock on package cache
[INFO] [stderr]     Blocking waiting for file lock on package cache
[INFO] [stderr]  Downloading crates ...
[INFO] [stderr]   Downloaded rand_os v0.1.0
[INFO] [stderr]   Downloaded rand v0.6.3
[INFO] running `Command { std: "docker" "create" "-v" "/var/lib/crater-agent-workspace/builds/worker-2-tc2/target:/opt/rustwide/target:rw,Z" "-v" "/var/lib/crater-agent-workspace/builds/worker-2-tc2/source:/opt/rustwide/workdir:ro,Z" "-v" "/var/lib/crater-agent-workspace/cargo-home:/opt/rustwide/cargo-home:ro,Z" "-v" "/var/lib/crater-agent-workspace/rustup-home:/opt/rustwide/rustup-home:ro,Z" "-e" "SOURCE_DIR=/opt/rustwide/workdir" "-e" "CARGO_TARGET_DIR=/opt/rustwide/target" "-e" "CARGO_HOME=/opt/rustwide/cargo-home" "-e" "RUSTUP_HOME=/opt/rustwide/rustup-home" "-w" "/opt/rustwide/workdir" "-m" "1610612736" "--user" "0:0" "--network" "none" "ghcr.io/rust-lang/crates-build-env/linux@sha256:2788e3201cd34a07e3172128adcd8b3090168a8e3bcc40d7c032b9dda1df7d1c" "/opt/rustwide/cargo-home/bin/cargo" "+beta-2023-12-22" "metadata" "--no-deps" "--format-version=1", kill_on_drop: false }`
[INFO] [stdout] 5db162248f2cd13e6b6b4dc9bede2a5b2251ed33442d4ff7af7a2b069d79267a
[INFO] running `Command { std: "docker" "start" "-a" "5db162248f2cd13e6b6b4dc9bede2a5b2251ed33442d4ff7af7a2b069d79267a", kill_on_drop: false }`
[INFO] running `Command { std: "docker" "inspect" "5db162248f2cd13e6b6b4dc9bede2a5b2251ed33442d4ff7af7a2b069d79267a", kill_on_drop: false }`
[INFO] running `Command { std: "docker" "rm" "-f" "5db162248f2cd13e6b6b4dc9bede2a5b2251ed33442d4ff7af7a2b069d79267a", kill_on_drop: false }`
[INFO] [stdout] 5db162248f2cd13e6b6b4dc9bede2a5b2251ed33442d4ff7af7a2b069d79267a
[INFO] running `Command { std: "docker" "create" "-v" "/var/lib/crater-agent-workspace/builds/worker-2-tc2/target:/opt/rustwide/target:rw,Z" "-v" "/var/lib/crater-agent-workspace/builds/worker-2-tc2/source:/opt/rustwide/workdir:ro,Z" "-v" "/var/lib/crater-agent-workspace/cargo-home:/opt/rustwide/cargo-home:ro,Z" "-v" "/var/lib/crater-agent-workspace/rustup-home:/opt/rustwide/rustup-home:ro,Z" "-e" "SOURCE_DIR=/opt/rustwide/workdir" "-e" "CARGO_TARGET_DIR=/opt/rustwide/target" "-e" "CARGO_INCREMENTAL=0" "-e" "RUST_BACKTRACE=full" "-e" "RUSTFLAGS=--cap-lints=warn" "-e" "RUSTDOCFLAGS=--cap-lints=warn" "-e" "CARGO_HOME=/opt/rustwide/cargo-home" "-e" "RUSTUP_HOME=/opt/rustwide/rustup-home" "-w" "/opt/rustwide/workdir" "-m" "1610612736" "--user" "0:0" "--network" "none" "ghcr.io/rust-lang/crates-build-env/linux@sha256:2788e3201cd34a07e3172128adcd8b3090168a8e3bcc40d7c032b9dda1df7d1c" "/opt/rustwide/cargo-home/bin/cargo" "+beta-2023-12-22" "build" "--frozen" "--message-format=json", kill_on_drop: false }`
[INFO] [stdout] 5292c11a55763e4e493cbe9b8b91e9750770db241dc6981764b2f874a23b7b2e
[INFO] running `Command { std: "docker" "start" "-a" "5292c11a55763e4e493cbe9b8b91e9750770db241dc6981764b2f874a23b7b2e", kill_on_drop: false }`
[INFO] [stderr]    Compiling libc v0.2.46
[INFO] [stderr]    Compiling rand_core v0.3.0
[INFO] [stderr]    Compiling semver-parser v0.7.0
[INFO] [stderr]    Compiling arrayvec v0.4.10
[INFO] [stderr]    Compiling autocfg v0.1.1
[INFO] [stderr]    Compiling nodrop v0.1.13
[INFO] [stderr]    Compiling cfg-if v0.1.6
[INFO] [stderr]    Compiling lazy_static v1.2.0
[INFO] [stderr]    Compiling memoffset v0.2.1
[INFO] [stderr]    Compiling num-traits v0.2.6
[INFO] [stderr]    Compiling scopeguard v0.3.3
[INFO] [stderr]    Compiling rayon-core v1.4.1
[INFO] [stderr]    Compiling num-integer v0.1.39
[INFO] [stderr]    Compiling rayon v1.0.3
[INFO] [stderr]    Compiling num-bigint v0.2.2
[INFO] [stderr]    Compiling either v1.5.0
[INFO] [stderr]    Compiling crossbeam-utils v0.2.2
[INFO] [stderr]    Compiling rand_xorshift v0.1.1
[INFO] [stderr]    Compiling rand_isaac v0.1.1
[INFO] [stderr]    Compiling rand_hc v0.1.0
[INFO] [stderr]    Compiling semver v0.9.0
[INFO] [stderr]    Compiling rand_chacha v0.1.1
[INFO] [stderr]    Compiling rand v0.6.3
[INFO] [stderr]    Compiling rustc_version v0.2.3
[INFO] [stderr]    Compiling rand_pcg v0.1.1
[INFO] [stderr]    Compiling crossbeam-epoch v0.3.1
[INFO] [stderr]    Compiling num_cpus v1.9.0
[INFO] [stderr]    Compiling rand_os v0.1.0
[INFO] [stderr]    Compiling crossbeam-deque v0.2.0
[INFO] [stderr]    Compiling pac_fca v0.1.0 (/opt/rustwide/workdir)
[INFO] [stdout] warning: unused import: `std::fs::File`
[INFO] [stdout]  --> src/main.rs:2:5
[INFO] [stdout]   |
[INFO] [stdout] 2 | use std::fs::File;
[INFO] [stdout]   |     ^^^^^^^^^^^^^
[INFO] [stdout]   |
[INFO] [stdout]   = note: `#[warn(unused_imports)]` on by default
[INFO] [stdout] 
[INFO] [stdout] 
[INFO] [stdout] warning: unused import: `rand::random`
[INFO] [stdout]  --> src/pac_fca.rs:3:5
[INFO] [stdout]   |
[INFO] [stdout] 3 | use rand::random;
[INFO] [stdout]   |     ^^^^^^^^^^^^
[INFO] [stdout] 
[INFO] [stdout] 
[INFO] [stdout] warning: unused import: `std::time::Instant`
[INFO] [stdout]  --> src/pac_fca.rs:4:5
[INFO] [stdout]   |
[INFO] [stdout] 4 | use std::time::Instant;
[INFO] [stdout]   |     ^^^^^^^^^^^^^^^^^^
[INFO] [stdout] 
[INFO] [stdout] 
[INFO] [stdout] warning: unused label
[INFO] [stdout]    --> src/pac_fca.rs:250:5
[INFO] [stdout]     |
[INFO] [stdout] 250 |     'main: loop {
[INFO] [stdout]     |     ^^^^^
[INFO] [stdout]     |
[INFO] [stdout]     = note: `#[warn(unused_labels)]` on by default
[INFO] [stdout] 
[INFO] [stdout] 
[INFO] [stdout] warning: unused import: `crate::zoo_oracle::*`
[INFO] [stdout]   --> src/main.rs:11:5
[INFO] [stdout]    |
[INFO] [stdout] 11 | use crate::zoo_oracle::*;
[INFO] [stdout]    |     ^^^^^^^^^^^^^^^^^^^^
[INFO] [stdout] 
[INFO] [stdout] 
[INFO] [stdout] warning: trait objects without an explicit `dyn` are deprecated
[INFO] [stdout]    --> src/pac_fca.rs:243:16
[INFO] [stdout]     |
[INFO] [stdout] 243 |     , oracle: &Oracle
[INFO] [stdout]     |                ^^^^^^
[INFO] [stdout]     |
[INFO] [stdout]     = warning: this is accepted in the current edition (Rust 2018) but is a hard error in Rust 2021!
[INFO] [stdout]     = note: for more information, see <https://doc.rust-lang.org/nightly/edition-guide/rust-2021/warnings-promoted-to-error.html>
[INFO] [stdout]     = note: `#[warn(bare_trait_objects)]` on by default
[INFO] [stdout] help: use `dyn`
[INFO] [stdout]     |
[INFO] [stdout] 243 |     , oracle: &dyn Oracle
[INFO] [stdout]     |                +++
[INFO] [stdout] 
[INFO] [stdout] 
[INFO] [stdout] warning: unused variable: `example`
[INFO] [stdout]   --> src/div_oracle.rs:57:25
[INFO] [stdout]    |
[INFO] [stdout] 57 |     fn is_member(&self, example: &Vec<u128>) -> bool {
[INFO] [stdout]    |                         ^^^^^^^ help: if this is intentional, prefix it with an underscore: `_example`
[INFO] [stdout]    |
[INFO] [stdout]    = note: `#[warn(unused_variables)]` on by default
[INFO] [stdout] 
[INFO] [stdout] 
[INFO] [stdout] warning: variable does not need to be mutable
[INFO] [stdout]   --> src/zoo_oracle.rs:25:13
[INFO] [stdout]    |
[INFO] [stdout] 25 |         let mut animals: Vec<_> = contents
[INFO] [stdout]    |             ----^^^^^^^
[INFO] [stdout]    |             |
[INFO] [stdout]    |             help: remove this `mut`
[INFO] [stdout]    |
[INFO] [stdout]    = note: `#[warn(unused_mut)]` on by default
[INFO] [stdout] 
[INFO] [stdout] 
[INFO] [stdout] warning: unused variable: `context`
[INFO] [stdout]   --> src/main.rs:24:19
[INFO] [stdout]    |
[INFO] [stdout] 24 |     let (imp_set, context) = pac_attribute_exploration(
[INFO] [stdout]    |                   ^^^^^^^ help: if this is intentional, prefix it with an underscore: `_context`
[INFO] [stdout] 
[INFO] [stdout] 
[INFO] [stdout] warning: unused variable: `elapsed`
[INFO] [stdout]   --> src/main.rs:31:9
[INFO] [stdout]    |
[INFO] [stdout] 31 |     let elapsed = stamp.elapsed();
[INFO] [stdout]    |         ^^^^^^^ help: if this is intentional, prefix it with an underscore: `_elapsed`
[INFO] [stdout] 
[INFO] [stdout] 
[INFO] [stdout] warning: variable does not need to be mutable
[INFO] [stdout]   --> src/main.rs:23:9
[INFO] [stdout]    |
[INFO] [stdout] 23 |     let mut stamp = Instant::now();
[INFO] [stdout]    |         ----^^^^^
[INFO] [stdout]    |         |
[INFO] [stdout]    |         help: remove this `mut`
[INFO] [stdout] 
[INFO] [stdout] 
[INFO] [stdout] warning: associated function `from_data` is never used
[INFO] [stdout]   --> src/zoo_oracle.rs:14:12
[INFO] [stdout]    |
[INFO] [stdout] 13 | impl ZooOracle {
[INFO] [stdout]    | -------------- associated function in this implementation
[INFO] [stdout] 14 |     pub fn from_data(mut data: File) -> ZooOracle {
[INFO] [stdout]    |            ^^^^^^^^^
[INFO] [stdout]    |
[INFO] [stdout]    = note: `#[warn(dead_code)]` on by default
[INFO] [stdout] 
[INFO] [stdout] 
[INFO] [stdout] warning: function `from_bool` is never used
[INFO] [stdout]   --> src/zoo_oracle.rs:73:4
[INFO] [stdout]    |
[INFO] [stdout] 73 | fn from_bool(v: Vec<bool>) -> Vec<u128> {
[INFO] [stdout]    |    ^^^^^^^^^
[INFO] [stdout] 
[INFO] [stdout] 
[INFO] [stdout] warning: function `zoo_imp` is never used
[INFO] [stdout]   --> src/zoo_oracle.rs:99:8
[INFO] [stdout]    |
[INFO] [stdout] 99 | pub fn zoo_imp(impset: &ImplicationSet) -> String {
[INFO] [stdout]    |        ^^^^^^^
[INFO] [stdout] 
[INFO] [stdout] 
[INFO] [stdout] warning: variable `M` should have a snake case name
[INFO] [stdout]   --> src/main.rs:16:9
[INFO] [stdout]    |
[INFO] [stdout] 16 |     let M = 18;
[INFO] [stdout]    |         ^ help: convert the identifier to snake case: `m`
[INFO] [stdout]    |
[INFO] [stdout]    = note: `#[warn(non_snake_case)]` on by default
[INFO] [stdout] 
[INFO] [stdout] 
[INFO] [stdout] warning: structure field `M` should have a snake case name
[INFO] [stdout]   --> src/pac_fca.rs:13:9
[INFO] [stdout]    |
[INFO] [stdout] 13 |     pub M: usize,  // size of attribute set
[INFO] [stdout]    |         ^ help: convert the identifier to snake case: `m`
[INFO] [stdout] 
[INFO] [stdout] 
[INFO] [stdout] warning: structure field `M` should have a snake case name
[INFO] [stdout]   --> src/pac_fca.rs:41:9
[INFO] [stdout]    |
[INFO] [stdout] 41 |     pub M: usize,
[INFO] [stdout]    |         ^ help: convert the identifier to snake case: `m`
[INFO] [stdout] 
[INFO] [stdout] 
[INFO] [stdout] warning: variable `M` should have a snake case name
[INFO] [stdout]   --> src/pac_fca.rs:75:13
[INFO] [stdout]    |
[INFO] [stdout] 75 |         let M = self.M;
[INFO] [stdout]    |             ^ help: convert the identifier to snake case: `m`
[INFO] [stdout] 
[INFO] [stdout] 
[INFO] [stdout] warning: variable `M` should have a snake case name
[INFO] [stdout]    --> src/pac_fca.rs:113:17
[INFO] [stdout]     |
[INFO] [stdout] 113 | pub fn full_set(M: usize) -> Vec<u128> {
[INFO] [stdout]     |                 ^ help: convert the identifier to snake case: `m`
[INFO] [stdout] 
[INFO] [stdout] 
[INFO] [stdout] warning: variable `M` should have a snake case name
[INFO] [stdout]    --> src/pac_fca.rs:124:18
[INFO] [stdout]     |
[INFO] [stdout] 124 | pub fn empty_set(M: usize) -> Vec<u128> {
[INFO] [stdout]     |                  ^ help: convert the identifier to snake case: `m`
[INFO] [stdout] 
[INFO] [stdout] 
[INFO] [stdout] warning: variable `M` should have a snake case name
[INFO] [stdout]    --> src/pac_fca.rs:135:29
[INFO] [stdout]     |
[INFO] [stdout] 135 | pub fn not(set: &Vec<u128>, M: usize) -> Vec<u128> {
[INFO] [stdout]     |                             ^ help: convert the identifier to snake case: `m`
[INFO] [stdout] 
[INFO] [stdout] 
[INFO] [stdout] warning: variable `M` should have a snake case name
[INFO] [stdout]    --> src/pac_fca.rs:187:18
[INFO] [stdout]     |
[INFO] [stdout] 187 | fn random_subset(M: usize) -> Vec<u128> {
[INFO] [stdout]     |                  ^ help: convert the identifier to snake case: `m`
[INFO] [stdout] 
[INFO] [stdout] 
[INFO] [stdout] warning: variable `M` should have a snake case name
[INFO] [stdout]    --> src/pac_fca.rs:206:5
[INFO] [stdout]     |
[INFO] [stdout] 206 |     M: usize  // Attribute set 0..M
[INFO] [stdout]     |     ^ help: convert the identifier to snake case: `m`
[INFO] [stdout] 
[INFO] [stdout] 
[INFO] [stdout] warning: variable `K` should have a snake case name
[INFO] [stdout]    --> src/pac_fca.rs:207:7
[INFO] [stdout]     |
[INFO] [stdout] 207 |     , K: &Context  // Context
[INFO] [stdout]     |       ^ help: convert the identifier to snake case (notice the capitalization): `k`
[INFO] [stdout] 
[INFO] [stdout] 
[INFO] [stdout] warning: variable `L` should have a snake case name
[INFO] [stdout]    --> src/pac_fca.rs:208:7
[INFO] [stdout]     |
[INFO] [stdout] 208 |     , L: &ImplicationSet  // Implication set
[INFO] [stdout]     |       ^ help: convert the identifier to snake case: `l`
[INFO] [stdout] 
[INFO] [stdout] 
[INFO] [stdout] warning: variable `M` should have a snake case name
[INFO] [stdout]    --> src/pac_fca.rs:239:5
[INFO] [stdout]     |
[INFO] [stdout] 239 |     M: usize
[INFO] [stdout]     |     ^ help: convert the identifier to snake case: `m`
[INFO] [stdout] 
[INFO] [stdout] 
[INFO] [stdout] warning: variable `K_0` should have a snake case name
[INFO] [stdout]    --> src/pac_fca.rs:240:7
[INFO] [stdout]     |
[INFO] [stdout] 240 |     , K_0: Context
[INFO] [stdout]     |       ^^^ help: convert the identifier to snake case (notice the capitalization): `k_0`
[INFO] [stdout] 
[INFO] [stdout] 
[INFO] [stdout] warning: variable `K` should have a snake case name
[INFO] [stdout]    --> src/pac_fca.rs:247:13
[INFO] [stdout]     |
[INFO] [stdout] 247 |     let mut K = K_0; // initial context
[INFO] [stdout]     |             ^ help: convert the identifier to snake case (notice the capitalization): `k`
[INFO] [stdout] 
[INFO] [stdout] 
[INFO] [stdout] warning: variable `L` should have a snake case name
[INFO] [stdout]    --> src/pac_fca.rs:248:13
[INFO] [stdout]     |
[INFO] [stdout] 248 |     let mut L = ImplicationSet {M, set: vec![]};
[INFO] [stdout]     |             ^ help: convert the identifier to snake case: `l`
[INFO] [stdout] 
[INFO] [stdout] 
[INFO] [stdout] warning: structure field `M` should have a snake case name
[INFO] [stdout]   --> src/div_oracle.rs:27:9
[INFO] [stdout]    |
[INFO] [stdout] 27 |     pub M: usize,
[INFO] [stdout]    |         ^ help: convert the identifier to snake case: `m`
[INFO] [stdout] 
[INFO] [stdout] 
[INFO] [stdout] warning: variable `M` should have a snake case name
[INFO] [stdout]   --> src/div_oracle.rs:33:13
[INFO] [stdout]    |
[INFO] [stdout] 33 |         let M = self.M;
[INFO] [stdout]    |             ^ help: convert the identifier to snake case: `m`
[INFO] [stdout] 
[INFO] [stdout] 
[INFO] [stdout] warning: structure field `M` should have a snake case name
[INFO] [stdout]  --> src/zoo_oracle.rs:9:9
[INFO] [stdout]   |
[INFO] [stdout] 9 |     pub M: usize,
[INFO] [stdout]   |         ^ help: convert the identifier to snake case: `m`
[INFO] [stdout] 
[INFO] [stdout] 
[INFO] [stdout] warning: variable `M` should have a snake case name
[INFO] [stdout]   --> src/zoo_oracle.rs:24:17
[INFO] [stdout]    |
[INFO] [stdout] 24 |         let mut M = 0;
[INFO] [stdout]    |                 ^ help: convert the identifier to snake case: `m`
[INFO] [stdout] 
[INFO] [stdout] 
[INFO] [stdout] warning: variable `M` should have a snake case name
[INFO] [stdout]   --> src/zoo_oracle.rs:53:13
[INFO] [stdout]    |
[INFO] [stdout] 53 |         let M = self.M;
[INFO] [stdout]    |             ^ help: convert the identifier to snake case: `m`
[INFO] [stdout] 
[INFO] [stdout] 
[INFO] [stdout] warning: variable `M` should have a snake case name
[INFO] [stdout]   --> src/zoo_oracle.rs:74:9
[INFO] [stdout]    |
[INFO] [stdout] 74 |     let M = v.len();
[INFO] [stdout]    |         ^ help: convert the identifier to snake case: `m`
[INFO] [stdout] 
[INFO] [stdout] 
[INFO] [stdout] warning: variable `M` should have a snake case name
[INFO] [stdout]    --> src/zoo_oracle.rs:104:9
[INFO] [stdout]     |
[INFO] [stdout] 104 |     let M = impset.M;
[INFO] [stdout]     |         ^ help: convert the identifier to snake case: `m`
[INFO] [stdout] 
[INFO] [stdout] 
[INFO] [stdout] warning: 36 warnings emitted
[INFO] [stdout] 
[INFO] [stdout] 
[INFO] [stderr]     Finished dev [unoptimized + debuginfo] target(s) in 2.88s
[INFO] running `Command { std: "docker" "inspect" "5292c11a55763e4e493cbe9b8b91e9750770db241dc6981764b2f874a23b7b2e", kill_on_drop: false }`
[INFO] running `Command { std: "docker" "rm" "-f" "5292c11a55763e4e493cbe9b8b91e9750770db241dc6981764b2f874a23b7b2e", kill_on_drop: false }`
[INFO] [stdout] 5292c11a55763e4e493cbe9b8b91e9750770db241dc6981764b2f874a23b7b2e
[INFO] running `Command { std: "docker" "create" "-v" "/var/lib/crater-agent-workspace/builds/worker-2-tc2/target:/opt/rustwide/target:rw,Z" "-v" "/var/lib/crater-agent-workspace/builds/worker-2-tc2/source:/opt/rustwide/workdir:ro,Z" "-v" "/var/lib/crater-agent-workspace/cargo-home:/opt/rustwide/cargo-home:ro,Z" "-v" "/var/lib/crater-agent-workspace/rustup-home:/opt/rustwide/rustup-home:ro,Z" "-e" "SOURCE_DIR=/opt/rustwide/workdir" "-e" "CARGO_TARGET_DIR=/opt/rustwide/target" "-e" "CARGO_INCREMENTAL=0" "-e" "RUST_BACKTRACE=full" "-e" "RUSTFLAGS=--cap-lints=warn" "-e" "RUSTDOCFLAGS=--cap-lints=warn" "-e" "CARGO_HOME=/opt/rustwide/cargo-home" "-e" "RUSTUP_HOME=/opt/rustwide/rustup-home" "-w" "/opt/rustwide/workdir" "-m" "1610612736" "--user" "0:0" "--network" "none" "ghcr.io/rust-lang/crates-build-env/linux@sha256:2788e3201cd34a07e3172128adcd8b3090168a8e3bcc40d7c032b9dda1df7d1c" "/opt/rustwide/cargo-home/bin/cargo" "+beta-2023-12-22" "test" "--frozen" "--no-run" "--message-format=json", kill_on_drop: false }`
[INFO] [stdout] c8a80ce4a0c74aed5a81b7bc306ef6c2cf336f3dbc6fec6a8671059d4d9de1d2
[INFO] running `Command { std: "docker" "start" "-a" "c8a80ce4a0c74aed5a81b7bc306ef6c2cf336f3dbc6fec6a8671059d4d9de1d2", kill_on_drop: false }`
[INFO] [stderr]    Compiling pac_fca v0.1.0 (/opt/rustwide/workdir)
[INFO] [stdout] warning: unused import: `std::fs::File`
[INFO] [stdout]  --> src/main.rs:2:5
[INFO] [stdout]   |
[INFO] [stdout] 2 | use std::fs::File;
[INFO] [stdout]   |     ^^^^^^^^^^^^^
[INFO] [stdout]   |
[INFO] [stdout]   = note: `#[warn(unused_imports)]` on by default
[INFO] [stdout] 
[INFO] [stdout] 
[INFO] [stdout] warning: unused import: `rand::random`
[INFO] [stdout]  --> src/pac_fca.rs:3:5
[INFO] [stdout]   |
[INFO] [stdout] 3 | use rand::random;
[INFO] [stdout]   |     ^^^^^^^^^^^^
[INFO] [stdout] 
[INFO] [stdout] 
[INFO] [stdout] warning: unused import: `std::time::Instant`
[INFO] [stdout]  --> src/pac_fca.rs:4:5
[INFO] [stdout]   |
[INFO] [stdout] 4 | use std::time::Instant;
[INFO] [stdout]   |     ^^^^^^^^^^^^^^^^^^
[INFO] [stdout] 
[INFO] [stdout] 
[INFO] [stdout] warning: unused label
[INFO] [stdout]    --> src/pac_fca.rs:250:5
[INFO] [stdout]     |
[INFO] [stdout] 250 |     'main: loop {
[INFO] [stdout]     |     ^^^^^
[INFO] [stdout]     |
[INFO] [stdout]     = note: `#[warn(unused_labels)]` on by default
[INFO] [stdout] 
[INFO] [stdout] 
[INFO] [stdout] warning: unused import: `crate::zoo_oracle::*`
[INFO] [stdout]   --> src/main.rs:11:5
[INFO] [stdout]    |
[INFO] [stdout] 11 | use crate::zoo_oracle::*;
[INFO] [stdout]    |     ^^^^^^^^^^^^^^^^^^^^
[INFO] [stdout] 
[INFO] [stdout] 
[INFO] [stdout] warning: trait objects without an explicit `dyn` are deprecated
[INFO] [stdout]    --> src/pac_fca.rs:243:16
[INFO] [stdout]     |
[INFO] [stdout] 243 |     , oracle: &Oracle
[INFO] [stdout]     |                ^^^^^^
[INFO] [stdout]     |
[INFO] [stdout]     = warning: this is accepted in the current edition (Rust 2018) but is a hard error in Rust 2021!
[INFO] [stdout]     = note: for more information, see <https://doc.rust-lang.org/nightly/edition-guide/rust-2021/warnings-promoted-to-error.html>
[INFO] [stdout]     = note: `#[warn(bare_trait_objects)]` on by default
[INFO] [stdout] help: use `dyn`
[INFO] [stdout]     |
[INFO] [stdout] 243 |     , oracle: &dyn Oracle
[INFO] [stdout]     |                +++
[INFO] [stdout] 
[INFO] [stdout] 
[INFO] [stdout] warning: unused variable: `example`
[INFO] [stdout]   --> src/div_oracle.rs:57:25
[INFO] [stdout]    |
[INFO] [stdout] 57 |     fn is_member(&self, example: &Vec<u128>) -> bool {
[INFO] [stdout]    |                         ^^^^^^^ help: if this is intentional, prefix it with an underscore: `_example`
[INFO] [stdout]    |
[INFO] [stdout]    = note: `#[warn(unused_variables)]` on by default
[INFO] [stdout] 
[INFO] [stdout] 
[INFO] [stdout] warning: variable does not need to be mutable
[INFO] [stdout]   --> src/zoo_oracle.rs:25:13
[INFO] [stdout]    |
[INFO] [stdout] 25 |         let mut animals: Vec<_> = contents
[INFO] [stdout]    |             ----^^^^^^^
[INFO] [stdout]    |             |
[INFO] [stdout]    |             help: remove this `mut`
[INFO] [stdout]    |
[INFO] [stdout]    = note: `#[warn(unused_mut)]` on by default
[INFO] [stdout] 
[INFO] [stdout] 
[INFO] [stdout] warning: unused variable: `context`
[INFO] [stdout]   --> src/main.rs:24:19
[INFO] [stdout]    |
[INFO] [stdout] 24 |     let (imp_set, context) = pac_attribute_exploration(
[INFO] [stdout]    |                   ^^^^^^^ help: if this is intentional, prefix it with an underscore: `_context`
[INFO] [stdout] 
[INFO] [stdout] 
[INFO] [stdout] warning: unused variable: `elapsed`
[INFO] [stdout]   --> src/main.rs:31:9
[INFO] [stdout]    |
[INFO] [stdout] 31 |     let elapsed = stamp.elapsed();
[INFO] [stdout]    |         ^^^^^^^ help: if this is intentional, prefix it with an underscore: `_elapsed`
[INFO] [stdout] 
[INFO] [stdout] 
[INFO] [stdout] warning: variable does not need to be mutable
[INFO] [stdout]   --> src/main.rs:23:9
[INFO] [stdout]    |
[INFO] [stdout] 23 |     let mut stamp = Instant::now();
[INFO] [stdout]    |         ----^^^^^
[INFO] [stdout]    |         |
[INFO] [stdout]    |         help: remove this `mut`
[INFO] [stdout] 
[INFO] [stdout] 
[INFO] [stdout] warning: associated function `from_data` is never used
[INFO] [stdout]   --> src/zoo_oracle.rs:14:12
[INFO] [stdout]    |
[INFO] [stdout] 13 | impl ZooOracle {
[INFO] [stdout]    | -------------- associated function in this implementation
[INFO] [stdout] 14 |     pub fn from_data(mut data: File) -> ZooOracle {
[INFO] [stdout]    |            ^^^^^^^^^
[INFO] [stdout]    |
[INFO] [stdout]    = note: `#[warn(dead_code)]` on by default
[INFO] [stdout] 
[INFO] [stdout] 
[INFO] [stdout] warning: function `from_bool` is never used
[INFO] [stdout]   --> src/zoo_oracle.rs:73:4
[INFO] [stdout]    |
[INFO] [stdout] 73 | fn from_bool(v: Vec<bool>) -> Vec<u128> {
[INFO] [stdout]    |    ^^^^^^^^^
[INFO] [stdout] 
[INFO] [stdout] 
[INFO] [stdout] warning: function `zoo_imp` is never used
[INFO] [stdout]   --> src/zoo_oracle.rs:99:8
[INFO] [stdout]    |
[INFO] [stdout] 99 | pub fn zoo_imp(impset: &ImplicationSet) -> String {
[INFO] [stdout]    |        ^^^^^^^
[INFO] [stdout] 
[INFO] [stdout] 
[INFO] [stdout] warning: variable `M` should have a snake case name
[INFO] [stdout]   --> src/main.rs:16:9
[INFO] [stdout]    |
[INFO] [stdout] 16 |     let M = 18;
[INFO] [stdout]    |         ^ help: convert the identifier to snake case: `m`
[INFO] [stdout]    |
[INFO] [stdout]    = note: `#[warn(non_snake_case)]` on by default
[INFO] [stdout] 
[INFO] [stdout] 
[INFO] [stdout] warning: structure field `M` should have a snake case name
[INFO] [stdout]   --> src/pac_fca.rs:13:9
[INFO] [stdout]    |
[INFO] [stdout] 13 |     pub M: usize,  // size of attribute set
[INFO] [stdout]    |         ^ help: convert the identifier to snake case: `m`
[INFO] [stdout] 
[INFO] [stdout] 
[INFO] [stdout] warning: structure field `M` should have a snake case name
[INFO] [stdout]   --> src/pac_fca.rs:41:9
[INFO] [stdout]    |
[INFO] [stdout] 41 |     pub M: usize,
[INFO] [stdout]    |         ^ help: convert the identifier to snake case: `m`
[INFO] [stdout] 
[INFO] [stdout] 
[INFO] [stdout] warning: variable `M` should have a snake case name
[INFO] [stdout]   --> src/pac_fca.rs:75:13
[INFO] [stdout]    |
[INFO] [stdout] 75 |         let M = self.M;
[INFO] [stdout]    |             ^ help: convert the identifier to snake case: `m`
[INFO] [stdout] 
[INFO] [stdout] 
[INFO] [stdout] warning: variable `M` should have a snake case name
[INFO] [stdout]    --> src/pac_fca.rs:113:17
[INFO] [stdout]     |
[INFO] [stdout] 113 | pub fn full_set(M: usize) -> Vec<u128> {
[INFO] [stdout]     |                 ^ help: convert the identifier to snake case: `m`
[INFO] [stdout] 
[INFO] [stdout] 
[INFO] [stdout] warning: variable `M` should have a snake case name
[INFO] [stdout]    --> src/pac_fca.rs:124:18
[INFO] [stdout]     |
[INFO] [stdout] 124 | pub fn empty_set(M: usize) -> Vec<u128> {
[INFO] [stdout]     |                  ^ help: convert the identifier to snake case: `m`
[INFO] [stdout] 
[INFO] [stdout] 
[INFO] [stdout] warning: variable `M` should have a snake case name
[INFO] [stdout]    --> src/pac_fca.rs:135:29
[INFO] [stdout]     |
[INFO] [stdout] 135 | pub fn not(set: &Vec<u128>, M: usize) -> Vec<u128> {
[INFO] [stdout]     |                             ^ help: convert the identifier to snake case: `m`
[INFO] [stdout] 
[INFO] [stdout] 
[INFO] [stdout] warning: variable `M` should have a snake case name
[INFO] [stdout]    --> src/pac_fca.rs:187:18
[INFO] [stdout]     |
[INFO] [stdout] 187 | fn random_subset(M: usize) -> Vec<u128> {
[INFO] [stdout]     |                  ^ help: convert the identifier to snake case: `m`
[INFO] [stdout] 
[INFO] [stdout] 
[INFO] [stdout] warning: variable `M` should have a snake case name
[INFO] [stdout]    --> src/pac_fca.rs:206:5
[INFO] [stdout]     |
[INFO] [stdout] 206 |     M: usize  // Attribute set 0..M
[INFO] [stdout]     |     ^ help: convert the identifier to snake case: `m`
[INFO] [stdout] 
[INFO] [stdout] 
[INFO] [stdout] warning: variable `K` should have a snake case name
[INFO] [stdout]    --> src/pac_fca.rs:207:7
[INFO] [stdout]     |
[INFO] [stdout] 207 |     , K: &Context  // Context
[INFO] [stdout]     |       ^ help: convert the identifier to snake case (notice the capitalization): `k`
[INFO] [stdout] 
[INFO] [stdout] 
[INFO] [stdout] warning: variable `L` should have a snake case name
[INFO] [stdout]    --> src/pac_fca.rs:208:7
[INFO] [stdout]     |
[INFO] [stdout] 208 |     , L: &ImplicationSet  // Implication set
[INFO] [stdout]     |       ^ help: convert the identifier to snake case: `l`
[INFO] [stdout] 
[INFO] [stdout] 
[INFO] [stdout] warning: variable `M` should have a snake case name
[INFO] [stdout]    --> src/pac_fca.rs:239:5
[INFO] [stdout]     |
[INFO] [stdout] 239 |     M: usize
[INFO] [stdout]     |     ^ help: convert the identifier to snake case: `m`
[INFO] [stdout] 
[INFO] [stdout] 
[INFO] [stdout] warning: variable `K_0` should have a snake case name
[INFO] [stdout]    --> src/pac_fca.rs:240:7
[INFO] [stdout]     |
[INFO] [stdout] 240 |     , K_0: Context
[INFO] [stdout]     |       ^^^ help: convert the identifier to snake case (notice the capitalization): `k_0`
[INFO] [stdout] 
[INFO] [stdout] 
[INFO] [stdout] warning: variable `K` should have a snake case name
[INFO] [stdout]    --> src/pac_fca.rs:247:13
[INFO] [stdout]     |
[INFO] [stdout] 247 |     let mut K = K_0; // initial context
[INFO] [stdout]     |             ^ help: convert the identifier to snake case (notice the capitalization): `k`
[INFO] [stdout] 
[INFO] [stdout] 
[INFO] [stdout] warning: variable `L` should have a snake case name
[INFO] [stdout]    --> src/pac_fca.rs:248:13
[INFO] [stdout]     |
[INFO] [stdout] 248 |     let mut L = ImplicationSet {M, set: vec![]};
[INFO] [stdout]     |             ^ help: convert the identifier to snake case: `l`
[INFO] [stdout] 
[INFO] [stdout] 
[INFO] [stdout] warning: structure field `M` should have a snake case name
[INFO] [stdout]   --> src/div_oracle.rs:27:9
[INFO] [stdout]    |
[INFO] [stdout] 27 |     pub M: usize,
[INFO] [stdout]    |         ^ help: convert the identifier to snake case: `m`
[INFO] [stdout] 
[INFO] [stdout] 
[INFO] [stdout] warning: variable `M` should have a snake case name
[INFO] [stdout]   --> src/div_oracle.rs:33:13
[INFO] [stdout]    |
[INFO] [stdout] 33 |         let M = self.M;
[INFO] [stdout]    |             ^ help: convert the identifier to snake case: `m`
[INFO] [stdout] 
[INFO] [stdout] 
[INFO] [stdout] warning: structure field `M` should have a snake case name
[INFO] [stdout]  --> src/zoo_oracle.rs:9:9
[INFO] [stdout]   |
[INFO] [stdout] 9 |     pub M: usize,
[INFO] [stdout]   |         ^ help: convert the identifier to snake case: `m`
[INFO] [stdout] 
[INFO] [stdout] 
[INFO] [stdout] warning: variable `M` should have a snake case name
[INFO] [stdout]   --> src/zoo_oracle.rs:24:17
[INFO] [stdout]    |
[INFO] [stdout] 24 |         let mut M = 0;
[INFO] [stdout]    |                 ^ help: convert the identifier to snake case: `m`
[INFO] [stdout] 
[INFO] [stdout] 
[INFO] [stdout] warning: variable `M` should have a snake case name
[INFO] [stdout]   --> src/zoo_oracle.rs:53:13
[INFO] [stdout]    |
[INFO] [stdout] 53 |         let M = self.M;
[INFO] [stdout]    |             ^ help: convert the identifier to snake case: `m`
[INFO] [stdout] 
[INFO] [stdout] 
[INFO] [stdout] warning: variable `M` should have a snake case name
[INFO] [stdout]   --> src/zoo_oracle.rs:74:9
[INFO] [stdout]    |
[INFO] [stdout] 74 |     let M = v.len();
[INFO] [stdout]    |         ^ help: convert the identifier to snake case: `m`
[INFO] [stdout] 
[INFO] [stdout] 
[INFO] [stdout] warning: variable `M` should have a snake case name
[INFO] [stdout]    --> src/zoo_oracle.rs:104:9
[INFO] [stdout]     |
[INFO] [stdout] 104 |     let M = impset.M;
[INFO] [stdout]     |         ^ help: convert the identifier to snake case: `m`
[INFO] [stdout] 
[INFO] [stdout] 
[INFO] [stdout] warning: 36 warnings emitted
[INFO] [stdout] 
[INFO] [stdout] 
[INFO] [stderr]     Finished test [unoptimized + debuginfo] target(s) in 0.41s
[INFO] running `Command { std: "docker" "inspect" "c8a80ce4a0c74aed5a81b7bc306ef6c2cf336f3dbc6fec6a8671059d4d9de1d2", kill_on_drop: false }`
[INFO] running `Command { std: "docker" "rm" "-f" "c8a80ce4a0c74aed5a81b7bc306ef6c2cf336f3dbc6fec6a8671059d4d9de1d2", kill_on_drop: false }`
[INFO] [stdout] c8a80ce4a0c74aed5a81b7bc306ef6c2cf336f3dbc6fec6a8671059d4d9de1d2
[INFO] running `Command { std: "docker" "create" "-v" "/var/lib/crater-agent-workspace/builds/worker-2-tc2/target:/opt/rustwide/target:rw,Z" "-v" "/var/lib/crater-agent-workspace/builds/worker-2-tc2/source:/opt/rustwide/workdir:ro,Z" "-v" "/var/lib/crater-agent-workspace/cargo-home:/opt/rustwide/cargo-home:ro,Z" "-v" "/var/lib/crater-agent-workspace/rustup-home:/opt/rustwide/rustup-home:ro,Z" "-e" "SOURCE_DIR=/opt/rustwide/workdir" "-e" "CARGO_TARGET_DIR=/opt/rustwide/target" "-e" "CARGO_INCREMENTAL=0" "-e" "RUST_BACKTRACE=full" "-e" "RUSTFLAGS=--cap-lints=warn" "-e" "RUSTDOCFLAGS=--cap-lints=warn" "-e" "CARGO_HOME=/opt/rustwide/cargo-home" "-e" "RUSTUP_HOME=/opt/rustwide/rustup-home" "-w" "/opt/rustwide/workdir" "-m" "1610612736" "--user" "0:0" "--network" "none" "ghcr.io/rust-lang/crates-build-env/linux@sha256:2788e3201cd34a07e3172128adcd8b3090168a8e3bcc40d7c032b9dda1df7d1c" "/opt/rustwide/cargo-home/bin/cargo" "+beta-2023-12-22" "test" "--frozen", kill_on_drop: false }`
[INFO] [stdout] 775794585f21a21c9a29e53a1604b8354fa44f3b715c82168b9e139e7ddea348
[INFO] running `Command { std: "docker" "start" "-a" "775794585f21a21c9a29e53a1604b8354fa44f3b715c82168b9e139e7ddea348", kill_on_drop: false }`
[INFO] [stderr] warning: unused import: `std::fs::File`
[INFO] [stderr]  --> src/main.rs:2:5
[INFO] [stderr]   |
[INFO] [stderr] 2 | use std::fs::File;
[INFO] [stderr]   |     ^^^^^^^^^^^^^
[INFO] [stderr]   |
[INFO] [stderr]   = note: `#[warn(unused_imports)]` on by default
[INFO] [stderr] 
[INFO] [stderr] warning: unused import: `rand::random`
[INFO] [stderr]  --> src/pac_fca.rs:3:5
[INFO] [stderr]   |
[INFO] [stderr] 3 | use rand::random;
[INFO] [stderr]   |     ^^^^^^^^^^^^
[INFO] [stderr] 
[INFO] [stderr] warning: unused import: `std::time::Instant`
[INFO] [stderr]  --> src/pac_fca.rs:4:5
[INFO] [stderr]   |
[INFO] [stderr] 4 | use std::time::Instant;
[INFO] [stderr]   |     ^^^^^^^^^^^^^^^^^^
[INFO] [stderr] 
[INFO] [stderr] warning: unused label
[INFO] [stderr]    --> src/pac_fca.rs:250:5
[INFO] [stderr]     |
[INFO] [stderr] 250 |     'main: loop {
[INFO] [stderr]     |     ^^^^^
[INFO] [stderr]     |
[INFO] [stderr]     = note: `#[warn(unused_labels)]` on by default
[INFO] [stderr] 
[INFO] [stderr] warning: unused import: `crate::zoo_oracle::*`
[INFO] [stderr]   --> src/main.rs:11:5
[INFO] [stderr]    |
[INFO] [stderr] 11 | use crate::zoo_oracle::*;
[INFO] [stderr]    |     ^^^^^^^^^^^^^^^^^^^^
[INFO] [stderr] 
[INFO] [stderr] warning: trait objects without an explicit `dyn` are deprecated
[INFO] [stderr]    --> src/pac_fca.rs:243:16
[INFO] [stderr]     |
[INFO] [stderr] 243 |     , oracle: &Oracle
[INFO] [stderr]     |                ^^^^^^
[INFO] [stderr]     |
[INFO] [stderr]     = warning: this is accepted in the current edition (Rust 2018) but is a hard error in Rust 2021!
[INFO] [stderr]     = note: for more information, see <https://doc.rust-lang.org/nightly/edition-guide/rust-2021/warnings-promoted-to-error.html>
[INFO] [stderr]     = note: `#[warn(bare_trait_objects)]` on by default
[INFO] [stderr] help: use `dyn`
[INFO] [stderr]     |
[INFO] [stderr] 243 |     , oracle: &dyn Oracle
[INFO] [stderr]     |                +++
[INFO] [stderr] 
[INFO] [stderr] warning: unused variable: `example`
[INFO] [stderr]   --> src/div_oracle.rs:57:25
[INFO] [stderr]    |
[INFO] [stderr] 57 |     fn is_member(&self, example: &Vec<u128>) -> bool {
[INFO] [stderr]    |                         ^^^^^^^ help: if this is intentional, prefix it with an underscore: `_example`
[INFO] [stderr]    |
[INFO] [stderr]    = note: `#[warn(unused_variables)]` on by default
[INFO] [stderr] 
[INFO] [stderr] warning: variable does not need to be mutable
[INFO] [stderr]   --> src/zoo_oracle.rs:25:13
[INFO] [stderr]    |
[INFO] [stderr] 25 |         let mut animals: Vec<_> = contents
[INFO] [stderr]    |             ----^^^^^^^
[INFO] [stderr]    |             |
[INFO] [stderr]    |             help: remove this `mut`
[INFO] [stderr]    |
[INFO] [stderr]    = note: `#[warn(unused_mut)]` on by default
[INFO] [stderr] 
[INFO] [stderr] warning: unused variable: `context`
[INFO] [stderr]   --> src/main.rs:24:19
[INFO] [stderr]    |
[INFO] [stderr] 24 |     let (imp_set, context) = pac_attribute_exploration(
[INFO] [stderr]    |                   ^^^^^^^ help: if this is intentional, prefix it with an underscore: `_context`
[INFO] [stderr] 
[INFO] [stderr] warning: unused variable: `elapsed`
[INFO] [stderr]   --> src/main.rs:31:9
[INFO] [stderr]    |
[INFO] [stderr] 31 |     let elapsed = stamp.elapsed();
[INFO] [stderr]    |         ^^^^^^^ help: if this is intentional, prefix it with an underscore: `_elapsed`
[INFO] [stderr] 
[INFO] [stderr] warning: variable does not need to be mutable
[INFO] [stderr]   --> src/main.rs:23:9
[INFO] [stderr]    |
[INFO] [stderr] 23 |     let mut stamp = Instant::now();
[INFO] [stderr]    |         ----^^^^^
[INFO] [stderr]    |         |
[INFO] [stderr]    |         help: remove this `mut`
[INFO] [stderr] 
[INFO] [stderr] warning: associated function `from_data` is never used
[INFO] [stderr]   --> src/zoo_oracle.rs:14:12
[INFO] [stderr]    |
[INFO] [stderr] 13 | impl ZooOracle {
[INFO] [stderr]    | -------------- associated function in this implementation
[INFO] [stderr] 14 |     pub fn from_data(mut data: File) -> ZooOracle {
[INFO] [stderr]    |            ^^^^^^^^^
[INFO] [stderr]    |
[INFO] [stderr]    = note: `#[warn(dead_code)]` on by default
[INFO] [stderr] 
[INFO] [stderr] warning: function `from_bool` is never used
[INFO] [stderr]   --> src/zoo_oracle.rs:73:4
[INFO] [stderr]    |
[INFO] [stderr] 73 | fn from_bool(v: Vec<bool>) -> Vec<u128> {
[INFO] [stderr]    |    ^^^^^^^^^
[INFO] [stderr] 
[INFO] [stderr] warning: function `zoo_imp` is never used
[INFO] [stderr]   --> src/zoo_oracle.rs:99:8
[INFO] [stderr]    |
[INFO] [stderr] 99 | pub fn zoo_imp(impset: &ImplicationSet) -> String {
[INFO] [stderr]    |        ^^^^^^^
[INFO] [stderr] 
[INFO] [stderr] warning: variable `M` should have a snake case name
[INFO] [stderr]   --> src/main.rs:16:9
[INFO] [stderr]    |
[INFO] [stderr] 16 |     let M = 18;
[INFO] [stderr]    |         ^ help: convert the identifier to snake case: `m`
[INFO] [stderr]    |
[INFO] [stderr]    = note: `#[warn(non_snake_case)]` on by default
[INFO] [stderr] 
[INFO] [stderr] warning: structure field `M` should have a snake case name
[INFO] [stderr]   --> src/pac_fca.rs:13:9
[INFO] [stderr]    |
[INFO] [stderr] 13 |     pub M: usize,  // size of attribute set
[INFO] [stderr]    |         ^ help: convert the identifier to snake case: `m`
[INFO] [stderr] 
[INFO] [stderr] warning: structure field `M` should have a snake case name
[INFO] [stderr]   --> src/pac_fca.rs:41:9
[INFO] [stderr]    |
[INFO] [stderr] 41 |     pub M: usize,
[INFO] [stderr]    |         ^ help: convert the identifier to snake case: `m`
[INFO] [stderr] 
[INFO] [stderr] warning: variable `M` should have a snake case name
[INFO] [stderr]   --> src/pac_fca.rs:75:13
[INFO] [stderr]    |
[INFO] [stderr] 75 |         let M = self.M;
[INFO] [stderr]    |             ^ help: convert the identifier to snake case: `m`
[INFO] [stderr] 
[INFO] [stderr] warning: variable `M` should have a snake case name
[INFO] [stderr]    --> src/pac_fca.rs:113:17
[INFO] [stderr]     |
[INFO] [stderr] 113 | pub fn full_set(M: usize) -> Vec<u128> {
[INFO] [stderr]     |                 ^ help: convert the identifier to snake case: `m`
[INFO] [stderr] 
[INFO] [stderr] warning: variable `M` should have a snake case name
[INFO] [stderr]    --> src/pac_fca.rs:124:18
[INFO] [stderr]     |
[INFO] [stderr] 124 | pub fn empty_set(M: usize) -> Vec<u128> {
[INFO] [stderr]     |                  ^ help: convert the identifier to snake case: `m`
[INFO] [stderr] 
[INFO] [stderr] warning: variable `M` should have a snake case name
[INFO] [stderr]    --> src/pac_fca.rs:135:29
[INFO] [stderr]     |
[INFO] [stderr] 135 | pub fn not(set: &Vec<u128>, M: usize) -> Vec<u128> {
[INFO] [stderr]     |                             ^ help: convert the identifier to snake case: `m`
[INFO] [stderr] 
[INFO] [stderr] warning: variable `M` should have a snake case name
[INFO] [stderr]    --> src/pac_fca.rs:187:18
[INFO] [stderr]     |
[INFO] [stderr] 187 | fn random_subset(M: usize) -> Vec<u128> {
[INFO] [stderr]     |                  ^ help: convert the identifier to snake case: `m`
[INFO] [stderr] 
[INFO] [stderr] warning: variable `M` should have a snake case name
[INFO] [stderr]    --> src/pac_fca.rs:206:5
[INFO] [stderr]     |
[INFO] [stderr] 206 |     M: usize  // Attribute set 0..M
[INFO] [stderr]     |     ^ help: convert the identifier to snake case: `m`
[INFO] [stderr] 
[INFO] [stderr] warning: variable `K` should have a snake case name
[INFO] [stderr]    --> src/pac_fca.rs:207:7
[INFO] [stderr]     |
[INFO] [stderr] 207 |     , K: &Context  // Context
[INFO] [stderr]     |       ^ help: convert the identifier to snake case (notice the capitalization): `k`
[INFO] [stderr] 
[INFO] [stderr] warning: variable `L` should have a snake case name
[INFO] [stderr]    --> src/pac_fca.rs:208:7
[INFO] [stderr]     |
[INFO] [stderr] 208 |     , L: &ImplicationSet  // Implication set
[INFO] [stderr]     |       ^ help: convert the identifier to snake case: `l`
[INFO] [stderr] 
[INFO] [stderr] warning: variable `M` should have a snake case name
[INFO] [stderr]    --> src/pac_fca.rs:239:5
[INFO] [stderr]     |
[INFO] [stderr] 239 |     M: usize
[INFO] [stderr]     |     ^ help: convert the identifier to snake case: `m`
[INFO] [stderr] 
[INFO] [stderr] warning: variable `K_0` should have a snake case name
[INFO] [stderr]    --> src/pac_fca.rs:240:7
[INFO] [stderr]     |
[INFO] [stderr] 240 |     , K_0: Context
[INFO] [stderr]     |       ^^^ help: convert the identifier to snake case (notice the capitalization): `k_0`
[INFO] [stderr] 
[INFO] [stderr] warning: variable `K` should have a snake case name
[INFO] [stderr]    --> src/pac_fca.rs:247:13
[INFO] [stderr]     |
[INFO] [stderr] 247 |     let mut K = K_0; // initial context
[INFO] [stderr]     |             ^ help: convert the identifier to snake case (notice the capitalization): `k`
[INFO] [stderr] 
[INFO] [stderr] warning: variable `L` should have a snake case name
[INFO] [stderr]    --> src/pac_fca.rs:248:13
[INFO] [stderr]     |
[INFO] [stderr] 248 |     let mut L = ImplicationSet {M, set: vec![]};
[INFO] [stderr]     |             ^ help: convert the identifier to snake case: `l`
[INFO] [stderr] 
[INFO] [stderr] warning: structure field `M` should have a snake case name
[INFO] [stderr]   --> src/div_oracle.rs:27:9
[INFO] [stderr]    |
[INFO] [stderr] 27 |     pub M: usize,
[INFO] [stderr]    |         ^ help: convert the identifier to snake case: `m`
[INFO] [stderr] 
[INFO] [stderr] warning: variable `M` should have a snake case name
[INFO] [stderr]   --> src/div_oracle.rs:33:13
[INFO] [stderr]    |
[INFO] [stderr] 33 |         let M = self.M;
[INFO] [stderr]    |             ^ help: convert the identifier to snake case: `m`
[INFO] [stderr] 
[INFO] [stderr] warning: structure field `M` should have a snake case name
[INFO] [stderr]  --> src/zoo_oracle.rs:9:9
[INFO] [stderr]   |
[INFO] [stderr] 9 |     pub M: usize,
[INFO] [stderr]   |         ^ help: convert the identifier to snake case: `m`
[INFO] [stderr] 
[INFO] [stderr] warning: variable `M` should have a snake case name
[INFO] [stderr]   --> src/zoo_oracle.rs:24:17
[INFO] [stderr]    |
[INFO] [stderr] 24 |         let mut M = 0;
[INFO] [stderr]    |                 ^ help: convert the identifier to snake case: `m`
[INFO] [stderr] 
[INFO] [stderr] warning: variable `M` should have a snake case name
[INFO] [stderr]   --> src/zoo_oracle.rs:53:13
[INFO] [stderr]    |
[INFO] [stderr] 53 |         let M = self.M;
[INFO] [stderr]    |             ^ help: convert the identifier to snake case: `m`
[INFO] [stderr] 
[INFO] [stderr] warning: variable `M` should have a snake case name
[INFO] [stderr]   --> src/zoo_oracle.rs:74:9
[INFO] [stderr]    |
[INFO] [stderr] 74 |     let M = v.len();
[INFO] [stderr]    |         ^ help: convert the identifier to snake case: `m`
[INFO] [stderr] 
[INFO] [stderr] warning: variable `M` should have a snake case name
[INFO] [stderr]    --> src/zoo_oracle.rs:104:9
[INFO] [stderr]     |
[INFO] [stderr] 104 |     let M = impset.M;
[INFO] [stderr]     |         ^ help: convert the identifier to snake case: `m`
[INFO] [stderr] 
[INFO] [stderr] warning: `pac_fca` (bin "pac_fca" test) generated 36 warnings (run `cargo fix --bin "pac_fca" --tests` to apply 10 suggestions)
[INFO] [stderr]     Finished test [unoptimized + debuginfo] target(s) in 0.02s
[INFO] [stderr]      Running unittests src/main.rs (/opt/rustwide/target/debug/deps/pac_fca-b1e67fa196d92987)
[INFO] [stdout] 
[INFO] [stdout] running 0 tests
[INFO] [stdout] 
[INFO] [stdout] test result: ok. 0 passed; 0 failed; 0 ignored; 0 measured; 0 filtered out; finished in 0.00s
[INFO] [stdout] 
[INFO] running `Command { std: "docker" "inspect" "775794585f21a21c9a29e53a1604b8354fa44f3b715c82168b9e139e7ddea348", kill_on_drop: false }`
[INFO] running `Command { std: "docker" "rm" "-f" "775794585f21a21c9a29e53a1604b8354fa44f3b715c82168b9e139e7ddea348", kill_on_drop: false }`
[INFO] [stdout] 775794585f21a21c9a29e53a1604b8354fa44f3b715c82168b9e139e7ddea348
