[INFO] cloning repository https://github.com/TMR5454/tmr_wio
[INFO] running `Command { std: "git" "-c" "credential.helper=" "-c" "credential.helper=/workspace/cargo-home/bin/git-credential-null" "clone" "--bare" "https://github.com/TMR5454/tmr_wio" "/workspace/cache/git-repos/https%3A%2F%2Fgithub.com%2FTMR5454%2Ftmr_wio", kill_on_drop: false }`
[INFO] [stderr] Cloning into bare repository '/workspace/cache/git-repos/https%3A%2F%2Fgithub.com%2FTMR5454%2Ftmr_wio'...
[INFO] running `Command { std: "git" "rev-parse" "HEAD", kill_on_drop: false }`
[INFO] [stdout] 4b61014bdecbb23c9ded9f59582ab9d6e006edc4
[INFO] testing TMR5454/tmr_wio against 1.75.0 for beta-1.76-1
[INFO] running `Command { std: "git" "clone" "/workspace/cache/git-repos/https%3A%2F%2Fgithub.com%2FTMR5454%2Ftmr_wio" "/workspace/builds/worker-1-tc1/source", kill_on_drop: false }`
[INFO] [stderr] Cloning into '/workspace/builds/worker-1-tc1/source'...
[INFO] [stderr] done.
[INFO] validating manifest of git repo https://github.com/TMR5454/tmr_wio on toolchain 1.75.0
[INFO] running `Command { std: CARGO_HOME="/workspace/cargo-home" RUSTUP_HOME="/workspace/rustup-home" "/workspace/cargo-home/bin/cargo" "+1.75.0" "metadata" "--manifest-path" "Cargo.toml" "--no-deps", kill_on_drop: false }`
[INFO] started tweaking git repo https://github.com/TMR5454/tmr_wio
[INFO] finished tweaking git repo https://github.com/TMR5454/tmr_wio
[INFO] tweaked toml for git repo https://github.com/TMR5454/tmr_wio written to /workspace/builds/worker-1-tc1/source/Cargo.toml
[INFO] crate git repo https://github.com/TMR5454/tmr_wio already has a lockfile, it will not be regenerated
[INFO] running `Command { std: CARGO_HOME="/workspace/cargo-home" RUSTUP_HOME="/workspace/rustup-home" "/workspace/cargo-home/bin/cargo" "+1.75.0" "fetch" "--manifest-path" "Cargo.toml", kill_on_drop: false }`
[INFO] [stderr]     Blocking waiting for file lock on package cache
[ERROR] error running command: no output for 300 seconds
[ERROR] this task or one of its parent failed!
[ERROR] no output for 300 seconds
[ERROR] note: run with `RUST_BACKTRACE=1` to display a backtrace.
[INFO] testing TMR5454/tmr_wio against beta-2023-12-22 for beta-1.76-1
[INFO] running `Command { std: "git" "clone" "/workspace/cache/git-repos/https%3A%2F%2Fgithub.com%2FTMR5454%2Ftmr_wio" "/workspace/builds/worker-1-tc2/source", kill_on_drop: false }`
[INFO] [stderr] Cloning into '/workspace/builds/worker-1-tc2/source'...
[INFO] [stderr] done.
[INFO] validating manifest of git repo https://github.com/TMR5454/tmr_wio on toolchain beta-2023-12-22
[INFO] running `Command { std: CARGO_HOME="/workspace/cargo-home" RUSTUP_HOME="/workspace/rustup-home" "/workspace/cargo-home/bin/cargo" "+beta-2023-12-22" "metadata" "--manifest-path" "Cargo.toml" "--no-deps", kill_on_drop: false }`
[INFO] started tweaking git repo https://github.com/TMR5454/tmr_wio
[INFO] finished tweaking git repo https://github.com/TMR5454/tmr_wio
[INFO] tweaked toml for git repo https://github.com/TMR5454/tmr_wio written to /workspace/builds/worker-1-tc2/source/Cargo.toml
[INFO] crate git repo https://github.com/TMR5454/tmr_wio already has a lockfile, it will not be regenerated
[INFO] running `Command { std: CARGO_HOME="/workspace/cargo-home" RUSTUP_HOME="/workspace/rustup-home" "/workspace/cargo-home/bin/cargo" "+beta-2023-12-22" "fetch" "--manifest-path" "Cargo.toml", kill_on_drop: false }`
[INFO] [stderr]     Blocking waiting for file lock on package cache
[INFO] [stderr]     Updating crates.io index
[INFO] [stderr]     Blocking waiting for file lock on package cache
[INFO] [stderr]  Downloading crates ...
[INFO] [stderr]   Downloaded embedded-sdmmc v0.3.0
[INFO] [stderr]   Downloaded accelerometer v0.12.0
[INFO] [stderr]   Downloaded embedded-graphics v0.6.2
[INFO] [stderr]   Downloaded bbqueue v0.4.12
[INFO] [stderr]   Downloaded lis3dh v0.3.0
[INFO] [stderr]   Downloaded ili9341 v0.4.1
[INFO] [stderr]   Downloaded seeed-erpc v0.1.1
[INFO] [stderr]   Downloaded wio_terminal v0.3.0
[INFO] [stderr]   Downloaded atsamd-hal v0.12.0
[INFO] [stderr]   Downloaded atsamd51p v0.9.0
[INFO] running `Command { std: "docker" "create" "-v" "/var/lib/crater-agent-workspace/builds/worker-1-tc2/target:/opt/rustwide/target:rw,Z" "-v" "/var/lib/crater-agent-workspace/builds/worker-1-tc2/source:/opt/rustwide/workdir:ro,Z" "-v" "/var/lib/crater-agent-workspace/cargo-home:/opt/rustwide/cargo-home:ro,Z" "-v" "/var/lib/crater-agent-workspace/rustup-home:/opt/rustwide/rustup-home:ro,Z" "-e" "SOURCE_DIR=/opt/rustwide/workdir" "-e" "CARGO_TARGET_DIR=/opt/rustwide/target" "-e" "CARGO_HOME=/opt/rustwide/cargo-home" "-e" "RUSTUP_HOME=/opt/rustwide/rustup-home" "-w" "/opt/rustwide/workdir" "-m" "1610612736" "--user" "0:0" "--network" "none" "ghcr.io/rust-lang/crates-build-env/linux@sha256:2788e3201cd34a07e3172128adcd8b3090168a8e3bcc40d7c032b9dda1df7d1c" "/opt/rustwide/cargo-home/bin/cargo" "+beta-2023-12-22" "metadata" "--no-deps" "--format-version=1", kill_on_drop: false }`
[INFO] [stdout] 5287442eec60f70c7775c9dcd8ad61f587cd904b9f879707070d824a58bd2ef3
[INFO] running `Command { std: "docker" "start" "-a" "5287442eec60f70c7775c9dcd8ad61f587cd904b9f879707070d824a58bd2ef3", kill_on_drop: false }`
[INFO] running `Command { std: "docker" "inspect" "5287442eec60f70c7775c9dcd8ad61f587cd904b9f879707070d824a58bd2ef3", kill_on_drop: false }`
[INFO] running `Command { std: "docker" "rm" "-f" "5287442eec60f70c7775c9dcd8ad61f587cd904b9f879707070d824a58bd2ef3", kill_on_drop: false }`
[INFO] [stdout] 5287442eec60f70c7775c9dcd8ad61f587cd904b9f879707070d824a58bd2ef3
[INFO] running `Command { std: "docker" "create" "-v" "/var/lib/crater-agent-workspace/builds/worker-1-tc2/target:/opt/rustwide/target:rw,Z" "-v" "/var/lib/crater-agent-workspace/builds/worker-1-tc2/source:/opt/rustwide/workdir:ro,Z" "-v" "/var/lib/crater-agent-workspace/cargo-home:/opt/rustwide/cargo-home:ro,Z" "-v" "/var/lib/crater-agent-workspace/rustup-home:/opt/rustwide/rustup-home:ro,Z" "-e" "SOURCE_DIR=/opt/rustwide/workdir" "-e" "CARGO_TARGET_DIR=/opt/rustwide/target" "-e" "CARGO_INCREMENTAL=0" "-e" "RUST_BACKTRACE=full" "-e" "RUSTFLAGS=--cap-lints=warn" "-e" "RUSTDOCFLAGS=--cap-lints=warn" "-e" "CARGO_HOME=/opt/rustwide/cargo-home" "-e" "RUSTUP_HOME=/opt/rustwide/rustup-home" "-w" "/opt/rustwide/workdir" "-m" "1610612736" "--user" "0:0" "--network" "none" "ghcr.io/rust-lang/crates-build-env/linux@sha256:2788e3201cd34a07e3172128adcd8b3090168a8e3bcc40d7c032b9dda1df7d1c" "/opt/rustwide/cargo-home/bin/cargo" "+beta-2023-12-22" "build" "--frozen" "--message-format=json", kill_on_drop: false }`
[INFO] [stdout] b38a897ea03b1e16dd1026c971e3859154153261af7ba6b370511d0953aa8488
[INFO] running `Command { std: "docker" "start" "-a" "b38a897ea03b1e16dd1026c971e3859154153261af7ba6b370511d0953aa8488", kill_on_drop: false }`
[INFO] [stderr]    Compiling typenum v1.17.0
[INFO] [stderr]    Compiling proc-macro2 v1.0.70
[INFO] [stderr]    Compiling nb v1.1.0
[INFO] [stderr]    Compiling unicode-ident v1.0.12
[INFO] [stderr]    Compiling semver-parser v0.7.0
[INFO] [stderr]    Compiling syn v1.0.109
[INFO] [stderr]    Compiling stable_deref_trait v1.2.0
[INFO] [stderr]    Compiling cortex-m v0.7.7
[INFO] [stderr]    Compiling cortex-m-rt v0.6.15
[INFO] [stderr]    Compiling byteorder v1.5.0
[INFO] [stderr]    Compiling bitfield v0.13.2
[INFO] [stderr]    Compiling vcell v0.1.3
[INFO] [stderr]    Compiling cortex-m v0.6.7
[INFO] [stderr]    Compiling memchr v2.3.4
[INFO] [stderr]    Compiling generic-array v0.14.7
[INFO] [stderr]    Compiling nom v6.2.2
[INFO] [stderr]    Compiling nb v0.1.3
[INFO] [stderr]    Compiling volatile-register v0.2.2
[INFO] [stderr]    Compiling paste v1.0.14
[INFO] [stderr]    Compiling heapless v0.5.6
[INFO] [stderr]    Compiling embedded-hal v0.2.7
[INFO] [stderr]    Compiling atsamd51p v0.9.0
[INFO] [stderr]    Compiling semver v0.9.0
[INFO] [stderr]    Compiling r0 v0.2.2
[INFO] [stderr]    Compiling hash32 v0.1.1
[INFO] [stderr]    Compiling usb-device v0.2.9
[INFO] [stderr]    Compiling lis3dh v0.3.0
[INFO] [stderr]    Compiling display-interface v0.4.1
[INFO] [stderr]    Compiling embedded-graphics v0.6.2
[INFO] [stderr]    Compiling rand_core v0.5.1
[INFO] [stderr]    Compiling byte-slice-cast v0.3.5
[INFO] [stderr]    Compiling wio_terminal v0.3.0
[INFO] [stderr]    Compiling no-std-net v0.5.0
[INFO] [stderr]    Compiling log v0.4.20
[INFO] [stderr]    Compiling panic-halt v0.2.0
[INFO] [stderr]    Compiling rustc_version v0.2.3
[INFO] [stderr]    Compiling embedded-sdmmc v0.3.0
[INFO] [stderr]    Compiling display-interface-spi v0.4.1
[INFO] [stderr]    Compiling usbd-serial v0.1.1
[INFO] [stderr]    Compiling bare-metal v0.2.5
[INFO] [stderr]    Compiling quote v1.0.33
[INFO] [stderr]    Compiling ili9341 v0.4.1
[INFO] [stderr]    Compiling generic-array v0.13.3
[INFO] [stderr]    Compiling generic-array v0.12.4
[INFO] [stderr]    Compiling bbqueue v0.4.12
[INFO] [stderr]    Compiling as-slice v0.1.5
[INFO] [stderr]    Compiling micromath v1.1.1
[INFO] [stderr]    Compiling accelerometer v0.12.0
[INFO] [stderr]    Compiling aligned v0.3.5
[INFO] [stderr]    Compiling seeed-erpc v0.1.1
[INFO] [stderr]    Compiling cortex-m-rt-macros v0.6.15
[INFO] [stderr]    Compiling num_enum_derive v0.5.11
[INFO] [stderr]    Compiling num_enum v0.5.11
[INFO] [stderr]    Compiling atsamd-hal v0.12.0
[INFO] [stderr]    Compiling tmr_wio v0.1.0 (/opt/rustwide/workdir)
[INFO] [stderr]     Finished dev [unoptimized + debuginfo] target(s) in 26.88s
[INFO] running `Command { std: "docker" "inspect" "b38a897ea03b1e16dd1026c971e3859154153261af7ba6b370511d0953aa8488", kill_on_drop: false }`
[INFO] running `Command { std: "docker" "rm" "-f" "b38a897ea03b1e16dd1026c971e3859154153261af7ba6b370511d0953aa8488", kill_on_drop: false }`
[INFO] [stdout] b38a897ea03b1e16dd1026c971e3859154153261af7ba6b370511d0953aa8488
[INFO] running `Command { std: "docker" "create" "-v" "/var/lib/crater-agent-workspace/builds/worker-1-tc2/target:/opt/rustwide/target:rw,Z" "-v" "/var/lib/crater-agent-workspace/builds/worker-1-tc2/source:/opt/rustwide/workdir:ro,Z" "-v" "/var/lib/crater-agent-workspace/cargo-home:/opt/rustwide/cargo-home:ro,Z" "-v" "/var/lib/crater-agent-workspace/rustup-home:/opt/rustwide/rustup-home:ro,Z" "-e" "SOURCE_DIR=/opt/rustwide/workdir" "-e" "CARGO_TARGET_DIR=/opt/rustwide/target" "-e" "CARGO_INCREMENTAL=0" "-e" "RUST_BACKTRACE=full" "-e" "RUSTFLAGS=--cap-lints=warn" "-e" "RUSTDOCFLAGS=--cap-lints=warn" "-e" "CARGO_HOME=/opt/rustwide/cargo-home" "-e" "RUSTUP_HOME=/opt/rustwide/rustup-home" "-w" "/opt/rustwide/workdir" "-m" "1610612736" "--user" "0:0" "--network" "none" "ghcr.io/rust-lang/crates-build-env/linux@sha256:2788e3201cd34a07e3172128adcd8b3090168a8e3bcc40d7c032b9dda1df7d1c" "/opt/rustwide/cargo-home/bin/cargo" "+beta-2023-12-22" "test" "--frozen" "--no-run" "--message-format=json", kill_on_drop: false }`
[INFO] [stdout] a347a11cedc35344a77ce116e34882edd2c63a965831196c13d4a8968d700693
[INFO] running `Command { std: "docker" "start" "-a" "a347a11cedc35344a77ce116e34882edd2c63a965831196c13d4a8968d700693", kill_on_drop: false }`
[INFO] [stderr]    Compiling tmr_wio v0.1.0 (/opt/rustwide/workdir)
[INFO] [stdout] error: language item required, but not found: `eh_personality`
[INFO] [stdout]   |
[INFO] [stdout]   = note: this can occur when a binary crate with `#![no_std]` is compiled for a target where `eh_personality` is defined in the standard library
[INFO] [stdout]   = help: you may be able to compile for a target that doesn't need `eh_personality`, specify a target with `--target` or in `.cargo/config`
[INFO] [stdout] 
[INFO] [stdout] 
[INFO] [stdout] error: language item required, but not found: `eh_personality`
[INFO] [stdout]   |
[INFO] [stdout]   = note: this can occur when a binary crate with `#![no_std]` is compiled for a target where `eh_personality` is defined in the standard library
[INFO] [stdout]   = help: you may be able to compile for a target that doesn't need `eh_personality`, specify a target with `--target` or in `.cargo/config`
[INFO] [stdout] 
[INFO] [stdout] 
[INFO] [stdout] error: language item required, but not found: `eh_personality`
[INFO] [stdout]   |
[INFO] [stdout]   = note: this can occur when a binary crate with `#![no_std]` is compiled for a target where `eh_personality` is defined in the standard library
[INFO] [stdout]   = help: you may be able to compile for a target that doesn't need `eh_personality`, specify a target with `--target` or in `.cargo/config`
[INFO] [stdout] 
[INFO] [stdout] 
[INFO] [stdout] error: aborting due to 1 previous error
[INFO] [stdout] 
[INFO] [stdout] 
[INFO] [stdout] error: aborting due to 1 previous error
[INFO] [stdout] 
[INFO] [stdout] 
[INFO] [stdout] error: aborting due to 1 previous error
[INFO] [stdout] 
[INFO] [stdout] 
[INFO] [stderr] error: could not compile `tmr_wio` (example "button_led") due to 2 previous errors
[INFO] [stderr] warning: build failed, waiting for other jobs to finish...
[INFO] [stderr] error: could not compile `tmr_wio` (example "pwm_buzzer") due to 2 previous errors
[INFO] [stdout] error: language item required, but not found: `eh_personality`
[INFO] [stdout]   |
[INFO] [stdout]   = note: this can occur when a binary crate with `#![no_std]` is compiled for a target where `eh_personality` is defined in the standard library
[INFO] [stdout]   = help: you may be able to compile for a target that doesn't need `eh_personality`, specify a target with `--target` or in `.cargo/config`
[INFO] [stdout] 
[INFO] [stdout] 
[INFO] [stderr] error: could not compile `tmr_wio` (example "echo_and_ledtoggle") due to 2 previous errors
[INFO] [stdout] error: language item required, but not found: `eh_personality`
[INFO] [stdout]   |
[INFO] [stdout]   = note: this can occur when a binary crate with `#![no_std]` is compiled for a target where `eh_personality` is defined in the standard library
[INFO] [stdout]   = help: you may be able to compile for a target that doesn't need `eh_personality`, specify a target with `--target` or in `.cargo/config`
[INFO] [stdout] 
[INFO] [stdout] 
[INFO] [stdout] error: aborting due to 1 previous error
[INFO] [stdout] 
[INFO] [stdout] 
[INFO] [stdout] error: aborting due to 1 previous error
[INFO] [stdout] 
[INFO] [stdout] 
[INFO] [stderr] error: could not compile `tmr_wio` (example "simple_buzzer") due to 2 previous errors
[INFO] [stderr] error: could not compile `tmr_wio` (example "uart_hello") due to 2 previous errors
[INFO] running `Command { std: "docker" "inspect" "a347a11cedc35344a77ce116e34882edd2c63a965831196c13d4a8968d700693", kill_on_drop: false }`
[INFO] running `Command { std: "docker" "rm" "-f" "a347a11cedc35344a77ce116e34882edd2c63a965831196c13d4a8968d700693", kill_on_drop: false }`
[INFO] [stdout] a347a11cedc35344a77ce116e34882edd2c63a965831196c13d4a8968d700693
