[INFO] cloning repository https://github.com/Sk3pz/send-it
[INFO] running `Command { std: "git" "-c" "credential.helper=" "-c" "credential.helper=/workspace/cargo-home/bin/git-credential-null" "clone" "--bare" "https://github.com/Sk3pz/send-it" "/workspace/cache/git-repos/https%3A%2F%2Fgithub.com%2FSk3pz%2Fsend-it", kill_on_drop: false }`
[INFO] [stderr] Cloning into bare repository '/workspace/cache/git-repos/https%3A%2F%2Fgithub.com%2FSk3pz%2Fsend-it'...
[INFO] running `Command { std: "git" "rev-parse" "HEAD", kill_on_drop: false }`
[INFO] [stdout] 84aa275b38b177c71cfe9b4f4dc8d88a4ded9cc9
[INFO] testing Sk3pz/send-it against 1.75.0 for beta-1.76-1
[INFO] running `Command { std: "git" "clone" "/workspace/cache/git-repos/https%3A%2F%2Fgithub.com%2FSk3pz%2Fsend-it" "/workspace/builds/worker-1-tc1/source", kill_on_drop: false }`
[INFO] [stderr] Cloning into '/workspace/builds/worker-1-tc1/source'...
[INFO] [stderr] done.
[INFO] validating manifest of git repo https://github.com/Sk3pz/send-it on toolchain 1.75.0
[INFO] running `Command { std: CARGO_HOME="/workspace/cargo-home" RUSTUP_HOME="/workspace/rustup-home" "/workspace/cargo-home/bin/cargo" "+1.75.0" "metadata" "--manifest-path" "Cargo.toml" "--no-deps", kill_on_drop: false }`
[INFO] started tweaking git repo https://github.com/Sk3pz/send-it
[INFO] finished tweaking git repo https://github.com/Sk3pz/send-it
[INFO] tweaked toml for git repo https://github.com/Sk3pz/send-it written to /workspace/builds/worker-1-tc1/source/Cargo.toml
[INFO] crate git repo https://github.com/Sk3pz/send-it already has a lockfile, it will not be regenerated
[INFO] running `Command { std: CARGO_HOME="/workspace/cargo-home" RUSTUP_HOME="/workspace/rustup-home" "/workspace/cargo-home/bin/cargo" "+1.75.0" "fetch" "--manifest-path" "Cargo.toml", kill_on_drop: false }`
[INFO] [stderr]     Blocking waiting for file lock on package cache
[ERROR] error running command: no output for 300 seconds
[ERROR] this task or one of its parent failed!
[ERROR] no output for 300 seconds
[ERROR] note: run with `RUST_BACKTRACE=1` to display a backtrace.
[INFO] testing Sk3pz/send-it against beta-2023-12-22 for beta-1.76-1
[INFO] running `Command { std: "git" "clone" "/workspace/cache/git-repos/https%3A%2F%2Fgithub.com%2FSk3pz%2Fsend-it" "/workspace/builds/worker-1-tc2/source", kill_on_drop: false }`
[INFO] [stderr] Cloning into '/workspace/builds/worker-1-tc2/source'...
[INFO] [stderr] done.
[INFO] validating manifest of git repo https://github.com/Sk3pz/send-it on toolchain beta-2023-12-22
[INFO] running `Command { std: CARGO_HOME="/workspace/cargo-home" RUSTUP_HOME="/workspace/rustup-home" "/workspace/cargo-home/bin/cargo" "+beta-2023-12-22" "metadata" "--manifest-path" "Cargo.toml" "--no-deps", kill_on_drop: false }`
[INFO] started tweaking git repo https://github.com/Sk3pz/send-it
[INFO] finished tweaking git repo https://github.com/Sk3pz/send-it
[INFO] tweaked toml for git repo https://github.com/Sk3pz/send-it written to /workspace/builds/worker-1-tc2/source/Cargo.toml
[INFO] crate git repo https://github.com/Sk3pz/send-it already has a lockfile, it will not be regenerated
[INFO] running `Command { std: CARGO_HOME="/workspace/cargo-home" RUSTUP_HOME="/workspace/rustup-home" "/workspace/cargo-home/bin/cargo" "+beta-2023-12-22" "fetch" "--manifest-path" "Cargo.toml", kill_on_drop: false }`
[INFO] [stderr]     Blocking waiting for file lock on package cache
[INFO] [stderr]     Blocking waiting for file lock on package cache
[ERROR] error running command: no output for 300 seconds
[INFO] testing Sk3pz/send-it against beta-2023-12-22 for beta-1.76-1
[INFO] running `Command { std: "git" "clone" "/workspace/cache/git-repos/https%3A%2F%2Fgithub.com%2FSk3pz%2Fsend-it" "/workspace/builds/worker-1-tc2/source", kill_on_drop: false }`
[INFO] [stderr] Cloning into '/workspace/builds/worker-1-tc2/source'...
[INFO] [stderr] done.
[INFO] validating manifest of git repo https://github.com/Sk3pz/send-it on toolchain beta-2023-12-22
[INFO] running `Command { std: CARGO_HOME="/workspace/cargo-home" RUSTUP_HOME="/workspace/rustup-home" "/workspace/cargo-home/bin/cargo" "+beta-2023-12-22" "metadata" "--manifest-path" "Cargo.toml" "--no-deps", kill_on_drop: false }`
[INFO] started tweaking git repo https://github.com/Sk3pz/send-it
[INFO] finished tweaking git repo https://github.com/Sk3pz/send-it
[INFO] tweaked toml for git repo https://github.com/Sk3pz/send-it written to /workspace/builds/worker-1-tc2/source/Cargo.toml
[INFO] crate git repo https://github.com/Sk3pz/send-it already has a lockfile, it will not be regenerated
[INFO] running `Command { std: CARGO_HOME="/workspace/cargo-home" RUSTUP_HOME="/workspace/rustup-home" "/workspace/cargo-home/bin/cargo" "+beta-2023-12-22" "fetch" "--manifest-path" "Cargo.toml", kill_on_drop: false }`
[INFO] [stderr]     Blocking waiting for file lock on package cache
[INFO] [stderr]     Blocking waiting for file lock on package cache
[INFO] running `Command { std: "docker" "create" "-v" "/var/lib/crater-agent-workspace/builds/worker-1-tc2/target:/opt/rustwide/target:rw,Z" "-v" "/var/lib/crater-agent-workspace/builds/worker-1-tc2/source:/opt/rustwide/workdir:ro,Z" "-v" "/var/lib/crater-agent-workspace/cargo-home:/opt/rustwide/cargo-home:ro,Z" "-v" "/var/lib/crater-agent-workspace/rustup-home:/opt/rustwide/rustup-home:ro,Z" "-e" "SOURCE_DIR=/opt/rustwide/workdir" "-e" "CARGO_TARGET_DIR=/opt/rustwide/target" "-e" "CARGO_HOME=/opt/rustwide/cargo-home" "-e" "RUSTUP_HOME=/opt/rustwide/rustup-home" "-w" "/opt/rustwide/workdir" "-m" "1610612736" "--user" "0:0" "--network" "none" "ghcr.io/rust-lang/crates-build-env/linux@sha256:2788e3201cd34a07e3172128adcd8b3090168a8e3bcc40d7c032b9dda1df7d1c" "/opt/rustwide/cargo-home/bin/cargo" "+beta-2023-12-22" "metadata" "--no-deps" "--format-version=1", kill_on_drop: false }`
[INFO] [stdout] 2cc0b90e6c71107976f3ffc1a425b000068573ce9aa5b0b0eee1ef17a8e3d557
[INFO] running `Command { std: "docker" "start" "-a" "2cc0b90e6c71107976f3ffc1a425b000068573ce9aa5b0b0eee1ef17a8e3d557", kill_on_drop: false }`
[INFO] running `Command { std: "docker" "inspect" "2cc0b90e6c71107976f3ffc1a425b000068573ce9aa5b0b0eee1ef17a8e3d557", kill_on_drop: false }`
[INFO] running `Command { std: "docker" "rm" "-f" "2cc0b90e6c71107976f3ffc1a425b000068573ce9aa5b0b0eee1ef17a8e3d557", kill_on_drop: false }`
[INFO] [stdout] 2cc0b90e6c71107976f3ffc1a425b000068573ce9aa5b0b0eee1ef17a8e3d557
[INFO] running `Command { std: "docker" "create" "-v" "/var/lib/crater-agent-workspace/builds/worker-1-tc2/target:/opt/rustwide/target:rw,Z" "-v" "/var/lib/crater-agent-workspace/builds/worker-1-tc2/source:/opt/rustwide/workdir:ro,Z" "-v" "/var/lib/crater-agent-workspace/cargo-home:/opt/rustwide/cargo-home:ro,Z" "-v" "/var/lib/crater-agent-workspace/rustup-home:/opt/rustwide/rustup-home:ro,Z" "-e" "SOURCE_DIR=/opt/rustwide/workdir" "-e" "CARGO_TARGET_DIR=/opt/rustwide/target" "-e" "CARGO_INCREMENTAL=0" "-e" "RUST_BACKTRACE=full" "-e" "RUSTFLAGS=--cap-lints=warn" "-e" "RUSTDOCFLAGS=--cap-lints=warn" "-e" "CARGO_HOME=/opt/rustwide/cargo-home" "-e" "RUSTUP_HOME=/opt/rustwide/rustup-home" "-w" "/opt/rustwide/workdir" "-m" "1610612736" "--user" "0:0" "--network" "none" "ghcr.io/rust-lang/crates-build-env/linux@sha256:2788e3201cd34a07e3172128adcd8b3090168a8e3bcc40d7c032b9dda1df7d1c" "/opt/rustwide/cargo-home/bin/cargo" "+beta-2023-12-22" "build" "--frozen" "--message-format=json", kill_on_drop: false }`
[INFO] [stdout] 0753a6f42797589ab8f2b9e6b12728eccf808ec05718d285dc080c106d5e1182
[INFO] running `Command { std: "docker" "start" "-a" "0753a6f42797589ab8f2b9e6b12728eccf808ec05718d285dc080c106d5e1182", kill_on_drop: false }`
[INFO] [stderr]    Compiling send-it v0.1.5 (/opt/rustwide/workdir)
[INFO] [stderr]     Finished dev [unoptimized + debuginfo] target(s) in 0.10s
[INFO] running `Command { std: "docker" "inspect" "0753a6f42797589ab8f2b9e6b12728eccf808ec05718d285dc080c106d5e1182", kill_on_drop: false }`
[INFO] running `Command { std: "docker" "rm" "-f" "0753a6f42797589ab8f2b9e6b12728eccf808ec05718d285dc080c106d5e1182", kill_on_drop: false }`
[INFO] [stdout] 0753a6f42797589ab8f2b9e6b12728eccf808ec05718d285dc080c106d5e1182
[INFO] running `Command { std: "docker" "create" "-v" "/var/lib/crater-agent-workspace/builds/worker-1-tc2/target:/opt/rustwide/target:rw,Z" "-v" "/var/lib/crater-agent-workspace/builds/worker-1-tc2/source:/opt/rustwide/workdir:ro,Z" "-v" "/var/lib/crater-agent-workspace/cargo-home:/opt/rustwide/cargo-home:ro,Z" "-v" "/var/lib/crater-agent-workspace/rustup-home:/opt/rustwide/rustup-home:ro,Z" "-e" "SOURCE_DIR=/opt/rustwide/workdir" "-e" "CARGO_TARGET_DIR=/opt/rustwide/target" "-e" "CARGO_INCREMENTAL=0" "-e" "RUST_BACKTRACE=full" "-e" "RUSTFLAGS=--cap-lints=warn" "-e" "RUSTDOCFLAGS=--cap-lints=warn" "-e" "CARGO_HOME=/opt/rustwide/cargo-home" "-e" "RUSTUP_HOME=/opt/rustwide/rustup-home" "-w" "/opt/rustwide/workdir" "-m" "1610612736" "--user" "0:0" "--network" "none" "ghcr.io/rust-lang/crates-build-env/linux@sha256:2788e3201cd34a07e3172128adcd8b3090168a8e3bcc40d7c032b9dda1df7d1c" "/opt/rustwide/cargo-home/bin/cargo" "+beta-2023-12-22" "test" "--frozen" "--no-run" "--message-format=json", kill_on_drop: false }`
[INFO] [stdout] b3f33a941d52e773c7aa1cdb45765e195f4ce178328136e22805294660cc09a0
[INFO] running `Command { std: "docker" "start" "-a" "b3f33a941d52e773c7aa1cdb45765e195f4ce178328136e22805294660cc09a0", kill_on_drop: false }`
[INFO] [stderr]    Compiling send-it v0.1.5 (/opt/rustwide/workdir)
[INFO] [stderr]     Finished test [unoptimized + debuginfo] target(s) in 0.30s
[INFO] running `Command { std: "docker" "inspect" "b3f33a941d52e773c7aa1cdb45765e195f4ce178328136e22805294660cc09a0", kill_on_drop: false }`
[INFO] running `Command { std: "docker" "rm" "-f" "b3f33a941d52e773c7aa1cdb45765e195f4ce178328136e22805294660cc09a0", kill_on_drop: false }`
[INFO] [stdout] b3f33a941d52e773c7aa1cdb45765e195f4ce178328136e22805294660cc09a0
[INFO] running `Command { std: "docker" "create" "-v" "/var/lib/crater-agent-workspace/builds/worker-1-tc2/target:/opt/rustwide/target:rw,Z" "-v" "/var/lib/crater-agent-workspace/builds/worker-1-tc2/source:/opt/rustwide/workdir:ro,Z" "-v" "/var/lib/crater-agent-workspace/cargo-home:/opt/rustwide/cargo-home:ro,Z" "-v" "/var/lib/crater-agent-workspace/rustup-home:/opt/rustwide/rustup-home:ro,Z" "-e" "SOURCE_DIR=/opt/rustwide/workdir" "-e" "CARGO_TARGET_DIR=/opt/rustwide/target" "-e" "CARGO_INCREMENTAL=0" "-e" "RUST_BACKTRACE=full" "-e" "RUSTFLAGS=--cap-lints=warn" "-e" "RUSTDOCFLAGS=--cap-lints=warn" "-e" "CARGO_HOME=/opt/rustwide/cargo-home" "-e" "RUSTUP_HOME=/opt/rustwide/rustup-home" "-w" "/opt/rustwide/workdir" "-m" "1610612736" "--user" "0:0" "--network" "none" "ghcr.io/rust-lang/crates-build-env/linux@sha256:2788e3201cd34a07e3172128adcd8b3090168a8e3bcc40d7c032b9dda1df7d1c" "/opt/rustwide/cargo-home/bin/cargo" "+beta-2023-12-22" "test" "--frozen", kill_on_drop: false }`
[INFO] [stdout] ca147fca2f0d8c37f5b3f0063e67be4b7a76daa4183d0e5d67f850d049681e49
[INFO] running `Command { std: "docker" "start" "-a" "ca147fca2f0d8c37f5b3f0063e67be4b7a76daa4183d0e5d67f850d049681e49", kill_on_drop: false }`
[INFO] [stderr]     Finished test [unoptimized + debuginfo] target(s) in 0.00s
[INFO] [stderr]      Running unittests src/lib.rs (/opt/rustwide/target/debug/deps/send_it-58ffcca914ffb675)
[INFO] [stdout] 
[INFO] [stdout] running 3 tests
[INFO] [stdout] test tests::both_test ... ok
[INFO] [stdout] test tests::test_reader ... ok
[INFO] [stdout] test tests::test_writer ... ok
[INFO] [stdout] 
[INFO] [stdout] test result: ok. 3 passed; 0 failed; 0 ignored; 0 measured; 0 filtered out; finished in 0.00s
[INFO] [stdout] 
[INFO] [stderr]    Doc-tests send-it
[INFO] [stdout] 
[INFO] [stdout] running 8 tests
[INFO] [stdout] test src/reader.rs - reader::VarReader (line 8) ... FAILED
[INFO] [stdout] test src/lib.rs - Segment (line 10) ... FAILED
[INFO] [stdout] test src/reader.rs - reader::VarReader<'a,R>::read_data (line 65) ... FAILED
[INFO] [stdout] test src/writer.rs - writer::VarWriter::add_string (line 38) ... ok
[INFO] [stdout] test src/writer.rs - writer::VarWriter::send (line 65) ... ok
[INFO] [stdout] test src/writer.rs - writer::VarWriter::send_without_clearing (line 88) ... ok
[INFO] [stdout] test src/writer.rs - writer::VarWriter (line 8) ... ok
[INFO] [stdout] test src/writer.rs - writer::VarWriter::add_raw (line 51) ... ok
[INFO] [stdout] 
[INFO] [stdout] failures:
[INFO] [stdout] 
[INFO] [stdout] ---- src/reader.rs - reader::VarReader (line 8) stdout ----
[INFO] [stdout] error[E0433]: failed to resolve: unresolved import
[INFO] [stdout]   --> src/reader.rs:18:25
[INFO] [stdout]    |
[INFO] [stdout] 13 | let mut reader = crate::reader::VarReader::new(&mut fake_stream);
[INFO] [stdout]    |                         ^^^^^^ unresolved import
[INFO] [stdout]    |
[INFO] [stdout] help: a similar path exists
[INFO] [stdout]    |
[INFO] [stdout] 13 | let mut reader = crate::send_it::reader::VarReader::new(&mut fake_stream);
[INFO] [stdout]    |                         ~~~~~~~~~~~~~~~
[INFO] [stdout] help: consider importing this struct
[INFO] [stdout]    |
[INFO] [stdout] 2  + use send_it::reader::VarReader;
[INFO] [stdout]    |
[INFO] [stdout] help: if you import `VarReader`, refer to it directly
[INFO] [stdout]    |
[INFO] [stdout] 13 - let mut reader = crate::reader::VarReader::new(&mut fake_stream);
[INFO] [stdout] 13 + let mut reader = VarReader::new(&mut fake_stream);
[INFO] [stdout]    |
[INFO] [stdout] 
[INFO] [stdout] error: aborting due to 1 previous error
[INFO] [stdout] 
[INFO] [stdout] For more information about this error, try `rustc --explain E0433`.
[INFO] [stdout] Couldn't compile the test.
[INFO] [stdout] ---- src/lib.rs - Segment (line 10) stdout ----
[INFO] [stdout] error[E0277]: the trait bound `Segment: From<&str>` is not satisfied
[INFO] [stdout]  --> src/lib.rs:15:16
[INFO] [stdout]   |
[INFO] [stdout] 8 | segment.append(Segment::from("Hello, "));
[INFO] [stdout]   |                ^^^^^^^ the trait `From<&str>` is not implemented for `Segment`
[INFO] [stdout]   |
[INFO] [stdout]   = help: the following other types implement trait `From<T>`:
[INFO] [stdout]             <Segment as From<Vec<u8>>>
[INFO] [stdout]             <Segment as From<String>>
[INFO] [stdout]             <Segment as From<&[u8]>>
[INFO] [stdout] 
[INFO] [stdout] error[E0277]: the trait bound `Segment: From<&str>` is not satisfied
[INFO] [stdout]  --> src/lib.rs:16:16
[INFO] [stdout]   |
[INFO] [stdout] 9 | segment.append(Segment::from("World!"));
[INFO] [stdout]   |                ^^^^^^^ the trait `From<&str>` is not implemented for `Segment`
[INFO] [stdout]   |
[INFO] [stdout]   = help: the following other types implement trait `From<T>`:
[INFO] [stdout]             <Segment as From<Vec<u8>>>
[INFO] [stdout]             <Segment as From<String>>
[INFO] [stdout]             <Segment as From<&[u8]>>
[INFO] [stdout] 
[INFO] [stdout] error: aborting due to 2 previous errors
[INFO] [stdout] 
[INFO] [stdout] For more information about this error, try `rustc --explain E0277`.
[INFO] [stdout] Couldn't compile the test.
[INFO] [stdout] ---- src/reader.rs - reader::VarReader<'a,R>::read_data (line 65) stdout ----
[INFO] [stdout] error[E0433]: failed to resolve: unresolved import
[INFO] [stdout]   --> src/reader.rs:74:25
[INFO] [stdout]    |
[INFO] [stdout] 12 | let mut reader = crate::reader::VarReader::new(&mut fake_stream);
[INFO] [stdout]    |                         ^^^^^^ unresolved import
[INFO] [stdout]    |
[INFO] [stdout] help: a similar path exists
[INFO] [stdout]    |
[INFO] [stdout] 12 | let mut reader = crate::send_it::reader::VarReader::new(&mut fake_stream);
[INFO] [stdout]    |                         ~~~~~~~~~~~~~~~
[INFO] [stdout] help: consider importing this struct
[INFO] [stdout]    |
[INFO] [stdout] 2  + use send_it::reader::VarReader;
[INFO] [stdout]    |
[INFO] [stdout] help: if you import `VarReader`, refer to it directly
[INFO] [stdout]    |
[INFO] [stdout] 12 - let mut reader = crate::reader::VarReader::new(&mut fake_stream);
[INFO] [stdout] 12 + let mut reader = VarReader::new(&mut fake_stream);
[INFO] [stdout]    |
[INFO] [stdout] 
[INFO] [stdout] error: aborting due to 1 previous error
[INFO] [stdout] 
[INFO] [stdout] For more information about this error, try `rustc --explain E0433`.
[INFO] [stdout] Couldn't compile the test.
[INFO] [stdout] 
[INFO] [stdout] failures:
[INFO] [stdout]     src/lib.rs - Segment (line 10)
[INFO] [stdout]     src/reader.rs - reader::VarReader (line 8)
[INFO] [stdout]     src/reader.rs - reader::VarReader<'a,R>::read_data (line 65)
[INFO] [stdout] 
[INFO] [stdout] test result: FAILED. 5 passed; 3 failed; 0 ignored; 0 measured; 0 filtered out; finished in 0.18s
[INFO] [stdout] 
[INFO] [stderr] error: doctest failed, to rerun pass `--doc`
[INFO] running `Command { std: "docker" "inspect" "ca147fca2f0d8c37f5b3f0063e67be4b7a76daa4183d0e5d67f850d049681e49", kill_on_drop: false }`
[INFO] running `Command { std: "docker" "rm" "-f" "ca147fca2f0d8c37f5b3f0063e67be4b7a76daa4183d0e5d67f850d049681e49", kill_on_drop: false }`
[INFO] [stdout] ca147fca2f0d8c37f5b3f0063e67be4b7a76daa4183d0e5d67f850d049681e49
