[INFO] cloning repository https://github.com/SimonYuvarlak/LockBox
[INFO] running `Command { std: "git" "-c" "credential.helper=" "-c" "credential.helper=/workspace/cargo-home/bin/git-credential-null" "clone" "--bare" "https://github.com/SimonYuvarlak/LockBox" "/workspace/cache/git-repos/https%3A%2F%2Fgithub.com%2FSimonYuvarlak%2FLockBox", kill_on_drop: false }`
[INFO] [stderr] Cloning into bare repository '/workspace/cache/git-repos/https%3A%2F%2Fgithub.com%2FSimonYuvarlak%2FLockBox'...
[INFO] running `Command { std: "git" "rev-parse" "HEAD", kill_on_drop: false }`
[INFO] [stdout] 0cdd2c4edcc883788b9bb96e912ac5df080bcdfd
[INFO] testing SimonYuvarlak/LockBox against 1.75.0 for beta-1.76-1
[INFO] running `Command { std: "git" "clone" "/workspace/cache/git-repos/https%3A%2F%2Fgithub.com%2FSimonYuvarlak%2FLockBox" "/workspace/builds/worker-4-tc1/source", kill_on_drop: false }`
[INFO] [stderr] Cloning into '/workspace/builds/worker-4-tc1/source'...
[INFO] [stderr] done.
[INFO] validating manifest of git repo https://github.com/SimonYuvarlak/LockBox on toolchain 1.75.0
[INFO] running `Command { std: CARGO_HOME="/workspace/cargo-home" RUSTUP_HOME="/workspace/rustup-home" "/workspace/cargo-home/bin/cargo" "+1.75.0" "metadata" "--manifest-path" "Cargo.toml" "--no-deps", kill_on_drop: false }`
[INFO] removed /workspace/builds/worker-4-tc1/source/.cargo/config
[INFO] started tweaking git repo https://github.com/SimonYuvarlak/LockBox
[INFO] finished tweaking git repo https://github.com/SimonYuvarlak/LockBox
[INFO] tweaked toml for git repo https://github.com/SimonYuvarlak/LockBox written to /workspace/builds/worker-4-tc1/source/Cargo.toml
[INFO] crate git repo https://github.com/SimonYuvarlak/LockBox already has a lockfile, it will not be regenerated
[INFO] running `Command { std: CARGO_HOME="/workspace/cargo-home" RUSTUP_HOME="/workspace/rustup-home" "/workspace/cargo-home/bin/cargo" "+1.75.0" "fetch" "--manifest-path" "Cargo.toml", kill_on_drop: false }`
[INFO] [stderr]     Blocking waiting for file lock on package cache
[ERROR] error running command: no output for 300 seconds
[ERROR] this task or one of its parent failed!
[ERROR] no output for 300 seconds
[ERROR] note: run with `RUST_BACKTRACE=1` to display a backtrace.
[INFO] testing SimonYuvarlak/LockBox against beta-2023-12-22 for beta-1.76-1
[INFO] running `Command { std: "git" "clone" "/workspace/cache/git-repos/https%3A%2F%2Fgithub.com%2FSimonYuvarlak%2FLockBox" "/workspace/builds/worker-4-tc2/source", kill_on_drop: false }`
[INFO] [stderr] Cloning into '/workspace/builds/worker-4-tc2/source'...
[INFO] [stderr] done.
[INFO] validating manifest of git repo https://github.com/SimonYuvarlak/LockBox on toolchain beta-2023-12-22
[INFO] running `Command { std: CARGO_HOME="/workspace/cargo-home" RUSTUP_HOME="/workspace/rustup-home" "/workspace/cargo-home/bin/cargo" "+beta-2023-12-22" "metadata" "--manifest-path" "Cargo.toml" "--no-deps", kill_on_drop: false }`
[INFO] removed /workspace/builds/worker-4-tc2/source/.cargo/config
[INFO] started tweaking git repo https://github.com/SimonYuvarlak/LockBox
[INFO] finished tweaking git repo https://github.com/SimonYuvarlak/LockBox
[INFO] tweaked toml for git repo https://github.com/SimonYuvarlak/LockBox written to /workspace/builds/worker-4-tc2/source/Cargo.toml
[INFO] crate git repo https://github.com/SimonYuvarlak/LockBox already has a lockfile, it will not be regenerated
[INFO] running `Command { std: CARGO_HOME="/workspace/cargo-home" RUSTUP_HOME="/workspace/rustup-home" "/workspace/cargo-home/bin/cargo" "+beta-2023-12-22" "fetch" "--manifest-path" "Cargo.toml", kill_on_drop: false }`
[INFO] [stderr]     Blocking waiting for file lock on package cache
[INFO] [stderr]     Blocking waiting for file lock on package cache
[INFO] running `Command { std: "docker" "create" "-v" "/var/lib/crater-agent-workspace/builds/worker-4-tc2/target:/opt/rustwide/target:rw,Z" "-v" "/var/lib/crater-agent-workspace/builds/worker-4-tc2/source:/opt/rustwide/workdir:ro,Z" "-v" "/var/lib/crater-agent-workspace/cargo-home:/opt/rustwide/cargo-home:ro,Z" "-v" "/var/lib/crater-agent-workspace/rustup-home:/opt/rustwide/rustup-home:ro,Z" "-e" "SOURCE_DIR=/opt/rustwide/workdir" "-e" "CARGO_TARGET_DIR=/opt/rustwide/target" "-e" "CARGO_HOME=/opt/rustwide/cargo-home" "-e" "RUSTUP_HOME=/opt/rustwide/rustup-home" "-w" "/opt/rustwide/workdir" "-m" "1610612736" "--user" "0:0" "--network" "none" "ghcr.io/rust-lang/crates-build-env/linux@sha256:2788e3201cd34a07e3172128adcd8b3090168a8e3bcc40d7c032b9dda1df7d1c" "/opt/rustwide/cargo-home/bin/cargo" "+beta-2023-12-22" "metadata" "--no-deps" "--format-version=1", kill_on_drop: false }`
[INFO] [stdout] 4b4f9e2dde72df9dc0b010be3d92cc8e372fa73c8ba4bc2ea9e8c53b86f30f9b
[INFO] running `Command { std: "docker" "start" "-a" "4b4f9e2dde72df9dc0b010be3d92cc8e372fa73c8ba4bc2ea9e8c53b86f30f9b", kill_on_drop: false }`
[INFO] running `Command { std: "docker" "inspect" "4b4f9e2dde72df9dc0b010be3d92cc8e372fa73c8ba4bc2ea9e8c53b86f30f9b", kill_on_drop: false }`
[INFO] running `Command { std: "docker" "rm" "-f" "4b4f9e2dde72df9dc0b010be3d92cc8e372fa73c8ba4bc2ea9e8c53b86f30f9b", kill_on_drop: false }`
[INFO] [stdout] 4b4f9e2dde72df9dc0b010be3d92cc8e372fa73c8ba4bc2ea9e8c53b86f30f9b
[INFO] running `Command { std: "docker" "create" "-v" "/var/lib/crater-agent-workspace/builds/worker-4-tc2/target:/opt/rustwide/target:rw,Z" "-v" "/var/lib/crater-agent-workspace/builds/worker-4-tc2/source:/opt/rustwide/workdir:ro,Z" "-v" "/var/lib/crater-agent-workspace/cargo-home:/opt/rustwide/cargo-home:ro,Z" "-v" "/var/lib/crater-agent-workspace/rustup-home:/opt/rustwide/rustup-home:ro,Z" "-e" "SOURCE_DIR=/opt/rustwide/workdir" "-e" "CARGO_TARGET_DIR=/opt/rustwide/target" "-e" "CARGO_INCREMENTAL=0" "-e" "RUST_BACKTRACE=full" "-e" "RUSTFLAGS=--cap-lints=warn" "-e" "RUSTDOCFLAGS=--cap-lints=warn" "-e" "CARGO_HOME=/opt/rustwide/cargo-home" "-e" "RUSTUP_HOME=/opt/rustwide/rustup-home" "-w" "/opt/rustwide/workdir" "-m" "1610612736" "--user" "0:0" "--network" "none" "ghcr.io/rust-lang/crates-build-env/linux@sha256:2788e3201cd34a07e3172128adcd8b3090168a8e3bcc40d7c032b9dda1df7d1c" "/opt/rustwide/cargo-home/bin/cargo" "+beta-2023-12-22" "build" "--frozen" "--message-format=json", kill_on_drop: false }`
[INFO] [stdout] 4d78e955843fbb1e85f0bcff2989bfd1efdbb814224ef0fa0b81c76fa034ac79
[INFO] running `Command { std: "docker" "start" "-a" "4d78e955843fbb1e85f0bcff2989bfd1efdbb814224ef0fa0b81c76fa034ac79", kill_on_drop: false }`
[INFO] [stderr]    Compiling libc v0.2.99
[INFO] [stderr]    Compiling proc-macro2 v1.0.28
[INFO] [stderr]    Compiling version_check v0.9.3
[INFO] [stderr]    Compiling typenum v1.13.0
[INFO] [stderr]    Compiling unicode-xid v0.2.2
[INFO] [stderr]    Compiling cfg-if v1.0.0
[INFO] [stderr]    Compiling syn v1.0.74
[INFO] [stderr]    Compiling subtle v2.4.1
[INFO] [stderr]    Compiling serde_derive v1.0.127
[INFO] [stderr]    Compiling zeroize v1.4.1
[INFO] [stderr]    Compiling serde v1.0.127
[INFO] [stderr]    Compiling const-oid v0.6.0
[INFO] [stderr]    Compiling getrandom v0.1.16
[INFO] [stderr]    Compiling cpufeatures v0.1.5
[INFO] [stderr]    Compiling byteorder v1.4.3
[INFO] [stderr]    Compiling opaque-debug v0.3.0
[INFO] [stderr]    Compiling ryu v1.0.5
[INFO] [stderr]    Compiling hex v0.4.3
[INFO] [stderr]    Compiling serde_json v1.0.66
[INFO] [stderr]    Compiling crunchy v0.2.2
[INFO] [stderr]    Compiling itoa v0.4.7
[INFO] [stderr]    Compiling schemars v0.8.3
[INFO] [stderr]    Compiling der v0.4.1
[INFO] [stderr]    Compiling static_assertions v1.1.0
[INFO] [stderr]    Compiling dyn-clone v1.0.4
[INFO] [stderr]    Compiling base64 v0.13.0
[INFO] [stderr]    Compiling generic-array v0.14.4
[INFO] [stderr]    Compiling uint v0.9.1
[INFO] [stderr]    Compiling quote v1.0.9
[INFO] [stderr]    Compiling spki v0.4.0
[INFO] [stderr]    Compiling pkcs8 v0.7.5
[INFO] [stderr]    Compiling getrandom v0.2.3
[INFO] [stderr]    Compiling rand_core v0.5.1
[INFO] [stderr]    Compiling rand_core v0.6.3
[INFO] [stderr]    Compiling ff v0.10.0
[INFO] [stderr]    Compiling group v0.10.0
[INFO] [stderr]    Compiling digest v0.9.0
[INFO] [stderr]    Compiling block-buffer v0.9.0
[INFO] [stderr]    Compiling crypto-mac v0.11.1
[INFO] [stderr]    Compiling crypto-bigint v0.2.2
[INFO] [stderr]    Compiling sha2 v0.9.5
[INFO] [stderr]    Compiling signature v1.3.1
[INFO] [stderr]    Compiling hmac v0.11.0
[INFO] [stderr]    Compiling curve25519-dalek v3.2.0
[INFO] [stderr]    Compiling elliptic-curve v0.10.5
[INFO] [stderr]    Compiling ecdsa v0.12.3
[INFO] [stderr]    Compiling k256 v0.9.6
[INFO] [stderr]    Compiling serde_derive_internals v0.25.0
[INFO] [stderr]    Compiling thiserror-impl v1.0.26
[INFO] [stderr]    Compiling schemars_derive v0.8.3
[INFO] [stderr]    Compiling cosmwasm-derive v1.0.0-beta5
[INFO] [stderr]    Compiling thiserror v1.0.26
[INFO] [stderr]    Compiling ed25519-zebra v2.2.0
[INFO] [stderr]    Compiling serde-json-wasm v0.3.2
[INFO] [stderr]    Compiling cosmwasm-crypto v1.0.0-beta5
[INFO] [stderr]    Compiling cosmwasm-std v1.0.0-beta5
[INFO] [stderr]    Compiling cw-storage-plus v0.12.1
[INFO] [stderr]    Compiling cw-utils v0.12.1
[INFO] [stderr]    Compiling cosmwasm-storage v1.0.0-beta5
[INFO] [stderr]    Compiling cw20 v0.12.1
[INFO] [stderr]    Compiling cw2 v0.12.1
[INFO] [stderr]    Compiling cw1-lockbox v0.1.0 (/opt/rustwide/workdir)
[INFO] [stdout] warning: unused import: `cosmwasm_std::CosmosMsg::Bank`
[INFO] [stdout]  --> src/contract.rs:3:5
[INFO] [stdout]   |
[INFO] [stdout] 3 | use cosmwasm_std::CosmosMsg::Bank;
[INFO] [stdout]   |     ^^^^^^^^^^^^^^^^^^^^^^^^^^^^^
[INFO] [stdout]   |
[INFO] [stdout]   = note: `#[warn(unused_imports)]` on by default
[INFO] [stdout] 
[INFO] [stdout] 
[INFO] [stdout] warning: unused imports: `Addr`, `OverflowError`, `WasmMsg`
[INFO] [stdout]  --> src/contract.rs:5:28
[INFO] [stdout]   |
[INFO] [stdout] 5 |     from_slice, to_binary, Addr, BankMsg, Binary, Coin, CosmosMsg, Deps, DepsMut, Env, MessageInfo,
[INFO] [stdout]   |                            ^^^^
[INFO] [stdout] 6 |     Order, OverflowError, Response, StdError, StdResult, Uint128, Uint64, WasmMsg,
[INFO] [stdout]   |            ^^^^^^^^^^^^^                                                  ^^^^^^^
[INFO] [stdout] 
[INFO] [stdout] 
[INFO] [stdout] warning: unused import: `cw20::Denom::Cw20`
[INFO] [stdout]  --> src/contract.rs:9:5
[INFO] [stdout]   |
[INFO] [stdout] 9 | use cw20::Denom::Cw20;
[INFO] [stdout]   |     ^^^^^^^^^^^^^^^^^
[INFO] [stdout] 
[INFO] [stdout] 
[INFO] [stdout] warning: unused import: `NativeBalance`
[INFO] [stdout]   --> src/contract.rs:12:16
[INFO] [stdout]    |
[INFO] [stdout] 12 | use cw_utils::{NativeBalance, Scheduled};
[INFO] [stdout]    |                ^^^^^^^^^^^^^
[INFO] [stdout] 
[INFO] [stdout] 
[INFO] [stdout] warning: unused import: `Deref`
[INFO] [stdout]   --> src/contract.rs:13:21
[INFO] [stdout]    |
[INFO] [stdout] 13 | use std::ops::{Add, Deref};
[INFO] [stdout]    |                     ^^^^^
[INFO] [stdout] 
[INFO] [stdout] 
[INFO] [stdout] warning: unused import: `Expiration`
[INFO] [stdout]  --> src/msg.rs:5:16
[INFO] [stdout]   |
[INFO] [stdout] 5 | use cw_utils::{Expiration, Scheduled};
[INFO] [stdout]   |                ^^^^^^^^^^
[INFO] [stdout] 
[INFO] [stdout] 
[INFO] [stdout] warning: 6 warnings emitted
[INFO] [stdout] 
[INFO] [stdout] 
[INFO] [stderr]     Finished dev [unoptimized + debuginfo] target(s) in 17.85s
[INFO] running `Command { std: "docker" "inspect" "4d78e955843fbb1e85f0bcff2989bfd1efdbb814224ef0fa0b81c76fa034ac79", kill_on_drop: false }`
[INFO] running `Command { std: "docker" "rm" "-f" "4d78e955843fbb1e85f0bcff2989bfd1efdbb814224ef0fa0b81c76fa034ac79", kill_on_drop: false }`
[INFO] [stdout] 4d78e955843fbb1e85f0bcff2989bfd1efdbb814224ef0fa0b81c76fa034ac79
[INFO] running `Command { std: "docker" "create" "-v" "/var/lib/crater-agent-workspace/builds/worker-4-tc2/target:/opt/rustwide/target:rw,Z" "-v" "/var/lib/crater-agent-workspace/builds/worker-4-tc2/source:/opt/rustwide/workdir:ro,Z" "-v" "/var/lib/crater-agent-workspace/cargo-home:/opt/rustwide/cargo-home:ro,Z" "-v" "/var/lib/crater-agent-workspace/rustup-home:/opt/rustwide/rustup-home:ro,Z" "-e" "SOURCE_DIR=/opt/rustwide/workdir" "-e" "CARGO_TARGET_DIR=/opt/rustwide/target" "-e" "CARGO_INCREMENTAL=0" "-e" "RUST_BACKTRACE=full" "-e" "RUSTFLAGS=--cap-lints=warn" "-e" "RUSTDOCFLAGS=--cap-lints=warn" "-e" "CARGO_HOME=/opt/rustwide/cargo-home" "-e" "RUSTUP_HOME=/opt/rustwide/rustup-home" "-w" "/opt/rustwide/workdir" "-m" "1610612736" "--user" "0:0" "--network" "none" "ghcr.io/rust-lang/crates-build-env/linux@sha256:2788e3201cd34a07e3172128adcd8b3090168a8e3bcc40d7c032b9dda1df7d1c" "/opt/rustwide/cargo-home/bin/cargo" "+beta-2023-12-22" "test" "--frozen" "--no-run" "--message-format=json", kill_on_drop: false }`
[INFO] [stdout] e3931369e7db61e0dd293923901dbf0e61455d791567504ee894d7367cc0ea69
[INFO] running `Command { std: "docker" "start" "-a" "e3931369e7db61e0dd293923901dbf0e61455d791567504ee894d7367cc0ea69", kill_on_drop: false }`
[INFO] [stderr]    Compiling anyhow v1.0.55
[INFO] [stderr]    Compiling either v1.6.1
[INFO] [stderr]    Compiling bytes v1.1.0
[INFO] [stderr]    Compiling derivative v2.2.0
[INFO] [stderr]    Compiling cosmwasm-schema v1.0.0-beta5
[INFO] [stdout] warning: unused import: `cosmwasm_std::CosmosMsg::Bank`
[INFO] [stdout]  --> src/contract.rs:3:5
[INFO] [stdout]   |
[INFO] [stdout] 3 | use cosmwasm_std::CosmosMsg::Bank;
[INFO] [stdout]   |     ^^^^^^^^^^^^^^^^^^^^^^^^^^^^^
[INFO] [stdout]   |
[INFO] [stdout]   = note: `#[warn(unused_imports)]` on by default
[INFO] [stdout] 
[INFO] [stdout] 
[INFO] [stdout] warning: unused imports: `Addr`, `OverflowError`, `WasmMsg`
[INFO] [stdout]  --> src/contract.rs:5:28
[INFO] [stdout]   |
[INFO] [stdout] 5 |     from_slice, to_binary, Addr, BankMsg, Binary, Coin, CosmosMsg, Deps, DepsMut, Env, MessageInfo,
[INFO] [stdout]   |                            ^^^^
[INFO] [stdout] 6 |     Order, OverflowError, Response, StdError, StdResult, Uint128, Uint64, WasmMsg,
[INFO] [stdout]   |            ^^^^^^^^^^^^^                                                  ^^^^^^^
[INFO] [stdout] 
[INFO] [stdout] 
[INFO] [stdout] warning: unused import: `cw20::Denom::Cw20`
[INFO] [stdout]  --> src/contract.rs:9:5
[INFO] [stdout]   |
[INFO] [stdout] 9 | use cw20::Denom::Cw20;
[INFO] [stdout]   |     ^^^^^^^^^^^^^^^^^
[INFO] [stdout] 
[INFO] [stdout] 
[INFO] [stdout] warning: unused import: `NativeBalance`
[INFO] [stdout]   --> src/contract.rs:12:16
[INFO] [stdout]    |
[INFO] [stdout] 12 | use cw_utils::{NativeBalance, Scheduled};
[INFO] [stdout]    |                ^^^^^^^^^^^^^
[INFO] [stdout] 
[INFO] [stdout] 
[INFO] [stdout] warning: unused import: `Deref`
[INFO] [stdout]   --> src/contract.rs:13:21
[INFO] [stdout]    |
[INFO] [stdout] 13 | use std::ops::{Add, Deref};
[INFO] [stdout]    |                     ^^^^^
[INFO] [stdout] 
[INFO] [stdout] 
[INFO] [stdout] warning: unused import: `Expiration`
[INFO] [stdout]  --> src/msg.rs:5:16
[INFO] [stdout]   |
[INFO] [stdout] 5 | use cw_utils::{Expiration, Scheduled};
[INFO] [stdout]   |                ^^^^^^^^^^
[INFO] [stdout] 
[INFO] [stdout] 
[INFO] [stdout] warning: 6 warnings emitted
[INFO] [stdout] 
[INFO] [stdout] 
[INFO] [stderr]    Compiling itertools v0.10.3
[INFO] [stderr]    Compiling prost-derive v0.9.0
[INFO] [stderr]    Compiling prost v0.9.0
[INFO] [stderr]    Compiling cw-multi-test v0.12.1
[INFO] [stderr]    Compiling cw1-lockbox v0.1.0 (/opt/rustwide/workdir)
[INFO] [stdout] warning: unused import: `cosmwasm_std::CosmosMsg::Bank`
[INFO] [stdout]  --> src/contract.rs:3:5
[INFO] [stdout]   |
[INFO] [stdout] 3 | use cosmwasm_std::CosmosMsg::Bank;
[INFO] [stdout]   |     ^^^^^^^^^^^^^^^^^^^^^^^^^^^^^
[INFO] [stdout]   |
[INFO] [stdout]   = note: `#[warn(unused_imports)]` on by default
[INFO] [stdout] 
[INFO] [stdout] 
[INFO] [stdout] warning: unused imports: `OverflowError`, `WasmMsg`
[INFO] [stdout]  --> src/contract.rs:6:12
[INFO] [stdout]   |
[INFO] [stdout] 6 |     Order, OverflowError, Response, StdError, StdResult, Uint128, Uint64, WasmMsg,
[INFO] [stdout]   |            ^^^^^^^^^^^^^                                                  ^^^^^^^
[INFO] [stdout] 
[INFO] [stdout] 
[INFO] [stdout] warning: unused import: `cw20::Denom::Cw20`
[INFO] [stdout]  --> src/contract.rs:9:5
[INFO] [stdout]   |
[INFO] [stdout] 9 | use cw20::Denom::Cw20;
[INFO] [stdout]   |     ^^^^^^^^^^^^^^^^^
[INFO] [stdout] 
[INFO] [stdout] 
[INFO] [stdout] warning: unused import: `NativeBalance`
[INFO] [stdout]   --> src/contract.rs:12:16
[INFO] [stdout]    |
[INFO] [stdout] 12 | use cw_utils::{NativeBalance, Scheduled};
[INFO] [stdout]    |                ^^^^^^^^^^^^^
[INFO] [stdout] 
[INFO] [stdout] 
[INFO] [stdout] warning: unused import: `Deref`
[INFO] [stdout]   --> src/contract.rs:13:21
[INFO] [stdout]    |
[INFO] [stdout] 13 | use std::ops::{Add, Deref};
[INFO] [stdout]    |                     ^^^^^
[INFO] [stdout] 
[INFO] [stdout] 
[INFO] [stdout] warning: unused import: `mock_dependencies_with_balance`
[INFO] [stdout]    --> src/contract.rs:307:28
[INFO] [stdout]     |
[INFO] [stdout] 307 |         mock_dependencies, mock_dependencies_with_balance, mock_env, mock_info,
[INFO] [stdout]     |                            ^^^^^^^^^^^^^^^^^^^^^^^^^^^^^^
[INFO] [stdout] 
[INFO] [stdout] 
[INFO] [stdout] warning: unused imports: `coins`, `from_binary`
[INFO] [stdout]    --> src/contract.rs:309:24
[INFO] [stdout]     |
[INFO] [stdout] 309 |     use cosmwasm_std::{coins, from_binary};
[INFO] [stdout]     |                        ^^^^^  ^^^^^^^^^^^
[INFO] [stdout] 
[INFO] [stdout] 
[INFO] [stdout] warning: unused import: `Expiration`
[INFO] [stdout]  --> src/msg.rs:5:16
[INFO] [stdout]   |
[INFO] [stdout] 5 | use cw_utils::{Expiration, Scheduled};
[INFO] [stdout]   |                ^^^^^^^^^^
[INFO] [stdout] 
[INFO] [stdout] 
[INFO] [stdout] warning: unused variable: `res`
[INFO] [stdout]    --> src/contract.rs:398:13
[INFO] [stdout]     |
[INFO] [stdout] 398 |         let res = execute(deps.as_mut(), mock_env(), info, msg).unwrap();
[INFO] [stdout]     |             ^^^ help: if this is intentional, prefix it with an underscore: `_res`
[INFO] [stdout]     |
[INFO] [stdout]     = note: `#[warn(unused_variables)]` on by default
[INFO] [stdout] 
[INFO] [stdout] 
[INFO] [stdout] warning: 9 warnings emitted
[INFO] [stdout] 
[INFO] [stdout] 
[INFO] [stderr]     Finished test [unoptimized + debuginfo] target(s) in 3.80s
[INFO] running `Command { std: "docker" "inspect" "e3931369e7db61e0dd293923901dbf0e61455d791567504ee894d7367cc0ea69", kill_on_drop: false }`
[INFO] running `Command { std: "docker" "rm" "-f" "e3931369e7db61e0dd293923901dbf0e61455d791567504ee894d7367cc0ea69", kill_on_drop: false }`
[INFO] [stdout] e3931369e7db61e0dd293923901dbf0e61455d791567504ee894d7367cc0ea69
[INFO] running `Command { std: "docker" "create" "-v" "/var/lib/crater-agent-workspace/builds/worker-4-tc2/target:/opt/rustwide/target:rw,Z" "-v" "/var/lib/crater-agent-workspace/builds/worker-4-tc2/source:/opt/rustwide/workdir:ro,Z" "-v" "/var/lib/crater-agent-workspace/cargo-home:/opt/rustwide/cargo-home:ro,Z" "-v" "/var/lib/crater-agent-workspace/rustup-home:/opt/rustwide/rustup-home:ro,Z" "-e" "SOURCE_DIR=/opt/rustwide/workdir" "-e" "CARGO_TARGET_DIR=/opt/rustwide/target" "-e" "CARGO_INCREMENTAL=0" "-e" "RUST_BACKTRACE=full" "-e" "RUSTFLAGS=--cap-lints=warn" "-e" "RUSTDOCFLAGS=--cap-lints=warn" "-e" "CARGO_HOME=/opt/rustwide/cargo-home" "-e" "RUSTUP_HOME=/opt/rustwide/rustup-home" "-w" "/opt/rustwide/workdir" "-m" "1610612736" "--user" "0:0" "--network" "none" "ghcr.io/rust-lang/crates-build-env/linux@sha256:2788e3201cd34a07e3172128adcd8b3090168a8e3bcc40d7c032b9dda1df7d1c" "/opt/rustwide/cargo-home/bin/cargo" "+beta-2023-12-22" "test" "--frozen", kill_on_drop: false }`
[INFO] [stdout] 0bd1ac8fa32aa50c437043227415dae9cbb8cb788b402414a194c8ccdd8bec3e
[INFO] running `Command { std: "docker" "start" "-a" "0bd1ac8fa32aa50c437043227415dae9cbb8cb788b402414a194c8ccdd8bec3e", kill_on_drop: false }`
[INFO] [stderr] warning: unused import: `cosmwasm_std::CosmosMsg::Bank`
[INFO] [stderr]  --> src/contract.rs:3:5
[INFO] [stderr]   |
[INFO] [stderr] 3 | use cosmwasm_std::CosmosMsg::Bank;
[INFO] [stderr]   |     ^^^^^^^^^^^^^^^^^^^^^^^^^^^^^
[INFO] [stderr]   |
[INFO] [stderr]   = note: `#[warn(unused_imports)]` on by default
[INFO] [stderr] 
[INFO] [stderr] warning: unused imports: `Addr`, `OverflowError`, `WasmMsg`
[INFO] [stderr]  --> src/contract.rs:5:28
[INFO] [stderr]   |
[INFO] [stderr] 5 |     from_slice, to_binary, Addr, BankMsg, Binary, Coin, CosmosMsg, Deps, DepsMut, Env, MessageInfo,
[INFO] [stderr]   |                            ^^^^
[INFO] [stderr] 6 |     Order, OverflowError, Response, StdError, StdResult, Uint128, Uint64, WasmMsg,
[INFO] [stderr]   |            ^^^^^^^^^^^^^                                                  ^^^^^^^
[INFO] [stderr] 
[INFO] [stderr] warning: unused import: `cw20::Denom::Cw20`
[INFO] [stderr]  --> src/contract.rs:9:5
[INFO] [stderr]   |
[INFO] [stderr] 9 | use cw20::Denom::Cw20;
[INFO] [stderr]   |     ^^^^^^^^^^^^^^^^^
[INFO] [stderr] 
[INFO] [stderr] warning: unused import: `NativeBalance`
[INFO] [stderr]   --> src/contract.rs:12:16
[INFO] [stderr]    |
[INFO] [stderr] 12 | use cw_utils::{NativeBalance, Scheduled};
[INFO] [stderr]    |                ^^^^^^^^^^^^^
[INFO] [stderr] 
[INFO] [stderr] warning: unused import: `Deref`
[INFO] [stderr]   --> src/contract.rs:13:21
[INFO] [stderr]    |
[INFO] [stderr] 13 | use std::ops::{Add, Deref};
[INFO] [stderr]    |                     ^^^^^
[INFO] [stderr] 
[INFO] [stderr] warning: unused import: `Expiration`
[INFO] [stderr]  --> src/msg.rs:5:16
[INFO] [stderr]   |
[INFO] [stderr] 5 | use cw_utils::{Expiration, Scheduled};
[INFO] [stderr]   |                ^^^^^^^^^^
[INFO] [stderr] 
[INFO] [stderr] warning: unused imports: `OverflowError`, `WasmMsg`
[INFO] [stderr]  --> src/contract.rs:6:12
[INFO] [stderr]   |
[INFO] [stderr] 6 |     Order, OverflowError, Response, StdError, StdResult, Uint128, Uint64, WasmMsg,
[INFO] [stderr]   |            ^^^^^^^^^^^^^                                                  ^^^^^^^
[INFO] [stderr] 
[INFO] [stderr] warning: unused import: `mock_dependencies_with_balance`
[INFO] [stderr]    --> src/contract.rs:307:28
[INFO] [stderr]     |
[INFO] [stderr] 307 |         mock_dependencies, mock_dependencies_with_balance, mock_env, mock_info,
[INFO] [stderr]     |                            ^^^^^^^^^^^^^^^^^^^^^^^^^^^^^^
[INFO] [stderr] 
[INFO] [stderr] warning: unused imports: `coins`, `from_binary`
[INFO] [stderr]    --> src/contract.rs:309:24
[INFO] [stderr]     |
[INFO] [stderr] 309 |     use cosmwasm_std::{coins, from_binary};
[INFO] [stderr]     |                        ^^^^^  ^^^^^^^^^^^
[INFO] [stderr] 
[INFO] [stderr] warning: unused variable: `res`
[INFO] [stderr]    --> src/contract.rs:398:13
[INFO] [stderr]     |
[INFO] [stderr] 398 |         let res = execute(deps.as_mut(), mock_env(), info, msg).unwrap();
[INFO] [stderr]     |             ^^^ help: if this is intentional, prefix it with an underscore: `_res`
[INFO] [stderr]     |
[INFO] [stderr]     = note: `#[warn(unused_variables)]` on by default
[INFO] [stderr] 
[INFO] [stderr] warning: `cw1-lockbox` (lib) generated 6 warnings (run `cargo fix --lib -p cw1-lockbox` to apply 6 suggestions)
[INFO] [stderr] warning: `cw1-lockbox` (lib test) generated 9 warnings (5 duplicates) (run `cargo fix --lib -p cw1-lockbox --tests` to apply 4 suggestions)
[INFO] [stderr]     Finished test [unoptimized + debuginfo] target(s) in 0.04s
[INFO] [stderr]      Running unittests src/lib.rs (/opt/rustwide/target/debug/deps/cw1_lockbox-187fb38010971700)
[INFO] [stdout] 
[INFO] [stdout] running 1 test
[INFO] [stdout] test contract::tests::create_lockbox ... ok
[INFO] [stdout] 
[INFO] [stdout] test result: ok. 1 passed; 0 failed; 0 ignored; 0 measured; 0 filtered out; finished in 0.00s
[INFO] [stdout] 
[INFO] [stderr]    Doc-tests cw1-lockbox
[INFO] [stdout] 
[INFO] [stdout] running 0 tests
[INFO] [stdout] 
[INFO] [stdout] test result: ok. 0 passed; 0 failed; 0 ignored; 0 measured; 0 filtered out; finished in 0.00s
[INFO] [stdout] 
[INFO] running `Command { std: "docker" "inspect" "0bd1ac8fa32aa50c437043227415dae9cbb8cb788b402414a194c8ccdd8bec3e", kill_on_drop: false }`
[INFO] running `Command { std: "docker" "rm" "-f" "0bd1ac8fa32aa50c437043227415dae9cbb8cb788b402414a194c8ccdd8bec3e", kill_on_drop: false }`
[INFO] [stdout] 0bd1ac8fa32aa50c437043227415dae9cbb8cb788b402414a194c8ccdd8bec3e
