[INFO] cloning repository https://github.com/Rar3Pineapple/Coloured-Strings
[INFO] running `Command { std: "git" "-c" "credential.helper=" "-c" "credential.helper=/workspace/cargo-home/bin/git-credential-null" "clone" "--bare" "https://github.com/Rar3Pineapple/Coloured-Strings" "/workspace/cache/git-repos/https%3A%2F%2Fgithub.com%2FRar3Pineapple%2FColoured-Strings", kill_on_drop: false }`
[INFO] [stderr] Cloning into bare repository '/workspace/cache/git-repos/https%3A%2F%2Fgithub.com%2FRar3Pineapple%2FColoured-Strings'...
[INFO] running `Command { std: "git" "rev-parse" "HEAD", kill_on_drop: false }`
[INFO] [stdout] d12451d68fe24e6d0fce626a4741ddd728d29220
[INFO] testing Rar3Pineapple/Coloured-Strings against 1.75.0 for beta-1.76-1
[INFO] running `Command { std: "git" "clone" "/workspace/cache/git-repos/https%3A%2F%2Fgithub.com%2FRar3Pineapple%2FColoured-Strings" "/workspace/builds/worker-2-tc1/source", kill_on_drop: false }`
[INFO] [stderr] Cloning into '/workspace/builds/worker-2-tc1/source'...
[INFO] [stderr] done.
[INFO] validating manifest of git repo https://github.com/Rar3Pineapple/Coloured-Strings on toolchain 1.75.0
[INFO] running `Command { std: CARGO_HOME="/workspace/cargo-home" RUSTUP_HOME="/workspace/rustup-home" "/workspace/cargo-home/bin/cargo" "+1.75.0" "metadata" "--manifest-path" "Cargo.toml" "--no-deps", kill_on_drop: false }`
[INFO] started tweaking git repo https://github.com/Rar3Pineapple/Coloured-Strings
[INFO] finished tweaking git repo https://github.com/Rar3Pineapple/Coloured-Strings
[INFO] tweaked toml for git repo https://github.com/Rar3Pineapple/Coloured-Strings written to /workspace/builds/worker-2-tc1/source/Cargo.toml
[INFO] crate git repo https://github.com/Rar3Pineapple/Coloured-Strings already has a lockfile, it will not be regenerated
[INFO] running `Command { std: CARGO_HOME="/workspace/cargo-home" RUSTUP_HOME="/workspace/rustup-home" "/workspace/cargo-home/bin/cargo" "+1.75.0" "fetch" "--manifest-path" "Cargo.toml", kill_on_drop: false }`
[INFO] [stderr]     Blocking waiting for file lock on package cache
[ERROR] error running command: no output for 300 seconds
[ERROR] this task or one of its parent failed!
[ERROR] no output for 300 seconds
[ERROR] note: run with `RUST_BACKTRACE=1` to display a backtrace.
[INFO] testing Rar3Pineapple/Coloured-Strings against beta-2023-12-22 for beta-1.76-1
[INFO] running `Command { std: "git" "clone" "/workspace/cache/git-repos/https%3A%2F%2Fgithub.com%2FRar3Pineapple%2FColoured-Strings" "/workspace/builds/worker-2-tc2/source", kill_on_drop: false }`
[INFO] [stderr] Cloning into '/workspace/builds/worker-2-tc2/source'...
[INFO] [stderr] done.
[INFO] validating manifest of git repo https://github.com/Rar3Pineapple/Coloured-Strings on toolchain beta-2023-12-22
[INFO] running `Command { std: CARGO_HOME="/workspace/cargo-home" RUSTUP_HOME="/workspace/rustup-home" "/workspace/cargo-home/bin/cargo" "+beta-2023-12-22" "metadata" "--manifest-path" "Cargo.toml" "--no-deps", kill_on_drop: false }`
[INFO] started tweaking git repo https://github.com/Rar3Pineapple/Coloured-Strings
[INFO] finished tweaking git repo https://github.com/Rar3Pineapple/Coloured-Strings
[INFO] tweaked toml for git repo https://github.com/Rar3Pineapple/Coloured-Strings written to /workspace/builds/worker-2-tc2/source/Cargo.toml
[INFO] crate git repo https://github.com/Rar3Pineapple/Coloured-Strings already has a lockfile, it will not be regenerated
[INFO] running `Command { std: CARGO_HOME="/workspace/cargo-home" RUSTUP_HOME="/workspace/rustup-home" "/workspace/cargo-home/bin/cargo" "+beta-2023-12-22" "fetch" "--manifest-path" "Cargo.toml", kill_on_drop: false }`
[INFO] [stderr]     Blocking waiting for file lock on package cache
[INFO] [stderr]     Blocking waiting for file lock on package cache
[ERROR] error running command: no output for 300 seconds
[INFO] testing Rar3Pineapple/Coloured-Strings against beta-2023-12-22 for beta-1.76-1
[INFO] running `Command { std: "git" "clone" "/workspace/cache/git-repos/https%3A%2F%2Fgithub.com%2FRar3Pineapple%2FColoured-Strings" "/workspace/builds/worker-2-tc2/source", kill_on_drop: false }`
[INFO] [stderr] Cloning into '/workspace/builds/worker-2-tc2/source'...
[INFO] [stderr] done.
[INFO] validating manifest of git repo https://github.com/Rar3Pineapple/Coloured-Strings on toolchain beta-2023-12-22
[INFO] running `Command { std: CARGO_HOME="/workspace/cargo-home" RUSTUP_HOME="/workspace/rustup-home" "/workspace/cargo-home/bin/cargo" "+beta-2023-12-22" "metadata" "--manifest-path" "Cargo.toml" "--no-deps", kill_on_drop: false }`
[INFO] started tweaking git repo https://github.com/Rar3Pineapple/Coloured-Strings
[INFO] finished tweaking git repo https://github.com/Rar3Pineapple/Coloured-Strings
[INFO] tweaked toml for git repo https://github.com/Rar3Pineapple/Coloured-Strings written to /workspace/builds/worker-2-tc2/source/Cargo.toml
[INFO] crate git repo https://github.com/Rar3Pineapple/Coloured-Strings already has a lockfile, it will not be regenerated
[INFO] running `Command { std: CARGO_HOME="/workspace/cargo-home" RUSTUP_HOME="/workspace/rustup-home" "/workspace/cargo-home/bin/cargo" "+beta-2023-12-22" "fetch" "--manifest-path" "Cargo.toml", kill_on_drop: false }`
[INFO] [stderr]     Blocking waiting for file lock on package cache
[INFO] [stderr]     Blocking waiting for file lock on package cache
[INFO] running `Command { std: "docker" "create" "-v" "/var/lib/crater-agent-workspace/builds/worker-2-tc2/target:/opt/rustwide/target:rw,Z" "-v" "/var/lib/crater-agent-workspace/builds/worker-2-tc2/source:/opt/rustwide/workdir:ro,Z" "-v" "/var/lib/crater-agent-workspace/cargo-home:/opt/rustwide/cargo-home:ro,Z" "-v" "/var/lib/crater-agent-workspace/rustup-home:/opt/rustwide/rustup-home:ro,Z" "-e" "SOURCE_DIR=/opt/rustwide/workdir" "-e" "CARGO_TARGET_DIR=/opt/rustwide/target" "-e" "CARGO_HOME=/opt/rustwide/cargo-home" "-e" "RUSTUP_HOME=/opt/rustwide/rustup-home" "-w" "/opt/rustwide/workdir" "-m" "1610612736" "--user" "0:0" "--network" "none" "ghcr.io/rust-lang/crates-build-env/linux@sha256:2788e3201cd34a07e3172128adcd8b3090168a8e3bcc40d7c032b9dda1df7d1c" "/opt/rustwide/cargo-home/bin/cargo" "+beta-2023-12-22" "metadata" "--no-deps" "--format-version=1", kill_on_drop: false }`
[INFO] [stdout] 4869526576aaa50ad52c593c72dd5c04a4a78be96294a7123ad58ee518d627e3
[INFO] running `Command { std: "docker" "start" "-a" "4869526576aaa50ad52c593c72dd5c04a4a78be96294a7123ad58ee518d627e3", kill_on_drop: false }`
[INFO] running `Command { std: "docker" "inspect" "4869526576aaa50ad52c593c72dd5c04a4a78be96294a7123ad58ee518d627e3", kill_on_drop: false }`
[INFO] running `Command { std: "docker" "rm" "-f" "4869526576aaa50ad52c593c72dd5c04a4a78be96294a7123ad58ee518d627e3", kill_on_drop: false }`
[INFO] [stdout] 4869526576aaa50ad52c593c72dd5c04a4a78be96294a7123ad58ee518d627e3
[INFO] running `Command { std: "docker" "create" "-v" "/var/lib/crater-agent-workspace/builds/worker-2-tc2/target:/opt/rustwide/target:rw,Z" "-v" "/var/lib/crater-agent-workspace/builds/worker-2-tc2/source:/opt/rustwide/workdir:ro,Z" "-v" "/var/lib/crater-agent-workspace/cargo-home:/opt/rustwide/cargo-home:ro,Z" "-v" "/var/lib/crater-agent-workspace/rustup-home:/opt/rustwide/rustup-home:ro,Z" "-e" "SOURCE_DIR=/opt/rustwide/workdir" "-e" "CARGO_TARGET_DIR=/opt/rustwide/target" "-e" "CARGO_INCREMENTAL=0" "-e" "RUST_BACKTRACE=full" "-e" "RUSTFLAGS=--cap-lints=warn" "-e" "RUSTDOCFLAGS=--cap-lints=warn" "-e" "CARGO_HOME=/opt/rustwide/cargo-home" "-e" "RUSTUP_HOME=/opt/rustwide/rustup-home" "-w" "/opt/rustwide/workdir" "-m" "1610612736" "--user" "0:0" "--network" "none" "ghcr.io/rust-lang/crates-build-env/linux@sha256:2788e3201cd34a07e3172128adcd8b3090168a8e3bcc40d7c032b9dda1df7d1c" "/opt/rustwide/cargo-home/bin/cargo" "+beta-2023-12-22" "build" "--frozen" "--message-format=json", kill_on_drop: false }`
[INFO] [stdout] 17de5bb3fc43ecdf37787908faba1f3d48051bcc2ae78aa3833d9b10a24b0a7d
[INFO] running `Command { std: "docker" "start" "-a" "17de5bb3fc43ecdf37787908faba1f3d48051bcc2ae78aa3833d9b10a24b0a7d", kill_on_drop: false }`
[INFO] [stderr]    Compiling coloured-strings v0.1.10 (/opt/rustwide/workdir)
[INFO] [stderr]     Finished dev [unoptimized + debuginfo] target(s) in 0.07s
[INFO] running `Command { std: "docker" "inspect" "17de5bb3fc43ecdf37787908faba1f3d48051bcc2ae78aa3833d9b10a24b0a7d", kill_on_drop: false }`
[INFO] running `Command { std: "docker" "rm" "-f" "17de5bb3fc43ecdf37787908faba1f3d48051bcc2ae78aa3833d9b10a24b0a7d", kill_on_drop: false }`
[INFO] [stdout] 17de5bb3fc43ecdf37787908faba1f3d48051bcc2ae78aa3833d9b10a24b0a7d
[INFO] running `Command { std: "docker" "create" "-v" "/var/lib/crater-agent-workspace/builds/worker-2-tc2/target:/opt/rustwide/target:rw,Z" "-v" "/var/lib/crater-agent-workspace/builds/worker-2-tc2/source:/opt/rustwide/workdir:ro,Z" "-v" "/var/lib/crater-agent-workspace/cargo-home:/opt/rustwide/cargo-home:ro,Z" "-v" "/var/lib/crater-agent-workspace/rustup-home:/opt/rustwide/rustup-home:ro,Z" "-e" "SOURCE_DIR=/opt/rustwide/workdir" "-e" "CARGO_TARGET_DIR=/opt/rustwide/target" "-e" "CARGO_INCREMENTAL=0" "-e" "RUST_BACKTRACE=full" "-e" "RUSTFLAGS=--cap-lints=warn" "-e" "RUSTDOCFLAGS=--cap-lints=warn" "-e" "CARGO_HOME=/opt/rustwide/cargo-home" "-e" "RUSTUP_HOME=/opt/rustwide/rustup-home" "-w" "/opt/rustwide/workdir" "-m" "1610612736" "--user" "0:0" "--network" "none" "ghcr.io/rust-lang/crates-build-env/linux@sha256:2788e3201cd34a07e3172128adcd8b3090168a8e3bcc40d7c032b9dda1df7d1c" "/opt/rustwide/cargo-home/bin/cargo" "+beta-2023-12-22" "test" "--frozen" "--no-run" "--message-format=json", kill_on_drop: false }`
[INFO] [stdout] e8934f8e9adee0e56b061112da24b7a818ffbe67af86bfcad80d8e10b0887dfd
[INFO] running `Command { std: "docker" "start" "-a" "e8934f8e9adee0e56b061112da24b7a818ffbe67af86bfcad80d8e10b0887dfd", kill_on_drop: false }`
[INFO] [stderr]    Compiling coloured-strings v0.1.10 (/opt/rustwide/workdir)
[INFO] [stderr]     Finished test [unoptimized + debuginfo] target(s) in 0.15s
[INFO] running `Command { std: "docker" "inspect" "e8934f8e9adee0e56b061112da24b7a818ffbe67af86bfcad80d8e10b0887dfd", kill_on_drop: false }`
[INFO] running `Command { std: "docker" "rm" "-f" "e8934f8e9adee0e56b061112da24b7a818ffbe67af86bfcad80d8e10b0887dfd", kill_on_drop: false }`
[INFO] [stdout] e8934f8e9adee0e56b061112da24b7a818ffbe67af86bfcad80d8e10b0887dfd
[INFO] running `Command { std: "docker" "create" "-v" "/var/lib/crater-agent-workspace/builds/worker-2-tc2/target:/opt/rustwide/target:rw,Z" "-v" "/var/lib/crater-agent-workspace/builds/worker-2-tc2/source:/opt/rustwide/workdir:ro,Z" "-v" "/var/lib/crater-agent-workspace/cargo-home:/opt/rustwide/cargo-home:ro,Z" "-v" "/var/lib/crater-agent-workspace/rustup-home:/opt/rustwide/rustup-home:ro,Z" "-e" "SOURCE_DIR=/opt/rustwide/workdir" "-e" "CARGO_TARGET_DIR=/opt/rustwide/target" "-e" "CARGO_INCREMENTAL=0" "-e" "RUST_BACKTRACE=full" "-e" "RUSTFLAGS=--cap-lints=warn" "-e" "RUSTDOCFLAGS=--cap-lints=warn" "-e" "CARGO_HOME=/opt/rustwide/cargo-home" "-e" "RUSTUP_HOME=/opt/rustwide/rustup-home" "-w" "/opt/rustwide/workdir" "-m" "1610612736" "--user" "0:0" "--network" "none" "ghcr.io/rust-lang/crates-build-env/linux@sha256:2788e3201cd34a07e3172128adcd8b3090168a8e3bcc40d7c032b9dda1df7d1c" "/opt/rustwide/cargo-home/bin/cargo" "+beta-2023-12-22" "test" "--frozen", kill_on_drop: false }`
[INFO] [stdout] 5e743953254a2149a8d738ae7fed7844e73f94017bcd65b3a64e746176cf88be
[INFO] running `Command { std: "docker" "start" "-a" "5e743953254a2149a8d738ae7fed7844e73f94017bcd65b3a64e746176cf88be", kill_on_drop: false }`
[INFO] [stderr]     Finished test [unoptimized + debuginfo] target(s) in 0.00s
[INFO] [stderr]      Running unittests src/lib.rs (/opt/rustwide/target/debug/deps/coloured_strings-1019e4c6e67a2b9a)
[INFO] [stdout] 
[INFO] [stdout] running 0 tests
[INFO] [stdout] 
[INFO] [stdout] test result: ok. 0 passed; 0 failed; 0 ignored; 0 measured; 0 filtered out; finished in 0.00s
[INFO] [stdout] 
[INFO] [stderr]    Doc-tests coloured-strings
[INFO] [stdout] 
[INFO] [stdout] running 3 tests
[INFO] [stdout] test src/lib.rs - colour (line 21) ... FAILED
[INFO] [stdout] test src/lib.rs - colour (line 15) ... FAILED
[INFO] [stdout] test src/lib.rs - custom_colour (line 134) ... FAILED
[INFO] [stdout] 
[INFO] [stdout] failures:
[INFO] [stdout] 
[INFO] [stdout] ---- src/lib.rs - colour (line 21) stdout ----
[INFO] [stdout] error: expected `;`, found `"red"`
[INFO] [stdout]  --> src/lib.rs:23:14
[INFO] [stdout]   |
[INFO] [stdout] 4 | "black" | "b"
[INFO] [stdout]   |              ^ help: add `;` here
[INFO] [stdout] 5 |     "red" | "r"
[INFO] [stdout]   |     ----- unexpected token
[INFO] [stdout] 
[INFO] [stdout] error: expected `;`, found `"green"`
[INFO] [stdout]  --> src/lib.rs:24:16
[INFO] [stdout]   |
[INFO] [stdout] 5 |     "red" | "r"
[INFO] [stdout]   |                ^ help: add `;` here
[INFO] [stdout] 6 |     "green" | "g"
[INFO] [stdout]   |     ------- unexpected token
[INFO] [stdout] 
[INFO] [stdout] error: expected `;`, found `"yellow"`
[INFO] [stdout]  --> src/lib.rs:25:18
[INFO] [stdout]   |
[INFO] [stdout] 6 |     "green" | "g"
[INFO] [stdout]   |                  ^ help: add `;` here
[INFO] [stdout] 7 |     "yellow" | "y"
[INFO] [stdout]   |     -------- unexpected token
[INFO] [stdout] 
[INFO] [stdout] error: expected `;`, found `"blue"`
[INFO] [stdout]  --> src/lib.rs:26:19
[INFO] [stdout]   |
[INFO] [stdout] 7 |     "yellow" | "y"
[INFO] [stdout]   |                   ^ help: add `;` here
[INFO] [stdout] 8 |     "blue" | "bl"
[INFO] [stdout]   |     ------ unexpected token
[INFO] [stdout] 
[INFO] [stdout] error: expected `;`, found `"magenta"`
[INFO] [stdout]  --> src/lib.rs:27:18
[INFO] [stdout]   |
[INFO] [stdout] 8 |     "blue" | "bl"
[INFO] [stdout]   |                  ^ help: add `;` here
[INFO] [stdout] 9 |     "magenta" | "m"
[INFO] [stdout]   |     --------- unexpected token
[INFO] [stdout] 
[INFO] [stdout] error: expected `;`, found `"cyan"`
[INFO] [stdout]   --> src/lib.rs:28:20
[INFO] [stdout]    |
[INFO] [stdout] 9  |     "magenta" | "m"
[INFO] [stdout]    |                    ^ help: add `;` here
[INFO] [stdout] 10 |     "cyan" | "c"
[INFO] [stdout]    |     ------ unexpected token
[INFO] [stdout] 
[INFO] [stdout] error: expected `;`, found `"white"`
[INFO] [stdout]   --> src/lib.rs:29:17
[INFO] [stdout]    |
[INFO] [stdout] 10 |     "cyan" | "c"
[INFO] [stdout]    |                 ^ help: add `;` here
[INFO] [stdout] 11 |     "white"| "w"
[INFO] [stdout]    |     ------- unexpected token
[INFO] [stdout] 
[INFO] [stdout] error: expected `;`, found `"brightblack"`
[INFO] [stdout]   --> src/lib.rs:30:17
[INFO] [stdout]    |
[INFO] [stdout] 11 |     "white"| "w"
[INFO] [stdout]    |                 ^ help: add `;` here
[INFO] [stdout] ...
[INFO] [stdout] 14 |     "brightblack" | "bb" 
[INFO] [stdout]    |     ------------- unexpected token
[INFO] [stdout] 
[INFO] [stdout] error: expected `;`, found `"brightred"`
[INFO] [stdout]   --> src/lib.rs:33:25
[INFO] [stdout]    |
[INFO] [stdout] 14 |     "brightblack" | "bb" 
[INFO] [stdout]    |                         ^ help: add `;` here
[INFO] [stdout] 15 |     "brightred" | "br"   
[INFO] [stdout]    |     ----------- unexpected token
[INFO] [stdout] 
[INFO] [stdout] error: expected `;`, found `"brightgreen"`
[INFO] [stdout]   --> src/lib.rs:34:23
[INFO] [stdout]    |
[INFO] [stdout] 15 |     "brightred" | "br"   
[INFO] [stdout]    |                       ^ help: add `;` here
[INFO] [stdout] 16 |     "brightgreen" | "bg"   
[INFO] [stdout]    |     ------------- unexpected token
[INFO] [stdout] 
[INFO] [stdout] error: expected `;`, found `"brightyellow"`
[INFO] [stdout]   --> src/lib.rs:35:25
[INFO] [stdout]    |
[INFO] [stdout] 16 |     "brightgreen" | "bg"   
[INFO] [stdout]    |                         ^ help: add `;` here
[INFO] [stdout] 17 |     "brightyellow" | "by"  
[INFO] [stdout]    |     -------------- unexpected token
[INFO] [stdout] 
[INFO] [stdout] error: expected `;`, found `"brightblue"`
[INFO] [stdout]   --> src/lib.rs:36:26
[INFO] [stdout]    |
[INFO] [stdout] 17 |     "brightyellow" | "by"  
[INFO] [stdout]    |                          ^ help: add `;` here
[INFO] [stdout] 18 |     "brightblue" | "bbl" 
[INFO] [stdout]    |     ------------ unexpected token
[INFO] [stdout] 
[INFO] [stdout] error: expected `;`, found `"brightmagenta"`
[INFO] [stdout]   --> src/lib.rs:37:25
[INFO] [stdout]    |
[INFO] [stdout] 18 |     "brightblue" | "bbl" 
[INFO] [stdout]    |                         ^ help: add `;` here
[INFO] [stdout] 19 |     "brightmagenta" | "bm"  
[INFO] [stdout]    |     --------------- unexpected token
[INFO] [stdout] 
[INFO] [stdout] error: expected `;`, found `"brightcyan"`
[INFO] [stdout]   --> src/lib.rs:38:27
[INFO] [stdout]    |
[INFO] [stdout] 19 |     "brightmagenta" | "bm"  
[INFO] [stdout]    |                           ^ help: add `;` here
[INFO] [stdout] 20 |     "brightcyan" | "bc"  
[INFO] [stdout]    |     ------------ unexpected token
[INFO] [stdout] 
[INFO] [stdout] error: expected `;`, found `"brightwhite"`
[INFO] [stdout]   --> src/lib.rs:39:24
[INFO] [stdout]    |
[INFO] [stdout] 20 |     "brightcyan" | "bc"  
[INFO] [stdout]    |                        ^ help: add `;` here
[INFO] [stdout] 21 |     "brightwhite" | "bw"  
[INFO] [stdout]    |     ------------- unexpected token
[INFO] [stdout] 
[INFO] [stdout] error: expected `;`, found `"backgroundred"`
[INFO] [stdout]   --> src/lib.rs:40:25
[INFO] [stdout]    |
[INFO] [stdout] 21 |     "brightwhite" | "bw"  
[INFO] [stdout]    |                         ^ help: add `;` here
[INFO] [stdout] ...
[INFO] [stdout] 24 |     "backgroundred" | "b-r"   
[INFO] [stdout]    |     --------------- unexpected token
[INFO] [stdout] 
[INFO] [stdout] error: expected `;`, found `"backgroundgreen"`
[INFO] [stdout]   --> src/lib.rs:43:28
[INFO] [stdout]    |
[INFO] [stdout] 24 |     "backgroundred" | "b-r"   
[INFO] [stdout]    |                            ^ help: add `;` here
[INFO] [stdout] 25 |     "backgroundgreen" | "b-g"  
[INFO] [stdout]    |     ----------------- unexpected token
[INFO] [stdout] 
[INFO] [stdout] error: expected `;`, found `"backgroundyellow"`
[INFO] [stdout]   --> src/lib.rs:44:30
[INFO] [stdout]    |
[INFO] [stdout] 25 |     "backgroundgreen" | "b-g"  
[INFO] [stdout]    |                              ^ help: add `;` here
[INFO] [stdout] 26 |     "backgroundyellow" | "b-y"  
[INFO] [stdout]    |     ------------------ unexpected token
[INFO] [stdout] 
[INFO] [stdout] error: expected `;`, found `"backgroundblue"`
[INFO] [stdout]   --> src/lib.rs:45:31
[INFO] [stdout]    |
[INFO] [stdout] 26 |     "backgroundyellow" | "b-y"  
[INFO] [stdout]    |                               ^ help: add `;` here
[INFO] [stdout] 27 |     "backgroundblue" | "b-b"  
[INFO] [stdout]    |     ---------------- unexpected token
[INFO] [stdout] 
[INFO] [stdout] error: expected `;`, found `"backgroundmagenta"`
[INFO] [stdout]   --> src/lib.rs:46:29
[INFO] [stdout]    |
[INFO] [stdout] 27 |     "backgroundblue" | "b-b"  
[INFO] [stdout]    |                             ^ help: add `;` here
[INFO] [stdout] 28 |     "backgroundmagenta" | "b-m"  
[INFO] [stdout]    |     ------------------- unexpected token
[INFO] [stdout] 
[INFO] [stdout] error: expected `;`, found `"backgroundcyan"`
[INFO] [stdout]   --> src/lib.rs:47:32
[INFO] [stdout]    |
[INFO] [stdout] 28 |     "backgroundmagenta" | "b-m"  
[INFO] [stdout]    |                                ^ help: add `;` here
[INFO] [stdout] 29 |     "backgroundcyan" | "b-c"  
[INFO] [stdout]    |     ---------------- unexpected token
[INFO] [stdout] 
[INFO] [stdout] error: expected `;`, found `"bacgroundwhite"`
[INFO] [stdout]   --> src/lib.rs:48:29
[INFO] [stdout]    |
[INFO] [stdout] 29 |     "backgroundcyan" | "b-c"  
[INFO] [stdout]    |                             ^ help: add `;` here
[INFO] [stdout] 30 |     "bacgroundwhite" | "b-w" 
[INFO] [stdout]    |     ---------------- unexpected token
[INFO] [stdout] 
[INFO] [stdout] error: expected `;`, found `"backgroundbrightblack"`
[INFO] [stdout]   --> src/lib.rs:49:29
[INFO] [stdout]    |
[INFO] [stdout] 30 |     "bacgroundwhite" | "b-w" 
[INFO] [stdout]    |                             ^ help: add `;` here
[INFO] [stdout] ...
[INFO] [stdout] 33 |     "backgroundbrightblack" | "b-bb" 
[INFO] [stdout]    |     ----------------------- unexpected token
[INFO] [stdout] 
[INFO] [stdout] error: expected `;`, found `"backgroundbrightred"`
[INFO] [stdout]   --> src/lib.rs:52:37
[INFO] [stdout]    |
[INFO] [stdout] 33 |     "backgroundbrightblack" | "b-bb" 
[INFO] [stdout]    |                                     ^ help: add `;` here
[INFO] [stdout] 34 |     "backgroundbrightred" | "b-br" 
[INFO] [stdout]    |     --------------------- unexpected token
[INFO] [stdout] 
[INFO] [stdout] error: expected `;`, found `"backgroundbrightgreen"`
[INFO] [stdout]   --> src/lib.rs:53:35
[INFO] [stdout]    |
[INFO] [stdout] 34 |     "backgroundbrightred" | "b-br" 
[INFO] [stdout]    |                                   ^ help: add `;` here
[INFO] [stdout] 35 |     "backgroundbrightgreen" | "b-bg" 
[INFO] [stdout]    |     ----------------------- unexpected token
[INFO] [stdout] 
[INFO] [stdout] error: expected `;`, found `"backgroundbrightyellow"`
[INFO] [stdout]   --> src/lib.rs:54:37
[INFO] [stdout]    |
[INFO] [stdout] 35 |     "backgroundbrightgreen" | "b-bg" 
[INFO] [stdout]    |                                     ^ help: add `;` here
[INFO] [stdout] 36 |     "backgroundbrightyellow" | "b-by"  
[INFO] [stdout]    |     ------------------------ unexpected token
[INFO] [stdout] 
[INFO] [stdout] error: expected `;`, found `"backgroundbrightblue"`
[INFO] [stdout]   --> src/lib.rs:55:38
[INFO] [stdout]    |
[INFO] [stdout] 36 |     "backgroundbrightyellow" | "b-by"  
[INFO] [stdout]    |                                      ^ help: add `;` here
[INFO] [stdout] 37 |     "backgroundbrightblue" | "b-bbl"  
[INFO] [stdout]    |     ---------------------- unexpected token
[INFO] [stdout] 
[INFO] [stdout] error: expected `;`, found `"backgroundbrightmagenta"`
[INFO] [stdout]   --> src/lib.rs:56:37
[INFO] [stdout]    |
[INFO] [stdout] 37 |     "backgroundbrightblue" | "b-bbl"  
[INFO] [stdout]    |                                     ^ help: add `;` here
[INFO] [stdout] 38 |     "backgroundbrightmagenta" | "b-bm"  
[INFO] [stdout]    |     ------------------------- unexpected token
[INFO] [stdout] 
[INFO] [stdout] error: expected `;`, found `"backgroundbrightcyan"`
[INFO] [stdout]   --> src/lib.rs:57:39
[INFO] [stdout]    |
[INFO] [stdout] 38 |     "backgroundbrightmagenta" | "b-bm"  
[INFO] [stdout]    |                                       ^ help: add `;` here
[INFO] [stdout] 39 |     "backgroundbrightcyan" | "b-bc"  
[INFO] [stdout]    |     ---------------------- unexpected token
[INFO] [stdout] 
[INFO] [stdout] error: expected `;`, found `"backgroundbrightwhite"`
[INFO] [stdout]   --> src/lib.rs:58:36
[INFO] [stdout]    |
[INFO] [stdout] 39 |     "backgroundbrightcyan" | "b-bc"  
[INFO] [stdout]    |                                    ^ help: add `;` here
[INFO] [stdout] 40 |     "backgroundbrightwhite" | "b-bw"  
[INFO] [stdout]    |     ----------------------- unexpected token
[INFO] [stdout] 
[INFO] [stdout] error: expected `;`, found `"clear"`
[INFO] [stdout]   --> src/lib.rs:59:37
[INFO] [stdout]    |
[INFO] [stdout] 40 |     "backgroundbrightwhite" | "b-bw"  
[INFO] [stdout]    |                                     ^ help: add `;` here
[INFO] [stdout] ...
[INFO] [stdout] 43 |     "clear" | "cl"  
[INFO] [stdout]    |     ------- unexpected token
[INFO] [stdout] 
[INFO] [stdout] error: expected `;`, found `"dimmed"`
[INFO] [stdout]   --> src/lib.rs:62:19
[INFO] [stdout]    |
[INFO] [stdout] 43 |     "clear" | "cl"  
[INFO] [stdout]    |                   ^ help: add `;` here
[INFO] [stdout] 44 |     "dimmed" | "d"   
[INFO] [stdout]    |     -------- unexpected token
[INFO] [stdout] 
[INFO] [stdout] error: expected `;`, found `"italic"`
[INFO] [stdout]   --> src/lib.rs:63:19
[INFO] [stdout]    |
[INFO] [stdout] 44 |     "dimmed" | "d"   
[INFO] [stdout]    |                   ^ help: add `;` here
[INFO] [stdout] 45 |     "italic" | "i"   
[INFO] [stdout]    |     -------- unexpected token
[INFO] [stdout] 
[INFO] [stdout] error: expected `;`, found `"underline"`
[INFO] [stdout]   --> src/lib.rs:64:19
[INFO] [stdout]    |
[INFO] [stdout] 45 |     "italic" | "i"   
[INFO] [stdout]    |                   ^ help: add `;` here
[INFO] [stdout] 46 |     "underline" | "u"  
[INFO] [stdout]    |     ----------- unexpected token
[INFO] [stdout] 
[INFO] [stdout] error: expected `;`, found `"blink"`
[INFO] [stdout]   --> src/lib.rs:65:22
[INFO] [stdout]    |
[INFO] [stdout] 46 |     "underline" | "u"  
[INFO] [stdout]    |                      ^ help: add `;` here
[INFO] [stdout] 47 |     "blink" | "bli"   
[INFO] [stdout]    |     ------- unexpected token
[INFO] [stdout] 
[INFO] [stdout] error: expected `;`, found `"reversed"`
[INFO] [stdout]   --> src/lib.rs:66:20
[INFO] [stdout]    |
[INFO] [stdout] 47 |     "blink" | "bli"   
[INFO] [stdout]    |                    ^ help: add `;` here
[INFO] [stdout] 48 |     "reversed" | "re"   
[INFO] [stdout]    |     ---------- unexpected token
[INFO] [stdout] 
[INFO] [stdout] error: expected `;`, found `"hidden"`
[INFO] [stdout]   --> src/lib.rs:67:22
[INFO] [stdout]    |
[INFO] [stdout] 48 |     "reversed" | "re"   
[INFO] [stdout]    |                      ^ help: add `;` here
[INFO] [stdout] 49 |     "hidden" | "h"  
[INFO] [stdout]    |     -------- unexpected token
[INFO] [stdout] 
[INFO] [stdout] error: expected `;`, found `"strikethrough"`
[INFO] [stdout]   --> src/lib.rs:68:19
[INFO] [stdout]    |
[INFO] [stdout] 49 |     "hidden" | "h"  
[INFO] [stdout]    |                   ^ help: add `;` here
[INFO] [stdout] 50 |     "strikethrough" | "s"
[INFO] [stdout]    |     --------------- unexpected token
[INFO] [stdout] 
[INFO] [stdout] error[E0369]: no implementation for `&str | &str`
[INFO] [stdout]   --> src/lib.rs:69:21
[INFO] [stdout]    |
[INFO] [stdout] 50 |     "strikethrough" | "s"
[INFO] [stdout]    |     --------------- ^ --- &str
[INFO] [stdout]    |     |
[INFO] [stdout]    |     &str
[INFO] [stdout] 
[INFO] [stdout] error: aborting due to 39 previous errors
[INFO] [stdout] 
[INFO] [stdout] For more information about this error, try `rustc --explain E0369`.
[INFO] [stdout] Couldn't compile the test.
[INFO] [stdout] ---- src/lib.rs - colour (line 15) stdout ----
[INFO] [stdout] error[E0425]: cannot find function `colour` in this scope
[INFO] [stdout]  --> src/lib.rs:16:1
[INFO] [stdout]   |
[INFO] [stdout] 3 | colour("this is a black string", "black");
[INFO] [stdout]   | ^^^^^^ not found in this scope
[INFO] [stdout]   |
[INFO] [stdout] help: consider importing this function
[INFO] [stdout]   |
[INFO] [stdout] 2 + use coloured_strings::colour;
[INFO] [stdout]   |
[INFO] [stdout] 
[INFO] [stdout] error[E0425]: cannot find function `colour` in this scope
[INFO] [stdout]  --> src/lib.rs:17:1
[INFO] [stdout]   |
[INFO] [stdout] 4 | colour("this is a underlined string", "u");
[INFO] [stdout]   | ^^^^^^ not found in this scope
[INFO] [stdout]   |
[INFO] [stdout] help: consider importing this function
[INFO] [stdout]   |
[INFO] [stdout] 2 + use coloured_strings::colour;
[INFO] [stdout]   |
[INFO] [stdout] 
[INFO] [stdout] error: aborting due to 2 previous errors
[INFO] [stdout] 
[INFO] [stdout] For more information about this error, try `rustc --explain E0425`.
[INFO] [stdout] Couldn't compile the test.
[INFO] [stdout] ---- src/lib.rs - custom_colour (line 134) stdout ----
[INFO] [stdout] error[E0425]: cannot find function `custom_colour` in this scope
[INFO] [stdout]  --> src/lib.rs:135:1
[INFO] [stdout]   |
[INFO] [stdout] 3 | custom_colour("foreground", true, 200, 240, 100);
[INFO] [stdout]   | ^^^^^^^^^^^^^ not found in this scope
[INFO] [stdout]   |
[INFO] [stdout] help: consider importing this function
[INFO] [stdout]   |
[INFO] [stdout] 2 + use coloured_strings::custom_colour;
[INFO] [stdout]   |
[INFO] [stdout] 
[INFO] [stdout] error[E0425]: cannot find function `custom_colour` in this scope
[INFO] [stdout]  --> src/lib.rs:136:1
[INFO] [stdout]   |
[INFO] [stdout] 4 | custom_colour("background", false, 200, 100, 200);
[INFO] [stdout]   | ^^^^^^^^^^^^^ not found in this scope
[INFO] [stdout]   |
[INFO] [stdout] help: consider importing this function
[INFO] [stdout]   |
[INFO] [stdout] 2 + use coloured_strings::custom_colour;
[INFO] [stdout]   |
[INFO] [stdout] 
[INFO] [stdout] error: aborting due to 2 previous errors
[INFO] [stdout] 
[INFO] [stdout] For more information about this error, try `rustc --explain E0425`.
[INFO] [stdout] Couldn't compile the test.
[INFO] [stdout] 
[INFO] [stdout] failures:
[INFO] [stdout]     src/lib.rs - colour (line 15)
[INFO] [stdout]     src/lib.rs - colour (line 21)
[INFO] [stdout]     src/lib.rs - custom_colour (line 134)
[INFO] [stdout] 
[INFO] [stdout] test result: FAILED. 0 passed; 3 failed; 0 ignored; 0 measured; 0 filtered out; finished in 0.03s
[INFO] [stdout] 
[INFO] [stderr] error: doctest failed, to rerun pass `--doc`
[INFO] running `Command { std: "docker" "inspect" "5e743953254a2149a8d738ae7fed7844e73f94017bcd65b3a64e746176cf88be", kill_on_drop: false }`
[INFO] running `Command { std: "docker" "rm" "-f" "5e743953254a2149a8d738ae7fed7844e73f94017bcd65b3a64e746176cf88be", kill_on_drop: false }`
[INFO] [stdout] 5e743953254a2149a8d738ae7fed7844e73f94017bcd65b3a64e746176cf88be
