[INFO] cloning repository https://github.com/Ovyerus/gfh
[INFO] running `Command { std: "git" "-c" "credential.helper=" "-c" "credential.helper=/workspace/cargo-home/bin/git-credential-null" "clone" "--bare" "https://github.com/Ovyerus/gfh" "/workspace/cache/git-repos/https%3A%2F%2Fgithub.com%2FOvyerus%2Fgfh", kill_on_drop: false }`
[INFO] [stderr] Cloning into bare repository '/workspace/cache/git-repos/https%3A%2F%2Fgithub.com%2FOvyerus%2Fgfh'...
[INFO] running `Command { std: "git" "rev-parse" "HEAD", kill_on_drop: false }`
[INFO] [stdout] 4cc328692c1c79e02b6ccc5f1cfbf7200955b4b2
[INFO] testing Ovyerus/gfh against 1.75.0 for beta-1.76-1
[INFO] running `Command { std: "git" "clone" "/workspace/cache/git-repos/https%3A%2F%2Fgithub.com%2FOvyerus%2Fgfh" "/workspace/builds/worker-6-tc1/source", kill_on_drop: false }`
[INFO] [stderr] Cloning into '/workspace/builds/worker-6-tc1/source'...
[INFO] [stderr] done.
[INFO] validating manifest of git repo https://github.com/Ovyerus/gfh on toolchain 1.75.0
[INFO] running `Command { std: CARGO_HOME="/workspace/cargo-home" RUSTUP_HOME="/workspace/rustup-home" "/workspace/cargo-home/bin/cargo" "+1.75.0" "metadata" "--manifest-path" "Cargo.toml" "--no-deps", kill_on_drop: false }`
[INFO] started tweaking git repo https://github.com/Ovyerus/gfh
[INFO] finished tweaking git repo https://github.com/Ovyerus/gfh
[INFO] tweaked toml for git repo https://github.com/Ovyerus/gfh written to /workspace/builds/worker-6-tc1/source/Cargo.toml
[INFO] crate git repo https://github.com/Ovyerus/gfh already has a lockfile, it will not be regenerated
[INFO] running `Command { std: CARGO_HOME="/workspace/cargo-home" RUSTUP_HOME="/workspace/rustup-home" "/workspace/cargo-home/bin/cargo" "+1.75.0" "fetch" "--manifest-path" "Cargo.toml", kill_on_drop: false }`
[INFO] [stderr]     Blocking waiting for file lock on package cache
[ERROR] error running command: no output for 300 seconds
[ERROR] this task or one of its parent failed!
[ERROR] no output for 300 seconds
[ERROR] note: run with `RUST_BACKTRACE=1` to display a backtrace.
[INFO] testing Ovyerus/gfh against beta-2023-12-22 for beta-1.76-1
[INFO] running `Command { std: "git" "clone" "/workspace/cache/git-repos/https%3A%2F%2Fgithub.com%2FOvyerus%2Fgfh" "/workspace/builds/worker-6-tc2/source", kill_on_drop: false }`
[INFO] [stderr] Cloning into '/workspace/builds/worker-6-tc2/source'...
[INFO] [stderr] done.
[INFO] validating manifest of git repo https://github.com/Ovyerus/gfh on toolchain beta-2023-12-22
[INFO] running `Command { std: CARGO_HOME="/workspace/cargo-home" RUSTUP_HOME="/workspace/rustup-home" "/workspace/cargo-home/bin/cargo" "+beta-2023-12-22" "metadata" "--manifest-path" "Cargo.toml" "--no-deps", kill_on_drop: false }`
[INFO] started tweaking git repo https://github.com/Ovyerus/gfh
[INFO] finished tweaking git repo https://github.com/Ovyerus/gfh
[INFO] tweaked toml for git repo https://github.com/Ovyerus/gfh written to /workspace/builds/worker-6-tc2/source/Cargo.toml
[INFO] crate git repo https://github.com/Ovyerus/gfh already has a lockfile, it will not be regenerated
[INFO] running `Command { std: CARGO_HOME="/workspace/cargo-home" RUSTUP_HOME="/workspace/rustup-home" "/workspace/cargo-home/bin/cargo" "+beta-2023-12-22" "fetch" "--manifest-path" "Cargo.toml", kill_on_drop: false }`
[INFO] [stderr]     Blocking waiting for file lock on package cache
[INFO] [stderr]     Updating crates.io index
[INFO] [stderr]     Blocking waiting for file lock on package cache
[ERROR] error running command: no output for 300 seconds
[INFO] testing Ovyerus/gfh against beta-2023-12-22 for beta-1.76-1
[INFO] running `Command { std: "git" "clone" "/workspace/cache/git-repos/https%3A%2F%2Fgithub.com%2FOvyerus%2Fgfh" "/workspace/builds/worker-6-tc2/source", kill_on_drop: false }`
[INFO] [stderr] Cloning into '/workspace/builds/worker-6-tc2/source'...
[INFO] [stderr] done.
[INFO] validating manifest of git repo https://github.com/Ovyerus/gfh on toolchain beta-2023-12-22
[INFO] running `Command { std: CARGO_HOME="/workspace/cargo-home" RUSTUP_HOME="/workspace/rustup-home" "/workspace/cargo-home/bin/cargo" "+beta-2023-12-22" "metadata" "--manifest-path" "Cargo.toml" "--no-deps", kill_on_drop: false }`
[INFO] started tweaking git repo https://github.com/Ovyerus/gfh
[INFO] finished tweaking git repo https://github.com/Ovyerus/gfh
[INFO] tweaked toml for git repo https://github.com/Ovyerus/gfh written to /workspace/builds/worker-6-tc2/source/Cargo.toml
[INFO] crate git repo https://github.com/Ovyerus/gfh already has a lockfile, it will not be regenerated
[INFO] running `Command { std: CARGO_HOME="/workspace/cargo-home" RUSTUP_HOME="/workspace/rustup-home" "/workspace/cargo-home/bin/cargo" "+beta-2023-12-22" "fetch" "--manifest-path" "Cargo.toml", kill_on_drop: false }`
[INFO] [stderr]     Blocking waiting for file lock on package cache
[INFO] [stderr]     Blocking waiting for file lock on package cache
[INFO] [stderr]  Downloading crates ...
[INFO] [stderr]   Downloaded pcsc v2.7.0
[INFO] [stderr]   Downloaded block-padding v0.3.2
[INFO] [stderr]   Downloaded x509 v0.2.0
[INFO] [stderr]   Downloaded ctap-hid-fido2 v3.4.2
[INFO] [stderr]   Downloaded hidapi v1.4.2
[INFO] [stderr]   Downloaded yubikey v0.6.0
[INFO] running `Command { std: "docker" "create" "-v" "/var/lib/crater-agent-workspace/builds/worker-6-tc2/target:/opt/rustwide/target:rw,Z" "-v" "/var/lib/crater-agent-workspace/builds/worker-6-tc2/source:/opt/rustwide/workdir:ro,Z" "-v" "/var/lib/crater-agent-workspace/cargo-home:/opt/rustwide/cargo-home:ro,Z" "-v" "/var/lib/crater-agent-workspace/rustup-home:/opt/rustwide/rustup-home:ro,Z" "-e" "SOURCE_DIR=/opt/rustwide/workdir" "-e" "CARGO_TARGET_DIR=/opt/rustwide/target" "-e" "CARGO_HOME=/opt/rustwide/cargo-home" "-e" "RUSTUP_HOME=/opt/rustwide/rustup-home" "-w" "/opt/rustwide/workdir" "-m" "1610612736" "--user" "0:0" "--network" "none" "ghcr.io/rust-lang/crates-build-env/linux@sha256:2788e3201cd34a07e3172128adcd8b3090168a8e3bcc40d7c032b9dda1df7d1c" "/opt/rustwide/cargo-home/bin/cargo" "+beta-2023-12-22" "metadata" "--no-deps" "--format-version=1", kill_on_drop: false }`
[INFO] [stdout] 177b725b89ccee6b755ce125a0264b513f9c6a7a30e443677ee802866f124fed
[INFO] running `Command { std: "docker" "start" "-a" "177b725b89ccee6b755ce125a0264b513f9c6a7a30e443677ee802866f124fed", kill_on_drop: false }`
[INFO] running `Command { std: "docker" "inspect" "177b725b89ccee6b755ce125a0264b513f9c6a7a30e443677ee802866f124fed", kill_on_drop: false }`
[INFO] running `Command { std: "docker" "rm" "-f" "177b725b89ccee6b755ce125a0264b513f9c6a7a30e443677ee802866f124fed", kill_on_drop: false }`
[INFO] [stdout] 177b725b89ccee6b755ce125a0264b513f9c6a7a30e443677ee802866f124fed
[INFO] running `Command { std: "docker" "create" "-v" "/var/lib/crater-agent-workspace/builds/worker-6-tc2/target:/opt/rustwide/target:rw,Z" "-v" "/var/lib/crater-agent-workspace/builds/worker-6-tc2/source:/opt/rustwide/workdir:ro,Z" "-v" "/var/lib/crater-agent-workspace/cargo-home:/opt/rustwide/cargo-home:ro,Z" "-v" "/var/lib/crater-agent-workspace/rustup-home:/opt/rustwide/rustup-home:ro,Z" "-e" "SOURCE_DIR=/opt/rustwide/workdir" "-e" "CARGO_TARGET_DIR=/opt/rustwide/target" "-e" "CARGO_INCREMENTAL=0" "-e" "RUST_BACKTRACE=full" "-e" "RUSTFLAGS=--cap-lints=warn" "-e" "RUSTDOCFLAGS=--cap-lints=warn" "-e" "CARGO_HOME=/opt/rustwide/cargo-home" "-e" "RUSTUP_HOME=/opt/rustwide/rustup-home" "-w" "/opt/rustwide/workdir" "-m" "1610612736" "--user" "0:0" "--network" "none" "ghcr.io/rust-lang/crates-build-env/linux@sha256:2788e3201cd34a07e3172128adcd8b3090168a8e3bcc40d7c032b9dda1df7d1c" "/opt/rustwide/cargo-home/bin/cargo" "+beta-2023-12-22" "build" "--frozen" "--message-format=json", kill_on_drop: false }`
[INFO] [stdout] f8845f276e54f026f2eb39398b3256e205ed7dcfb262f4aa6b74d495678e2c4d
[INFO] running `Command { std: "docker" "start" "-a" "f8845f276e54f026f2eb39398b3256e205ed7dcfb262f4aa6b74d495678e2c4d", kill_on_drop: false }`
[INFO] [stderr]    Compiling version_check v0.9.4
[INFO] [stderr]    Compiling libc v0.2.137
[INFO] [stderr]    Compiling autocfg v1.1.0
[INFO] [stderr]    Compiling typenum v1.15.0
[INFO] [stderr]    Compiling cfg-if v1.0.0
[INFO] [stderr]    Compiling subtle v2.4.1
[INFO] [stderr]    Compiling proc-macro2 v1.0.47
[INFO] [stderr]    Compiling quote v1.0.21
[INFO] [stderr]    Compiling unicode-ident v1.0.5
[INFO] [stderr]    Compiling syn v1.0.103
[INFO] [stderr]    Compiling libm v0.2.5
[INFO] [stderr]    Compiling zeroize v1.5.7
[INFO] [stderr]    Compiling base64ct v1.5.3
[INFO] [stderr]    Compiling memchr v2.5.0
[INFO] [stderr]    Compiling pkg-config v0.3.26
[INFO] [stderr]    Compiling thiserror v1.0.37
[INFO] [stderr]    Compiling const-oid v0.9.0
[INFO] [stderr]    Compiling spin v0.5.2
[INFO] [stderr]    Compiling unicode-xid v0.2.4
[INFO] [stderr]    Compiling minimal-lexical v0.2.1
[INFO] [stderr]    Compiling time-core v0.1.0
[INFO] [stderr]    Compiling cpufeatures v0.2.5
[INFO] [stderr]    Compiling serde v1.0.147
[INFO] [stderr]    Compiling pem-rfc7468 v0.6.0
[INFO] [stderr]    Compiling time-macros v0.2.6
[INFO] [stderr]    Compiling log v0.4.17
[INFO] [stderr]    Compiling cc v1.0.74
[INFO] [stderr]    Compiling itoa v1.0.4
[INFO] [stderr]    Compiling num-traits v0.2.15
[INFO] [stderr]    Compiling generic-array v0.14.6
[INFO] [stderr]    Compiling num-integer v0.1.45
[INFO] [stderr]    Compiling der v0.6.0
[INFO] [stderr]    Compiling num-bigint v0.4.3
[INFO] [stderr]    Compiling num-iter v0.1.43
[INFO] [stderr]    Compiling smallvec v1.10.0
[INFO] [stderr]    Compiling pem-rfc7468 v0.3.1
[INFO] [stderr]    Compiling lazy_static v1.4.0
[INFO] [stderr]    Compiling nom v7.1.1
[INFO] [stderr]    Compiling const-oid v0.7.1
[INFO] [stderr]    Compiling base16ct v0.1.1
[INFO] [stderr]    Compiling getrandom v0.2.8
[INFO] [stderr]    Compiling proc-macro-error-attr v1.0.4
[INFO] [stderr]    Compiling lock_api v0.4.9
[INFO] [stderr]    Compiling signal-hook v0.3.14
[INFO] [stderr]    Compiling ppv-lite86 v0.2.17
[INFO] [stderr]    Compiling rand_core v0.6.4
[INFO] [stderr]    Compiling oid-registry v0.6.0
[INFO] [stderr]    Compiling parking_lot_core v0.9.4
[INFO] [stderr]    Compiling bitflags v1.3.2
[INFO] [stderr]    Compiling ff v0.12.1
[INFO] [stderr]    Compiling spki v0.6.0
[INFO] [stderr]    Compiling signal-hook-registry v1.4.0
[INFO] [stderr]    Compiling pcsc-sys v1.2.0
[INFO] [stderr]    Compiling proc-macro-error v1.0.4
[INFO] [stderr]    Compiling group v0.12.1
[INFO] [stderr]    Compiling pkcs8 v0.9.0
[INFO] [stderr]    Compiling num-rational v0.4.1
[INFO] [stderr]    Compiling scopeguard v1.1.0
[INFO] [stderr]    Compiling rustversion v1.0.9
[INFO] [stderr]    Compiling rand_chacha v0.3.1
[INFO] [stderr]    Compiling heck v0.4.0
[INFO] [stderr]    Compiling num-bigint-dig v0.8.1
[INFO] [stderr]    Compiling byteorder v1.4.3
[INFO] [stderr]    Compiling time v0.3.17
[INFO] [stderr]    Compiling hidapi v1.4.2
[INFO] [stderr]    Compiling ring v0.16.20
[INFO] [stderr]    Compiling rand v0.8.5
[INFO] [stderr]    Compiling crypto-common v0.1.6
[INFO] [stderr]    Compiling block-buffer v0.10.3
[INFO] [stderr]    Compiling block-padding v0.3.2
[INFO] [stderr]    Compiling crypto-bigint v0.3.2
[INFO] [stderr]    Compiling crypto-bigint v0.4.9
[INFO] [stderr]    Compiling sec1 v0.3.0
[INFO] [stderr]    Compiling digest v0.10.5
[INFO] [stderr]    Compiling inout v0.1.3
[INFO] [stderr]    Compiling rusticata-macros v4.1.0
[INFO] [stderr]    Compiling cipher v0.4.3
[INFO] [stderr]    Compiling hmac v0.12.1
[INFO] [stderr]    Compiling signature v1.6.4
[INFO] [stderr]    Compiling sha2 v0.10.6
[INFO] [stderr]    Compiling mio v0.8.5
[INFO] [stderr]    Compiling time v0.1.44
[INFO] [stderr]    Compiling unicode-width v0.1.10
[INFO] [stderr]    Compiling hkdf v0.12.3
[INFO] [stderr]    Compiling data-encoding v2.3.2
[INFO] [stderr]    Compiling once_cell v1.16.0
[INFO] [stderr]    Compiling anyhow v1.0.66
[INFO] [stderr]    Compiling base64 v0.13.1
[INFO] [stderr]    Compiling iana-time-zone v0.1.53
[INFO] [stderr]    Compiling der v0.5.1
[INFO] [stderr]    Compiling chrono v0.4.22
[INFO] [stderr]    Compiling signal-hook-mio v0.2.3
[INFO] [stderr]    Compiling rfc6979 v0.3.1
[INFO] [stderr]    Compiling elliptic-curve v0.12.3
[INFO] [stderr]    Compiling parking_lot v0.12.1
[INFO] [stderr]    Compiling ecdsa v0.14.8
[INFO] [stderr]    Compiling num-complex v0.4.2
[INFO] [stderr]    Compiling dirs-sys v0.3.7
[INFO] [stderr]    Compiling half v1.8.2
[INFO] [stderr]    Compiling os_str_bytes v6.3.1
[INFO] [stderr]    Compiling unicode-segmentation v1.10.0
[INFO] [stderr]    Compiling untrusted v0.7.1
[INFO] [stderr]    Compiling cookie-factory v0.3.2
[INFO] [stderr]    Compiling clap_lex v0.3.0
[INFO] [stderr]    Compiling p256 v0.11.1
[INFO] [stderr]    Compiling p384 v0.11.2
[INFO] [stderr]    Compiling spki v0.5.4
[INFO] [stderr]    Compiling newline-converter v0.2.2
[INFO] [stderr]    Compiling crossterm v0.25.0
[INFO] [stderr]    Compiling dirs v4.0.0
[INFO] [stderr]    Compiling pcsc v2.7.0
[INFO] [stderr]    Compiling pkcs8 v0.8.0
[INFO] [stderr]    Compiling x509 v0.2.0
[INFO] [stderr]    Compiling num v0.4.0
[INFO] [stderr]    Compiling pkcs1 v0.3.3
[INFO] [stderr]    Compiling serde_cbor v0.11.2
[INFO] [stderr]    Compiling pad v0.1.6
[INFO] [stderr]    Compiling des v0.8.1
[INFO] [stderr]    Compiling aes v0.8.2
[INFO] [stderr]    Compiling cbc v0.1.2
[INFO] [stderr]    Compiling pbkdf2 v0.11.0
[INFO] [stderr]    Compiling sha1 v0.10.5
[INFO] [stderr]    Compiling uuid v1.2.1
[INFO] [stderr]    Compiling atty v0.2.14
[INFO] [stderr]    Compiling subtle-encoding v0.5.1
[INFO] [stderr]    Compiling secrecy v0.8.0
[INFO] [stderr]    Compiling strsim v0.10.0
[INFO] [stderr]    Compiling dyn-clone v1.0.9
[INFO] [stderr]    Compiling strum v0.24.1
[INFO] [stderr]    Compiling hex v0.4.3
[INFO] [stderr]    Compiling termcolor v1.1.3
[INFO] [stderr]    Compiling shellexpand v2.1.2
[INFO] [stderr]    Compiling synstructure v0.12.6
[INFO] [stderr]    Compiling rsa v0.6.1
[INFO] [stderr]    Compiling thiserror-impl v1.0.37
[INFO] [stderr]    Compiling asn1-rs-derive v0.4.0
[INFO] [stderr]    Compiling displaydoc v0.2.3
[INFO] [stderr]    Compiling asn1-rs-impl v0.1.0
[INFO] [stderr]    Compiling strum_macros v0.24.3
[INFO] [stderr]    Compiling clap_derive v4.0.18
[INFO] [stderr]    Compiling asn1-rs v0.5.1
[INFO] [stderr]    Compiling inquire v0.5.2
[INFO] [stderr]    Compiling clap v4.0.19
[INFO] [stderr]    Compiling der-parser v8.1.0
[INFO] [stderr]    Compiling x509-parser v0.14.0
[INFO] [stderr]    Compiling yubikey v0.6.0
[INFO] [stderr]    Compiling ctap-hid-fido2 v3.4.2
[INFO] [stderr]    Compiling gfh v0.0.4 (/opt/rustwide/workdir)
[INFO] [stdout] warning: call to `.clone()` on a reference in this situation does nothing
[INFO] [stdout]   --> src/bin/gfh-keygen.rs:15:29
[INFO] [stdout]    |
[INFO] [stdout] 15 |         .find(|(_, arg)| arg.clone() == &String::from("-f"))
[INFO] [stdout]    |                             ^^^^^^^^ help: remove this redundant call
[INFO] [stdout]    |
[INFO] [stdout]    = note: the type `String` does not implement `Clone`, so calling `clone` on `&String` copies the reference, which does not do anything and can be removed
[INFO] [stdout]    = note: `#[warn(noop_method_call)]` on by default
[INFO] [stdout] 
[INFO] [stdout] 
[INFO] [stdout] warning: unused imports: `error::Error`, `fs`
[INFO] [stdout]  --> src/main.rs:5:11
[INFO] [stdout]   |
[INFO] [stdout] 5 | use std::{error::Error, fs};
[INFO] [stdout]   |           ^^^^^^^^^^^^  ^^
[INFO] [stdout]   |
[INFO] [stdout]   = note: `#[warn(unused_imports)]` on by default
[INFO] [stdout] 
[INFO] [stdout] 
[INFO] [stdout] warning: unused imports: `Cfg`, `FidoKeyHidFactory`
[INFO] [stdout]  --> src/add_key.rs:2:40
[INFO] [stdout]   |
[INFO] [stdout] 2 | use ctap_hid_fido2::{util::to_hex_str, Cfg, FidoKeyHidFactory};
[INFO] [stdout]   |                                        ^^^  ^^^^^^^^^^^^^^^^^
[INFO] [stdout] 
[INFO] [stdout] 
[INFO] [stdout] warning: unused imports: `FidoDevice`, `yubikey`
[INFO] [stdout]   --> src/add_key.rs:10:18
[INFO] [stdout]    |
[INFO] [stdout] 10 |     util::{self, FidoDevice},
[INFO] [stdout]    |                  ^^^^^^^^^^
[INFO] [stdout] 11 |     yubikey,
[INFO] [stdout]    |     ^^^^^^^
[INFO] [stdout] 
[INFO] [stdout] 
[INFO] [stdout] warning: function `sha256` is never used
[INFO] [stdout]   --> src/util.rs:73:8
[INFO] [stdout]    |
[INFO] [stdout] 73 | pub fn sha256(input: &str) -> Vec<u8> {
[INFO] [stdout]    |        ^^^^^^
[INFO] [stdout]    |
[INFO] [stdout]    = note: `#[warn(dead_code)]` on by default
[INFO] [stdout] 
[INFO] [stdout] 
[INFO] [stdout] warning: 1 warning emitted
[INFO] [stdout] 
[INFO] [stdout] 
[INFO] [stdout] warning: 4 warnings emitted
[INFO] [stdout] 
[INFO] [stdout] 
[INFO] [stderr]     Finished dev [unoptimized + debuginfo] target(s) in 23.25s
[INFO] running `Command { std: "docker" "inspect" "f8845f276e54f026f2eb39398b3256e205ed7dcfb262f4aa6b74d495678e2c4d", kill_on_drop: false }`
[INFO] running `Command { std: "docker" "rm" "-f" "f8845f276e54f026f2eb39398b3256e205ed7dcfb262f4aa6b74d495678e2c4d", kill_on_drop: false }`
[INFO] [stdout] f8845f276e54f026f2eb39398b3256e205ed7dcfb262f4aa6b74d495678e2c4d
[INFO] running `Command { std: "docker" "create" "-v" "/var/lib/crater-agent-workspace/builds/worker-6-tc2/target:/opt/rustwide/target:rw,Z" "-v" "/var/lib/crater-agent-workspace/builds/worker-6-tc2/source:/opt/rustwide/workdir:ro,Z" "-v" "/var/lib/crater-agent-workspace/cargo-home:/opt/rustwide/cargo-home:ro,Z" "-v" "/var/lib/crater-agent-workspace/rustup-home:/opt/rustwide/rustup-home:ro,Z" "-e" "SOURCE_DIR=/opt/rustwide/workdir" "-e" "CARGO_TARGET_DIR=/opt/rustwide/target" "-e" "CARGO_INCREMENTAL=0" "-e" "RUST_BACKTRACE=full" "-e" "RUSTFLAGS=--cap-lints=warn" "-e" "RUSTDOCFLAGS=--cap-lints=warn" "-e" "CARGO_HOME=/opt/rustwide/cargo-home" "-e" "RUSTUP_HOME=/opt/rustwide/rustup-home" "-w" "/opt/rustwide/workdir" "-m" "1610612736" "--user" "0:0" "--network" "none" "ghcr.io/rust-lang/crates-build-env/linux@sha256:2788e3201cd34a07e3172128adcd8b3090168a8e3bcc40d7c032b9dda1df7d1c" "/opt/rustwide/cargo-home/bin/cargo" "+beta-2023-12-22" "test" "--frozen" "--no-run" "--message-format=json", kill_on_drop: false }`
[INFO] [stdout] 970a5393b6d499eea310689385012b6aba7e6ecd4a975c8d8b09042a5edbd79a
[INFO] running `Command { std: "docker" "start" "-a" "970a5393b6d499eea310689385012b6aba7e6ecd4a975c8d8b09042a5edbd79a", kill_on_drop: false }`
[INFO] [stderr]    Compiling gfh v0.0.4 (/opt/rustwide/workdir)
[INFO] [stdout] warning: call to `.clone()` on a reference in this situation does nothing
[INFO] [stdout]   --> src/bin/gfh-keygen.rs:15:29
[INFO] [stdout]    |
[INFO] [stdout] 15 |         .find(|(_, arg)| arg.clone() == &String::from("-f"))
[INFO] [stdout]    |                             ^^^^^^^^ help: remove this redundant call
[INFO] [stdout]    |
[INFO] [stdout]    = note: the type `String` does not implement `Clone`, so calling `clone` on `&String` copies the reference, which does not do anything and can be removed
[INFO] [stdout]    = note: `#[warn(noop_method_call)]` on by default
[INFO] [stdout] 
[INFO] [stdout] 
[INFO] [stdout] warning: unused imports: `error::Error`, `fs`
[INFO] [stdout]  --> src/main.rs:5:11
[INFO] [stdout]   |
[INFO] [stdout] 5 | use std::{error::Error, fs};
[INFO] [stdout]   |           ^^^^^^^^^^^^  ^^
[INFO] [stdout]   |
[INFO] [stdout]   = note: `#[warn(unused_imports)]` on by default
[INFO] [stdout] 
[INFO] [stdout] 
[INFO] [stdout] warning: unused imports: `Cfg`, `FidoKeyHidFactory`
[INFO] [stdout]  --> src/add_key.rs:2:40
[INFO] [stdout]   |
[INFO] [stdout] 2 | use ctap_hid_fido2::{util::to_hex_str, Cfg, FidoKeyHidFactory};
[INFO] [stdout]   |                                        ^^^  ^^^^^^^^^^^^^^^^^
[INFO] [stdout] 
[INFO] [stdout] 
[INFO] [stdout] warning: unused imports: `FidoDevice`, `yubikey`
[INFO] [stdout]   --> src/add_key.rs:10:18
[INFO] [stdout]    |
[INFO] [stdout] 10 |     util::{self, FidoDevice},
[INFO] [stdout]    |                  ^^^^^^^^^^
[INFO] [stdout] 11 |     yubikey,
[INFO] [stdout]    |     ^^^^^^^
[INFO] [stdout] 
[INFO] [stdout] 
[INFO] [stdout] warning: function `sha256` is never used
[INFO] [stdout]   --> src/util.rs:73:8
[INFO] [stdout]    |
[INFO] [stdout] 73 | pub fn sha256(input: &str) -> Vec<u8> {
[INFO] [stdout]    |        ^^^^^^
[INFO] [stdout]    |
[INFO] [stdout]    = note: `#[warn(dead_code)]` on by default
[INFO] [stdout] 
[INFO] [stdout] 
[INFO] [stdout] warning: 1 warning emitted
[INFO] [stdout] 
[INFO] [stdout] 
[INFO] [stdout] warning: 4 warnings emitted
[INFO] [stdout] 
[INFO] [stdout] 
[INFO] [stderr]     Finished test [unoptimized + debuginfo] target(s) in 0.81s
[INFO] running `Command { std: "docker" "inspect" "970a5393b6d499eea310689385012b6aba7e6ecd4a975c8d8b09042a5edbd79a", kill_on_drop: false }`
[INFO] running `Command { std: "docker" "rm" "-f" "970a5393b6d499eea310689385012b6aba7e6ecd4a975c8d8b09042a5edbd79a", kill_on_drop: false }`
[INFO] [stdout] 970a5393b6d499eea310689385012b6aba7e6ecd4a975c8d8b09042a5edbd79a
[INFO] running `Command { std: "docker" "create" "-v" "/var/lib/crater-agent-workspace/builds/worker-6-tc2/target:/opt/rustwide/target:rw,Z" "-v" "/var/lib/crater-agent-workspace/builds/worker-6-tc2/source:/opt/rustwide/workdir:ro,Z" "-v" "/var/lib/crater-agent-workspace/cargo-home:/opt/rustwide/cargo-home:ro,Z" "-v" "/var/lib/crater-agent-workspace/rustup-home:/opt/rustwide/rustup-home:ro,Z" "-e" "SOURCE_DIR=/opt/rustwide/workdir" "-e" "CARGO_TARGET_DIR=/opt/rustwide/target" "-e" "CARGO_INCREMENTAL=0" "-e" "RUST_BACKTRACE=full" "-e" "RUSTFLAGS=--cap-lints=warn" "-e" "RUSTDOCFLAGS=--cap-lints=warn" "-e" "CARGO_HOME=/opt/rustwide/cargo-home" "-e" "RUSTUP_HOME=/opt/rustwide/rustup-home" "-w" "/opt/rustwide/workdir" "-m" "1610612736" "--user" "0:0" "--network" "none" "ghcr.io/rust-lang/crates-build-env/linux@sha256:2788e3201cd34a07e3172128adcd8b3090168a8e3bcc40d7c032b9dda1df7d1c" "/opt/rustwide/cargo-home/bin/cargo" "+beta-2023-12-22" "test" "--frozen", kill_on_drop: false }`
[INFO] [stdout] 17c1b0d3e6cbd03a87af94f6c31c89084c2200c58e2cb38c9fd434099b4c7654
[INFO] running `Command { std: "docker" "start" "-a" "17c1b0d3e6cbd03a87af94f6c31c89084c2200c58e2cb38c9fd434099b4c7654", kill_on_drop: false }`
[INFO] [stderr] warning: unused imports: `error::Error`, `fs`
[INFO] [stderr]  --> src/main.rs:5:11
[INFO] [stderr]   |
[INFO] [stderr] 5 | use std::{error::Error, fs};
[INFO] [stderr]   |           ^^^^^^^^^^^^  ^^
[INFO] [stderr]   |
[INFO] [stderr]   = note: `#[warn(unused_imports)]` on by default
[INFO] [stderr] 
[INFO] [stderr] warning: unused imports: `Cfg`, `FidoKeyHidFactory`
[INFO] [stderr]  --> src/add_key.rs:2:40
[INFO] [stderr]   |
[INFO] [stderr] 2 | use ctap_hid_fido2::{util::to_hex_str, Cfg, FidoKeyHidFactory};
[INFO] [stderr]   |                                        ^^^  ^^^^^^^^^^^^^^^^^
[INFO] [stderr] 
[INFO] [stderr] warning: unused imports: `FidoDevice`, `yubikey`
[INFO] [stderr]   --> src/add_key.rs:10:18
[INFO] [stderr]    |
[INFO] [stderr] 10 |     util::{self, FidoDevice},
[INFO] [stderr]    |                  ^^^^^^^^^^
[INFO] [stderr] 11 |     yubikey,
[INFO] [stderr]    |     ^^^^^^^
[INFO] [stderr] 
[INFO] [stderr] warning: function `sha256` is never used
[INFO] [stderr]   --> src/util.rs:73:8
[INFO] [stderr]    |
[INFO] [stderr] 73 | pub fn sha256(input: &str) -> Vec<u8> {
[INFO] [stderr]    |        ^^^^^^
[INFO] [stderr]    |
[INFO] [stderr]    = note: `#[warn(dead_code)]` on by default
[INFO] [stderr] 
[INFO] [stderr] warning: call to `.clone()` on a reference in this situation does nothing
[INFO] [stderr]   --> src/bin/gfh-keygen.rs:15:29
[INFO] [stderr]    |
[INFO] [stderr] 15 |         .find(|(_, arg)| arg.clone() == &String::from("-f"))
[INFO] [stderr]    |                             ^^^^^^^^ help: remove this redundant call
[INFO] [stderr]    |
[INFO] [stderr]    = note: the type `String` does not implement `Clone`, so calling `clone` on `&String` copies the reference, which does not do anything and can be removed
[INFO] [stderr]    = note: `#[warn(noop_method_call)]` on by default
[INFO] [stderr] 
[INFO] [stderr] warning: `gfh` (bin "gfh" test) generated 4 warnings (run `cargo fix --bin "gfh" --tests` to apply 3 suggestions)
[INFO] [stderr] warning: `gfh` (bin "gfh-keygen" test) generated 1 warning (run `cargo fix --bin "gfh-keygen" --tests` to apply 1 suggestion)
[INFO] [stderr]     Finished test [unoptimized + debuginfo] target(s) in 0.18s
[INFO] [stderr]      Running unittests src/main.rs (/opt/rustwide/target/debug/deps/gfh-7666ce71e5d7b196)
[INFO] [stdout] 
[INFO] [stderr]      Running unittests src/bin/gfh-keygen.rs (/opt/rustwide/target/debug/deps/gfh_keygen-8badc817631b12be)
[INFO] [stdout] running 0 tests
[INFO] [stdout] 
[INFO] [stdout] test result: ok. 0 passed; 0 failed; 0 ignored; 0 measured; 0 filtered out; finished in 0.00s
[INFO] [stdout] 
[INFO] [stdout] 
[INFO] [stdout] running 0 tests
[INFO] [stdout] 
[INFO] [stdout] test result: ok. 0 passed; 0 failed; 0 ignored; 0 measured; 0 filtered out; finished in 0.00s
[INFO] [stdout] 
[INFO] running `Command { std: "docker" "inspect" "17c1b0d3e6cbd03a87af94f6c31c89084c2200c58e2cb38c9fd434099b4c7654", kill_on_drop: false }`
[INFO] running `Command { std: "docker" "rm" "-f" "17c1b0d3e6cbd03a87af94f6c31c89084c2200c58e2cb38c9fd434099b4c7654", kill_on_drop: false }`
[INFO] [stdout] 17c1b0d3e6cbd03a87af94f6c31c89084c2200c58e2cb38c9fd434099b4c7654
