[INFO] cloning repository https://github.com/MinisculeGirraffe/tdl
[INFO] running `Command { std: "git" "-c" "credential.helper=" "-c" "credential.helper=/workspace/cargo-home/bin/git-credential-null" "clone" "--bare" "https://github.com/MinisculeGirraffe/tdl" "/workspace/cache/git-repos/https%3A%2F%2Fgithub.com%2FMinisculeGirraffe%2Ftdl", kill_on_drop: false }`
[INFO] [stderr] Cloning into bare repository '/workspace/cache/git-repos/https%3A%2F%2Fgithub.com%2FMinisculeGirraffe%2Ftdl'...
[INFO] running `Command { std: "git" "rev-parse" "HEAD", kill_on_drop: false }`
[INFO] [stdout] f87cc12732ca1ba0ac1daffcfa4a660ab9f07883
[INFO] testing MinisculeGirraffe/tdl against 1.75.0 for beta-1.76-1
[INFO] running `Command { std: "git" "clone" "/workspace/cache/git-repos/https%3A%2F%2Fgithub.com%2FMinisculeGirraffe%2Ftdl" "/workspace/builds/worker-4-tc1/source", kill_on_drop: false }`
[INFO] [stderr] Cloning into '/workspace/builds/worker-4-tc1/source'...
[INFO] [stderr] done.
[INFO] validating manifest of git repo https://github.com/MinisculeGirraffe/tdl on toolchain 1.75.0
[INFO] running `Command { std: CARGO_HOME="/workspace/cargo-home" RUSTUP_HOME="/workspace/rustup-home" "/workspace/cargo-home/bin/cargo" "+1.75.0" "metadata" "--manifest-path" "Cargo.toml" "--no-deps", kill_on_drop: false }`
[INFO] started tweaking git repo https://github.com/MinisculeGirraffe/tdl
[INFO] finished tweaking git repo https://github.com/MinisculeGirraffe/tdl
[INFO] tweaked toml for git repo https://github.com/MinisculeGirraffe/tdl written to /workspace/builds/worker-4-tc1/source/Cargo.toml
[INFO] crate git repo https://github.com/MinisculeGirraffe/tdl already has a lockfile, it will not be regenerated
[INFO] running `Command { std: CARGO_HOME="/workspace/cargo-home" RUSTUP_HOME="/workspace/rustup-home" "/workspace/cargo-home/bin/cargo" "+1.75.0" "fetch" "--manifest-path" "Cargo.toml", kill_on_drop: false }`
[INFO] [stderr]     Updating crates.io index
[INFO] [stderr]  Downloading crates ...
[INFO] [stderr]   Downloaded http-cache-reqwest v0.11.1
[INFO] [stderr]   Downloaded retry-policies v0.1.1
[INFO] [stderr]   Downloaded clap_complete_fig v3.2.4
[INFO] [stderr]   Downloaded ssri v9.2.0
[INFO] [stderr]   Downloaded http-cache v0.14.0
[INFO] [stderr]   Downloaded clap_complete v3.2.3
[INFO] [stderr]   Downloaded cacache v11.6.0
[INFO] [stderr]   Downloaded reqwest-retry v0.2.3
[INFO] [stderr]   Downloaded iana-time-zone v0.1.41
[INFO] [stderr]   Downloaded metaflac v0.2.5
[INFO] [stderr]   Downloaded chrono v0.4.21
[INFO] running `Command { std: "docker" "create" "-v" "/var/lib/crater-agent-workspace/builds/worker-4-tc1/target:/opt/rustwide/target:rw,Z" "-v" "/var/lib/crater-agent-workspace/builds/worker-4-tc1/source:/opt/rustwide/workdir:ro,Z" "-v" "/var/lib/crater-agent-workspace/cargo-home:/opt/rustwide/cargo-home:ro,Z" "-v" "/var/lib/crater-agent-workspace/rustup-home:/opt/rustwide/rustup-home:ro,Z" "-e" "SOURCE_DIR=/opt/rustwide/workdir" "-e" "CARGO_TARGET_DIR=/opt/rustwide/target" "-e" "CARGO_HOME=/opt/rustwide/cargo-home" "-e" "RUSTUP_HOME=/opt/rustwide/rustup-home" "-w" "/opt/rustwide/workdir" "-m" "1610612736" "--user" "0:0" "--network" "none" "ghcr.io/rust-lang/crates-build-env/linux@sha256:2788e3201cd34a07e3172128adcd8b3090168a8e3bcc40d7c032b9dda1df7d1c" "/opt/rustwide/cargo-home/bin/cargo" "+1.75.0" "metadata" "--no-deps" "--format-version=1", kill_on_drop: false }`
[INFO] [stdout] 39ee9af4912643a249ac6fc8ad5071b0c300dfcf2e0551eb94d85025412676fa
[INFO] running `Command { std: "docker" "start" "-a" "39ee9af4912643a249ac6fc8ad5071b0c300dfcf2e0551eb94d85025412676fa", kill_on_drop: false }`
[INFO] running `Command { std: "docker" "inspect" "39ee9af4912643a249ac6fc8ad5071b0c300dfcf2e0551eb94d85025412676fa", kill_on_drop: false }`
[INFO] running `Command { std: "docker" "rm" "-f" "39ee9af4912643a249ac6fc8ad5071b0c300dfcf2e0551eb94d85025412676fa", kill_on_drop: false }`
[INFO] [stdout] 39ee9af4912643a249ac6fc8ad5071b0c300dfcf2e0551eb94d85025412676fa
[INFO] running `Command { std: "docker" "create" "-v" "/var/lib/crater-agent-workspace/builds/worker-4-tc1/target:/opt/rustwide/target:rw,Z" "-v" "/var/lib/crater-agent-workspace/builds/worker-4-tc1/source:/opt/rustwide/workdir:ro,Z" "-v" "/var/lib/crater-agent-workspace/cargo-home:/opt/rustwide/cargo-home:ro,Z" "-v" "/var/lib/crater-agent-workspace/rustup-home:/opt/rustwide/rustup-home:ro,Z" "-e" "SOURCE_DIR=/opt/rustwide/workdir" "-e" "CARGO_TARGET_DIR=/opt/rustwide/target" "-e" "CARGO_INCREMENTAL=0" "-e" "RUST_BACKTRACE=full" "-e" "RUSTFLAGS=--cap-lints=warn" "-e" "RUSTDOCFLAGS=--cap-lints=warn" "-e" "CARGO_HOME=/opt/rustwide/cargo-home" "-e" "RUSTUP_HOME=/opt/rustwide/rustup-home" "-w" "/opt/rustwide/workdir" "-m" "1610612736" "--user" "0:0" "--network" "none" "ghcr.io/rust-lang/crates-build-env/linux@sha256:2788e3201cd34a07e3172128adcd8b3090168a8e3bcc40d7c032b9dda1df7d1c" "/opt/rustwide/cargo-home/bin/cargo" "+1.75.0" "build" "--frozen" "--message-format=json", kill_on_drop: false }`
[INFO] [stdout] 45b52311dc11f32b9744edbc0648abb38a187ee75299dbcfebddd17059f04df2
[INFO] running `Command { std: "docker" "start" "-a" "45b52311dc11f32b9744edbc0648abb38a187ee75299dbcfebddd17059f04df2", kill_on_drop: false }`
[INFO] [stderr]    Compiling proc-macro2 v1.0.66
[INFO] [stderr]    Compiling unicode-ident v1.0.3
[INFO] [stderr]    Compiling libc v0.2.147
[INFO] [stderr]    Compiling once_cell v1.13.0
[INFO] [stderr]    Compiling syn v1.0.99
[INFO] [stderr]    Compiling memchr v2.5.0
[INFO] [stderr]    Compiling cc v1.0.73
[INFO] [stderr]    Compiling pin-project-lite v0.2.9
[INFO] [stderr]    Compiling bytes v1.2.1
[INFO] [stderr]    Compiling futures-core v0.3.21
[INFO] [stderr]    Compiling parking_lot_core v0.9.3
[INFO] [stderr]    Compiling ahash v0.7.6
[INFO] [stderr]    Compiling itoa v1.0.3
[INFO] [stderr]    Compiling smallvec v1.9.0
[INFO] [stderr]    Compiling tokio v1.29.1
[INFO] [stderr]    Compiling log v0.4.17
[INFO] [stderr]    Compiling quote v1.0.33
[INFO] [stderr]    Compiling slab v0.4.7
[INFO] [stderr]    Compiling thiserror v1.0.48
[INFO] [stderr]    Compiling syn v2.0.31
[INFO] [stderr]    Compiling futures-task v0.3.21
[INFO] [stderr]    Compiling futures-sink v0.3.21
[INFO] [stderr]    Compiling futures-channel v0.3.21
[INFO] [stderr]    Compiling getrandom v0.2.7
[INFO] [stderr]    Compiling num_cpus v1.13.1
[INFO] [stderr]    Compiling socket2 v0.4.9
[INFO] [stderr]    Compiling signal-hook-registry v1.4.0
[INFO] [stderr]    Compiling mio v0.8.8
[INFO] [stderr]    Compiling parking_lot v0.12.1
[INFO] [stderr]    Compiling hashbrown v0.12.3
[INFO] [stderr]    Compiling futures-util v0.3.21
[INFO] [stderr]    Compiling indexmap v1.9.1
[INFO] [stderr]    Compiling futures-io v0.3.21
[INFO] [stderr]    Compiling openssl-sys v0.9.75
[INFO] [stderr]    Compiling ring v0.16.20
[INFO] [stderr]    Compiling http v0.2.9
[INFO] [stderr]    Compiling generic-array v0.14.6
[INFO] [stderr]    Compiling tracing-core v0.1.29
[INFO] [stderr]    Compiling spin v0.5.2
[INFO] [stderr]    Compiling untrusted v0.7.1
[INFO] [stderr]    Compiling unicase v2.6.0
[INFO] [stderr]    Compiling openssl v0.10.41
[INFO] [stderr]    Compiling serde_json v1.0.83
[INFO] [stderr]    Compiling ryu v1.0.11
[INFO] [stderr]    Compiling foreign-types-shared v0.1.1
[INFO] [stderr]    Compiling unicode-width v0.1.9
[INFO] [stderr]    Compiling foreign-types v0.3.2
[INFO] [stderr]    Compiling tinyvec v1.6.0
[INFO] [stderr]    Compiling crypto-common v0.1.6
[INFO] [stderr]    Compiling block-buffer v0.10.2
[INFO] [stderr]    Compiling strsim v0.10.0
[INFO] [stderr]    Compiling try-lock v0.2.3
[INFO] [stderr]    Compiling httpdate v1.0.2
[INFO] [stderr]    Compiling rustls v0.21.7
[INFO] [stderr]    Compiling native-tls v0.2.10
[INFO] [stderr]    Compiling crc32fast v1.3.2
[INFO] [stderr]    Compiling want v0.3.0
[INFO] [stderr]    Compiling digest v0.10.7
[INFO] [stderr]    Compiling http-body v0.4.5
[INFO] [stderr]    Compiling num-traits v0.2.15
[INFO] [stderr]    Compiling adler v1.0.2
[INFO] [stderr]    Compiling unicode-normalization v0.1.22
[INFO] [stderr]    Compiling base64 v0.21.3
[INFO] [stderr]    Compiling cpufeatures v0.2.2
[INFO] [stderr]    Compiling base64 v0.13.0
[INFO] [stderr]    Compiling openssl-probe v0.1.5
[INFO] [stderr]    Compiling miniz_oxide v0.5.3
[INFO] [stderr]    Compiling mime_guess v2.0.4
[INFO] [stderr]    Compiling num-integer v0.1.45
[INFO] [stderr]    Compiling ucd-trie v0.1.4
[INFO] [stderr]    Compiling idna v0.4.0
[INFO] [stderr]    Compiling encoding_rs v0.8.31
[INFO] [stderr]    Compiling rustix v0.38.11
[INFO] [stderr]    Compiling flate2 v1.0.24
[INFO] [stderr]    Compiling anyhow v1.0.75
[INFO] [stderr]    Compiling hex v0.4.3
[INFO] [stderr]    Compiling linux-raw-sys v0.4.5
[INFO] [stderr]    Compiling mime v0.3.16
[INFO] [stderr]    Compiling siphasher v0.3.10
[INFO] [stderr]    Compiling darling_core v0.14.1
[INFO] [stderr]    Compiling rustls-webpki v0.101.4
[INFO] [stderr]    Compiling serde_derive v1.0.188
[INFO] [stderr]    Compiling tokio-macros v2.1.0
[INFO] [stderr]    Compiling thiserror-impl v1.0.48
[INFO] [stderr]    Compiling sct v0.7.0
[INFO] [stderr]    Compiling miette-derive v5.10.0
[INFO] [stderr]    Compiling async-trait v0.1.73
[INFO] [stderr]    Compiling pest v2.2.1
[INFO] [stderr]    Compiling miette v5.10.0
[INFO] [stderr]    Compiling futures-macro v0.3.21
[INFO] [stderr]    Compiling tracing-attributes v0.1.22
[INFO] [stderr]    Compiling openssl-macros v0.1.0
[INFO] [stderr]    Compiling pest_meta v2.2.1
[INFO] [stderr]    Compiling tokio-rustls v0.24.1
[INFO] [stderr]    Compiling async-compression v0.4.2
[INFO] [stderr]    Compiling tracing v0.1.36
[INFO] [stderr]    Compiling serde v1.0.188
[INFO] [stderr]    Compiling tokio-util v0.7.3
[INFO] [stderr]    Compiling rustls-pemfile v1.0.1
[INFO] [stderr]    Compiling sha-1 v0.10.0
[INFO] [stderr]    Compiling sha2 v0.10.7
[INFO] [stderr]    Compiling rand_core v0.6.3
[INFO] [stderr]    Compiling atty v0.2.14
[INFO] [stderr]    Compiling time v0.1.44
[INFO] [stderr]    Compiling tokio-native-tls v0.3.0
[INFO] [stderr]    Compiling proc-macro-error v1.0.4
[INFO] [stderr]    Compiling h2 v0.3.21
[INFO] [stderr]    Compiling futures-executor v0.3.21
[INFO] [stderr]    Compiling futures v0.3.21
[INFO] [stderr]    Compiling os_str_bytes v6.2.0
[INFO] [stderr]    Compiling iana-time-zone v0.1.41
[INFO] [stderr]    Compiling webpki-roots v0.25.2
[INFO] [stderr]    Compiling ppv-lite86 v0.2.16
[INFO] [stderr]    Compiling fastrand v2.0.0
[INFO] [stderr]    Compiling xxhash-rust v0.8.6
[INFO] [stderr]    Compiling num_threads v0.1.6
[INFO] [stderr]    Compiling ipnet v2.5.0
[INFO] [stderr]    Compiling termcolor v1.1.3
[INFO] [stderr]    Compiling rand_chacha v0.3.1
[INFO] [stderr]    Compiling time v0.3.13
[INFO] [stderr]    Compiling tempfile v3.8.0
[INFO] [stderr]    Compiling url v2.4.1
[INFO] [stderr]    Compiling serde_urlencoded v0.7.1
[INFO] [stderr]    Compiling ssri v9.2.0
[INFO] [stderr]    Compiling chrono v0.4.21
[INFO] [stderr]    Compiling http-serde v1.1.0
[INFO] [stderr]    Compiling clap_lex v0.2.4
[INFO] [stderr]    Compiling rand v0.8.5
[INFO] [stderr]    Compiling proc-macro-error-attr v1.0.4
[INFO] [stderr]    Compiling tokio-stream v0.1.9
[INFO] [stderr]    Compiling hyper v0.14.27
[INFO] [stderr]    Compiling pest_generator v2.2.1
[INFO] [stderr]    Compiling darling_macro v0.14.1
[INFO] [stderr]    Compiling phf_shared v0.11.1
[INFO] [stderr]    Compiling sha1 v0.10.5
[INFO] [stderr]    Compiling task-local-extensions v0.1.4
[INFO] [stderr]    Compiling reflink v0.1.3
[INFO] [stderr]    Compiling memmap2 v0.5.10
[INFO] [stderr]    Compiling aho-corasick v0.7.18
[INFO] [stderr]    Compiling dlv-list v0.3.0
[INFO] [stderr]    Compiling either v1.7.0
[INFO] [stderr]    Compiling textwrap v0.15.0
[INFO] [stderr]    Compiling regex-syntax v0.6.27
[INFO] [stderr]    Compiling pest_derive v2.2.1
[INFO] [stderr]    Compiling darling v0.14.1
[INFO] [stderr]    Compiling clap v3.2.16
[INFO] [stderr]    Compiling cacache v11.6.0
[INFO] [stderr]    Compiling ordered-multimap v0.4.3
[INFO] [stderr]    Compiling phf_generator v0.11.1
[INFO] [stderr]    Compiling http-cache-semantics v1.0.1
[INFO] [stderr]    Compiling bincode v1.3.3
[INFO] [stderr]    Compiling terminal_size v0.1.17
[INFO] [stderr]    Compiling dirs-sys v0.3.7
[INFO] [stderr]    Compiling bytecount v0.6.3
[INFO] [stderr]    Compiling linked-hash-map v0.5.6
[INFO] [stderr]    Compiling heck v0.4.0
[INFO] [stderr]    Compiling retry-policies v0.1.1
[INFO] [stderr]    Compiling regex v1.6.0
[INFO] [stderr]    Compiling tabled_derive v0.4.0
[INFO] [stderr]    Compiling yaml-rust v0.4.5
[INFO] [stderr]    Compiling nom v7.1.1
[INFO] [stderr]    Compiling hyper-rustls v0.24.1
[INFO] [stderr]    Compiling hyper-tls v0.5.0
[INFO] [stderr]    Compiling reqwest v0.11.20
[INFO] [stderr]    Compiling papergrid v0.5.1
[INFO] [stderr]    Compiling clap_complete v3.2.3
[INFO] [stderr]    Compiling http-cache v0.14.0
[INFO] [stderr]    Compiling reqwest-middleware v0.2.3
[INFO] [stderr]    Compiling dirs v4.0.0
[INFO] [stderr]    Compiling console v0.15.1
[INFO] [stderr]    Compiling phf_macros v0.11.1
[INFO] [stderr]    Compiling json5 v0.4.1
[INFO] [stderr]    Compiling rust-ini v0.18.0
[INFO] [stderr]    Compiling serde_with_macros v2.0.0
[INFO] [stderr]    Compiling ron v0.7.1
[INFO] [stderr]    Compiling toml v0.5.9
[INFO] [stderr]    Compiling number_prefix v0.4.0
[INFO] [stderr]    Compiling byteorder v1.4.3
[INFO] [stderr]    Compiling unicode-segmentation v1.9.0
[INFO] [stderr]    Compiling indicatif v0.17.0
[INFO] [stderr]    Compiling metaflac v0.2.5
[INFO] [stderr]    Compiling env_logger v0.9.0
[INFO] [stderr]    Compiling serde_with v2.0.0
[INFO] [stderr]    Compiling phf v0.11.1
[INFO] [stderr]    Compiling config v0.13.2
[INFO] [stderr]    Compiling http-cache-reqwest v0.11.1
[INFO] [stderr]    Compiling shellexpand v2.1.2
[INFO] [stderr]    Compiling reqwest-retry v0.2.3
[INFO] [stderr]    Compiling clap_complete_fig v3.2.4
[INFO] [stderr]    Compiling tabled v0.8.0
[INFO] [stderr]    Compiling sanitize-filename v0.4.0
[INFO] [stderr]    Compiling tdl v0.3.0 (/opt/rustwide/workdir)
[INFO] [stdout] warning: unused `tokio::sync::RwLockReadGuard` that must be used
[INFO] [stdout]   --> src/main.rs:27:9
[INFO] [stdout]    |
[INFO] [stdout] 27 |         CONFIG.read().await;
[INFO] [stdout]    |         ^^^^^^^^^^^^^^^^^^^
[INFO] [stdout]    |
[INFO] [stdout]    = note: if unused the RwLock will immediately unlock
[INFO] [stdout]    = note: `#[warn(unused_must_use)]` on by default
[INFO] [stdout] help: use `let _ = ...` to ignore the resulting value
[INFO] [stdout]    |
[INFO] [stdout] 27 |         let _ = CONFIG.read().await;
[INFO] [stdout]    |         +++++++
[INFO] [stdout] 
[INFO] [stdout] 
[INFO] [stdout] warning: 1 warning emitted
[INFO] [stdout] 
[INFO] [stdout] 
[INFO] [stderr]     Finished dev [unoptimized + debuginfo] target(s) in 2m 23s
[INFO] running `Command { std: "docker" "inspect" "45b52311dc11f32b9744edbc0648abb38a187ee75299dbcfebddd17059f04df2", kill_on_drop: false }`
[INFO] running `Command { std: "docker" "rm" "-f" "45b52311dc11f32b9744edbc0648abb38a187ee75299dbcfebddd17059f04df2", kill_on_drop: false }`
[INFO] [stdout] 45b52311dc11f32b9744edbc0648abb38a187ee75299dbcfebddd17059f04df2
[INFO] running `Command { std: "docker" "create" "-v" "/var/lib/crater-agent-workspace/builds/worker-4-tc1/target:/opt/rustwide/target:rw,Z" "-v" "/var/lib/crater-agent-workspace/builds/worker-4-tc1/source:/opt/rustwide/workdir:ro,Z" "-v" "/var/lib/crater-agent-workspace/cargo-home:/opt/rustwide/cargo-home:ro,Z" "-v" "/var/lib/crater-agent-workspace/rustup-home:/opt/rustwide/rustup-home:ro,Z" "-e" "SOURCE_DIR=/opt/rustwide/workdir" "-e" "CARGO_TARGET_DIR=/opt/rustwide/target" "-e" "CARGO_INCREMENTAL=0" "-e" "RUST_BACKTRACE=full" "-e" "RUSTFLAGS=--cap-lints=warn" "-e" "RUSTDOCFLAGS=--cap-lints=warn" "-e" "CARGO_HOME=/opt/rustwide/cargo-home" "-e" "RUSTUP_HOME=/opt/rustwide/rustup-home" "-w" "/opt/rustwide/workdir" "-m" "1610612736" "--user" "0:0" "--network" "none" "ghcr.io/rust-lang/crates-build-env/linux@sha256:2788e3201cd34a07e3172128adcd8b3090168a8e3bcc40d7c032b9dda1df7d1c" "/opt/rustwide/cargo-home/bin/cargo" "+1.75.0" "test" "--frozen" "--no-run" "--message-format=json", kill_on_drop: false }`
[INFO] [stdout] 3cb8924bcab507d5a11d5732b47ae6551a7640e9026b08416221edbf7653250e
[INFO] running `Command { std: "docker" "start" "-a" "3cb8924bcab507d5a11d5732b47ae6551a7640e9026b08416221edbf7653250e", kill_on_drop: false }`
[INFO] [stderr]    Compiling tdl v0.3.0 (/opt/rustwide/workdir)
[INFO] [stdout] warning: unused `tokio::sync::RwLockReadGuard` that must be used
[INFO] [stdout]   --> src/main.rs:27:9
[INFO] [stdout]    |
[INFO] [stdout] 27 |         CONFIG.read().await;
[INFO] [stdout]    |         ^^^^^^^^^^^^^^^^^^^
[INFO] [stdout]    |
[INFO] [stdout]    = note: if unused the RwLock will immediately unlock
[INFO] [stdout]    = note: `#[warn(unused_must_use)]` on by default
[INFO] [stdout] help: use `let _ = ...` to ignore the resulting value
[INFO] [stdout]    |
[INFO] [stdout] 27 |         let _ = CONFIG.read().await;
[INFO] [stdout]    |         +++++++
[INFO] [stdout] 
[INFO] [stdout] 
[INFO] [stdout] warning: 1 warning emitted
[INFO] [stdout] 
[INFO] [stdout] 
[INFO] [stderr]     Finished test [unoptimized + debuginfo] target(s) in 4.95s
[INFO] running `Command { std: "docker" "inspect" "3cb8924bcab507d5a11d5732b47ae6551a7640e9026b08416221edbf7653250e", kill_on_drop: false }`
[INFO] running `Command { std: "docker" "rm" "-f" "3cb8924bcab507d5a11d5732b47ae6551a7640e9026b08416221edbf7653250e", kill_on_drop: false }`
[INFO] [stdout] 3cb8924bcab507d5a11d5732b47ae6551a7640e9026b08416221edbf7653250e
[INFO] running `Command { std: "docker" "create" "-v" "/var/lib/crater-agent-workspace/builds/worker-4-tc1/target:/opt/rustwide/target:rw,Z" "-v" "/var/lib/crater-agent-workspace/builds/worker-4-tc1/source:/opt/rustwide/workdir:ro,Z" "-v" "/var/lib/crater-agent-workspace/cargo-home:/opt/rustwide/cargo-home:ro,Z" "-v" "/var/lib/crater-agent-workspace/rustup-home:/opt/rustwide/rustup-home:ro,Z" "-e" "SOURCE_DIR=/opt/rustwide/workdir" "-e" "CARGO_TARGET_DIR=/opt/rustwide/target" "-e" "CARGO_INCREMENTAL=0" "-e" "RUST_BACKTRACE=full" "-e" "RUSTFLAGS=--cap-lints=warn" "-e" "RUSTDOCFLAGS=--cap-lints=warn" "-e" "CARGO_HOME=/opt/rustwide/cargo-home" "-e" "RUSTUP_HOME=/opt/rustwide/rustup-home" "-w" "/opt/rustwide/workdir" "-m" "1610612736" "--user" "0:0" "--network" "none" "ghcr.io/rust-lang/crates-build-env/linux@sha256:2788e3201cd34a07e3172128adcd8b3090168a8e3bcc40d7c032b9dda1df7d1c" "/opt/rustwide/cargo-home/bin/cargo" "+1.75.0" "test" "--frozen", kill_on_drop: false }`
[INFO] [stdout] e83dc87f59ee2b11a2d949c7bc9202fb1153975ea42649ff08c1975a2ccff9a6
[INFO] running `Command { std: "docker" "start" "-a" "e83dc87f59ee2b11a2d949c7bc9202fb1153975ea42649ff08c1975a2ccff9a6", kill_on_drop: false }`
[INFO] [stderr] warning: unused `tokio::sync::RwLockReadGuard` that must be used
[INFO] [stderr]   --> src/main.rs:27:9
[INFO] [stderr]    |
[INFO] [stderr] 27 |         CONFIG.read().await;
[INFO] [stderr]    |         ^^^^^^^^^^^^^^^^^^^
[INFO] [stderr]    |
[INFO] [stderr]    = note: if unused the RwLock will immediately unlock
[INFO] [stderr]    = note: `#[warn(unused_must_use)]` on by default
[INFO] [stderr] help: use `let _ = ...` to ignore the resulting value
[INFO] [stderr]    |
[INFO] [stderr] 27 |         let _ = CONFIG.read().await;
[INFO] [stderr]    |         +++++++
[INFO] [stderr] 
[INFO] [stderr] warning: `tdl` (bin "tdl" test) generated 1 warning
[INFO] [stderr]     Finished test [unoptimized + debuginfo] target(s) in 0.36s
[INFO] [stderr]      Running unittests src/lib.rs (/opt/rustwide/target/debug/deps/tdl-0ecf1f664abeea39)
[INFO] [stdout] 
[INFO] [stdout] running 0 tests
[INFO] [stdout] 
[INFO] [stdout] test result: ok. 0 passed; 0 failed; 0 ignored; 0 measured; 0 filtered out; finished in 0.00s
[INFO] [stdout] 
[INFO] [stderr]      Running unittests src/main.rs (/opt/rustwide/target/debug/deps/tdl-903a92d8872d7f9a)
[INFO] [stdout] 
[INFO] [stdout] running 0 tests
[INFO] [stdout] 
[INFO] [stdout] test result: ok. 0 passed; 0 failed; 0 ignored; 0 measured; 0 filtered out; finished in 0.00s
[INFO] [stdout] 
[INFO] [stderr]    Doc-tests tdl
[INFO] [stdout] 
[INFO] [stdout] running 0 tests
[INFO] [stdout] 
[INFO] [stdout] test result: ok. 0 passed; 0 failed; 0 ignored; 0 measured; 0 filtered out; finished in 0.01s
[INFO] [stdout] 
[INFO] running `Command { std: "docker" "inspect" "e83dc87f59ee2b11a2d949c7bc9202fb1153975ea42649ff08c1975a2ccff9a6", kill_on_drop: false }`
[INFO] running `Command { std: "docker" "rm" "-f" "e83dc87f59ee2b11a2d949c7bc9202fb1153975ea42649ff08c1975a2ccff9a6", kill_on_drop: false }`
[INFO] [stdout] e83dc87f59ee2b11a2d949c7bc9202fb1153975ea42649ff08c1975a2ccff9a6
[INFO] testing MinisculeGirraffe/tdl against beta-2023-12-22 for beta-1.76-1
[INFO] running `Command { std: "git" "clone" "/workspace/cache/git-repos/https%3A%2F%2Fgithub.com%2FMinisculeGirraffe%2Ftdl" "/workspace/builds/worker-4-tc2/source", kill_on_drop: false }`
[INFO] [stderr] Cloning into '/workspace/builds/worker-4-tc2/source'...
[INFO] [stderr] done.
[INFO] validating manifest of git repo https://github.com/MinisculeGirraffe/tdl on toolchain beta-2023-12-22
[INFO] running `Command { std: CARGO_HOME="/workspace/cargo-home" RUSTUP_HOME="/workspace/rustup-home" "/workspace/cargo-home/bin/cargo" "+beta-2023-12-22" "metadata" "--manifest-path" "Cargo.toml" "--no-deps", kill_on_drop: false }`
[INFO] started tweaking git repo https://github.com/MinisculeGirraffe/tdl
[INFO] finished tweaking git repo https://github.com/MinisculeGirraffe/tdl
[INFO] tweaked toml for git repo https://github.com/MinisculeGirraffe/tdl written to /workspace/builds/worker-4-tc2/source/Cargo.toml
[INFO] crate git repo https://github.com/MinisculeGirraffe/tdl already has a lockfile, it will not be regenerated
[INFO] running `Command { std: CARGO_HOME="/workspace/cargo-home" RUSTUP_HOME="/workspace/rustup-home" "/workspace/cargo-home/bin/cargo" "+beta-2023-12-22" "fetch" "--manifest-path" "Cargo.toml", kill_on_drop: false }`
[INFO] [stderr]     Blocking waiting for file lock on package cache
[ERROR] error running command: no output for 300 seconds
[INFO] testing MinisculeGirraffe/tdl against beta-2023-12-22 for beta-1.76-1
[INFO] running `Command { std: "git" "clone" "/workspace/cache/git-repos/https%3A%2F%2Fgithub.com%2FMinisculeGirraffe%2Ftdl" "/workspace/builds/worker-4-tc2/source", kill_on_drop: false }`
[INFO] [stderr] Cloning into '/workspace/builds/worker-4-tc2/source'...
[INFO] [stderr] done.
[INFO] validating manifest of git repo https://github.com/MinisculeGirraffe/tdl on toolchain beta-2023-12-22
[INFO] running `Command { std: CARGO_HOME="/workspace/cargo-home" RUSTUP_HOME="/workspace/rustup-home" "/workspace/cargo-home/bin/cargo" "+beta-2023-12-22" "metadata" "--manifest-path" "Cargo.toml" "--no-deps", kill_on_drop: false }`
[INFO] started tweaking git repo https://github.com/MinisculeGirraffe/tdl
[INFO] finished tweaking git repo https://github.com/MinisculeGirraffe/tdl
[INFO] tweaked toml for git repo https://github.com/MinisculeGirraffe/tdl written to /workspace/builds/worker-4-tc2/source/Cargo.toml
[INFO] crate git repo https://github.com/MinisculeGirraffe/tdl already has a lockfile, it will not be regenerated
[INFO] running `Command { std: CARGO_HOME="/workspace/cargo-home" RUSTUP_HOME="/workspace/rustup-home" "/workspace/cargo-home/bin/cargo" "+beta-2023-12-22" "fetch" "--manifest-path" "Cargo.toml", kill_on_drop: false }`
[INFO] [stderr]     Blocking waiting for file lock on package cache
[INFO] [stderr]     Blocking waiting for file lock on package cache
[ERROR] error running command: no output for 300 seconds
[INFO] testing MinisculeGirraffe/tdl against beta-2023-12-22 for beta-1.76-1
[INFO] running `Command { std: "git" "clone" "/workspace/cache/git-repos/https%3A%2F%2Fgithub.com%2FMinisculeGirraffe%2Ftdl" "/workspace/builds/worker-4-tc2/source", kill_on_drop: false }`
[INFO] [stderr] Cloning into '/workspace/builds/worker-4-tc2/source'...
[INFO] [stderr] done.
[INFO] validating manifest of git repo https://github.com/MinisculeGirraffe/tdl on toolchain beta-2023-12-22
[INFO] running `Command { std: CARGO_HOME="/workspace/cargo-home" RUSTUP_HOME="/workspace/rustup-home" "/workspace/cargo-home/bin/cargo" "+beta-2023-12-22" "metadata" "--manifest-path" "Cargo.toml" "--no-deps", kill_on_drop: false }`
[INFO] started tweaking git repo https://github.com/MinisculeGirraffe/tdl
[INFO] finished tweaking git repo https://github.com/MinisculeGirraffe/tdl
[INFO] tweaked toml for git repo https://github.com/MinisculeGirraffe/tdl written to /workspace/builds/worker-4-tc2/source/Cargo.toml
[INFO] crate git repo https://github.com/MinisculeGirraffe/tdl already has a lockfile, it will not be regenerated
[INFO] running `Command { std: CARGO_HOME="/workspace/cargo-home" RUSTUP_HOME="/workspace/rustup-home" "/workspace/cargo-home/bin/cargo" "+beta-2023-12-22" "fetch" "--manifest-path" "Cargo.toml", kill_on_drop: false }`
[INFO] [stderr]     Blocking waiting for file lock on package cache
[INFO] [stderr]     Blocking waiting for file lock on package cache
[ERROR] error running command: no output for 300 seconds
[INFO] testing MinisculeGirraffe/tdl against beta-2023-12-22 for beta-1.76-1
[INFO] running `Command { std: "git" "clone" "/workspace/cache/git-repos/https%3A%2F%2Fgithub.com%2FMinisculeGirraffe%2Ftdl" "/workspace/builds/worker-4-tc2/source", kill_on_drop: false }`
[INFO] [stderr] Cloning into '/workspace/builds/worker-4-tc2/source'...
[INFO] [stderr] done.
[INFO] validating manifest of git repo https://github.com/MinisculeGirraffe/tdl on toolchain beta-2023-12-22
[INFO] running `Command { std: CARGO_HOME="/workspace/cargo-home" RUSTUP_HOME="/workspace/rustup-home" "/workspace/cargo-home/bin/cargo" "+beta-2023-12-22" "metadata" "--manifest-path" "Cargo.toml" "--no-deps", kill_on_drop: false }`
[INFO] started tweaking git repo https://github.com/MinisculeGirraffe/tdl
[INFO] finished tweaking git repo https://github.com/MinisculeGirraffe/tdl
[INFO] tweaked toml for git repo https://github.com/MinisculeGirraffe/tdl written to /workspace/builds/worker-4-tc2/source/Cargo.toml
[INFO] crate git repo https://github.com/MinisculeGirraffe/tdl already has a lockfile, it will not be regenerated
[INFO] running `Command { std: CARGO_HOME="/workspace/cargo-home" RUSTUP_HOME="/workspace/rustup-home" "/workspace/cargo-home/bin/cargo" "+beta-2023-12-22" "fetch" "--manifest-path" "Cargo.toml", kill_on_drop: false }`
[INFO] [stderr]     Blocking waiting for file lock on package cache
[INFO] [stderr]     Blocking waiting for file lock on package cache
[ERROR] error running command: no output for 300 seconds
[INFO] testing MinisculeGirraffe/tdl against beta-2023-12-22 for beta-1.76-1
[INFO] running `Command { std: "git" "clone" "/workspace/cache/git-repos/https%3A%2F%2Fgithub.com%2FMinisculeGirraffe%2Ftdl" "/workspace/builds/worker-4-tc2/source", kill_on_drop: false }`
[INFO] [stderr] Cloning into '/workspace/builds/worker-4-tc2/source'...
[INFO] [stderr] done.
[INFO] validating manifest of git repo https://github.com/MinisculeGirraffe/tdl on toolchain beta-2023-12-22
[INFO] running `Command { std: CARGO_HOME="/workspace/cargo-home" RUSTUP_HOME="/workspace/rustup-home" "/workspace/cargo-home/bin/cargo" "+beta-2023-12-22" "metadata" "--manifest-path" "Cargo.toml" "--no-deps", kill_on_drop: false }`
[INFO] started tweaking git repo https://github.com/MinisculeGirraffe/tdl
[INFO] finished tweaking git repo https://github.com/MinisculeGirraffe/tdl
[INFO] tweaked toml for git repo https://github.com/MinisculeGirraffe/tdl written to /workspace/builds/worker-4-tc2/source/Cargo.toml
[INFO] crate git repo https://github.com/MinisculeGirraffe/tdl already has a lockfile, it will not be regenerated
[INFO] running `Command { std: CARGO_HOME="/workspace/cargo-home" RUSTUP_HOME="/workspace/rustup-home" "/workspace/cargo-home/bin/cargo" "+beta-2023-12-22" "fetch" "--manifest-path" "Cargo.toml", kill_on_drop: false }`
[INFO] [stderr]     Blocking waiting for file lock on package cache
[INFO] [stderr]     Blocking waiting for file lock on package cache
[ERROR] error running command: no output for 300 seconds
[ERROR] this task or one of its parent failed!
[ERROR] no output for 300 seconds
[ERROR] note: run with `RUST_BACKTRACE=1` to display a backtrace.
