[INFO] cloning repository https://github.com/MadsKodehode/pig-latin-gen
[INFO] running `Command { std: "git" "-c" "credential.helper=" "-c" "credential.helper=/workspace/cargo-home/bin/git-credential-null" "clone" "--bare" "https://github.com/MadsKodehode/pig-latin-gen" "/workspace/cache/git-repos/https%3A%2F%2Fgithub.com%2FMadsKodehode%2Fpig-latin-gen", kill_on_drop: false }`
[INFO] [stderr] Cloning into bare repository '/workspace/cache/git-repos/https%3A%2F%2Fgithub.com%2FMadsKodehode%2Fpig-latin-gen'...
[INFO] running `Command { std: "git" "rev-parse" "HEAD", kill_on_drop: false }`
[INFO] [stdout] 7eae2d964bbe9760ae9f3edafc33bf46b43c8873
[INFO] testing MadsKodehode/pig-latin-gen against 1.75.0 for beta-1.76-1
[INFO] running `Command { std: "git" "clone" "/workspace/cache/git-repos/https%3A%2F%2Fgithub.com%2FMadsKodehode%2Fpig-latin-gen" "/workspace/builds/worker-1-tc1/source", kill_on_drop: false }`
[INFO] [stderr] Cloning into '/workspace/builds/worker-1-tc1/source'...
[INFO] [stderr] done.
[INFO] validating manifest of git repo https://github.com/MadsKodehode/pig-latin-gen on toolchain 1.75.0
[INFO] running `Command { std: CARGO_HOME="/workspace/cargo-home" RUSTUP_HOME="/workspace/rustup-home" "/workspace/cargo-home/bin/cargo" "+1.75.0" "metadata" "--manifest-path" "Cargo.toml" "--no-deps", kill_on_drop: false }`
[INFO] started tweaking git repo https://github.com/MadsKodehode/pig-latin-gen
[INFO] finished tweaking git repo https://github.com/MadsKodehode/pig-latin-gen
[INFO] tweaked toml for git repo https://github.com/MadsKodehode/pig-latin-gen written to /workspace/builds/worker-1-tc1/source/Cargo.toml
[INFO] crate git repo https://github.com/MadsKodehode/pig-latin-gen already has a lockfile, it will not be regenerated
[INFO] running `Command { std: CARGO_HOME="/workspace/cargo-home" RUSTUP_HOME="/workspace/rustup-home" "/workspace/cargo-home/bin/cargo" "+1.75.0" "fetch" "--manifest-path" "Cargo.toml", kill_on_drop: false }`
[INFO] [stderr]     Blocking waiting for file lock on package cache
[ERROR] error running command: no output for 300 seconds
[ERROR] this task or one of its parent failed!
[ERROR] no output for 300 seconds
[ERROR] note: run with `RUST_BACKTRACE=1` to display a backtrace.
[INFO] testing MadsKodehode/pig-latin-gen against beta-2023-12-22 for beta-1.76-1
[INFO] running `Command { std: "git" "clone" "/workspace/cache/git-repos/https%3A%2F%2Fgithub.com%2FMadsKodehode%2Fpig-latin-gen" "/workspace/builds/worker-1-tc2/source", kill_on_drop: false }`
[INFO] [stderr] Cloning into '/workspace/builds/worker-1-tc2/source'...
[INFO] [stderr] done.
[INFO] validating manifest of git repo https://github.com/MadsKodehode/pig-latin-gen on toolchain beta-2023-12-22
[INFO] running `Command { std: CARGO_HOME="/workspace/cargo-home" RUSTUP_HOME="/workspace/rustup-home" "/workspace/cargo-home/bin/cargo" "+beta-2023-12-22" "metadata" "--manifest-path" "Cargo.toml" "--no-deps", kill_on_drop: false }`
[INFO] started tweaking git repo https://github.com/MadsKodehode/pig-latin-gen
[INFO] finished tweaking git repo https://github.com/MadsKodehode/pig-latin-gen
[INFO] tweaked toml for git repo https://github.com/MadsKodehode/pig-latin-gen written to /workspace/builds/worker-1-tc2/source/Cargo.toml
[INFO] crate git repo https://github.com/MadsKodehode/pig-latin-gen already has a lockfile, it will not be regenerated
[INFO] running `Command { std: CARGO_HOME="/workspace/cargo-home" RUSTUP_HOME="/workspace/rustup-home" "/workspace/cargo-home/bin/cargo" "+beta-2023-12-22" "fetch" "--manifest-path" "Cargo.toml", kill_on_drop: false }`
[INFO] [stderr]     Blocking waiting for file lock on package cache
[INFO] [stderr]     Blocking waiting for file lock on package cache
[INFO] running `Command { std: "docker" "create" "-v" "/var/lib/crater-agent-workspace/builds/worker-1-tc2/target:/opt/rustwide/target:rw,Z" "-v" "/var/lib/crater-agent-workspace/builds/worker-1-tc2/source:/opt/rustwide/workdir:ro,Z" "-v" "/var/lib/crater-agent-workspace/cargo-home:/opt/rustwide/cargo-home:ro,Z" "-v" "/var/lib/crater-agent-workspace/rustup-home:/opt/rustwide/rustup-home:ro,Z" "-e" "SOURCE_DIR=/opt/rustwide/workdir" "-e" "CARGO_TARGET_DIR=/opt/rustwide/target" "-e" "CARGO_HOME=/opt/rustwide/cargo-home" "-e" "RUSTUP_HOME=/opt/rustwide/rustup-home" "-w" "/opt/rustwide/workdir" "-m" "1610612736" "--user" "0:0" "--network" "none" "ghcr.io/rust-lang/crates-build-env/linux@sha256:2788e3201cd34a07e3172128adcd8b3090168a8e3bcc40d7c032b9dda1df7d1c" "/opt/rustwide/cargo-home/bin/cargo" "+beta-2023-12-22" "metadata" "--no-deps" "--format-version=1", kill_on_drop: false }`
[INFO] [stdout] ff9e5fee46d3189e7c1808153e4c903ce91f2c067e4c60b7c43ffcccbf5e6556
[INFO] running `Command { std: "docker" "start" "-a" "ff9e5fee46d3189e7c1808153e4c903ce91f2c067e4c60b7c43ffcccbf5e6556", kill_on_drop: false }`
[INFO] running `Command { std: "docker" "inspect" "ff9e5fee46d3189e7c1808153e4c903ce91f2c067e4c60b7c43ffcccbf5e6556", kill_on_drop: false }`
[INFO] running `Command { std: "docker" "rm" "-f" "ff9e5fee46d3189e7c1808153e4c903ce91f2c067e4c60b7c43ffcccbf5e6556", kill_on_drop: false }`
[INFO] [stdout] ff9e5fee46d3189e7c1808153e4c903ce91f2c067e4c60b7c43ffcccbf5e6556
[INFO] running `Command { std: "docker" "create" "-v" "/var/lib/crater-agent-workspace/builds/worker-1-tc2/target:/opt/rustwide/target:rw,Z" "-v" "/var/lib/crater-agent-workspace/builds/worker-1-tc2/source:/opt/rustwide/workdir:ro,Z" "-v" "/var/lib/crater-agent-workspace/cargo-home:/opt/rustwide/cargo-home:ro,Z" "-v" "/var/lib/crater-agent-workspace/rustup-home:/opt/rustwide/rustup-home:ro,Z" "-e" "SOURCE_DIR=/opt/rustwide/workdir" "-e" "CARGO_TARGET_DIR=/opt/rustwide/target" "-e" "CARGO_INCREMENTAL=0" "-e" "RUST_BACKTRACE=full" "-e" "RUSTFLAGS=--cap-lints=warn" "-e" "RUSTDOCFLAGS=--cap-lints=warn" "-e" "CARGO_HOME=/opt/rustwide/cargo-home" "-e" "RUSTUP_HOME=/opt/rustwide/rustup-home" "-w" "/opt/rustwide/workdir" "-m" "1610612736" "--user" "0:0" "--network" "none" "ghcr.io/rust-lang/crates-build-env/linux@sha256:2788e3201cd34a07e3172128adcd8b3090168a8e3bcc40d7c032b9dda1df7d1c" "/opt/rustwide/cargo-home/bin/cargo" "+beta-2023-12-22" "build" "--frozen" "--message-format=json", kill_on_drop: false }`
[INFO] [stdout] f72d0d9a44d4742c3895b7026768818164c4f45ed942ee70ecd766b3b0692ff8
[INFO] running `Command { std: "docker" "start" "-a" "f72d0d9a44d4742c3895b7026768818164c4f45ed942ee70ecd766b3b0692ff8", kill_on_drop: false }`
[INFO] [stderr]    Compiling aho-corasick v1.0.4
[INFO] [stderr]    Compiling regex-automata v0.3.7
[INFO] [stderr]    Compiling regex v1.9.4
[INFO] [stderr]    Compiling pig_latin v0.1.0 (/opt/rustwide/workdir)
[INFO] [stderr]     Finished dev [unoptimized + debuginfo] target(s) in 7.85s
[INFO] running `Command { std: "docker" "inspect" "f72d0d9a44d4742c3895b7026768818164c4f45ed942ee70ecd766b3b0692ff8", kill_on_drop: false }`
[INFO] running `Command { std: "docker" "rm" "-f" "f72d0d9a44d4742c3895b7026768818164c4f45ed942ee70ecd766b3b0692ff8", kill_on_drop: false }`
[INFO] [stdout] f72d0d9a44d4742c3895b7026768818164c4f45ed942ee70ecd766b3b0692ff8
[INFO] running `Command { std: "docker" "create" "-v" "/var/lib/crater-agent-workspace/builds/worker-1-tc2/target:/opt/rustwide/target:rw,Z" "-v" "/var/lib/crater-agent-workspace/builds/worker-1-tc2/source:/opt/rustwide/workdir:ro,Z" "-v" "/var/lib/crater-agent-workspace/cargo-home:/opt/rustwide/cargo-home:ro,Z" "-v" "/var/lib/crater-agent-workspace/rustup-home:/opt/rustwide/rustup-home:ro,Z" "-e" "SOURCE_DIR=/opt/rustwide/workdir" "-e" "CARGO_TARGET_DIR=/opt/rustwide/target" "-e" "CARGO_INCREMENTAL=0" "-e" "RUST_BACKTRACE=full" "-e" "RUSTFLAGS=--cap-lints=warn" "-e" "RUSTDOCFLAGS=--cap-lints=warn" "-e" "CARGO_HOME=/opt/rustwide/cargo-home" "-e" "RUSTUP_HOME=/opt/rustwide/rustup-home" "-w" "/opt/rustwide/workdir" "-m" "1610612736" "--user" "0:0" "--network" "none" "ghcr.io/rust-lang/crates-build-env/linux@sha256:2788e3201cd34a07e3172128adcd8b3090168a8e3bcc40d7c032b9dda1df7d1c" "/opt/rustwide/cargo-home/bin/cargo" "+beta-2023-12-22" "test" "--frozen" "--no-run" "--message-format=json", kill_on_drop: false }`
[INFO] [stdout] 965fc427c7322a5c71c1f54fbaaa1e7bee39406f049eb6245ab257cb1ec19854
[INFO] running `Command { std: "docker" "start" "-a" "965fc427c7322a5c71c1f54fbaaa1e7bee39406f049eb6245ab257cb1ec19854", kill_on_drop: false }`
[INFO] [stderr]    Compiling pig_latin v0.1.0 (/opt/rustwide/workdir)
[INFO] [stderr]     Finished test [unoptimized + debuginfo] target(s) in 0.38s
[INFO] running `Command { std: "docker" "inspect" "965fc427c7322a5c71c1f54fbaaa1e7bee39406f049eb6245ab257cb1ec19854", kill_on_drop: false }`
[INFO] running `Command { std: "docker" "rm" "-f" "965fc427c7322a5c71c1f54fbaaa1e7bee39406f049eb6245ab257cb1ec19854", kill_on_drop: false }`
[INFO] [stdout] 965fc427c7322a5c71c1f54fbaaa1e7bee39406f049eb6245ab257cb1ec19854
[INFO] running `Command { std: "docker" "create" "-v" "/var/lib/crater-agent-workspace/builds/worker-1-tc2/target:/opt/rustwide/target:rw,Z" "-v" "/var/lib/crater-agent-workspace/builds/worker-1-tc2/source:/opt/rustwide/workdir:ro,Z" "-v" "/var/lib/crater-agent-workspace/cargo-home:/opt/rustwide/cargo-home:ro,Z" "-v" "/var/lib/crater-agent-workspace/rustup-home:/opt/rustwide/rustup-home:ro,Z" "-e" "SOURCE_DIR=/opt/rustwide/workdir" "-e" "CARGO_TARGET_DIR=/opt/rustwide/target" "-e" "CARGO_INCREMENTAL=0" "-e" "RUST_BACKTRACE=full" "-e" "RUSTFLAGS=--cap-lints=warn" "-e" "RUSTDOCFLAGS=--cap-lints=warn" "-e" "CARGO_HOME=/opt/rustwide/cargo-home" "-e" "RUSTUP_HOME=/opt/rustwide/rustup-home" "-w" "/opt/rustwide/workdir" "-m" "1610612736" "--user" "0:0" "--network" "none" "ghcr.io/rust-lang/crates-build-env/linux@sha256:2788e3201cd34a07e3172128adcd8b3090168a8e3bcc40d7c032b9dda1df7d1c" "/opt/rustwide/cargo-home/bin/cargo" "+beta-2023-12-22" "test" "--frozen", kill_on_drop: false }`
[INFO] [stdout] 15c94f275e49fdcf1a5a645a7d7ac3e54cad23f2faa9f2e4cf90cd0295a64650
[INFO] running `Command { std: "docker" "start" "-a" "15c94f275e49fdcf1a5a645a7d7ac3e54cad23f2faa9f2e4cf90cd0295a64650", kill_on_drop: false }`
[INFO] [stderr]     Finished test [unoptimized + debuginfo] target(s) in 0.01s
[INFO] [stderr]      Running unittests src/main.rs (/opt/rustwide/target/debug/deps/pig_latin-ecef096a190d484c)
[INFO] [stdout] 
[INFO] [stdout] running 0 tests
[INFO] [stdout] 
[INFO] [stdout] test result: ok. 0 passed; 0 failed; 0 ignored; 0 measured; 0 filtered out; finished in 0.00s
[INFO] [stdout] 
[INFO] running `Command { std: "docker" "inspect" "15c94f275e49fdcf1a5a645a7d7ac3e54cad23f2faa9f2e4cf90cd0295a64650", kill_on_drop: false }`
[INFO] running `Command { std: "docker" "rm" "-f" "15c94f275e49fdcf1a5a645a7d7ac3e54cad23f2faa9f2e4cf90cd0295a64650", kill_on_drop: false }`
[INFO] [stdout] 15c94f275e49fdcf1a5a645a7d7ac3e54cad23f2faa9f2e4cf90cd0295a64650
