[INFO] cloning repository https://github.com/LooMaclin/perturabo
[INFO] running `Command { std: "git" "-c" "credential.helper=" "-c" "credential.helper=/workspace/cargo-home/bin/git-credential-null" "clone" "--bare" "https://github.com/LooMaclin/perturabo" "/workspace/cache/git-repos/https%3A%2F%2Fgithub.com%2FLooMaclin%2Fperturabo", kill_on_drop: false }`
[INFO] [stderr] Cloning into bare repository '/workspace/cache/git-repos/https%3A%2F%2Fgithub.com%2FLooMaclin%2Fperturabo'...
[INFO] running `Command { std: "git" "rev-parse" "HEAD", kill_on_drop: false }`
[INFO] [stdout] cef8084c93a5bff3d9a297ec9df56860b4c88325
[INFO] testing LooMaclin/perturabo against 1.75.0 for beta-1.76-1
[INFO] running `Command { std: "git" "clone" "/workspace/cache/git-repos/https%3A%2F%2Fgithub.com%2FLooMaclin%2Fperturabo" "/workspace/builds/worker-5-tc1/source", kill_on_drop: false }`
[INFO] [stderr] Cloning into '/workspace/builds/worker-5-tc1/source'...
[INFO] [stderr] done.
[INFO] validating manifest of git repo https://github.com/LooMaclin/perturabo on toolchain 1.75.0
[INFO] running `Command { std: CARGO_HOME="/workspace/cargo-home" RUSTUP_HOME="/workspace/rustup-home" "/workspace/cargo-home/bin/cargo" "+1.75.0" "metadata" "--manifest-path" "Cargo.toml" "--no-deps", kill_on_drop: false }`
[INFO] started tweaking git repo https://github.com/LooMaclin/perturabo
[INFO] finished tweaking git repo https://github.com/LooMaclin/perturabo
[INFO] tweaked toml for git repo https://github.com/LooMaclin/perturabo written to /workspace/builds/worker-5-tc1/source/Cargo.toml
[INFO] crate git repo https://github.com/LooMaclin/perturabo already has a lockfile, it will not be regenerated
[INFO] running `Command { std: CARGO_HOME="/workspace/cargo-home" RUSTUP_HOME="/workspace/rustup-home" "/workspace/cargo-home/bin/cargo" "+1.75.0" "fetch" "--manifest-path" "Cargo.toml", kill_on_drop: false }`
[INFO] [stderr]     Blocking waiting for file lock on package cache
[ERROR] error running command: no output for 300 seconds
[ERROR] this task or one of its parent failed!
[ERROR] no output for 300 seconds
[ERROR] note: run with `RUST_BACKTRACE=1` to display a backtrace.
[INFO] testing LooMaclin/perturabo against beta-2023-12-22 for beta-1.76-1
[INFO] running `Command { std: "git" "clone" "/workspace/cache/git-repos/https%3A%2F%2Fgithub.com%2FLooMaclin%2Fperturabo" "/workspace/builds/worker-5-tc2/source", kill_on_drop: false }`
[INFO] [stderr] Cloning into '/workspace/builds/worker-5-tc2/source'...
[INFO] [stderr] done.
[INFO] validating manifest of git repo https://github.com/LooMaclin/perturabo on toolchain beta-2023-12-22
[INFO] running `Command { std: CARGO_HOME="/workspace/cargo-home" RUSTUP_HOME="/workspace/rustup-home" "/workspace/cargo-home/bin/cargo" "+beta-2023-12-22" "metadata" "--manifest-path" "Cargo.toml" "--no-deps", kill_on_drop: false }`
[INFO] started tweaking git repo https://github.com/LooMaclin/perturabo
[INFO] finished tweaking git repo https://github.com/LooMaclin/perturabo
[INFO] tweaked toml for git repo https://github.com/LooMaclin/perturabo written to /workspace/builds/worker-5-tc2/source/Cargo.toml
[INFO] crate git repo https://github.com/LooMaclin/perturabo already has a lockfile, it will not be regenerated
[INFO] running `Command { std: CARGO_HOME="/workspace/cargo-home" RUSTUP_HOME="/workspace/rustup-home" "/workspace/cargo-home/bin/cargo" "+beta-2023-12-22" "fetch" "--manifest-path" "Cargo.toml", kill_on_drop: false }`
[INFO] [stderr]     Blocking waiting for file lock on package cache
[INFO] [stderr]     Updating git repository `https://github.com/not-fl3/megaui.git`
[INFO] [stderr]     Blocking waiting for file lock on package cache
[ERROR] error running command: no output for 300 seconds
[INFO] testing LooMaclin/perturabo against beta-2023-12-22 for beta-1.76-1
[INFO] running `Command { std: "git" "clone" "/workspace/cache/git-repos/https%3A%2F%2Fgithub.com%2FLooMaclin%2Fperturabo" "/workspace/builds/worker-5-tc2/source", kill_on_drop: false }`
[INFO] [stderr] Cloning into '/workspace/builds/worker-5-tc2/source'...
[INFO] [stderr] done.
[INFO] validating manifest of git repo https://github.com/LooMaclin/perturabo on toolchain beta-2023-12-22
[INFO] running `Command { std: CARGO_HOME="/workspace/cargo-home" RUSTUP_HOME="/workspace/rustup-home" "/workspace/cargo-home/bin/cargo" "+beta-2023-12-22" "metadata" "--manifest-path" "Cargo.toml" "--no-deps", kill_on_drop: false }`
[INFO] started tweaking git repo https://github.com/LooMaclin/perturabo
[INFO] finished tweaking git repo https://github.com/LooMaclin/perturabo
[INFO] tweaked toml for git repo https://github.com/LooMaclin/perturabo written to /workspace/builds/worker-5-tc2/source/Cargo.toml
[INFO] crate git repo https://github.com/LooMaclin/perturabo already has a lockfile, it will not be regenerated
[INFO] running `Command { std: CARGO_HOME="/workspace/cargo-home" RUSTUP_HOME="/workspace/rustup-home" "/workspace/cargo-home/bin/cargo" "+beta-2023-12-22" "fetch" "--manifest-path" "Cargo.toml", kill_on_drop: false }`
[INFO] [stderr]     Blocking waiting for file lock on package cache
[INFO] [stderr]     Blocking waiting for file lock on package cache
[INFO] [stderr]  Downloading crates ...
[INFO] [stderr]   Downloaded rusttype v0.7.6
[INFO] [stderr]   Downloaded smart-default v0.3.0
[INFO] [stderr]   Downloaded libloading v0.5.1
[INFO] [stderr]   Downloaded nix v0.13.0
[INFO] [stderr]   Downloaded libc v0.2.57
[INFO] [stderr]   Downloaded wayland-sys v0.23.3
[INFO] [stderr]   Downloaded wayland-commons v0.23.3
[INFO] [stderr]   Downloaded wayland-scanner v0.23.3
[INFO] [stderr]   Downloaded wayland-protocols v0.23.3
[INFO] [stderr]   Downloaded smithay-client-toolkit v0.6.1
[INFO] [stderr]   Downloaded wayland-client v0.23.3
[INFO] running `Command { std: "docker" "create" "-v" "/var/lib/crater-agent-workspace/builds/worker-5-tc2/target:/opt/rustwide/target:rw,Z" "-v" "/var/lib/crater-agent-workspace/builds/worker-5-tc2/source:/opt/rustwide/workdir:ro,Z" "-v" "/var/lib/crater-agent-workspace/cargo-home:/opt/rustwide/cargo-home:ro,Z" "-v" "/var/lib/crater-agent-workspace/rustup-home:/opt/rustwide/rustup-home:ro,Z" "-e" "SOURCE_DIR=/opt/rustwide/workdir" "-e" "CARGO_TARGET_DIR=/opt/rustwide/target" "-e" "CARGO_HOME=/opt/rustwide/cargo-home" "-e" "RUSTUP_HOME=/opt/rustwide/rustup-home" "-w" "/opt/rustwide/workdir" "-m" "1610612736" "--user" "0:0" "--network" "none" "ghcr.io/rust-lang/crates-build-env/linux@sha256:2788e3201cd34a07e3172128adcd8b3090168a8e3bcc40d7c032b9dda1df7d1c" "/opt/rustwide/cargo-home/bin/cargo" "+beta-2023-12-22" "metadata" "--no-deps" "--format-version=1", kill_on_drop: false }`
[INFO] [stdout] b2b41b81970d2c54513a7b7d239f8d8cae42d7caf64e8bb38021f7264462eaa7
[INFO] running `Command { std: "docker" "start" "-a" "b2b41b81970d2c54513a7b7d239f8d8cae42d7caf64e8bb38021f7264462eaa7", kill_on_drop: false }`
[INFO] running `Command { std: "docker" "inspect" "b2b41b81970d2c54513a7b7d239f8d8cae42d7caf64e8bb38021f7264462eaa7", kill_on_drop: false }`
[INFO] running `Command { std: "docker" "rm" "-f" "b2b41b81970d2c54513a7b7d239f8d8cae42d7caf64e8bb38021f7264462eaa7", kill_on_drop: false }`
[INFO] [stdout] b2b41b81970d2c54513a7b7d239f8d8cae42d7caf64e8bb38021f7264462eaa7
[INFO] running `Command { std: "docker" "create" "-v" "/var/lib/crater-agent-workspace/builds/worker-5-tc2/target:/opt/rustwide/target:rw,Z" "-v" "/var/lib/crater-agent-workspace/builds/worker-5-tc2/source:/opt/rustwide/workdir:ro,Z" "-v" "/var/lib/crater-agent-workspace/cargo-home:/opt/rustwide/cargo-home:ro,Z" "-v" "/var/lib/crater-agent-workspace/rustup-home:/opt/rustwide/rustup-home:ro,Z" "-e" "SOURCE_DIR=/opt/rustwide/workdir" "-e" "CARGO_TARGET_DIR=/opt/rustwide/target" "-e" "CARGO_INCREMENTAL=0" "-e" "RUST_BACKTRACE=full" "-e" "RUSTFLAGS=--cap-lints=warn" "-e" "RUSTDOCFLAGS=--cap-lints=warn" "-e" "CARGO_HOME=/opt/rustwide/cargo-home" "-e" "RUSTUP_HOME=/opt/rustwide/rustup-home" "-w" "/opt/rustwide/workdir" "-m" "1610612736" "--user" "0:0" "--network" "none" "ghcr.io/rust-lang/crates-build-env/linux@sha256:2788e3201cd34a07e3172128adcd8b3090168a8e3bcc40d7c032b9dda1df7d1c" "/opt/rustwide/cargo-home/bin/cargo" "+beta-2023-12-22" "build" "--frozen" "--message-format=json", kill_on_drop: false }`
[INFO] [stdout] 4bb6daf2ac4c0871f43878dd1d368db5eb6b351e23f68bf7cfc6f6e64d6caf2d
[INFO] running `Command { std: "docker" "start" "-a" "4bb6daf2ac4c0871f43878dd1d368db5eb6b351e23f68bf7cfc6f6e64d6caf2d", kill_on_drop: false }`
[INFO] [stderr]    Compiling proc-macro2 v0.4.30
[INFO] [stderr]    Compiling unicode-xid v0.1.0
[INFO] [stderr]    Compiling autocfg v0.1.4
[INFO] [stderr]    Compiling libc v0.2.57
[INFO] [stderr]    Compiling xml-rs v0.8.0
[INFO] [stderr]    Compiling cc v1.0.37
[INFO] [stderr]    Compiling nix v0.13.0
[INFO] [stderr]    Compiling byteorder v1.3.1
[INFO] [stderr]    Compiling bitflags v1.0.4
[INFO] [stderr]    Compiling cfg-if v0.1.9
[INFO] [stderr]    Compiling void v1.0.2
[INFO] [stderr]    Compiling arrayvec v0.4.10
[INFO] [stderr]    Compiling nodrop v0.1.13
[INFO] [stderr]    Compiling syn v0.15.34
[INFO] [stderr]    Compiling same-file v1.0.4
[INFO] [stderr]    Compiling downcast-rs v1.0.4
[INFO] [stderr]    Compiling cgmath v0.16.1
[INFO] [stderr]    Compiling approx v0.1.1
[INFO] [stderr]    Compiling xdg v2.2.0
[INFO] [stderr]    Compiling lazy_static v1.3.0
[INFO] [stderr]    Compiling walkdir v2.2.7
[INFO] [stderr]    Compiling either v1.5.2
[INFO] [stderr]    Compiling itertools v0.8.0
[INFO] [stderr]    Compiling num-traits v0.2.8
[INFO] [stderr]    Compiling stb_truetype v0.2.6
[INFO] [stderr]    Compiling libloading v0.5.1
[INFO] [stderr]    Compiling quote v0.6.12
[INFO] [stderr]    Compiling rand v0.4.6
[INFO] [stderr]    Compiling memmap v0.7.0
[INFO] [stderr]    Compiling wayland-scanner v0.23.3
[INFO] [stderr]    Compiling dlib v0.4.1
[INFO] [stderr]    Compiling ordered-float v1.0.2
[INFO] [stderr]    Compiling approx v0.3.2
[INFO] [stderr]    Compiling line_drawing v0.7.0
[INFO] [stderr]    Compiling num-traits v0.1.43
[INFO] [stderr]    Compiling wayland-sys v0.23.3
[INFO] [stderr]    Compiling rusttype v0.7.6
[INFO] [stderr]    Compiling andrew v0.2.1
[INFO] [stderr]    Compiling wayland-client v0.23.3
[INFO] [stderr]    Compiling wayland-protocols v0.23.3
[INFO] [stderr]    Compiling smart-default v0.3.0
[INFO] [stderr]    Compiling wayland-commons v0.23.3
[INFO] [stderr]    Compiling megaui v0.1.0 (https://github.com/not-fl3/megaui.git#94f21a65)
[INFO] [stderr]    Compiling smithay-client-toolkit v0.6.1
[INFO] [stderr]    Compiling perturabo v0.1.0 (/opt/rustwide/workdir)
[INFO] [stdout] warning: unused import: `megaui::Context`
[INFO] [stdout]   --> src/main.rs:12:5
[INFO] [stdout]    |
[INFO] [stdout] 12 | use megaui::Context;
[INFO] [stdout]    |     ^^^^^^^^^^^^^^^
[INFO] [stdout]    |
[INFO] [stdout]    = note: `#[warn(unused_imports)]` on by default
[INFO] [stdout] 
[INFO] [stdout] 
[INFO] [stdout] warning: unused import: `sync_channel`
[INFO] [stdout]   --> src/main.rs:24:32
[INFO] [stdout]    |
[INFO] [stdout] 24 | use std::sync::mpsc::{channel, sync_channel};
[INFO] [stdout]    |                                ^^^^^^^^^^^^
[INFO] [stdout] 
[INFO] [stdout] 
[INFO] [stdout] warning: unused variable: `a`
[INFO] [stdout]   --> src/draw.rs:39:27
[INFO] [stdout]    |
[INFO] [stdout] 39 |             let (r, g, b, a) = color.to_rgba();
[INFO] [stdout]    |                           ^ help: if this is intentional, prefix it with an underscore: `_a`
[INFO] [stdout]    |
[INFO] [stdout]    = note: `#[warn(unused_variables)]` on by default
[INFO] [stdout] 
[INFO] [stdout] 
[INFO] [stdout] warning: function `draw_point` is never used
[INFO] [stdout]    --> src/main.rs:283:4
[INFO] [stdout]     |
[INFO] [stdout] 283 | fn draw_point(buf: &mut [u8], x: u32, y: u32, w: u32) {
[INFO] [stdout]     |    ^^^^^^^^^^
[INFO] [stdout]     |
[INFO] [stdout]     = note: `#[warn(dead_code)]` on by default
[INFO] [stdout] 
[INFO] [stdout] 
[INFO] [stdout] warning: unused `Result` that must be used
[INFO] [stdout]    --> src/main.rs:170:29
[INFO] [stdout]     |
[INFO] [stdout] 170 | ...                   mouse_events_sender.send(MouseEvent::Pressed(mouse_position));
[INFO] [stdout]     |                       ^^^^^^^^^^^^^^^^^^^^^^^^^^^^^^^^^^^^^^^^^^^^^^^^^^^^^^^^^^^^^
[INFO] [stdout]     |
[INFO] [stdout]     = note: this `Result` may be an `Err` variant, which should be handled
[INFO] [stdout]     = note: `#[warn(unused_must_use)]` on by default
[INFO] [stdout] help: use `let _ = ...` to ignore the resulting value
[INFO] [stdout]     |
[INFO] [stdout] 170 |                             let _ = mouse_events_sender.send(MouseEvent::Pressed(mouse_position));
[INFO] [stdout]     |                             +++++++
[INFO] [stdout] 
[INFO] [stdout] 
[INFO] [stdout] warning: unused `Result` that must be used
[INFO] [stdout]    --> src/main.rs:173:29
[INFO] [stdout]     |
[INFO] [stdout] 173 | ...                   mouse_events_sender.send(MouseEvent::Up(mouse_position));
[INFO] [stdout]     |                       ^^^^^^^^^^^^^^^^^^^^^^^^^^^^^^^^^^^^^^^^^^^^^^^^^^^^^^^^
[INFO] [stdout]     |
[INFO] [stdout]     = note: this `Result` may be an `Err` variant, which should be handled
[INFO] [stdout] help: use `let _ = ...` to ignore the resulting value
[INFO] [stdout]     |
[INFO] [stdout] 173 |                             let _ = mouse_events_sender.send(MouseEvent::Up(mouse_position));
[INFO] [stdout]     |                             +++++++
[INFO] [stdout] 
[INFO] [stdout] 
[INFO] [stdout] warning: unused `Result` that must be used
[INFO] [stdout]    --> src/main.rs:186:21
[INFO] [stdout]     |
[INFO] [stdout] 186 |                     mouse_events_sender.send(MouseEvent::Move(mouse_position));
[INFO] [stdout]     |                     ^^^^^^^^^^^^^^^^^^^^^^^^^^^^^^^^^^^^^^^^^^^^^^^^^^^^^^^^^^
[INFO] [stdout]     |
[INFO] [stdout]     = note: this `Result` may be an `Err` variant, which should be handled
[INFO] [stdout] help: use `let _ = ...` to ignore the resulting value
[INFO] [stdout]     |
[INFO] [stdout] 186 |                     let _ = mouse_events_sender.send(MouseEvent::Move(mouse_position));
[INFO] [stdout]     |                     +++++++
[INFO] [stdout] 
[INFO] [stdout] 
[INFO] [stdout] warning: 7 warnings emitted
[INFO] [stdout] 
[INFO] [stdout] 
[INFO] [stderr]     Finished dev [unoptimized + debuginfo] target(s) in 40.75s
[INFO] running `Command { std: "docker" "inspect" "4bb6daf2ac4c0871f43878dd1d368db5eb6b351e23f68bf7cfc6f6e64d6caf2d", kill_on_drop: false }`
[INFO] running `Command { std: "docker" "rm" "-f" "4bb6daf2ac4c0871f43878dd1d368db5eb6b351e23f68bf7cfc6f6e64d6caf2d", kill_on_drop: false }`
[INFO] [stdout] 4bb6daf2ac4c0871f43878dd1d368db5eb6b351e23f68bf7cfc6f6e64d6caf2d
[INFO] running `Command { std: "docker" "create" "-v" "/var/lib/crater-agent-workspace/builds/worker-5-tc2/target:/opt/rustwide/target:rw,Z" "-v" "/var/lib/crater-agent-workspace/builds/worker-5-tc2/source:/opt/rustwide/workdir:ro,Z" "-v" "/var/lib/crater-agent-workspace/cargo-home:/opt/rustwide/cargo-home:ro,Z" "-v" "/var/lib/crater-agent-workspace/rustup-home:/opt/rustwide/rustup-home:ro,Z" "-e" "SOURCE_DIR=/opt/rustwide/workdir" "-e" "CARGO_TARGET_DIR=/opt/rustwide/target" "-e" "CARGO_INCREMENTAL=0" "-e" "RUST_BACKTRACE=full" "-e" "RUSTFLAGS=--cap-lints=warn" "-e" "RUSTDOCFLAGS=--cap-lints=warn" "-e" "CARGO_HOME=/opt/rustwide/cargo-home" "-e" "RUSTUP_HOME=/opt/rustwide/rustup-home" "-w" "/opt/rustwide/workdir" "-m" "1610612736" "--user" "0:0" "--network" "none" "ghcr.io/rust-lang/crates-build-env/linux@sha256:2788e3201cd34a07e3172128adcd8b3090168a8e3bcc40d7c032b9dda1df7d1c" "/opt/rustwide/cargo-home/bin/cargo" "+beta-2023-12-22" "test" "--frozen" "--no-run" "--message-format=json", kill_on_drop: false }`
[INFO] [stdout] 7089beb3cf2535d39715a5ec8eca80c089491fc0da9e47d31660a0a36d7ff707
[INFO] running `Command { std: "docker" "start" "-a" "7089beb3cf2535d39715a5ec8eca80c089491fc0da9e47d31660a0a36d7ff707", kill_on_drop: false }`
[INFO] [stderr]    Compiling perturabo v0.1.0 (/opt/rustwide/workdir)
[INFO] [stdout] warning: unused import: `megaui::Context`
[INFO] [stdout]   --> src/main.rs:12:5
[INFO] [stdout]    |
[INFO] [stdout] 12 | use megaui::Context;
[INFO] [stdout]    |     ^^^^^^^^^^^^^^^
[INFO] [stdout]    |
[INFO] [stdout]    = note: `#[warn(unused_imports)]` on by default
[INFO] [stdout] 
[INFO] [stdout] 
[INFO] [stdout] warning: unused import: `sync_channel`
[INFO] [stdout]   --> src/main.rs:24:32
[INFO] [stdout]    |
[INFO] [stdout] 24 | use std::sync::mpsc::{channel, sync_channel};
[INFO] [stdout]    |                                ^^^^^^^^^^^^
[INFO] [stdout] 
[INFO] [stdout] 
[INFO] [stdout] warning: unused variable: `a`
[INFO] [stdout]   --> src/draw.rs:39:27
[INFO] [stdout]    |
[INFO] [stdout] 39 |             let (r, g, b, a) = color.to_rgba();
[INFO] [stdout]    |                           ^ help: if this is intentional, prefix it with an underscore: `_a`
[INFO] [stdout]    |
[INFO] [stdout]    = note: `#[warn(unused_variables)]` on by default
[INFO] [stdout] 
[INFO] [stdout] 
[INFO] [stdout] warning: function `draw_point` is never used
[INFO] [stdout]    --> src/main.rs:283:4
[INFO] [stdout]     |
[INFO] [stdout] 283 | fn draw_point(buf: &mut [u8], x: u32, y: u32, w: u32) {
[INFO] [stdout]     |    ^^^^^^^^^^
[INFO] [stdout]     |
[INFO] [stdout]     = note: `#[warn(dead_code)]` on by default
[INFO] [stdout] 
[INFO] [stdout] 
[INFO] [stdout] warning: unused `Result` that must be used
[INFO] [stdout]    --> src/main.rs:170:29
[INFO] [stdout]     |
[INFO] [stdout] 170 | ...                   mouse_events_sender.send(MouseEvent::Pressed(mouse_position));
[INFO] [stdout]     |                       ^^^^^^^^^^^^^^^^^^^^^^^^^^^^^^^^^^^^^^^^^^^^^^^^^^^^^^^^^^^^^
[INFO] [stdout]     |
[INFO] [stdout]     = note: this `Result` may be an `Err` variant, which should be handled
[INFO] [stdout]     = note: `#[warn(unused_must_use)]` on by default
[INFO] [stdout] help: use `let _ = ...` to ignore the resulting value
[INFO] [stdout]     |
[INFO] [stdout] 170 |                             let _ = mouse_events_sender.send(MouseEvent::Pressed(mouse_position));
[INFO] [stdout]     |                             +++++++
[INFO] [stdout] 
[INFO] [stdout] 
[INFO] [stdout] warning: unused `Result` that must be used
[INFO] [stdout]    --> src/main.rs:173:29
[INFO] [stdout]     |
[INFO] [stdout] 173 | ...                   mouse_events_sender.send(MouseEvent::Up(mouse_position));
[INFO] [stdout]     |                       ^^^^^^^^^^^^^^^^^^^^^^^^^^^^^^^^^^^^^^^^^^^^^^^^^^^^^^^^
[INFO] [stdout]     |
[INFO] [stdout]     = note: this `Result` may be an `Err` variant, which should be handled
[INFO] [stdout] help: use `let _ = ...` to ignore the resulting value
[INFO] [stdout]     |
[INFO] [stdout] 173 |                             let _ = mouse_events_sender.send(MouseEvent::Up(mouse_position));
[INFO] [stdout]     |                             +++++++
[INFO] [stdout] 
[INFO] [stdout] 
[INFO] [stdout] warning: unused `Result` that must be used
[INFO] [stdout]    --> src/main.rs:186:21
[INFO] [stdout]     |
[INFO] [stdout] 186 |                     mouse_events_sender.send(MouseEvent::Move(mouse_position));
[INFO] [stdout]     |                     ^^^^^^^^^^^^^^^^^^^^^^^^^^^^^^^^^^^^^^^^^^^^^^^^^^^^^^^^^^
[INFO] [stdout]     |
[INFO] [stdout]     = note: this `Result` may be an `Err` variant, which should be handled
[INFO] [stdout] help: use `let _ = ...` to ignore the resulting value
[INFO] [stdout]     |
[INFO] [stdout] 186 |                     let _ = mouse_events_sender.send(MouseEvent::Move(mouse_position));
[INFO] [stdout]     |                     +++++++
[INFO] [stdout] 
[INFO] [stdout] 
[INFO] [stdout] warning: 7 warnings emitted
[INFO] [stdout] 
[INFO] [stdout] 
[INFO] [stderr]     Finished test [unoptimized + debuginfo] target(s) in 0.30s
[INFO] running `Command { std: "docker" "inspect" "7089beb3cf2535d39715a5ec8eca80c089491fc0da9e47d31660a0a36d7ff707", kill_on_drop: false }`
[INFO] running `Command { std: "docker" "rm" "-f" "7089beb3cf2535d39715a5ec8eca80c089491fc0da9e47d31660a0a36d7ff707", kill_on_drop: false }`
[INFO] [stdout] 7089beb3cf2535d39715a5ec8eca80c089491fc0da9e47d31660a0a36d7ff707
[INFO] running `Command { std: "docker" "create" "-v" "/var/lib/crater-agent-workspace/builds/worker-5-tc2/target:/opt/rustwide/target:rw,Z" "-v" "/var/lib/crater-agent-workspace/builds/worker-5-tc2/source:/opt/rustwide/workdir:ro,Z" "-v" "/var/lib/crater-agent-workspace/cargo-home:/opt/rustwide/cargo-home:ro,Z" "-v" "/var/lib/crater-agent-workspace/rustup-home:/opt/rustwide/rustup-home:ro,Z" "-e" "SOURCE_DIR=/opt/rustwide/workdir" "-e" "CARGO_TARGET_DIR=/opt/rustwide/target" "-e" "CARGO_INCREMENTAL=0" "-e" "RUST_BACKTRACE=full" "-e" "RUSTFLAGS=--cap-lints=warn" "-e" "RUSTDOCFLAGS=--cap-lints=warn" "-e" "CARGO_HOME=/opt/rustwide/cargo-home" "-e" "RUSTUP_HOME=/opt/rustwide/rustup-home" "-w" "/opt/rustwide/workdir" "-m" "1610612736" "--user" "0:0" "--network" "none" "ghcr.io/rust-lang/crates-build-env/linux@sha256:2788e3201cd34a07e3172128adcd8b3090168a8e3bcc40d7c032b9dda1df7d1c" "/opt/rustwide/cargo-home/bin/cargo" "+beta-2023-12-22" "test" "--frozen", kill_on_drop: false }`
[INFO] [stdout] 516ff07d3a8fb97ced0994e8024bf31d17941cc01107796e38333cb7213f34b5
[INFO] running `Command { std: "docker" "start" "-a" "516ff07d3a8fb97ced0994e8024bf31d17941cc01107796e38333cb7213f34b5", kill_on_drop: false }`
[INFO] [stderr] warning: unused import: `megaui::Context`
[INFO] [stderr]   --> src/main.rs:12:5
[INFO] [stderr]    |
[INFO] [stderr] 12 | use megaui::Context;
[INFO] [stderr]    |     ^^^^^^^^^^^^^^^
[INFO] [stderr]    |
[INFO] [stderr]    = note: `#[warn(unused_imports)]` on by default
[INFO] [stderr] 
[INFO] [stderr] warning: unused import: `sync_channel`
[INFO] [stderr]   --> src/main.rs:24:32
[INFO] [stderr]    |
[INFO] [stderr] 24 | use std::sync::mpsc::{channel, sync_channel};
[INFO] [stderr]    |                                ^^^^^^^^^^^^
[INFO] [stderr] 
[INFO] [stderr] warning: unused variable: `a`
[INFO] [stderr]   --> src/draw.rs:39:27
[INFO] [stderr]    |
[INFO] [stderr] 39 |             let (r, g, b, a) = color.to_rgba();
[INFO] [stderr]    |                           ^ help: if this is intentional, prefix it with an underscore: `_a`
[INFO] [stderr]    |
[INFO] [stderr]    = note: `#[warn(unused_variables)]` on by default
[INFO] [stderr] 
[INFO] [stderr] warning: function `draw_point` is never used
[INFO] [stderr]    --> src/main.rs:283:4
[INFO] [stderr]     |
[INFO] [stderr] 283 | fn draw_point(buf: &mut [u8], x: u32, y: u32, w: u32) {
[INFO] [stderr]     |    ^^^^^^^^^^
[INFO] [stderr]     |
[INFO] [stderr]     = note: `#[warn(dead_code)]` on by default
[INFO] [stderr] 
[INFO] [stderr] warning: unused `Result` that must be used
[INFO] [stderr]    --> src/main.rs:170:29
[INFO] [stderr]     |
[INFO] [stderr] 170 | ...                   mouse_events_sender.send(MouseEvent::Pressed(mouse_position));
[INFO] [stderr]     |                       ^^^^^^^^^^^^^^^^^^^^^^^^^^^^^^^^^^^^^^^^^^^^^^^^^^^^^^^^^^^^^
[INFO] [stderr]     |
[INFO] [stderr]     = note: this `Result` may be an `Err` variant, which should be handled
[INFO] [stderr]     = note: `#[warn(unused_must_use)]` on by default
[INFO] [stderr] help: use `let _ = ...` to ignore the resulting value
[INFO] [stderr]     |
[INFO] [stderr] 170 |                             let _ = mouse_events_sender.send(MouseEvent::Pressed(mouse_position));
[INFO] [stderr]     |                             +++++++
[INFO] [stderr] 
[INFO] [stderr] warning: unused `Result` that must be used
[INFO] [stderr]    --> src/main.rs:173:29
[INFO] [stderr]     |
[INFO] [stderr] 173 | ...                   mouse_events_sender.send(MouseEvent::Up(mouse_position));
[INFO] [stderr]     |                       ^^^^^^^^^^^^^^^^^^^^^^^^^^^^^^^^^^^^^^^^^^^^^^^^^^^^^^^^
[INFO] [stderr]     |
[INFO] [stderr]     = note: this `Result` may be an `Err` variant, which should be handled
[INFO] [stderr] help: use `let _ = ...` to ignore the resulting value
[INFO] [stderr]     |
[INFO] [stderr] 173 |                             let _ = mouse_events_sender.send(MouseEvent::Up(mouse_position));
[INFO] [stderr]     |                             +++++++
[INFO] [stderr] 
[INFO] [stderr] warning: unused `Result` that must be used
[INFO] [stderr]    --> src/main.rs:186:21
[INFO] [stderr]     |
[INFO] [stderr] 186 |                     mouse_events_sender.send(MouseEvent::Move(mouse_position));
[INFO] [stderr]     |                     ^^^^^^^^^^^^^^^^^^^^^^^^^^^^^^^^^^^^^^^^^^^^^^^^^^^^^^^^^^
[INFO] [stderr]     |
[INFO] [stderr]     = note: this `Result` may be an `Err` variant, which should be handled
[INFO] [stderr] help: use `let _ = ...` to ignore the resulting value
[INFO] [stderr]     |
[INFO] [stderr] 186 |                     let _ = mouse_events_sender.send(MouseEvent::Move(mouse_position));
[INFO] [stderr]     |                     +++++++
[INFO] [stderr] 
[INFO] [stderr] warning: `perturabo` (bin "perturabo" test) generated 7 warnings (run `cargo fix --bin "perturabo" --tests` to apply 3 suggestions)
[INFO] [stderr]     Finished test [unoptimized + debuginfo] target(s) in 0.03s
[INFO] [stderr]      Running unittests src/main.rs (/opt/rustwide/target/debug/deps/perturabo-a5d2387ef2f00e1c)
[INFO] [stdout] 
[INFO] [stdout] running 0 tests
[INFO] [stdout] 
[INFO] [stdout] test result: ok. 0 passed; 0 failed; 0 ignored; 0 measured; 0 filtered out; finished in 0.00s
[INFO] [stdout] 
[INFO] running `Command { std: "docker" "inspect" "516ff07d3a8fb97ced0994e8024bf31d17941cc01107796e38333cb7213f34b5", kill_on_drop: false }`
[INFO] running `Command { std: "docker" "rm" "-f" "516ff07d3a8fb97ced0994e8024bf31d17941cc01107796e38333cb7213f34b5", kill_on_drop: false }`
[INFO] [stdout] 516ff07d3a8fb97ced0994e8024bf31d17941cc01107796e38333cb7213f34b5
