[INFO] cloning repository https://github.com/Linearity/listplay
[INFO] running `Command { std: "git" "-c" "credential.helper=" "-c" "credential.helper=/workspace/cargo-home/bin/git-credential-null" "clone" "--bare" "https://github.com/Linearity/listplay" "/workspace/cache/git-repos/https%3A%2F%2Fgithub.com%2FLinearity%2Flistplay", kill_on_drop: false }`
[INFO] [stderr] Cloning into bare repository '/workspace/cache/git-repos/https%3A%2F%2Fgithub.com%2FLinearity%2Flistplay'...
[INFO] running `Command { std: "git" "rev-parse" "HEAD", kill_on_drop: false }`
[INFO] [stdout] b64d81fbdf90aa0d5b268835df03b64f4ddbb2a6
[INFO] testing Linearity/listplay against 1.75.0 for beta-1.76-1
[INFO] running `Command { std: "git" "clone" "/workspace/cache/git-repos/https%3A%2F%2Fgithub.com%2FLinearity%2Flistplay" "/workspace/builds/worker-4-tc1/source", kill_on_drop: false }`
[INFO] [stderr] Cloning into '/workspace/builds/worker-4-tc1/source'...
[INFO] [stderr] done.
[INFO] validating manifest of git repo https://github.com/Linearity/listplay on toolchain 1.75.0
[INFO] running `Command { std: CARGO_HOME="/workspace/cargo-home" RUSTUP_HOME="/workspace/rustup-home" "/workspace/cargo-home/bin/cargo" "+1.75.0" "metadata" "--manifest-path" "Cargo.toml" "--no-deps", kill_on_drop: false }`
[INFO] started tweaking git repo https://github.com/Linearity/listplay
[INFO] finished tweaking git repo https://github.com/Linearity/listplay
[INFO] tweaked toml for git repo https://github.com/Linearity/listplay written to /workspace/builds/worker-4-tc1/source/Cargo.toml
[INFO] crate git repo https://github.com/Linearity/listplay already has a lockfile, it will not be regenerated
[INFO] running `Command { std: CARGO_HOME="/workspace/cargo-home" RUSTUP_HOME="/workspace/rustup-home" "/workspace/cargo-home/bin/cargo" "+1.75.0" "fetch" "--manifest-path" "Cargo.toml", kill_on_drop: false }`
[INFO] [stderr]     Blocking waiting for file lock on package cache
[ERROR] error running command: no output for 300 seconds
[ERROR] this task or one of its parent failed!
[ERROR] no output for 300 seconds
[ERROR] note: run with `RUST_BACKTRACE=1` to display a backtrace.
[INFO] testing Linearity/listplay against beta-2023-12-22 for beta-1.76-1
[INFO] running `Command { std: "git" "clone" "/workspace/cache/git-repos/https%3A%2F%2Fgithub.com%2FLinearity%2Flistplay" "/workspace/builds/worker-4-tc2/source", kill_on_drop: false }`
[INFO] [stderr] Cloning into '/workspace/builds/worker-4-tc2/source'...
[INFO] [stderr] done.
[INFO] validating manifest of git repo https://github.com/Linearity/listplay on toolchain beta-2023-12-22
[INFO] running `Command { std: CARGO_HOME="/workspace/cargo-home" RUSTUP_HOME="/workspace/rustup-home" "/workspace/cargo-home/bin/cargo" "+beta-2023-12-22" "metadata" "--manifest-path" "Cargo.toml" "--no-deps", kill_on_drop: false }`
[INFO] started tweaking git repo https://github.com/Linearity/listplay
[INFO] finished tweaking git repo https://github.com/Linearity/listplay
[INFO] tweaked toml for git repo https://github.com/Linearity/listplay written to /workspace/builds/worker-4-tc2/source/Cargo.toml
[INFO] crate git repo https://github.com/Linearity/listplay already has a lockfile, it will not be regenerated
[INFO] running `Command { std: CARGO_HOME="/workspace/cargo-home" RUSTUP_HOME="/workspace/rustup-home" "/workspace/cargo-home/bin/cargo" "+beta-2023-12-22" "fetch" "--manifest-path" "Cargo.toml", kill_on_drop: false }`
[INFO] [stderr]     Blocking waiting for file lock on package cache
[INFO] [stderr]     Updating crates.io index
[INFO] [stderr]     Blocking waiting for file lock on package cache
[INFO] [stderr]  Downloading crates ...
[INFO] [stderr]   Downloaded rspotify-macros v0.12.0
[INFO] [stderr]   Downloaded rspotify-model v0.12.0
[INFO] [stderr]   Downloaded rspotify-http v0.12.0
[INFO] [stderr]   Downloaded differ v1.0.4
[INFO] [stderr]   Downloaded cookie_store v0.20.0
[INFO] [stderr]   Downloaded lettre v0.11.1
[INFO] [stderr]   Downloaded chumsky v0.9.3
[INFO] [stderr]   Downloaded rspotify v0.12.0
[INFO] [stderr]   Downloaded quoted_printable v0.5.0
[INFO] running `Command { std: "docker" "create" "-v" "/var/lib/crater-agent-workspace/builds/worker-4-tc2/target:/opt/rustwide/target:rw,Z" "-v" "/var/lib/crater-agent-workspace/builds/worker-4-tc2/source:/opt/rustwide/workdir:ro,Z" "-v" "/var/lib/crater-agent-workspace/cargo-home:/opt/rustwide/cargo-home:ro,Z" "-v" "/var/lib/crater-agent-workspace/rustup-home:/opt/rustwide/rustup-home:ro,Z" "-e" "SOURCE_DIR=/opt/rustwide/workdir" "-e" "CARGO_TARGET_DIR=/opt/rustwide/target" "-e" "CARGO_HOME=/opt/rustwide/cargo-home" "-e" "RUSTUP_HOME=/opt/rustwide/rustup-home" "-w" "/opt/rustwide/workdir" "-m" "1610612736" "--user" "0:0" "--network" "none" "ghcr.io/rust-lang/crates-build-env/linux@sha256:2788e3201cd34a07e3172128adcd8b3090168a8e3bcc40d7c032b9dda1df7d1c" "/opt/rustwide/cargo-home/bin/cargo" "+beta-2023-12-22" "metadata" "--no-deps" "--format-version=1", kill_on_drop: false }`
[INFO] [stdout] 495ade5daeb27eac33e2286958f904ba53540e9b9d73f275dcd170cf23318f1e
[INFO] running `Command { std: "docker" "start" "-a" "495ade5daeb27eac33e2286958f904ba53540e9b9d73f275dcd170cf23318f1e", kill_on_drop: false }`
[INFO] running `Command { std: "docker" "inspect" "495ade5daeb27eac33e2286958f904ba53540e9b9d73f275dcd170cf23318f1e", kill_on_drop: false }`
[INFO] running `Command { std: "docker" "rm" "-f" "495ade5daeb27eac33e2286958f904ba53540e9b9d73f275dcd170cf23318f1e", kill_on_drop: false }`
[INFO] [stdout] 495ade5daeb27eac33e2286958f904ba53540e9b9d73f275dcd170cf23318f1e
[INFO] running `Command { std: "docker" "create" "-v" "/var/lib/crater-agent-workspace/builds/worker-4-tc2/target:/opt/rustwide/target:rw,Z" "-v" "/var/lib/crater-agent-workspace/builds/worker-4-tc2/source:/opt/rustwide/workdir:ro,Z" "-v" "/var/lib/crater-agent-workspace/cargo-home:/opt/rustwide/cargo-home:ro,Z" "-v" "/var/lib/crater-agent-workspace/rustup-home:/opt/rustwide/rustup-home:ro,Z" "-e" "SOURCE_DIR=/opt/rustwide/workdir" "-e" "CARGO_TARGET_DIR=/opt/rustwide/target" "-e" "CARGO_INCREMENTAL=0" "-e" "RUST_BACKTRACE=full" "-e" "RUSTFLAGS=--cap-lints=warn" "-e" "RUSTDOCFLAGS=--cap-lints=warn" "-e" "CARGO_HOME=/opt/rustwide/cargo-home" "-e" "RUSTUP_HOME=/opt/rustwide/rustup-home" "-w" "/opt/rustwide/workdir" "-m" "1610612736" "--user" "0:0" "--network" "none" "ghcr.io/rust-lang/crates-build-env/linux@sha256:2788e3201cd34a07e3172128adcd8b3090168a8e3bcc40d7c032b9dda1df7d1c" "/opt/rustwide/cargo-home/bin/cargo" "+beta-2023-12-22" "build" "--frozen" "--message-format=json", kill_on_drop: false }`
[INFO] [stdout] 13a1ef75281e9d51197f2313fd6fa6fcf207d1254146b02c6aadbf6b12471d9b
[INFO] running `Command { std: "docker" "start" "-a" "13a1ef75281e9d51197f2313fd6fa6fcf207d1254146b02c6aadbf6b12471d9b", kill_on_drop: false }`
[INFO] [stderr]    Compiling libc v0.2.150
[INFO] [stderr]    Compiling proc-macro2 v1.0.69
[INFO] [stderr]    Compiling unicode-ident v1.0.12
[INFO] [stderr]    Compiling tinyvec_macros v0.1.1
[INFO] [stderr]    Compiling serde v1.0.192
[INFO] [stderr]    Compiling once_cell v1.18.0
[INFO] [stderr]    Compiling typenum v1.17.0
[INFO] [stderr]    Compiling unicode-bidi v0.3.13
[INFO] [stderr]    Compiling percent-encoding v2.3.0
[INFO] [stderr]    Compiling vcpkg v0.2.15
[INFO] [stderr]    Compiling itoa v1.0.9
[INFO] [stderr]    Compiling pkg-config v0.3.27
[INFO] [stderr]    Compiling generic-array v0.14.7
[INFO] [stderr]    Compiling serde_json v1.0.108
[INFO] [stderr]    Compiling time-core v0.1.2
[INFO] [stderr]    Compiling tinyvec v1.6.0
[INFO] [stderr]    Compiling untrusted v0.9.0
[INFO] [stderr]    Compiling spin v0.9.8
[INFO] [stderr]    Compiling log v0.4.20
[INFO] [stderr]    Compiling powerfmt v0.2.0
[INFO] [stderr]    Compiling form_urlencoded v1.2.0
[INFO] [stderr]    Compiling time-macros v0.2.15
[INFO] [stderr]    Compiling cookie v0.17.0
[INFO] [stderr]    Compiling indexmap v1.9.3
[INFO] [stderr]    Compiling ryu v1.0.15
[INFO] [stderr]    Compiling rustversion v1.0.14
[INFO] [stderr]    Compiling deranged v0.3.9
[INFO] [stderr]    Compiling ahash v0.8.6
[INFO] [stderr]    Compiling num-traits v0.2.17
[INFO] [stderr]    Compiling syn v1.0.109
[INFO] [stderr]    Compiling base64 v0.21.5
[INFO] [stderr]    Compiling rustls v0.21.9
[INFO] [stderr]    Compiling thiserror v1.0.50
[INFO] [stderr]    Compiling slab v0.4.9
[INFO] [stderr]    Compiling zerocopy v0.7.26
[INFO] [stderr]    Compiling heck v0.4.1
[INFO] [stderr]    Compiling foreign-types-shared v0.1.1
[INFO] [stderr]    Compiling memchr v2.6.4
[INFO] [stderr]    Compiling futures-core v0.3.29
[INFO] [stderr]    Compiling getrandom v0.2.11
[INFO] [stderr]    Compiling quote v1.0.33
[INFO] [stderr]    Compiling unicode-normalization v0.1.22
[INFO] [stderr]    Compiling openssl v0.10.59
[INFO] [stderr]    Compiling futures-task v0.3.29
[INFO] [stderr]    Compiling foreign-types v0.3.2
[INFO] [stderr]    Compiling iana-time-zone v0.1.58
[INFO] [stderr]    Compiling allocator-api2 v0.2.16
[INFO] [stderr]    Compiling syn v2.0.39
[INFO] [stderr]    Compiling bitflags v2.4.1
[INFO] [stderr]    Compiling cc v1.0.83
[INFO] [stderr]    Compiling native-tls v0.2.11
[INFO] [stderr]    Compiling futures-util v0.3.29
[INFO] [stderr]    Compiling webpki-roots v0.25.2
[INFO] [stderr]    Compiling futures-io v0.3.29
[INFO] [stderr]    Compiling openssl-probe v0.1.5
[INFO] [stderr]    Compiling pin-project-lite v0.2.13
[INFO] [stderr]    Compiling cpufeatures v0.2.11
[INFO] [stderr]    Compiling nom v7.1.3
[INFO] [stderr]    Compiling hostname v0.3.1
[INFO] [stderr]    Compiling email-encoding v0.2.0
[INFO] [stderr]    Compiling time v0.3.30
[INFO] [stderr]    Compiling socket2 v0.5.5
[INFO] [stderr]    Compiling httpdate v1.0.3
[INFO] [stderr]    Compiling mime v0.3.17
[INFO] [stderr]    Compiling hashbrown v0.14.2
[INFO] [stderr]    Compiling idna v0.4.0
[INFO] [stderr]    Compiling idna v0.3.0
[INFO] [stderr]    Compiling quoted_printable v0.5.0
[INFO] [stderr]    Compiling fastrand v2.0.1
[INFO] [stderr]    Compiling crypto-common v0.1.6
[INFO] [stderr]    Compiling block-buffer v0.10.4
[INFO] [stderr]    Compiling rspotify-macros v0.12.0
[INFO] [stderr]    Compiling email_address v0.2.4
[INFO] [stderr]    Compiling differ v1.0.4
[INFO] [stderr]    Compiling digest v0.10.7
[INFO] [stderr]    Compiling url v2.4.1
[INFO] [stderr]    Compiling sha2 v0.10.8
[INFO] [stderr]    Compiling ring v0.17.5
[INFO] [stderr]    Compiling openssl-sys v0.9.95
[INFO] [stderr]    Compiling psm v0.1.21
[INFO] [stderr]    Compiling stacker v0.1.15
[INFO] [stderr]    Compiling chumsky v0.9.3
[INFO] [stderr]    Compiling maybe-async v0.2.7
[INFO] [stderr]    Compiling serde_derive v1.0.192
[INFO] [stderr]    Compiling thiserror-impl v1.0.50
[INFO] [stderr]    Compiling strum_macros v0.25.3
[INFO] [stderr]    Compiling openssl-macros v0.1.1
[INFO] [stderr]    Compiling enum_dispatch v0.3.12
[INFO] [stderr]    Compiling strum v0.25.0
[INFO] [stderr]    Compiling rustls-webpki v0.101.7
[INFO] [stderr]    Compiling sct v0.7.1
[INFO] [stderr]    Compiling lettre v0.11.1
[INFO] [stderr]    Compiling chrono v0.4.31
[INFO] [stderr]    Compiling cookie_store v0.20.0
[INFO] [stderr]    Compiling rspotify-model v0.12.0
[INFO] [stderr]    Compiling ureq v2.8.0
[INFO] [stderr]    Compiling rspotify-http v0.12.0
[INFO] [stderr]    Compiling rspotify v0.12.0
[INFO] [stderr]    Compiling listplay v0.1.0 (/opt/rustwide/workdir)
[INFO] [stdout] warning: function `cat_tracks` is never used
[INFO] [stdout]  --> src/track.rs:4:8
[INFO] [stdout]   |
[INFO] [stdout] 4 | pub fn cat_tracks(items: Vec<PlaylistItem>) -> Vec<FullTrack> {
[INFO] [stdout]   |        ^^^^^^^^^^
[INFO] [stdout]   |
[INFO] [stdout]   = note: `#[warn(dead_code)]` on by default
[INFO] [stdout] 
[INFO] [stdout] 
[INFO] [stdout] warning: 1 warning emitted
[INFO] [stdout] 
[INFO] [stdout] 
[INFO] [stderr]     Finished dev [unoptimized + debuginfo] target(s) in 29.28s
[INFO] running `Command { std: "docker" "inspect" "13a1ef75281e9d51197f2313fd6fa6fcf207d1254146b02c6aadbf6b12471d9b", kill_on_drop: false }`
[INFO] running `Command { std: "docker" "rm" "-f" "13a1ef75281e9d51197f2313fd6fa6fcf207d1254146b02c6aadbf6b12471d9b", kill_on_drop: false }`
[INFO] [stdout] 13a1ef75281e9d51197f2313fd6fa6fcf207d1254146b02c6aadbf6b12471d9b
[INFO] running `Command { std: "docker" "create" "-v" "/var/lib/crater-agent-workspace/builds/worker-4-tc2/target:/opt/rustwide/target:rw,Z" "-v" "/var/lib/crater-agent-workspace/builds/worker-4-tc2/source:/opt/rustwide/workdir:ro,Z" "-v" "/var/lib/crater-agent-workspace/cargo-home:/opt/rustwide/cargo-home:ro,Z" "-v" "/var/lib/crater-agent-workspace/rustup-home:/opt/rustwide/rustup-home:ro,Z" "-e" "SOURCE_DIR=/opt/rustwide/workdir" "-e" "CARGO_TARGET_DIR=/opt/rustwide/target" "-e" "CARGO_INCREMENTAL=0" "-e" "RUST_BACKTRACE=full" "-e" "RUSTFLAGS=--cap-lints=warn" "-e" "RUSTDOCFLAGS=--cap-lints=warn" "-e" "CARGO_HOME=/opt/rustwide/cargo-home" "-e" "RUSTUP_HOME=/opt/rustwide/rustup-home" "-w" "/opt/rustwide/workdir" "-m" "1610612736" "--user" "0:0" "--network" "none" "ghcr.io/rust-lang/crates-build-env/linux@sha256:2788e3201cd34a07e3172128adcd8b3090168a8e3bcc40d7c032b9dda1df7d1c" "/opt/rustwide/cargo-home/bin/cargo" "+beta-2023-12-22" "test" "--frozen" "--no-run" "--message-format=json", kill_on_drop: false }`
[INFO] [stdout] e3354996f2c1fb5c38dd652c93ccec5af8880b4377dab0317454231d535792ad
[INFO] running `Command { std: "docker" "start" "-a" "e3354996f2c1fb5c38dd652c93ccec5af8880b4377dab0317454231d535792ad", kill_on_drop: false }`
[INFO] [stderr]    Compiling listplay v0.1.0 (/opt/rustwide/workdir)
[INFO] [stdout] warning: function `cat_tracks` is never used
[INFO] [stdout]  --> src/track.rs:4:8
[INFO] [stdout]   |
[INFO] [stdout] 4 | pub fn cat_tracks(items: Vec<PlaylistItem>) -> Vec<FullTrack> {
[INFO] [stdout]   |        ^^^^^^^^^^
[INFO] [stdout]   |
[INFO] [stdout]   = note: `#[warn(dead_code)]` on by default
[INFO] [stdout] 
[INFO] [stdout] 
[INFO] [stdout] warning: 1 warning emitted
[INFO] [stdout] 
[INFO] [stdout] 
[INFO] [stderr]     Finished test [unoptimized + debuginfo] target(s) in 0.74s
[INFO] running `Command { std: "docker" "inspect" "e3354996f2c1fb5c38dd652c93ccec5af8880b4377dab0317454231d535792ad", kill_on_drop: false }`
[INFO] running `Command { std: "docker" "rm" "-f" "e3354996f2c1fb5c38dd652c93ccec5af8880b4377dab0317454231d535792ad", kill_on_drop: false }`
[INFO] [stdout] e3354996f2c1fb5c38dd652c93ccec5af8880b4377dab0317454231d535792ad
[INFO] running `Command { std: "docker" "create" "-v" "/var/lib/crater-agent-workspace/builds/worker-4-tc2/target:/opt/rustwide/target:rw,Z" "-v" "/var/lib/crater-agent-workspace/builds/worker-4-tc2/source:/opt/rustwide/workdir:ro,Z" "-v" "/var/lib/crater-agent-workspace/cargo-home:/opt/rustwide/cargo-home:ro,Z" "-v" "/var/lib/crater-agent-workspace/rustup-home:/opt/rustwide/rustup-home:ro,Z" "-e" "SOURCE_DIR=/opt/rustwide/workdir" "-e" "CARGO_TARGET_DIR=/opt/rustwide/target" "-e" "CARGO_INCREMENTAL=0" "-e" "RUST_BACKTRACE=full" "-e" "RUSTFLAGS=--cap-lints=warn" "-e" "RUSTDOCFLAGS=--cap-lints=warn" "-e" "CARGO_HOME=/opt/rustwide/cargo-home" "-e" "RUSTUP_HOME=/opt/rustwide/rustup-home" "-w" "/opt/rustwide/workdir" "-m" "1610612736" "--user" "0:0" "--network" "none" "ghcr.io/rust-lang/crates-build-env/linux@sha256:2788e3201cd34a07e3172128adcd8b3090168a8e3bcc40d7c032b9dda1df7d1c" "/opt/rustwide/cargo-home/bin/cargo" "+beta-2023-12-22" "test" "--frozen", kill_on_drop: false }`
[INFO] [stdout] bf588fec82e24f772f9ef9eb26a017cf329a77fdbf85eacd5ea8e49018acd86e
[INFO] running `Command { std: "docker" "start" "-a" "bf588fec82e24f772f9ef9eb26a017cf329a77fdbf85eacd5ea8e49018acd86e", kill_on_drop: false }`
[INFO] [stderr] warning: function `cat_tracks` is never used
[INFO] [stderr]  --> src/track.rs:4:8
[INFO] [stderr]   |
[INFO] [stderr] 4 | pub fn cat_tracks(items: Vec<PlaylistItem>) -> Vec<FullTrack> {
[INFO] [stderr]   |        ^^^^^^^^^^
[INFO] [stderr]   |
[INFO] [stderr]   = note: `#[warn(dead_code)]` on by default
[INFO] [stderr] 
[INFO] [stderr] warning: `listplay` (bin "poll" test) generated 1 warning
[INFO] [stderr]     Finished test [unoptimized + debuginfo] target(s) in 0.12s
[INFO] [stderr]      Running unittests src/boolean.rs (/opt/rustwide/target/debug/deps/boolean-bec55062ab82f517)
[INFO] [stdout] 
[INFO] [stdout] running 0 tests
[INFO] [stdout] 
[INFO] [stdout] test result: ok. 0 passed; 0 failed; 0 ignored; 0 measured; 0 filtered out; finished in 0.00s
[INFO] [stdout] 
[INFO] [stderr]      Running unittests src/email.rs (/opt/rustwide/target/debug/deps/email-d5cfa20656a6753d)
[INFO] [stdout] 
[INFO] [stdout] running 0 tests
[INFO] [stdout] 
[INFO] [stdout] test result: ok. 0 passed; 0 failed; 0 ignored; 0 measured; 0 filtered out; finished in 0.00s
[INFO] [stdout] 
[INFO] [stderr]      Running unittests src/poll.rs (/opt/rustwide/target/debug/deps/poll-7b53e03e0f3d3b8e)
[INFO] [stdout] 
[INFO] [stdout] running 0 tests
[INFO] [stdout] 
[INFO] [stdout] test result: ok. 0 passed; 0 failed; 0 ignored; 0 measured; 0 filtered out; finished in 0.00s
[INFO] [stdout] 
[INFO] running `Command { std: "docker" "inspect" "bf588fec82e24f772f9ef9eb26a017cf329a77fdbf85eacd5ea8e49018acd86e", kill_on_drop: false }`
[INFO] running `Command { std: "docker" "rm" "-f" "bf588fec82e24f772f9ef9eb26a017cf329a77fdbf85eacd5ea8e49018acd86e", kill_on_drop: false }`
[INFO] [stdout] bf588fec82e24f772f9ef9eb26a017cf329a77fdbf85eacd5ea8e49018acd86e
