[INFO] cloning repository https://github.com/Kroisse/nonograms
[INFO] running `Command { std: "git" "-c" "credential.helper=" "-c" "credential.helper=/workspace/cargo-home/bin/git-credential-null" "clone" "--bare" "https://github.com/Kroisse/nonograms" "/workspace/cache/git-repos/https%3A%2F%2Fgithub.com%2FKroisse%2Fnonograms", kill_on_drop: false }`
[INFO] [stderr] Cloning into bare repository '/workspace/cache/git-repos/https%3A%2F%2Fgithub.com%2FKroisse%2Fnonograms'...
[INFO] running `Command { std: "git" "rev-parse" "HEAD", kill_on_drop: false }`
[INFO] [stdout] 54daef2745afa1da8431117b3dcb4a6511eca8cd
[INFO] testing Kroisse/nonograms against 1.75.0 for beta-1.76-1
[INFO] running `Command { std: "git" "clone" "/workspace/cache/git-repos/https%3A%2F%2Fgithub.com%2FKroisse%2Fnonograms" "/workspace/builds/worker-0-tc1/source", kill_on_drop: false }`
[INFO] [stderr] Cloning into '/workspace/builds/worker-0-tc1/source'...
[INFO] [stderr] done.
[INFO] validating manifest of git repo https://github.com/Kroisse/nonograms on toolchain 1.75.0
[INFO] running `Command { std: CARGO_HOME="/workspace/cargo-home" RUSTUP_HOME="/workspace/rustup-home" "/workspace/cargo-home/bin/cargo" "+1.75.0" "metadata" "--manifest-path" "Cargo.toml" "--no-deps", kill_on_drop: false }`
[INFO] started tweaking git repo https://github.com/Kroisse/nonograms
[INFO] finished tweaking git repo https://github.com/Kroisse/nonograms
[INFO] tweaked toml for git repo https://github.com/Kroisse/nonograms written to /workspace/builds/worker-0-tc1/source/Cargo.toml
[INFO] crate git repo https://github.com/Kroisse/nonograms already has a lockfile, it will not be regenerated
[INFO] running `Command { std: CARGO_HOME="/workspace/cargo-home" RUSTUP_HOME="/workspace/rustup-home" "/workspace/cargo-home/bin/cargo" "+1.75.0" "fetch" "--manifest-path" "Cargo.toml", kill_on_drop: false }`
[INFO] [stderr]     Blocking waiting for file lock on package cache
[ERROR] error running command: no output for 300 seconds
[ERROR] this task or one of its parent failed!
[ERROR] no output for 300 seconds
[ERROR] note: run with `RUST_BACKTRACE=1` to display a backtrace.
[INFO] testing Kroisse/nonograms against beta-2023-12-22 for beta-1.76-1
[INFO] running `Command { std: "git" "clone" "/workspace/cache/git-repos/https%3A%2F%2Fgithub.com%2FKroisse%2Fnonograms" "/workspace/builds/worker-0-tc2/source", kill_on_drop: false }`
[INFO] [stderr] Cloning into '/workspace/builds/worker-0-tc2/source'...
[INFO] [stderr] done.
[INFO] validating manifest of git repo https://github.com/Kroisse/nonograms on toolchain beta-2023-12-22
[INFO] running `Command { std: CARGO_HOME="/workspace/cargo-home" RUSTUP_HOME="/workspace/rustup-home" "/workspace/cargo-home/bin/cargo" "+beta-2023-12-22" "metadata" "--manifest-path" "Cargo.toml" "--no-deps", kill_on_drop: false }`
[INFO] started tweaking git repo https://github.com/Kroisse/nonograms
[INFO] finished tweaking git repo https://github.com/Kroisse/nonograms
[INFO] tweaked toml for git repo https://github.com/Kroisse/nonograms written to /workspace/builds/worker-0-tc2/source/Cargo.toml
[INFO] crate git repo https://github.com/Kroisse/nonograms already has a lockfile, it will not be regenerated
[INFO] running `Command { std: CARGO_HOME="/workspace/cargo-home" RUSTUP_HOME="/workspace/rustup-home" "/workspace/cargo-home/bin/cargo" "+beta-2023-12-22" "fetch" "--manifest-path" "Cargo.toml", kill_on_drop: false }`
[INFO] [stderr]     Blocking waiting for file lock on package cache
[INFO] [stderr]     Updating crates.io index
[INFO] [stderr]     Blocking waiting for file lock on package cache
[ERROR] error running command: no output for 300 seconds
[INFO] testing Kroisse/nonograms against beta-2023-12-22 for beta-1.76-1
[INFO] running `Command { std: "git" "clone" "/workspace/cache/git-repos/https%3A%2F%2Fgithub.com%2FKroisse%2Fnonograms" "/workspace/builds/worker-0-tc2/source", kill_on_drop: false }`
[INFO] [stderr] Cloning into '/workspace/builds/worker-0-tc2/source'...
[INFO] [stderr] done.
[INFO] validating manifest of git repo https://github.com/Kroisse/nonograms on toolchain beta-2023-12-22
[INFO] running `Command { std: CARGO_HOME="/workspace/cargo-home" RUSTUP_HOME="/workspace/rustup-home" "/workspace/cargo-home/bin/cargo" "+beta-2023-12-22" "metadata" "--manifest-path" "Cargo.toml" "--no-deps", kill_on_drop: false }`
[INFO] started tweaking git repo https://github.com/Kroisse/nonograms
[INFO] finished tweaking git repo https://github.com/Kroisse/nonograms
[INFO] tweaked toml for git repo https://github.com/Kroisse/nonograms written to /workspace/builds/worker-0-tc2/source/Cargo.toml
[INFO] crate git repo https://github.com/Kroisse/nonograms already has a lockfile, it will not be regenerated
[INFO] running `Command { std: CARGO_HOME="/workspace/cargo-home" RUSTUP_HOME="/workspace/rustup-home" "/workspace/cargo-home/bin/cargo" "+beta-2023-12-22" "fetch" "--manifest-path" "Cargo.toml", kill_on_drop: false }`
[INFO] [stderr]     Blocking waiting for file lock on package cache
[INFO] [stderr]     Blocking waiting for file lock on package cache
[INFO] [stderr]  Downloading crates ...
[INFO] [stderr]   Downloaded gobject-sys v0.9.1
[INFO] [stderr]   Downloaded gdk-pixbuf-sys v0.9.1
[INFO] [stderr]   Downloaded pango v0.8.0
[INFO] [stderr]   Downloaded gdk v0.12.1
[INFO] [stderr]   Downloaded gdk-pixbuf v0.8.0
[INFO] [stderr]   Downloaded pango-sys v0.9.1
[INFO] [stderr]   Downloaded bit-set v0.5.1
[INFO] [stderr]   Downloaded atk v0.8.0
[INFO] [stderr]   Downloaded glib-sys v0.9.1
[INFO] [stderr]   Downloaded gdk-sys v0.9.1
[INFO] [stderr]   Downloaded regex-syntax v0.6.15
[INFO] [stderr]   Downloaded gtk v0.8.1
[INFO] [stderr]   Downloaded glib v0.9.3
[INFO] [stderr]   Downloaded gio v0.8.1
[INFO] [stderr]   Downloaded gtk-sys v0.9.2
[INFO] [stderr]   Downloaded aho-corasick v0.7.9
[INFO] [stderr]   Downloaded gio-sys v0.9.1
[INFO] [stderr]   Downloaded atk-sys v0.9.1
[INFO] [stderr]   Downloaded cairo-sys-rs v0.9.2
[INFO] [stderr]   Downloaded cairo-rs v0.8.1
[INFO] [stderr]   Downloaded docopt v1.1.0
[INFO] [stderr]   Downloaded vgtk-macros v0.2.0
[INFO] [stderr]   Downloaded vgtk v0.2.1
[INFO] [stderr]   Downloaded rustdoc-stripper v0.1.9
[INFO] [stderr]   Downloaded gtk-rs-lgpl-docs v0.1.15
[INFO] running `Command { std: "docker" "create" "-v" "/var/lib/crater-agent-workspace/builds/worker-0-tc2/target:/opt/rustwide/target:rw,Z" "-v" "/var/lib/crater-agent-workspace/builds/worker-0-tc2/source:/opt/rustwide/workdir:ro,Z" "-v" "/var/lib/crater-agent-workspace/cargo-home:/opt/rustwide/cargo-home:ro,Z" "-v" "/var/lib/crater-agent-workspace/rustup-home:/opt/rustwide/rustup-home:ro,Z" "-e" "SOURCE_DIR=/opt/rustwide/workdir" "-e" "CARGO_TARGET_DIR=/opt/rustwide/target" "-e" "CARGO_HOME=/opt/rustwide/cargo-home" "-e" "RUSTUP_HOME=/opt/rustwide/rustup-home" "-w" "/opt/rustwide/workdir" "-m" "1610612736" "--user" "0:0" "--network" "none" "ghcr.io/rust-lang/crates-build-env/linux@sha256:2788e3201cd34a07e3172128adcd8b3090168a8e3bcc40d7c032b9dda1df7d1c" "/opt/rustwide/cargo-home/bin/cargo" "+beta-2023-12-22" "metadata" "--no-deps" "--format-version=1", kill_on_drop: false }`
[INFO] [stdout] 5ececc3a132128fc72405efe993cb5e2c35688ca3ed07988083330b8605b218f
[INFO] running `Command { std: "docker" "start" "-a" "5ececc3a132128fc72405efe993cb5e2c35688ca3ed07988083330b8605b218f", kill_on_drop: false }`
[INFO] running `Command { std: "docker" "inspect" "5ececc3a132128fc72405efe993cb5e2c35688ca3ed07988083330b8605b218f", kill_on_drop: false }`
[INFO] running `Command { std: "docker" "rm" "-f" "5ececc3a132128fc72405efe993cb5e2c35688ca3ed07988083330b8605b218f", kill_on_drop: false }`
[INFO] [stdout] 5ececc3a132128fc72405efe993cb5e2c35688ca3ed07988083330b8605b218f
[INFO] running `Command { std: "docker" "create" "-v" "/var/lib/crater-agent-workspace/builds/worker-0-tc2/target:/opt/rustwide/target:rw,Z" "-v" "/var/lib/crater-agent-workspace/builds/worker-0-tc2/source:/opt/rustwide/workdir:ro,Z" "-v" "/var/lib/crater-agent-workspace/cargo-home:/opt/rustwide/cargo-home:ro,Z" "-v" "/var/lib/crater-agent-workspace/rustup-home:/opt/rustwide/rustup-home:ro,Z" "-e" "SOURCE_DIR=/opt/rustwide/workdir" "-e" "CARGO_TARGET_DIR=/opt/rustwide/target" "-e" "CARGO_INCREMENTAL=0" "-e" "RUST_BACKTRACE=full" "-e" "RUSTFLAGS=--cap-lints=warn" "-e" "RUSTDOCFLAGS=--cap-lints=warn" "-e" "CARGO_HOME=/opt/rustwide/cargo-home" "-e" "RUSTUP_HOME=/opt/rustwide/rustup-home" "-w" "/opt/rustwide/workdir" "-m" "1610612736" "--user" "0:0" "--network" "none" "ghcr.io/rust-lang/crates-build-env/linux@sha256:2788e3201cd34a07e3172128adcd8b3090168a8e3bcc40d7c032b9dda1df7d1c" "/opt/rustwide/cargo-home/bin/cargo" "+beta-2023-12-22" "build" "--frozen" "--message-format=json", kill_on_drop: false }`
[INFO] [stdout] a5d591f1807683636349ce89bf58ec0320497e6a8972a8a8f60470790e92500b
[INFO] running `Command { std: "docker" "start" "-a" "a5d591f1807683636349ce89bf58ec0320497e6a8972a8a8f60470790e92500b", kill_on_drop: false }`
[INFO] [stderr]    Compiling pkg-config v0.3.17
[INFO] [stderr]    Compiling libc v0.2.67
[INFO] [stderr]    Compiling proc-macro2 v1.0.9
[INFO] [stderr]    Compiling unicode-xid v0.2.0
[INFO] [stderr]    Compiling syn v1.0.16
[INFO] [stderr]    Compiling memchr v2.3.3
[INFO] [stderr]    Compiling rand_core v0.4.2
[INFO] [stderr]    Compiling autocfg v0.1.7
[INFO] [stderr]    Compiling rustdoc-stripper v0.1.9
[INFO] [stderr]    Compiling rand_core v0.3.1
[INFO] [stderr]    Compiling proc-macro-nested v0.1.3
[INFO] [stderr]    Compiling rand_chacha v0.1.1
[INFO] [stderr]    Compiling rand_pcg v0.1.2
[INFO] [stderr]    Compiling gtk-rs-lgpl-docs v0.1.15
[INFO] [stderr]    Compiling glib-sys v0.9.1
[INFO] [stderr]    Compiling gobject-sys v0.9.1
[INFO] [stderr]    Compiling gio-sys v0.9.1
[INFO] [stderr]    Compiling pango-sys v0.9.1
[INFO] [stderr]    Compiling cairo-sys-rs v0.9.2
[INFO] [stderr]    Compiling gdk-pixbuf-sys v0.9.1
[INFO] [stderr]    Compiling quote v1.0.2
[INFO] [stderr]    Compiling futures-sink v0.3.4
[INFO] [stderr]    Compiling futures-core v0.3.4
[INFO] [stderr]    Compiling cfg-if v0.1.10
[INFO] [stderr]    Compiling futures-channel v0.3.4
[INFO] [stderr]    Compiling rand v0.6.5
[INFO] [stderr]    Compiling pin-utils v0.1.0-alpha.4
[INFO] [stderr]    Compiling slab v0.4.2
[INFO] [stderr]    Compiling futures-io v0.3.4
[INFO] [stderr]    Compiling futures-task v0.3.4
[INFO] [stderr]    Compiling rand_os v0.1.3
[INFO] [stderr]    Compiling rand_hc v0.1.0
[INFO] [stderr]    Compiling rand_xorshift v0.1.1
[INFO] [stderr]    Compiling rand_isaac v0.1.1
[INFO] [stderr]    Compiling rand_jitter v0.1.4
[INFO] [stderr]    Compiling bitflags v1.2.1
[INFO] [stderr]    Compiling typenum v1.11.2
[INFO] [stderr]    Compiling siphasher v0.2.3
[INFO] [stderr]    Compiling byteorder v1.3.4
[INFO] [stderr]    Compiling phf_shared v0.7.24
[INFO] [stderr]    Compiling autocfg v1.0.0
[INFO] [stderr]    Compiling log v0.4.8
[INFO] [stderr]    Compiling aho-corasick v0.7.9
[INFO] [stderr]    Compiling gdk-sys v0.9.1
[INFO] [stderr]    Compiling atk-sys v0.9.1
[INFO] [stderr]    Compiling thread_local v1.0.1
[INFO] [stderr]    Compiling regex-syntax v0.6.15
[INFO] [stderr]    Compiling serde v1.0.104
[INFO] [stderr]    Compiling string_cache_shared v0.3.0
[INFO] [stderr]    Compiling phf_generator v0.7.24
[INFO] [stderr]    Compiling atty v0.2.14
[INFO] [stderr]    Compiling string_cache_codegen v0.4.4
[INFO] [stderr]    Compiling byte-tools v0.3.1
[INFO] [stderr]    Compiling dirs v1.0.5
[INFO] [stderr]    Compiling block-padding v0.1.5
[INFO] [stderr]    Compiling generic-array v0.12.3
[INFO] [stderr]    Compiling either v1.5.3
[INFO] [stderr]    Compiling term v0.5.2
[INFO] [stderr]    Compiling itertools v0.8.2
[INFO] [stderr]    Compiling block-buffer v0.7.3
[INFO] [stderr]    Compiling digest v0.8.1
[INFO] [stderr]    Compiling string_cache v0.7.5
[INFO] [stderr]    Compiling gio v0.8.1
[INFO] [stderr]    Compiling fixedbitset v0.1.9
[INFO] [stderr]    Compiling new_debug_unreachable v1.0.4
[INFO] [stderr]    Compiling bit-vec v0.5.1
[INFO] [stderr]    Compiling precomputed-hash v0.1.1
[INFO] [stderr]    Compiling opaque-debug v0.2.3
[INFO] [stderr]    Compiling strsim v0.9.3
[INFO] [stderr]    Compiling regex v1.3.4
[INFO] [stderr]    Compiling fake-simd v0.1.2
[INFO] [stderr]    Compiling ordermap v0.3.5
[INFO] [stderr]    Compiling sha2 v0.8.1
[INFO] [stderr]    Compiling bit-set v0.5.1
[INFO] [stderr]    Compiling ascii-canvas v2.0.0
[INFO] [stderr]    Compiling ena v0.13.1
[INFO] [stderr]    Compiling petgraph v0.4.13
[INFO] [stderr]    Compiling num-traits v0.2.11
[INFO] [stderr]    Compiling gdk-pixbuf v0.8.0
[INFO] [stderr]    Compiling cairo-rs v0.8.1
[INFO] [stderr]    Compiling gtk-sys v0.9.2
[INFO] [stderr]    Compiling pango v0.8.0
[INFO] [stderr]    Compiling unicode-xid v0.1.0
[INFO] [stderr]    Compiling lalrpop-util v0.17.2
[INFO] [stderr]    Compiling diff v0.1.12
[INFO] [stderr]    Compiling getrandom v0.1.14
[INFO] [stderr]    Compiling gdk v0.12.1
[INFO] [stderr]    Compiling version_check v0.9.1
[INFO] [stderr]    Compiling atk v0.8.0
[INFO] [stderr]    Compiling num-complex v0.2.4
[INFO] [stderr]    Compiling num-integer v0.1.42
[INFO] [stderr]    Compiling gtk v0.8.1
[INFO] [stderr]    Compiling ppv-lite86 v0.2.6
[INFO] [stderr]    Compiling quick-error v1.2.3
[INFO] [stderr]    Compiling humantime v1.3.0
[INFO] [stderr]    Compiling c2-chacha v0.2.3
[INFO] [stderr]    Compiling rand_core v0.5.1
[INFO] [stderr]    Compiling termcolor v1.1.0
[INFO] [stderr]    Compiling proc-macro-hack v0.5.11
[INFO] [stderr]    Compiling serde_derive v1.0.104
[INFO] [stderr]    Compiling rawpointer v0.2.1
[INFO] [stderr]    Compiling ndarray v0.13.0
[INFO] [stderr]    Compiling matrixmultiply v0.2.3
[INFO] [stderr]    Compiling env_logger v0.7.1
[INFO] [stderr]    Compiling rand_chacha v0.2.1
[INFO] [stderr]    Compiling colored v1.9.3
[INFO] [stderr]    Compiling pretty_env_logger v0.4.0
[INFO] [stderr]    Compiling futures-macro v0.3.4
[INFO] [stderr]    Compiling rand v0.7.3
[INFO] [stderr]    Compiling futures-util v0.3.4
[INFO] [stderr]    Compiling futures-executor v0.3.4
[INFO] [stderr]    Compiling glib v0.9.3
[INFO] [stderr]    Compiling futures v0.3.4
[INFO] [stderr]    Compiling docopt v1.1.0
[INFO] [stderr]    Compiling lalrpop v0.17.2
[INFO] [stderr]    Compiling vgtk-macros v0.2.0
[INFO] [stderr]    Compiling vgtk v0.2.1
[INFO] [stderr] error: could not compile `gtk` (lib)
[INFO] [stderr] 
[INFO] [stderr] Caused by:
[INFO] [stderr]   process didn't exit successfully: `/opt/rustwide/rustup-home/toolchains/beta-2023-12-22-x86_64-unknown-linux-gnu/bin/rustc --crate-name gtk /opt/rustwide/cargo-home/registry/src/index.crates.io-6f17d22bba15001f/gtk-0.8.1/src/lib.rs --error-format=json --json=diagnostic-rendered-ansi,artifacts,future-incompat --crate-type lib --emit=dep-info,metadata,link -C embed-bitcode=no -C debuginfo=2 --cfg 'feature="embed-lgpl-docs"' --cfg 'feature="gtk-rs-lgpl-docs"' --cfg 'feature="v3_16"' --cfg 'feature="v3_18"' --cfg 'feature="v3_20"' -C metadata=55aacf5546fdb2ba -C extra-filename=-55aacf5546fdb2ba --out-dir /opt/rustwide/target/debug/deps -L dependency=/opt/rustwide/target/debug/deps --extern atk=/opt/rustwide/target/debug/deps/libatk-326d2663617116d7.rmeta --extern bitflags=/opt/rustwide/target/debug/deps/libbitflags-53f2c2e16beb276c.rmeta --extern cairo=/opt/rustwide/target/debug/deps/libcairo-d97111ff3096d8ef.rmeta --extern cairo_sys=/opt/rustwide/target/debug/deps/libcairo_sys-c76b17152c9e961d.rmeta --extern gdk=/opt/rustwide/target/debug/deps/libgdk-fe5799b63a58e99c.rmeta --extern gdk_pixbuf=/opt/rustwide/target/debug/deps/libgdk_pixbuf-da5f9cfade6de902.rmeta --extern gdk_pixbuf_sys=/opt/rustwide/target/debug/deps/libgdk_pixbuf_sys-c1e0cc58f62861d9.rmeta --extern gdk_sys=/opt/rustwide/target/debug/deps/libgdk_sys-48ff8d1d096b7e4a.rmeta --extern gio=/opt/rustwide/target/debug/deps/libgio-da541d4bdfbc6615.rmeta --extern gio_sys=/opt/rustwide/target/debug/deps/libgio_sys-e1051aadcf4dc8ba.rmeta --extern glib=/opt/rustwide/target/debug/deps/libglib-12e292e3cdd31318.rmeta --extern glib_sys=/opt/rustwide/target/debug/deps/libglib_sys-fff38411c340a090.rmeta --extern gobject_sys=/opt/rustwide/target/debug/deps/libgobject_sys-0036d21573dcc76b.rmeta --extern gtk_sys=/opt/rustwide/target/debug/deps/libgtk_sys-bf57aa36a618d42f.rmeta --extern lazy_static=/opt/rustwide/target/debug/deps/liblazy_static-efa3519517df6cf0.rmeta --extern libc=/opt/rustwide/target/debug/deps/liblibc-0a71593e49484954.rmeta --extern pango=/opt/rustwide/target/debug/deps/libpango-1996ee1a315a1cd2.rmeta --extern pango_sys=/opt/rustwide/target/debug/deps/libpango_sys-00b2ea8f96e8a80b.rmeta --cap-lints allow --cap-lints=warn` (signal: 9, SIGKILL: kill)
[INFO] running `Command { std: "docker" "inspect" "a5d591f1807683636349ce89bf58ec0320497e6a8972a8a8f60470790e92500b", kill_on_drop: false }`
[INFO] running `Command { std: "docker" "rm" "-f" "a5d591f1807683636349ce89bf58ec0320497e6a8972a8a8f60470790e92500b", kill_on_drop: false }`
[INFO] [stdout] a5d591f1807683636349ce89bf58ec0320497e6a8972a8a8f60470790e92500b
