[INFO] cloning repository https://github.com/Kr-Panghu/PPCA-RayTracing
[INFO] running `Command { std: "git" "-c" "credential.helper=" "-c" "credential.helper=/workspace/cargo-home/bin/git-credential-null" "clone" "--bare" "https://github.com/Kr-Panghu/PPCA-RayTracing" "/workspace/cache/git-repos/https%3A%2F%2Fgithub.com%2FKr-Panghu%2FPPCA-RayTracing", kill_on_drop: false }`
[INFO] [stderr] Cloning into bare repository '/workspace/cache/git-repos/https%3A%2F%2Fgithub.com%2FKr-Panghu%2FPPCA-RayTracing'...
[INFO] running `Command { std: "git" "rev-parse" "HEAD", kill_on_drop: false }`
[INFO] [stdout] 46a7e7865ebc149c0c6e8ee20708bb51220ac904
[INFO] testing Kr-Panghu/PPCA-RayTracing against 1.75.0 for beta-1.76-1
[INFO] running `Command { std: "git" "clone" "/workspace/cache/git-repos/https%3A%2F%2Fgithub.com%2FKr-Panghu%2FPPCA-RayTracing" "/workspace/builds/worker-6-tc1/source", kill_on_drop: false }`
[INFO] [stderr] Cloning into '/workspace/builds/worker-6-tc1/source'...
[INFO] [stderr] done.
[INFO] validating manifest of git repo https://github.com/Kr-Panghu/PPCA-RayTracing on toolchain 1.75.0
[INFO] running `Command { std: CARGO_HOME="/workspace/cargo-home" RUSTUP_HOME="/workspace/rustup-home" "/workspace/cargo-home/bin/cargo" "+1.75.0" "metadata" "--manifest-path" "Cargo.toml" "--no-deps", kill_on_drop: false }`
[INFO] removed /workspace/builds/worker-6-tc1/source/rust-toolchain
[INFO] started tweaking git repo https://github.com/Kr-Panghu/PPCA-RayTracing
[INFO] finished tweaking git repo https://github.com/Kr-Panghu/PPCA-RayTracing
[INFO] tweaked toml for git repo https://github.com/Kr-Panghu/PPCA-RayTracing written to /workspace/builds/worker-6-tc1/source/Cargo.toml
[INFO] crate git repo https://github.com/Kr-Panghu/PPCA-RayTracing already has a lockfile, it will not be regenerated
[INFO] running `Command { std: CARGO_HOME="/workspace/cargo-home" RUSTUP_HOME="/workspace/rustup-home" "/workspace/cargo-home/bin/cargo" "+1.75.0" "fetch" "--manifest-path" "Cargo.toml", kill_on_drop: false }`
[INFO] [stderr] warning: virtual workspace defaulting to `resolver = "1"` despite one or more workspace members being on edition 2021 which implies `resolver = "2"`
[INFO] [stderr] note: to keep the current resolver, specify `workspace.resolver = "1"` in the workspace root's manifest
[INFO] [stderr] note: to use the edition 2021 resolver, specify `workspace.resolver = "2"` in the workspace root's manifest
[INFO] [stderr] note: for more details see https://doc.rust-lang.org/cargo/reference/resolver.html#resolver-versions
[INFO] [stderr]     Blocking waiting for file lock on package cache
[ERROR] error running command: no output for 300 seconds
[ERROR] this task or one of its parent failed!
[ERROR] no output for 300 seconds
[ERROR] note: run with `RUST_BACKTRACE=1` to display a backtrace.
[INFO] testing Kr-Panghu/PPCA-RayTracing against beta-2023-12-22 for beta-1.76-1
[INFO] running `Command { std: "git" "clone" "/workspace/cache/git-repos/https%3A%2F%2Fgithub.com%2FKr-Panghu%2FPPCA-RayTracing" "/workspace/builds/worker-6-tc2/source", kill_on_drop: false }`
[INFO] [stderr] Cloning into '/workspace/builds/worker-6-tc2/source'...
[INFO] [stderr] done.
[INFO] validating manifest of git repo https://github.com/Kr-Panghu/PPCA-RayTracing on toolchain beta-2023-12-22
[INFO] running `Command { std: CARGO_HOME="/workspace/cargo-home" RUSTUP_HOME="/workspace/rustup-home" "/workspace/cargo-home/bin/cargo" "+beta-2023-12-22" "metadata" "--manifest-path" "Cargo.toml" "--no-deps", kill_on_drop: false }`
[INFO] removed /workspace/builds/worker-6-tc2/source/rust-toolchain
[INFO] started tweaking git repo https://github.com/Kr-Panghu/PPCA-RayTracing
[INFO] finished tweaking git repo https://github.com/Kr-Panghu/PPCA-RayTracing
[INFO] tweaked toml for git repo https://github.com/Kr-Panghu/PPCA-RayTracing written to /workspace/builds/worker-6-tc2/source/Cargo.toml
[INFO] crate git repo https://github.com/Kr-Panghu/PPCA-RayTracing already has a lockfile, it will not be regenerated
[INFO] running `Command { std: CARGO_HOME="/workspace/cargo-home" RUSTUP_HOME="/workspace/rustup-home" "/workspace/cargo-home/bin/cargo" "+beta-2023-12-22" "fetch" "--manifest-path" "Cargo.toml", kill_on_drop: false }`
[INFO] [stderr] warning: virtual workspace defaulting to `resolver = "1"` despite one or more workspace members being on edition 2021 which implies `resolver = "2"`
[INFO] [stderr] note: to keep the current resolver, specify `workspace.resolver = "1"` in the workspace root's manifest
[INFO] [stderr] note: to use the edition 2021 resolver, specify `workspace.resolver = "2"` in the workspace root's manifest
[INFO] [stderr] note: for more details see https://doc.rust-lang.org/cargo/reference/resolver.html#resolver-versions
[INFO] [stderr]     Blocking waiting for file lock on package cache
[INFO] [stderr]     Blocking waiting for file lock on package cache
[INFO] [stderr]  Downloading crates ...
[INFO] [stderr]   Downloaded imageproc v0.21.0
[INFO] running `Command { std: "docker" "create" "-v" "/var/lib/crater-agent-workspace/builds/worker-6-tc2/target:/opt/rustwide/target:rw,Z" "-v" "/var/lib/crater-agent-workspace/builds/worker-6-tc2/source:/opt/rustwide/workdir:ro,Z" "-v" "/var/lib/crater-agent-workspace/cargo-home:/opt/rustwide/cargo-home:ro,Z" "-v" "/var/lib/crater-agent-workspace/rustup-home:/opt/rustwide/rustup-home:ro,Z" "-e" "SOURCE_DIR=/opt/rustwide/workdir" "-e" "CARGO_TARGET_DIR=/opt/rustwide/target" "-e" "CARGO_HOME=/opt/rustwide/cargo-home" "-e" "RUSTUP_HOME=/opt/rustwide/rustup-home" "-w" "/opt/rustwide/workdir" "-m" "1610612736" "--user" "0:0" "--network" "none" "ghcr.io/rust-lang/crates-build-env/linux@sha256:2788e3201cd34a07e3172128adcd8b3090168a8e3bcc40d7c032b9dda1df7d1c" "/opt/rustwide/cargo-home/bin/cargo" "+beta-2023-12-22" "metadata" "--no-deps" "--format-version=1", kill_on_drop: false }`
[INFO] [stdout] 05ed785abbf88678d4a05fd8584297c12ab7bd05d2bb3cdf03515133222b55ae
[INFO] running `Command { std: "docker" "start" "-a" "05ed785abbf88678d4a05fd8584297c12ab7bd05d2bb3cdf03515133222b55ae", kill_on_drop: false }`
[INFO] running `Command { std: "docker" "inspect" "05ed785abbf88678d4a05fd8584297c12ab7bd05d2bb3cdf03515133222b55ae", kill_on_drop: false }`
[INFO] running `Command { std: "docker" "rm" "-f" "05ed785abbf88678d4a05fd8584297c12ab7bd05d2bb3cdf03515133222b55ae", kill_on_drop: false }`
[INFO] [stdout] 05ed785abbf88678d4a05fd8584297c12ab7bd05d2bb3cdf03515133222b55ae
[INFO] running `Command { std: "docker" "create" "-v" "/var/lib/crater-agent-workspace/builds/worker-6-tc2/target:/opt/rustwide/target:rw,Z" "-v" "/var/lib/crater-agent-workspace/builds/worker-6-tc2/source:/opt/rustwide/workdir:ro,Z" "-v" "/var/lib/crater-agent-workspace/cargo-home:/opt/rustwide/cargo-home:ro,Z" "-v" "/var/lib/crater-agent-workspace/rustup-home:/opt/rustwide/rustup-home:ro,Z" "-e" "SOURCE_DIR=/opt/rustwide/workdir" "-e" "CARGO_TARGET_DIR=/opt/rustwide/target" "-e" "CARGO_INCREMENTAL=0" "-e" "RUST_BACKTRACE=full" "-e" "RUSTFLAGS=--cap-lints=warn" "-e" "RUSTDOCFLAGS=--cap-lints=warn" "-e" "CARGO_HOME=/opt/rustwide/cargo-home" "-e" "RUSTUP_HOME=/opt/rustwide/rustup-home" "-w" "/opt/rustwide/workdir" "-m" "1610612736" "--user" "0:0" "--network" "none" "ghcr.io/rust-lang/crates-build-env/linux@sha256:2788e3201cd34a07e3172128adcd8b3090168a8e3bcc40d7c032b9dda1df7d1c" "/opt/rustwide/cargo-home/bin/cargo" "+beta-2023-12-22" "build" "--frozen" "--message-format=json", kill_on_drop: false }`
[INFO] [stdout] 313f3ac50a994942d52b711fb547ef7564a2d8058ec7edddfd5a1ef8840dda38
[INFO] running `Command { std: "docker" "start" "-a" "313f3ac50a994942d52b711fb547ef7564a2d8058ec7edddfd5a1ef8840dda38", kill_on_drop: false }`
[INFO] [stderr] warning: virtual workspace defaulting to `resolver = "1"` despite one or more workspace members being on edition 2021 which implies `resolver = "2"`
[INFO] [stderr] note: to keep the current resolver, specify `workspace.resolver = "1"` in the workspace root's manifest
[INFO] [stderr] note: to use the edition 2021 resolver, specify `workspace.resolver = "2"` in the workspace root's manifest
[INFO] [stderr] note: for more details see https://doc.rust-lang.org/cargo/reference/resolver.html#resolver-versions
[INFO] [stderr]    Compiling libc v0.2.126
[INFO] [stderr]    Compiling once_cell v1.12.0
[INFO] [stderr]    Compiling crossbeam-utils v0.8.10
[INFO] [stderr]    Compiling num-integer v0.1.45
[INFO] [stderr]    Compiling crossbeam-epoch v0.9.9
[INFO] [stderr]    Compiling rayon-core v1.9.3
[INFO] [stderr]    Compiling num-iter v0.1.43
[INFO] [stderr]    Compiling rayon v1.5.3
[INFO] [stderr]    Compiling num-bigint v0.3.3
[INFO] [stderr]    Compiling either v1.7.0
[INFO] [stderr]    Compiling num-rational v0.3.2
[INFO] [stderr]    Compiling miniz_oxide v0.4.4
[INFO] [stderr]    Compiling proc-macro2 v1.0.40
[INFO] [stderr]    Compiling adler32 v1.2.0
[INFO] [stderr]    Compiling unicode-ident v1.0.1
[INFO] [stderr]    Compiling weezl v0.1.6
[INFO] [stderr]    Compiling quote v1.0.20
[INFO] [stderr]    Compiling matrixmultiply v0.1.15
[INFO] [stderr]    Compiling deflate v0.8.6
[INFO] [stderr]    Compiling miniz_oxide v0.3.7
[INFO] [stderr]    Compiling rawpointer v0.1.0
[INFO] [stderr]    Compiling regex-syntax v0.6.26
[INFO] [stderr]    Compiling ttf-parser v0.6.2
[INFO] [stderr]    Compiling color_quant v1.1.0
[INFO] [stderr]    Compiling syn v1.0.98
[INFO] [stderr]    Compiling gif v0.11.4
[INFO] [stderr]    Compiling num-complex v0.3.1
[INFO] [stderr]    Compiling unicode-width v0.1.9
[INFO] [stderr]    Compiling crossbeam-channel v0.5.5
[INFO] [stderr]    Compiling num v0.1.42
[INFO] [stderr]    Compiling png v0.16.8
[INFO] [stderr]    Compiling scoped_threadpool v0.1.9
[INFO] [stderr]    Compiling custom_derive v0.1.7
[INFO] [stderr]    Compiling crossbeam-deque v0.8.1
[INFO] [stderr]    Compiling num_cpus v1.13.1
[INFO] [stderr]    Compiling getrandom v0.1.16
[INFO] [stderr]    Compiling getrandom v0.2.7
[INFO] [stderr]    Compiling terminal_size v0.1.17
[INFO] [stderr]    Compiling rand_core v0.5.1
[INFO] [stderr]    Compiling rand_core v0.6.3
[INFO] [stderr]    Compiling bytemuck v1.9.1
[INFO] [stderr]    Compiling ab_glyph_rasterizer v0.1.5
[INFO] [stderr]    Compiling conv v0.3.3
[INFO] [stderr]    Compiling rulinalg v0.4.2
[INFO] [stderr]    Compiling itertools v0.9.0
[INFO] [stderr]    Compiling number_prefix v0.3.0
[INFO] [stderr]    Compiling rand_pcg v0.2.1
[INFO] [stderr]    Compiling rand_chacha v0.2.2
[INFO] [stderr]    Compiling owned_ttf_parser v0.6.0
[INFO] [stderr]    Compiling rand_chacha v0.3.1
[INFO] [stderr]    Compiling threadpool v1.8.1
[INFO] [stderr]    Compiling regex v1.5.6
[INFO] [stderr]    Compiling rusttype v0.9.2
[INFO] [stderr]    Compiling rand v0.7.3
[INFO] [stderr]    Compiling rand v0.8.5
[INFO] [stderr]    Compiling console v0.15.0
[INFO] [stderr]    Compiling num v0.3.1
[INFO] [stderr]    Compiling rand_distr v0.2.2
[INFO] [stderr]    Compiling indicatif v0.15.0
[INFO] [stderr]    Compiling raytracer_codegen v0.1.0 (/opt/rustwide/workdir/raytracer_codegen)
[INFO] [stderr]    Compiling jpeg-decoder v0.1.22
[INFO] [stderr]    Compiling tiff v0.6.1
[INFO] [stderr]    Compiling image v0.23.14
[INFO] [stderr]    Compiling imageproc v0.21.0
[INFO] [stderr]    Compiling raytracer v0.1.0 (/opt/rustwide/workdir/raytracer)
[INFO] [stdout] error[E0557]: feature has been removed
[INFO] [stdout]  --> raytracer/src/main.rs:2:12
[INFO] [stdout]   |
[INFO] [stdout] 2 | #![feature(box_syntax)]
[INFO] [stdout]   |            ^^^^^^^^^^ feature has been removed
[INFO] [stdout]   |
[INFO] [stdout]   = note: replaced with `#[rustc_box]`
[INFO] [stdout] 
[INFO] [stdout] 
[INFO] [stdout] warning: type `lambertian` should have an upper camel case name
[INFO] [stdout]   --> raytracer/src/material.rs:42:12
[INFO] [stdout]    |
[INFO] [stdout] 42 | pub struct lambertian {
[INFO] [stdout]    |            ^^^^^^^^^^ help: convert the identifier to upper camel case: `Lambertian`
[INFO] [stdout]    |
[INFO] [stdout]    = note: `#[warn(non_camel_case_types)]` on by default
[INFO] [stdout] 
[INFO] [stdout] 
[INFO] [stdout] warning: type `metal` should have an upper camel case name
[INFO] [stdout]   --> raytracer/src/material.rs:91:12
[INFO] [stdout]    |
[INFO] [stdout] 91 | pub struct metal {
[INFO] [stdout]    |            ^^^^^ help: convert the identifier to upper camel case: `Metal`
[INFO] [stdout] 
[INFO] [stdout] 
[INFO] [stdout] warning: type `dielectric` should have an upper camel case name
[INFO] [stdout]    --> raytracer/src/material.rs:126:12
[INFO] [stdout]     |
[INFO] [stdout] 126 | pub struct dielectric {
[INFO] [stdout]     |            ^^^^^^^^^^ help: convert the identifier to upper camel case: `Dielectric`
[INFO] [stdout] 
[INFO] [stdout] 
[INFO] [stdout] warning: type `diffuse_light` should have an upper camel case name
[INFO] [stdout]    --> raytracer/src/material.rs:176:12
[INFO] [stdout]     |
[INFO] [stdout] 176 | pub struct diffuse_light {
[INFO] [stdout]     |            ^^^^^^^^^^^^^ help: convert the identifier to upper camel case: `DiffuseLight`
[INFO] [stdout] 
[INFO] [stdout] 
[INFO] [stdout] warning: type `isotropic` should have an upper camel case name
[INFO] [stdout]    --> raytracer/src/material.rs:205:12
[INFO] [stdout]     |
[INFO] [stdout] 205 | pub struct isotropic {
[INFO] [stdout]     |            ^^^^^^^^^ help: convert the identifier to upper camel case (notice the capitalization): `Isotropic`
[INFO] [stdout] 
[INFO] [stdout] 
[INFO] [stdout] warning: type `point3` should have an upper camel case name
[INFO] [stdout]   --> raytracer/src/scene.rs:15:6
[INFO] [stdout]    |
[INFO] [stdout] 15 | type point3 = Vec3;
[INFO] [stdout]    |      ^^^^^^ help: convert the identifier to upper camel case: `Point3`
[INFO] [stdout] 
[INFO] [stdout] 
[INFO] [stdout] warning: type `color` should have an upper camel case name
[INFO] [stdout]   --> raytracer/src/scene.rs:16:6
[INFO] [stdout]    |
[INFO] [stdout] 16 | type color = Vec3;
[INFO] [stdout]    |      ^^^^^ help: convert the identifier to upper camel case (notice the capitalization): `Color`
[INFO] [stdout] 
[INFO] [stdout] 
[INFO] [stdout] warning: type `hit_record` should have an upper camel case name
[INFO] [stdout]    --> raytracer/src/scene.rs:137:12
[INFO] [stdout]     |
[INFO] [stdout] 137 | pub struct hit_record {
[INFO] [stdout]     |            ^^^^^^^^^^ help: convert the identifier to upper camel case: `HitRecord`
[INFO] [stdout] 
[INFO] [stdout] 
[INFO] [stdout] warning: trait `hittable` should have an upper camel case name
[INFO] [stdout]    --> raytracer/src/scene.rs:176:11
[INFO] [stdout]     |
[INFO] [stdout] 176 | pub trait hittable: Sync + Send {
[INFO] [stdout]     |           ^^^^^^^^ help: convert the identifier to upper camel case: `Hittable`
[INFO] [stdout] 
[INFO] [stdout] 
[INFO] [stdout] warning: type `hittable_list` should have an upper camel case name
[INFO] [stdout]    --> raytracer/src/scene.rs:232:12
[INFO] [stdout]     |
[INFO] [stdout] 232 | pub struct hittable_list {
[INFO] [stdout]     |            ^^^^^^^^^^^^^ help: convert the identifier to upper camel case: `HittableList`
[INFO] [stdout] 
[INFO] [stdout] 
[INFO] [stdout] warning: type `rotate_y` should have an upper camel case name
[INFO] [stdout]    --> raytracer/src/scene.rs:376:12
[INFO] [stdout]     |
[INFO] [stdout] 376 | pub struct rotate_y {
[INFO] [stdout]     |            ^^^^^^^^ help: convert the identifier to upper camel case: `RotateY`
[INFO] [stdout] 
[INFO] [stdout] 
[INFO] [stdout] warning: type `flip_face` should have an upper camel case name
[INFO] [stdout]    --> raytracer/src/scene.rs:462:12
[INFO] [stdout]     |
[INFO] [stdout] 462 | pub struct flip_face {
[INFO] [stdout]     |            ^^^^^^^^^ help: convert the identifier to upper camel case: `FlipFace`
[INFO] [stdout] 
[INFO] [stdout] 
[INFO] [stdout] warning: type `aabb` should have an upper camel case name
[INFO] [stdout]  --> raytracer/src/BVH/aabb.rs:9:12
[INFO] [stdout]   |
[INFO] [stdout] 9 | pub struct aabb {
[INFO] [stdout]   |            ^^^^ help: convert the identifier to upper camel case: `Aabb`
[INFO] [stdout] 
[INFO] [stdout] 
[INFO] [stdout] warning: type `point3` should have an upper camel case name
[INFO] [stdout]   --> raytracer/src/BVH/bvh.rs:11:6
[INFO] [stdout]    |
[INFO] [stdout] 11 | type point3 = Vec3;
[INFO] [stdout]    |      ^^^^^^ help: convert the identifier to upper camel case: `Point3`
[INFO] [stdout] 
[INFO] [stdout] 
[INFO] [stdout] warning: type `bvh_node` should have an upper camel case name
[INFO] [stdout]   --> raytracer/src/BVH/bvh.rs:13:12
[INFO] [stdout]    |
[INFO] [stdout] 13 | pub struct bvh_node {
[INFO] [stdout]    |            ^^^^^^^^ help: convert the identifier to upper camel case: `BvhNode`
[INFO] [stdout] 
[INFO] [stdout] 
[INFO] [stdout] warning: type `xy_rect` should have an upper camel case name
[INFO] [stdout]   --> raytracer/src/objects/aarect.rs:13:12
[INFO] [stdout]    |
[INFO] [stdout] 13 | pub struct xy_rect {
[INFO] [stdout]    |            ^^^^^^^ help: convert the identifier to upper camel case: `XyRect`
[INFO] [stdout] 
[INFO] [stdout] 
[INFO] [stdout] warning: type `xz_rect` should have an upper camel case name
[INFO] [stdout]   --> raytracer/src/objects/aarect.rs:63:12
[INFO] [stdout]    |
[INFO] [stdout] 63 | pub struct xz_rect {
[INFO] [stdout]    |            ^^^^^^^ help: convert the identifier to upper camel case: `XzRect`
[INFO] [stdout] 
[INFO] [stdout] 
[INFO] [stdout] warning: type `yz_rect` should have an upper camel case name
[INFO] [stdout]    --> raytracer/src/objects/aarect.rs:124:12
[INFO] [stdout]     |
[INFO] [stdout] 124 | pub struct yz_rect {
[INFO] [stdout]     |            ^^^^^^^ help: convert the identifier to upper camel case: `YzRect`
[INFO] [stdout] 
[INFO] [stdout] 
[INFO] [stdout] warning: type `color` should have an upper camel case name
[INFO] [stdout]  --> raytracer/src/texture.rs:8:6
[INFO] [stdout]   |
[INFO] [stdout] 8 | type color = Vec3;
[INFO] [stdout]   |      ^^^^^ help: convert the identifier to upper camel case (notice the capitalization): `Color`
[INFO] [stdout] 
[INFO] [stdout] 
[INFO] [stdout] warning: type `point3` should have an upper camel case name
[INFO] [stdout]  --> raytracer/src/texture.rs:9:6
[INFO] [stdout]   |
[INFO] [stdout] 9 | type point3 = Vec3;
[INFO] [stdout]   |      ^^^^^^ help: convert the identifier to upper camel case: `Point3`
[INFO] [stdout] 
[INFO] [stdout] 
[INFO] [stdout] warning: trait `texture` should have an upper camel case name
[INFO] [stdout]   --> raytracer/src/texture.rs:12:11
[INFO] [stdout]    |
[INFO] [stdout] 12 | pub trait texture: Sync + Send {
[INFO] [stdout]    |           ^^^^^^^ help: convert the identifier to upper camel case: `Texture`
[INFO] [stdout] 
[INFO] [stdout] 
[INFO] [stdout] warning: type `solid_color` should have an upper camel case name
[INFO] [stdout]   --> raytracer/src/texture.rs:19:12
[INFO] [stdout]    |
[INFO] [stdout] 19 | pub struct solid_color {
[INFO] [stdout]    |            ^^^^^^^^^^^ help: convert the identifier to upper camel case: `SolidColor`
[INFO] [stdout] 
[INFO] [stdout] 
[INFO] [stdout] warning: type `checker_texture` should have an upper camel case name
[INFO] [stdout]   --> raytracer/src/texture.rs:46:12
[INFO] [stdout]    |
[INFO] [stdout] 46 | pub struct checker_texture {
[INFO] [stdout]    |            ^^^^^^^^^^^^^^^ help: convert the identifier to upper camel case: `CheckerTexture`
[INFO] [stdout] 
[INFO] [stdout] 
[INFO] [stdout] warning: type `noise_texture` should have an upper camel case name
[INFO] [stdout]   --> raytracer/src/texture.rs:85:12
[INFO] [stdout]    |
[INFO] [stdout] 85 | pub struct noise_texture {
[INFO] [stdout]    |            ^^^^^^^^^^^^^ help: convert the identifier to upper camel case: `NoiseTexture`
[INFO] [stdout] 
[INFO] [stdout] 
[INFO] [stdout] warning: type `mixture_pdf` should have an upper camel case name
[INFO] [stdout]   --> raytracer/src/pdf.rs:60:12
[INFO] [stdout]    |
[INFO] [stdout] 60 | pub struct mixture_pdf {
[INFO] [stdout]    |            ^^^^^^^^^^^ help: convert the identifier to upper camel case: `MixturePdf`
[INFO] [stdout] 
[INFO] [stdout] 
[INFO] [stdout] error: aborting due to 1 previous error; 25 warnings emitted
[INFO] [stdout] 
[INFO] [stdout] 
[INFO] [stdout] For more information about this error, try `rustc --explain E0557`.
[INFO] [stdout] 
[INFO] [stderr] error: could not compile `raytracer` (bin "raytracer") due to 2 previous errors; 25 warnings emitted
[INFO] running `Command { std: "docker" "inspect" "313f3ac50a994942d52b711fb547ef7564a2d8058ec7edddfd5a1ef8840dda38", kill_on_drop: false }`
[INFO] running `Command { std: "docker" "rm" "-f" "313f3ac50a994942d52b711fb547ef7564a2d8058ec7edddfd5a1ef8840dda38", kill_on_drop: false }`
[INFO] [stdout] 313f3ac50a994942d52b711fb547ef7564a2d8058ec7edddfd5a1ef8840dda38
