[INFO] cloning repository https://github.com/KeenS/igaguri
[INFO] running `Command { std: "git" "-c" "credential.helper=" "-c" "credential.helper=/workspace/cargo-home/bin/git-credential-null" "clone" "--bare" "https://github.com/KeenS/igaguri" "/workspace/cache/git-repos/https%3A%2F%2Fgithub.com%2FKeenS%2Figaguri", kill_on_drop: false }`
[INFO] [stderr] Cloning into bare repository '/workspace/cache/git-repos/https%3A%2F%2Fgithub.com%2FKeenS%2Figaguri'...
[INFO] running `Command { std: "git" "rev-parse" "HEAD", kill_on_drop: false }`
[INFO] [stdout] 8653f722db491de87e978f8b506921510a80f8a7
[INFO] testing KeenS/igaguri against 1.75.0 for beta-1.76-1
[INFO] running `Command { std: "git" "clone" "/workspace/cache/git-repos/https%3A%2F%2Fgithub.com%2FKeenS%2Figaguri" "/workspace/builds/worker-5-tc1/source", kill_on_drop: false }`
[INFO] [stderr] Cloning into '/workspace/builds/worker-5-tc1/source'...
[INFO] [stderr] done.
[INFO] validating manifest of git repo https://github.com/KeenS/igaguri on toolchain 1.75.0
[INFO] running `Command { std: CARGO_HOME="/workspace/cargo-home" RUSTUP_HOME="/workspace/rustup-home" "/workspace/cargo-home/bin/cargo" "+1.75.0" "metadata" "--manifest-path" "Cargo.toml" "--no-deps", kill_on_drop: false }`
[INFO] started tweaking git repo https://github.com/KeenS/igaguri
[INFO] finished tweaking git repo https://github.com/KeenS/igaguri
[INFO] tweaked toml for git repo https://github.com/KeenS/igaguri written to /workspace/builds/worker-5-tc1/source/Cargo.toml
[INFO] crate git repo https://github.com/KeenS/igaguri already has a lockfile, it will not be regenerated
[INFO] running `Command { std: CARGO_HOME="/workspace/cargo-home" RUSTUP_HOME="/workspace/rustup-home" "/workspace/cargo-home/bin/cargo" "+1.75.0" "fetch" "--manifest-path" "Cargo.toml", kill_on_drop: false }`
[INFO] [stderr]     Blocking waiting for file lock on package cache
[INFO] [stderr]     Blocking waiting for file lock on package cache
[ERROR] error running command: no output for 300 seconds
[ERROR] this task or one of its parent failed!
[ERROR] no output for 300 seconds
[ERROR] note: run with `RUST_BACKTRACE=1` to display a backtrace.
[INFO] testing KeenS/igaguri against beta-2023-12-22 for beta-1.76-1
[INFO] running `Command { std: "git" "clone" "/workspace/cache/git-repos/https%3A%2F%2Fgithub.com%2FKeenS%2Figaguri" "/workspace/builds/worker-5-tc2/source", kill_on_drop: false }`
[INFO] [stderr] Cloning into '/workspace/builds/worker-5-tc2/source'...
[INFO] [stderr] done.
[INFO] validating manifest of git repo https://github.com/KeenS/igaguri on toolchain beta-2023-12-22
[INFO] running `Command { std: CARGO_HOME="/workspace/cargo-home" RUSTUP_HOME="/workspace/rustup-home" "/workspace/cargo-home/bin/cargo" "+beta-2023-12-22" "metadata" "--manifest-path" "Cargo.toml" "--no-deps", kill_on_drop: false }`
[INFO] started tweaking git repo https://github.com/KeenS/igaguri
[INFO] finished tweaking git repo https://github.com/KeenS/igaguri
[INFO] tweaked toml for git repo https://github.com/KeenS/igaguri written to /workspace/builds/worker-5-tc2/source/Cargo.toml
[INFO] crate git repo https://github.com/KeenS/igaguri already has a lockfile, it will not be regenerated
[INFO] running `Command { std: CARGO_HOME="/workspace/cargo-home" RUSTUP_HOME="/workspace/rustup-home" "/workspace/cargo-home/bin/cargo" "+beta-2023-12-22" "fetch" "--manifest-path" "Cargo.toml", kill_on_drop: false }`
[INFO] [stderr]     Blocking waiting for file lock on package cache
[INFO] [stderr]     Blocking waiting for file lock on package cache
[INFO] [stderr]  Downloading crates ...
[INFO] [stderr]   Downloaded env_logger v0.3.4
[INFO] [stderr]   Downloaded rustyline v1.0.0
[INFO] [stderr]   Downloaded thread_local v0.2.6
[INFO] [stderr]   Downloaded regex-syntax v0.3.4
[INFO] [stderr]   Downloaded encode_unicode v0.1.3
[INFO] [stderr]   Downloaded regex v0.1.73
[INFO] [stderr]   Downloaded aho-corasick v0.5.2
[INFO] running `Command { std: "docker" "create" "-v" "/var/lib/crater-agent-workspace/builds/worker-5-tc2/target:/opt/rustwide/target:rw,Z" "-v" "/var/lib/crater-agent-workspace/builds/worker-5-tc2/source:/opt/rustwide/workdir:ro,Z" "-v" "/var/lib/crater-agent-workspace/cargo-home:/opt/rustwide/cargo-home:ro,Z" "-v" "/var/lib/crater-agent-workspace/rustup-home:/opt/rustwide/rustup-home:ro,Z" "-e" "SOURCE_DIR=/opt/rustwide/workdir" "-e" "CARGO_TARGET_DIR=/opt/rustwide/target" "-e" "CARGO_HOME=/opt/rustwide/cargo-home" "-e" "RUSTUP_HOME=/opt/rustwide/rustup-home" "-w" "/opt/rustwide/workdir" "-m" "1610612736" "--user" "0:0" "--network" "none" "ghcr.io/rust-lang/crates-build-env/linux@sha256:2788e3201cd34a07e3172128adcd8b3090168a8e3bcc40d7c032b9dda1df7d1c" "/opt/rustwide/cargo-home/bin/cargo" "+beta-2023-12-22" "metadata" "--no-deps" "--format-version=1", kill_on_drop: false }`
[INFO] [stdout] 56fda5f317c3ded0933fdc183811fe3407af10da740fade509b56b9c87d7f1e0
[INFO] running `Command { std: "docker" "start" "-a" "56fda5f317c3ded0933fdc183811fe3407af10da740fade509b56b9c87d7f1e0", kill_on_drop: false }`
[INFO] running `Command { std: "docker" "inspect" "56fda5f317c3ded0933fdc183811fe3407af10da740fade509b56b9c87d7f1e0", kill_on_drop: false }`
[INFO] running `Command { std: "docker" "rm" "-f" "56fda5f317c3ded0933fdc183811fe3407af10da740fade509b56b9c87d7f1e0", kill_on_drop: false }`
[INFO] [stdout] 56fda5f317c3ded0933fdc183811fe3407af10da740fade509b56b9c87d7f1e0
[INFO] running `Command { std: "docker" "create" "-v" "/var/lib/crater-agent-workspace/builds/worker-5-tc2/target:/opt/rustwide/target:rw,Z" "-v" "/var/lib/crater-agent-workspace/builds/worker-5-tc2/source:/opt/rustwide/workdir:ro,Z" "-v" "/var/lib/crater-agent-workspace/cargo-home:/opt/rustwide/cargo-home:ro,Z" "-v" "/var/lib/crater-agent-workspace/rustup-home:/opt/rustwide/rustup-home:ro,Z" "-e" "SOURCE_DIR=/opt/rustwide/workdir" "-e" "CARGO_TARGET_DIR=/opt/rustwide/target" "-e" "CARGO_INCREMENTAL=0" "-e" "RUST_BACKTRACE=full" "-e" "RUSTFLAGS=--cap-lints=warn" "-e" "RUSTDOCFLAGS=--cap-lints=warn" "-e" "CARGO_HOME=/opt/rustwide/cargo-home" "-e" "RUSTUP_HOME=/opt/rustwide/rustup-home" "-w" "/opt/rustwide/workdir" "-m" "1610612736" "--user" "0:0" "--network" "none" "ghcr.io/rust-lang/crates-build-env/linux@sha256:2788e3201cd34a07e3172128adcd8b3090168a8e3bcc40d7c032b9dda1df7d1c" "/opt/rustwide/cargo-home/bin/cargo" "+beta-2023-12-22" "build" "--frozen" "--message-format=json", kill_on_drop: false }`
[INFO] [stdout] f4a5630b2ca6ca90724c2090546d09a405554ce34f97a13c50eb753f6e0dd99e
[INFO] running `Command { std: "docker" "start" "-a" "f4a5630b2ca6ca90724c2090546d09a405554ce34f97a13c50eb753f6e0dd99e", kill_on_drop: false }`
[INFO] [stderr]    Compiling libc v0.2.15
[INFO] [stderr]    Compiling winapi-build v0.1.1
[INFO] [stderr]    Compiling winapi v0.2.8
[INFO] [stderr]    Compiling utf8-ranges v0.1.3
[INFO] [stderr]    Compiling regex-syntax v0.3.4
[INFO] [stderr]    Compiling bitflags v0.4.0
[INFO] [stderr]    Compiling log v0.3.6
[INFO] [stderr]    Compiling encode_unicode v0.1.3
[INFO] [stderr]    Compiling unicode-width v0.1.3
[INFO] [stderr]    Compiling memchr v0.1.11
[INFO] [stderr]    Compiling nix v0.5.1
[INFO] [stderr]    Compiling kernel32-sys v0.2.2
[INFO] [stderr]    Compiling aho-corasick v0.5.2
[INFO] [stderr]    Compiling nom v1.2.4
[INFO] [stderr]    Compiling thread-id v2.0.0
[INFO] [stderr]    Compiling thread_local v0.2.6
[INFO] [stderr]    Compiling regex v0.1.73
[INFO] [stderr]    Compiling rustyline v1.0.0
[INFO] [stderr]    Compiling env_logger v0.3.4
[INFO] [stderr]    Compiling igaguri v0.1.0 (/opt/rustwide/workdir)
[INFO] [stdout] warning: use of deprecated macro `try`: use the `?` operator instead
[INFO] [stdout]   --> src/igaguri.rs:83:33
[INFO] [stdout]    |
[INFO] [stdout] 83 | ...                   try!(self.run(command, si, Stdio::piped(), Stdio::inherit()));
[INFO] [stdout]    |                       ^^^
[INFO] [stdout]    |
[INFO] [stdout]    = note: `#[warn(deprecated)]` on by default
[INFO] [stdout] 
[INFO] [stdout] 
[INFO] [stdout] warning: unused `Result` that must be used
[INFO] [stdout]   --> src/read.rs:31:9
[INFO] [stdout]    |
[INFO] [stdout] 31 |         reader.rl.load_history(&reader.histfile);
[INFO] [stdout]    |         ^^^^^^^^^^^^^^^^^^^^^^^^^^^^^^^^^^^^^^^^
[INFO] [stdout]    |
[INFO] [stdout]    = note: this `Result` may be an `Err` variant, which should be handled
[INFO] [stdout]    = note: `#[warn(unused_must_use)]` on by default
[INFO] [stdout] help: use `let _ = ...` to ignore the resulting value
[INFO] [stdout]    |
[INFO] [stdout] 31 |         let _ = reader.rl.load_history(&reader.histfile);
[INFO] [stdout]    |         +++++++
[INFO] [stdout] 
[INFO] [stdout] 
[INFO] [stdout] warning: the `cmd:` in this pattern is redundant
[INFO] [stdout]   --> src/ast.rs:19:22
[INFO] [stdout]    |
[INFO] [stdout] 19 |             &Command{cmd: ref cmd, ..} => cmd.is_empty(),
[INFO] [stdout]    |                      ^^^^^^^^^^^^ help: use shorthand field pattern: `ref cmd`
[INFO] [stdout]    |
[INFO] [stdout]    = note: `#[warn(non_shorthand_field_patterns)]` on by default
[INFO] [stdout] 
[INFO] [stdout] 
[INFO] [stdout] warning: unused `Result` that must be used
[INFO] [stdout]   --> src/igaguri.rs:27:33
[INFO] [stdout]    |
[INFO] [stdout] 27 | ...                   child.wait();
[INFO] [stdout]    |                       ^^^^^^^^^^^^
[INFO] [stdout]    |
[INFO] [stdout]    = note: this `Result` may be an `Err` variant, which should be handled
[INFO] [stdout] help: use `let _ = ...` to ignore the resulting value
[INFO] [stdout]    |
[INFO] [stdout] 27 |                                 let _ = child.wait();
[INFO] [stdout]    |                                 +++++++
[INFO] [stdout] 
[INFO] [stdout] 
[INFO] [stdout] warning: 4 warnings emitted
[INFO] [stdout] 
[INFO] [stdout] 
[INFO] [stderr]     Finished dev [unoptimized + debuginfo] target(s) in 7.70s
[INFO] [stderr] warning: the following packages contain code that will be rejected by a future version of Rust: nom v1.2.4
[INFO] [stderr] note: to see what the problems were, use the option `--future-incompat-report`, or run `cargo report future-incompatibilities --id 1`
[INFO] running `Command { std: "docker" "inspect" "f4a5630b2ca6ca90724c2090546d09a405554ce34f97a13c50eb753f6e0dd99e", kill_on_drop: false }`
[INFO] running `Command { std: "docker" "rm" "-f" "f4a5630b2ca6ca90724c2090546d09a405554ce34f97a13c50eb753f6e0dd99e", kill_on_drop: false }`
[INFO] [stdout] f4a5630b2ca6ca90724c2090546d09a405554ce34f97a13c50eb753f6e0dd99e
[INFO] running `Command { std: "docker" "create" "-v" "/var/lib/crater-agent-workspace/builds/worker-5-tc2/target:/opt/rustwide/target:rw,Z" "-v" "/var/lib/crater-agent-workspace/builds/worker-5-tc2/source:/opt/rustwide/workdir:ro,Z" "-v" "/var/lib/crater-agent-workspace/cargo-home:/opt/rustwide/cargo-home:ro,Z" "-v" "/var/lib/crater-agent-workspace/rustup-home:/opt/rustwide/rustup-home:ro,Z" "-e" "SOURCE_DIR=/opt/rustwide/workdir" "-e" "CARGO_TARGET_DIR=/opt/rustwide/target" "-e" "CARGO_INCREMENTAL=0" "-e" "RUST_BACKTRACE=full" "-e" "RUSTFLAGS=--cap-lints=warn" "-e" "RUSTDOCFLAGS=--cap-lints=warn" "-e" "CARGO_HOME=/opt/rustwide/cargo-home" "-e" "RUSTUP_HOME=/opt/rustwide/rustup-home" "-w" "/opt/rustwide/workdir" "-m" "1610612736" "--user" "0:0" "--network" "none" "ghcr.io/rust-lang/crates-build-env/linux@sha256:2788e3201cd34a07e3172128adcd8b3090168a8e3bcc40d7c032b9dda1df7d1c" "/opt/rustwide/cargo-home/bin/cargo" "+beta-2023-12-22" "test" "--frozen" "--no-run" "--message-format=json", kill_on_drop: false }`
[INFO] [stdout] d643fdf7b3e7c59a0ecc1607b9a4f578ddcd9972a558e08109fa72d19b403e60
[INFO] running `Command { std: "docker" "start" "-a" "d643fdf7b3e7c59a0ecc1607b9a4f578ddcd9972a558e08109fa72d19b403e60", kill_on_drop: false }`
[INFO] [stderr]    Compiling igaguri v0.1.0 (/opt/rustwide/workdir)
[INFO] [stdout] warning: use of deprecated macro `try`: use the `?` operator instead
[INFO] [stdout]   --> src/igaguri.rs:83:33
[INFO] [stdout]    |
[INFO] [stdout] 83 | ...                   try!(self.run(command, si, Stdio::piped(), Stdio::inherit()));
[INFO] [stdout]    |                       ^^^
[INFO] [stdout]    |
[INFO] [stdout]    = note: `#[warn(deprecated)]` on by default
[INFO] [stdout] 
[INFO] [stdout] 
[INFO] [stdout] warning: unused `Result` that must be used
[INFO] [stdout]   --> src/read.rs:31:9
[INFO] [stdout]    |
[INFO] [stdout] 31 |         reader.rl.load_history(&reader.histfile);
[INFO] [stdout]    |         ^^^^^^^^^^^^^^^^^^^^^^^^^^^^^^^^^^^^^^^^
[INFO] [stdout]    |
[INFO] [stdout]    = note: this `Result` may be an `Err` variant, which should be handled
[INFO] [stdout]    = note: `#[warn(unused_must_use)]` on by default
[INFO] [stdout] help: use `let _ = ...` to ignore the resulting value
[INFO] [stdout]    |
[INFO] [stdout] 31 |         let _ = reader.rl.load_history(&reader.histfile);
[INFO] [stdout]    |         +++++++
[INFO] [stdout] 
[INFO] [stdout] 
[INFO] [stdout] warning: the `cmd:` in this pattern is redundant
[INFO] [stdout]   --> src/ast.rs:19:22
[INFO] [stdout]    |
[INFO] [stdout] 19 |             &Command{cmd: ref cmd, ..} => cmd.is_empty(),
[INFO] [stdout]    |                      ^^^^^^^^^^^^ help: use shorthand field pattern: `ref cmd`
[INFO] [stdout]    |
[INFO] [stdout]    = note: `#[warn(non_shorthand_field_patterns)]` on by default
[INFO] [stdout] 
[INFO] [stdout] 
[INFO] [stdout] warning: unused `Result` that must be used
[INFO] [stdout]   --> src/igaguri.rs:27:33
[INFO] [stdout]    |
[INFO] [stdout] 27 | ...                   child.wait();
[INFO] [stdout]    |                       ^^^^^^^^^^^^
[INFO] [stdout]    |
[INFO] [stdout]    = note: this `Result` may be an `Err` variant, which should be handled
[INFO] [stdout] help: use `let _ = ...` to ignore the resulting value
[INFO] [stdout]    |
[INFO] [stdout] 27 |                                 let _ = child.wait();
[INFO] [stdout]    |                                 +++++++
[INFO] [stdout] 
[INFO] [stdout] 
[INFO] [stdout] warning: 4 warnings emitted
[INFO] [stdout] 
[INFO] [stdout] 
[INFO] [stdout] warning: use of deprecated macro `try`: use the `?` operator instead
[INFO] [stdout]   --> src/igaguri.rs:83:33
[INFO] [stdout]    |
[INFO] [stdout] 83 | ...                   try!(self.run(command, si, Stdio::piped(), Stdio::inherit()));
[INFO] [stdout]    |                       ^^^
[INFO] [stdout]    |
[INFO] [stdout]    = note: `#[warn(deprecated)]` on by default
[INFO] [stdout] 
[INFO] [stdout] 
[INFO] [stdout] warning: unused `Result` that must be used
[INFO] [stdout]   --> src/read.rs:31:9
[INFO] [stdout]    |
[INFO] [stdout] 31 |         reader.rl.load_history(&reader.histfile);
[INFO] [stdout]    |         ^^^^^^^^^^^^^^^^^^^^^^^^^^^^^^^^^^^^^^^^
[INFO] [stdout]    |
[INFO] [stdout]    = note: this `Result` may be an `Err` variant, which should be handled
[INFO] [stdout]    = note: `#[warn(unused_must_use)]` on by default
[INFO] [stdout] help: use `let _ = ...` to ignore the resulting value
[INFO] [stdout]    |
[INFO] [stdout] 31 |         let _ = reader.rl.load_history(&reader.histfile);
[INFO] [stdout]    |         +++++++
[INFO] [stdout] 
[INFO] [stdout] 
[INFO] [stdout] warning: the `cmd:` in this pattern is redundant
[INFO] [stdout]   --> src/ast.rs:19:22
[INFO] [stdout]    |
[INFO] [stdout] 19 |             &Command{cmd: ref cmd, ..} => cmd.is_empty(),
[INFO] [stdout]    |                      ^^^^^^^^^^^^ help: use shorthand field pattern: `ref cmd`
[INFO] [stdout]    |
[INFO] [stdout]    = note: `#[warn(non_shorthand_field_patterns)]` on by default
[INFO] [stdout] 
[INFO] [stdout] 
[INFO] [stdout] warning: unused `Result` that must be used
[INFO] [stdout]   --> src/igaguri.rs:27:33
[INFO] [stdout]    |
[INFO] [stdout] 27 | ...                   child.wait();
[INFO] [stdout]    |                       ^^^^^^^^^^^^
[INFO] [stdout]    |
[INFO] [stdout]    = note: this `Result` may be an `Err` variant, which should be handled
[INFO] [stdout] help: use `let _ = ...` to ignore the resulting value
[INFO] [stdout]    |
[INFO] [stdout] 27 |                                 let _ = child.wait();
[INFO] [stdout]    |                                 +++++++
[INFO] [stdout] 
[INFO] [stdout] 
[INFO] [stdout] warning: 4 warnings emitted
[INFO] [stdout] 
[INFO] [stdout] 
[INFO] [stderr]     Finished test [unoptimized + debuginfo] target(s) in 0.59s
[INFO] [stderr] warning: the following packages contain code that will be rejected by a future version of Rust: nom v1.2.4
[INFO] [stderr] note: to see what the problems were, use the option `--future-incompat-report`, or run `cargo report future-incompatibilities --id 1`
[INFO] running `Command { std: "docker" "inspect" "d643fdf7b3e7c59a0ecc1607b9a4f578ddcd9972a558e08109fa72d19b403e60", kill_on_drop: false }`
[INFO] running `Command { std: "docker" "rm" "-f" "d643fdf7b3e7c59a0ecc1607b9a4f578ddcd9972a558e08109fa72d19b403e60", kill_on_drop: false }`
[INFO] [stdout] d643fdf7b3e7c59a0ecc1607b9a4f578ddcd9972a558e08109fa72d19b403e60
[INFO] running `Command { std: "docker" "create" "-v" "/var/lib/crater-agent-workspace/builds/worker-5-tc2/target:/opt/rustwide/target:rw,Z" "-v" "/var/lib/crater-agent-workspace/builds/worker-5-tc2/source:/opt/rustwide/workdir:ro,Z" "-v" "/var/lib/crater-agent-workspace/cargo-home:/opt/rustwide/cargo-home:ro,Z" "-v" "/var/lib/crater-agent-workspace/rustup-home:/opt/rustwide/rustup-home:ro,Z" "-e" "SOURCE_DIR=/opt/rustwide/workdir" "-e" "CARGO_TARGET_DIR=/opt/rustwide/target" "-e" "CARGO_INCREMENTAL=0" "-e" "RUST_BACKTRACE=full" "-e" "RUSTFLAGS=--cap-lints=warn" "-e" "RUSTDOCFLAGS=--cap-lints=warn" "-e" "CARGO_HOME=/opt/rustwide/cargo-home" "-e" "RUSTUP_HOME=/opt/rustwide/rustup-home" "-w" "/opt/rustwide/workdir" "-m" "1610612736" "--user" "0:0" "--network" "none" "ghcr.io/rust-lang/crates-build-env/linux@sha256:2788e3201cd34a07e3172128adcd8b3090168a8e3bcc40d7c032b9dda1df7d1c" "/opt/rustwide/cargo-home/bin/cargo" "+beta-2023-12-22" "test" "--frozen", kill_on_drop: false }`
[INFO] [stdout] 917df27a1e727e10b4d3f91978453bd554783d0c3e1da3084c27946e9a49f291
[INFO] running `Command { std: "docker" "start" "-a" "917df27a1e727e10b4d3f91978453bd554783d0c3e1da3084c27946e9a49f291", kill_on_drop: false }`
[INFO] [stderr] warning: use of deprecated macro `try`: use the `?` operator instead
[INFO] [stderr]   --> src/igaguri.rs:83:33
[INFO] [stderr]    |
[INFO] [stderr] 83 | ...                   try!(self.run(command, si, Stdio::piped(), Stdio::inherit()));
[INFO] [stderr]    |                       ^^^
[INFO] [stderr]    |
[INFO] [stderr]    = note: `#[warn(deprecated)]` on by default
[INFO] [stderr] 
[INFO] [stderr] warning: unused `Result` that must be used
[INFO] [stderr]   --> src/read.rs:31:9
[INFO] [stderr]    |
[INFO] [stderr] 31 |         reader.rl.load_history(&reader.histfile);
[INFO] [stderr]    |         ^^^^^^^^^^^^^^^^^^^^^^^^^^^^^^^^^^^^^^^^
[INFO] [stderr]    |
[INFO] [stderr]    = note: this `Result` may be an `Err` variant, which should be handled
[INFO] [stderr]    = note: `#[warn(unused_must_use)]` on by default
[INFO] [stderr] help: use `let _ = ...` to ignore the resulting value
[INFO] [stderr]    |
[INFO] [stderr] 31 |         let _ = reader.rl.load_history(&reader.histfile);
[INFO] [stderr]    |         +++++++
[INFO] [stderr] 
[INFO] [stderr] warning: the `cmd:` in this pattern is redundant
[INFO] [stderr]   --> src/ast.rs:19:22
[INFO] [stderr]    |
[INFO] [stderr] 19 |             &Command{cmd: ref cmd, ..} => cmd.is_empty(),
[INFO] [stderr]    |                      ^^^^^^^^^^^^ help: use shorthand field pattern: `ref cmd`
[INFO] [stderr]    |
[INFO] [stderr]    = note: `#[warn(non_shorthand_field_patterns)]` on by default
[INFO] [stderr] 
[INFO] [stderr] warning: unused `Result` that must be used
[INFO] [stderr]   --> src/igaguri.rs:27:33
[INFO] [stderr]    |
[INFO] [stderr] 27 | ...                   child.wait();
[INFO] [stderr]    |                       ^^^^^^^^^^^^
[INFO] [stderr]    |
[INFO] [stderr]    = note: this `Result` may be an `Err` variant, which should be handled
[INFO] [stderr] help: use `let _ = ...` to ignore the resulting value
[INFO] [stderr]    |
[INFO] [stderr] 27 |                                 let _ = child.wait();
[INFO] [stderr]    |                                 +++++++
[INFO] [stderr] 
[INFO] [stderr] warning: `igaguri` (lib) generated 4 warnings (run `cargo fix --lib -p igaguri` to apply 1 suggestion)
[INFO] [stderr] warning: `igaguri` (lib test) generated 4 warnings (4 duplicates)
[INFO] [stderr]     Finished test [unoptimized + debuginfo] target(s) in 0.05s
[INFO] [stderr] warning: the following packages contain code that will be rejected by a future version of Rust: nom v1.2.4
[INFO] [stderr] note: to see what the problems were, use the option `--future-incompat-report`, or run `cargo report future-incompatibilities --id 1`
[INFO] [stderr]      Running unittests src/lib.rs (/opt/rustwide/target/debug/deps/igaguri-28004278f592cd8f)
[INFO] [stdout] 
[INFO] [stdout] running 0 tests
[INFO] [stdout] 
[INFO] [stdout] test result: ok. 0 passed; 0 failed; 0 ignored; 0 measured; 0 filtered out; finished in 0.00s
[INFO] [stdout] 
[INFO] [stderr]      Running unittests src/main.rs (/opt/rustwide/target/debug/deps/igaguri-a9a52dc02ed408e2)
[INFO] [stdout] 
[INFO] [stdout] running 0 tests
[INFO] [stdout] 
[INFO] [stdout] test result: ok. 0 passed; 0 failed; 0 ignored; 0 measured; 0 filtered out; finished in 0.00s
[INFO] [stdout] 
[INFO] [stderr]    Doc-tests igaguri
[INFO] [stdout] 
[INFO] [stdout] running 0 tests
[INFO] [stdout] 
[INFO] [stdout] test result: ok. 0 passed; 0 failed; 0 ignored; 0 measured; 0 filtered out; finished in 0.00s
[INFO] [stdout] 
[INFO] running `Command { std: "docker" "inspect" "917df27a1e727e10b4d3f91978453bd554783d0c3e1da3084c27946e9a49f291", kill_on_drop: false }`
[INFO] running `Command { std: "docker" "rm" "-f" "917df27a1e727e10b4d3f91978453bd554783d0c3e1da3084c27946e9a49f291", kill_on_drop: false }`
[INFO] [stdout] 917df27a1e727e10b4d3f91978453bd554783d0c3e1da3084c27946e9a49f291
