[INFO] cloning repository https://github.com/Kayra1/Thincord
[INFO] running `Command { std: "git" "-c" "credential.helper=" "-c" "credential.helper=/workspace/cargo-home/bin/git-credential-null" "clone" "--bare" "https://github.com/Kayra1/Thincord" "/workspace/cache/git-repos/https%3A%2F%2Fgithub.com%2FKayra1%2FThincord", kill_on_drop: false }`
[INFO] [stderr] Cloning into bare repository '/workspace/cache/git-repos/https%3A%2F%2Fgithub.com%2FKayra1%2FThincord'...
[INFO] running `Command { std: "git" "rev-parse" "HEAD", kill_on_drop: false }`
[INFO] [stdout] 344121ef4649d735f88c219ede2a449e4005768d
[INFO] testing Kayra1/Thincord against 1.75.0 for beta-1.76-1
[INFO] running `Command { std: "git" "clone" "/workspace/cache/git-repos/https%3A%2F%2Fgithub.com%2FKayra1%2FThincord" "/workspace/builds/worker-7-tc1/source", kill_on_drop: false }`
[INFO] [stderr] Cloning into '/workspace/builds/worker-7-tc1/source'...
[INFO] [stderr] done.
[INFO] validating manifest of git repo https://github.com/Kayra1/Thincord on toolchain 1.75.0
[INFO] running `Command { std: CARGO_HOME="/workspace/cargo-home" RUSTUP_HOME="/workspace/rustup-home" "/workspace/cargo-home/bin/cargo" "+1.75.0" "metadata" "--manifest-path" "Cargo.toml" "--no-deps", kill_on_drop: false }`
[INFO] started tweaking git repo https://github.com/Kayra1/Thincord
[INFO] finished tweaking git repo https://github.com/Kayra1/Thincord
[INFO] tweaked toml for git repo https://github.com/Kayra1/Thincord written to /workspace/builds/worker-7-tc1/source/Cargo.toml
[INFO] crate git repo https://github.com/Kayra1/Thincord already has a lockfile, it will not be regenerated
[INFO] running `Command { std: CARGO_HOME="/workspace/cargo-home" RUSTUP_HOME="/workspace/rustup-home" "/workspace/cargo-home/bin/cargo" "+1.75.0" "fetch" "--manifest-path" "Cargo.toml", kill_on_drop: false }`
[INFO] [stderr]     Blocking waiting for file lock on package cache
[ERROR] error running command: no output for 300 seconds
[ERROR] this task or one of its parent failed!
[ERROR] no output for 300 seconds
[ERROR] note: run with `RUST_BACKTRACE=1` to display a backtrace.
[INFO] testing Kayra1/Thincord against beta-2023-12-22 for beta-1.76-1
[INFO] running `Command { std: "git" "clone" "/workspace/cache/git-repos/https%3A%2F%2Fgithub.com%2FKayra1%2FThincord" "/workspace/builds/worker-7-tc2/source", kill_on_drop: false }`
[INFO] [stderr] Cloning into '/workspace/builds/worker-7-tc2/source'...
[INFO] [stderr] done.
[INFO] validating manifest of git repo https://github.com/Kayra1/Thincord on toolchain beta-2023-12-22
[INFO] running `Command { std: CARGO_HOME="/workspace/cargo-home" RUSTUP_HOME="/workspace/rustup-home" "/workspace/cargo-home/bin/cargo" "+beta-2023-12-22" "metadata" "--manifest-path" "Cargo.toml" "--no-deps", kill_on_drop: false }`
[INFO] started tweaking git repo https://github.com/Kayra1/Thincord
[INFO] finished tweaking git repo https://github.com/Kayra1/Thincord
[INFO] tweaked toml for git repo https://github.com/Kayra1/Thincord written to /workspace/builds/worker-7-tc2/source/Cargo.toml
[INFO] crate git repo https://github.com/Kayra1/Thincord already has a lockfile, it will not be regenerated
[INFO] running `Command { std: CARGO_HOME="/workspace/cargo-home" RUSTUP_HOME="/workspace/rustup-home" "/workspace/cargo-home/bin/cargo" "+beta-2023-12-22" "fetch" "--manifest-path" "Cargo.toml", kill_on_drop: false }`
[INFO] [stderr]     Blocking waiting for file lock on package cache
[INFO] [stderr]     Blocking waiting for file lock on package cache
[ERROR] error running command: no output for 300 seconds
[INFO] testing Kayra1/Thincord against beta-2023-12-22 for beta-1.76-1
[INFO] running `Command { std: "git" "clone" "/workspace/cache/git-repos/https%3A%2F%2Fgithub.com%2FKayra1%2FThincord" "/workspace/builds/worker-7-tc2/source", kill_on_drop: false }`
[INFO] [stderr] Cloning into '/workspace/builds/worker-7-tc2/source'...
[INFO] [stderr] done.
[INFO] validating manifest of git repo https://github.com/Kayra1/Thincord on toolchain beta-2023-12-22
[INFO] running `Command { std: CARGO_HOME="/workspace/cargo-home" RUSTUP_HOME="/workspace/rustup-home" "/workspace/cargo-home/bin/cargo" "+beta-2023-12-22" "metadata" "--manifest-path" "Cargo.toml" "--no-deps", kill_on_drop: false }`
[INFO] started tweaking git repo https://github.com/Kayra1/Thincord
[INFO] finished tweaking git repo https://github.com/Kayra1/Thincord
[INFO] tweaked toml for git repo https://github.com/Kayra1/Thincord written to /workspace/builds/worker-7-tc2/source/Cargo.toml
[INFO] crate git repo https://github.com/Kayra1/Thincord already has a lockfile, it will not be regenerated
[INFO] running `Command { std: CARGO_HOME="/workspace/cargo-home" RUSTUP_HOME="/workspace/rustup-home" "/workspace/cargo-home/bin/cargo" "+beta-2023-12-22" "fetch" "--manifest-path" "Cargo.toml", kill_on_drop: false }`
[INFO] [stderr]     Blocking waiting for file lock on package cache
[INFO] [stderr]     Blocking waiting for file lock on package cache
[INFO] running `Command { std: "docker" "create" "-v" "/var/lib/crater-agent-workspace/builds/worker-7-tc2/target:/opt/rustwide/target:rw,Z" "-v" "/var/lib/crater-agent-workspace/builds/worker-7-tc2/source:/opt/rustwide/workdir:ro,Z" "-v" "/var/lib/crater-agent-workspace/cargo-home:/opt/rustwide/cargo-home:ro,Z" "-v" "/var/lib/crater-agent-workspace/rustup-home:/opt/rustwide/rustup-home:ro,Z" "-e" "SOURCE_DIR=/opt/rustwide/workdir" "-e" "CARGO_TARGET_DIR=/opt/rustwide/target" "-e" "CARGO_HOME=/opt/rustwide/cargo-home" "-e" "RUSTUP_HOME=/opt/rustwide/rustup-home" "-w" "/opt/rustwide/workdir" "-m" "1610612736" "--user" "0:0" "--network" "none" "ghcr.io/rust-lang/crates-build-env/linux@sha256:2788e3201cd34a07e3172128adcd8b3090168a8e3bcc40d7c032b9dda1df7d1c" "/opt/rustwide/cargo-home/bin/cargo" "+beta-2023-12-22" "metadata" "--no-deps" "--format-version=1", kill_on_drop: false }`
[INFO] [stdout] 37a85c5d64b661542a512d174463aa33a7bb5f52ff6225e5e0778a618605c295
[INFO] running `Command { std: "docker" "start" "-a" "37a85c5d64b661542a512d174463aa33a7bb5f52ff6225e5e0778a618605c295", kill_on_drop: false }`
[INFO] running `Command { std: "docker" "inspect" "37a85c5d64b661542a512d174463aa33a7bb5f52ff6225e5e0778a618605c295", kill_on_drop: false }`
[INFO] running `Command { std: "docker" "rm" "-f" "37a85c5d64b661542a512d174463aa33a7bb5f52ff6225e5e0778a618605c295", kill_on_drop: false }`
[INFO] [stdout] 37a85c5d64b661542a512d174463aa33a7bb5f52ff6225e5e0778a618605c295
[INFO] running `Command { std: "docker" "create" "-v" "/var/lib/crater-agent-workspace/builds/worker-7-tc2/target:/opt/rustwide/target:rw,Z" "-v" "/var/lib/crater-agent-workspace/builds/worker-7-tc2/source:/opt/rustwide/workdir:ro,Z" "-v" "/var/lib/crater-agent-workspace/cargo-home:/opt/rustwide/cargo-home:ro,Z" "-v" "/var/lib/crater-agent-workspace/rustup-home:/opt/rustwide/rustup-home:ro,Z" "-e" "SOURCE_DIR=/opt/rustwide/workdir" "-e" "CARGO_TARGET_DIR=/opt/rustwide/target" "-e" "CARGO_INCREMENTAL=0" "-e" "RUST_BACKTRACE=full" "-e" "RUSTFLAGS=--cap-lints=warn" "-e" "RUSTDOCFLAGS=--cap-lints=warn" "-e" "CARGO_HOME=/opt/rustwide/cargo-home" "-e" "RUSTUP_HOME=/opt/rustwide/rustup-home" "-w" "/opt/rustwide/workdir" "-m" "1610612736" "--user" "0:0" "--network" "none" "ghcr.io/rust-lang/crates-build-env/linux@sha256:2788e3201cd34a07e3172128adcd8b3090168a8e3bcc40d7c032b9dda1df7d1c" "/opt/rustwide/cargo-home/bin/cargo" "+beta-2023-12-22" "build" "--frozen" "--message-format=json", kill_on_drop: false }`
[INFO] [stdout] 3b3fce50b19c6c0d50117dcf79d52a357040a86afa864cee3a9022f5eb9acffc
[INFO] running `Command { std: "docker" "start" "-a" "3b3fce50b19c6c0d50117dcf79d52a357040a86afa864cee3a9022f5eb9acffc", kill_on_drop: false }`
[INFO] [stderr]    Compiling libc v0.2.139
[INFO] [stderr]    Compiling cfg-if v1.0.0
[INFO] [stderr]    Compiling autocfg v1.1.0
[INFO] [stderr]    Compiling log v0.4.17
[INFO] [stderr]    Compiling signal-hook v0.3.14
[INFO] [stderr]    Compiling parking_lot_core v0.9.7
[INFO] [stderr]    Compiling scopeguard v1.1.0
[INFO] [stderr]    Compiling smallvec v1.10.0
[INFO] [stderr]    Compiling bitflags v1.3.2
[INFO] [stderr]    Compiling unicode-width v0.1.10
[INFO] [stderr]    Compiling cassowary v0.3.0
[INFO] [stderr]    Compiling unicode-segmentation v1.10.1
[INFO] [stderr]    Compiling lock_api v0.4.9
[INFO] [stderr]    Compiling signal-hook-registry v1.4.0
[INFO] [stderr]    Compiling mio v0.8.5
[INFO] [stderr]    Compiling parking_lot v0.12.1
[INFO] [stderr]    Compiling signal-hook-mio v0.2.3
[INFO] [stderr]    Compiling crossterm v0.25.0
[INFO] [stderr]    Compiling tui v0.19.0
[INFO] [stderr]    Compiling thincord v0.1.0 (/opt/rustwide/workdir)
[INFO] [stdout] warning: unused import: `BorderType`
[INFO] [stdout]  --> src/app/frontend/login.rs:2:116
[INFO] [stdout]   |
[INFO] [stdout] 2 | use tui::{backend::{Backend}, Frame, layout::{Layout, Direction, Constraint, Alignment}, widgets::{Block, Borders, BorderType, Paragraph,...
[INFO] [stdout]   |                                                                                                                    ^^^^^^^^^^
[INFO] [stdout]   |
[INFO] [stdout]   = note: `#[warn(unused_imports)]` on by default
[INFO] [stdout] 
[INFO] [stdout] 
[INFO] [stdout] warning: field `menu` is never read
[INFO] [stdout]  --> src/app/backend/mod.rs:8:5
[INFO] [stdout]   |
[INFO] [stdout] 1 | pub(crate) struct AppState {
[INFO] [stdout]   |                   -------- field in this struct
[INFO] [stdout] ...
[INFO] [stdout] 8 |     menu: Menu,
[INFO] [stdout]   |     ^^^^
[INFO] [stdout]   |
[INFO] [stdout]   = note: `#[warn(dead_code)]` on by default
[INFO] [stdout] 
[INFO] [stdout] 
[INFO] [stdout] warning: variants `Main` and `Settings` are never constructed
[INFO] [stdout]   --> src/app/backend/mod.rs:16:5
[INFO] [stdout]    |
[INFO] [stdout] 14 | pub(super) enum Menu {
[INFO] [stdout]    |                 ---- variants in this enum
[INFO] [stdout] 15 |     Login,
[INFO] [stdout] 16 |     Main,
[INFO] [stdout]    |     ^^^^
[INFO] [stdout] 17 |     Settings
[INFO] [stdout]    |     ^^^^^^^^
[INFO] [stdout] 
[INFO] [stdout] 
[INFO] [stdout] warning: variant `Escape` is never constructed
[INFO] [stdout]   --> src/app/backend/mod.rs:24:5
[INFO] [stdout]    |
[INFO] [stdout] 21 | pub(super) enum Operator {
[INFO] [stdout]    |                 -------- variant in this enum
[INFO] [stdout] ...
[INFO] [stdout] 24 |     Escape
[INFO] [stdout]    |     ^^^^^^
[INFO] [stdout]    |
[INFO] [stdout]    = note: `Operator` has a derived impl for the trait `Debug`, but this is intentionally ignored during dead code analysis
[INFO] [stdout] 
[INFO] [stdout] 
[INFO] [stdout] warning: method `get_oauth2` is never used
[INFO] [stdout]   --> src/app/backend/mod.rs:39:8
[INFO] [stdout]    |
[INFO] [stdout] 27 | impl AppState {
[INFO] [stdout]    | ------------- method in this implementation
[INFO] [stdout] ...
[INFO] [stdout] 39 |     fn get_oauth2(&mut self) {
[INFO] [stdout]    |        ^^^^^^^^^^
[INFO] [stdout] 
[INFO] [stdout] 
[INFO] [stdout] warning: unused `Result` that must be used
[INFO] [stdout]   --> src/app/mod.rs:11:9
[INFO] [stdout]    |
[INFO] [stdout] 11 |         terminal.draw(|f| frontend::main_ui(f, &mut app_state));
[INFO] [stdout]    |         ^^^^^^^^^^^^^^^^^^^^^^^^^^^^^^^^^^^^^^^^^^^^^^^^^^^^^^^
[INFO] [stdout]    |
[INFO] [stdout]    = note: this `Result` may be an `Err` variant, which should be handled
[INFO] [stdout]    = note: `#[warn(unused_must_use)]` on by default
[INFO] [stdout] help: use `let _ = ...` to ignore the resulting value
[INFO] [stdout]    |
[INFO] [stdout] 11 |         let _ = terminal.draw(|f| frontend::main_ui(f, &mut app_state));
[INFO] [stdout]    |         +++++++
[INFO] [stdout] 
[INFO] [stdout] 
[INFO] [stdout] warning: 6 warnings emitted
[INFO] [stdout] 
[INFO] [stdout] 
[INFO] [stderr]     Finished dev [unoptimized + debuginfo] target(s) in 4.15s
[INFO] running `Command { std: "docker" "inspect" "3b3fce50b19c6c0d50117dcf79d52a357040a86afa864cee3a9022f5eb9acffc", kill_on_drop: false }`
[INFO] running `Command { std: "docker" "rm" "-f" "3b3fce50b19c6c0d50117dcf79d52a357040a86afa864cee3a9022f5eb9acffc", kill_on_drop: false }`
[INFO] [stdout] 3b3fce50b19c6c0d50117dcf79d52a357040a86afa864cee3a9022f5eb9acffc
[INFO] running `Command { std: "docker" "create" "-v" "/var/lib/crater-agent-workspace/builds/worker-7-tc2/target:/opt/rustwide/target:rw,Z" "-v" "/var/lib/crater-agent-workspace/builds/worker-7-tc2/source:/opt/rustwide/workdir:ro,Z" "-v" "/var/lib/crater-agent-workspace/cargo-home:/opt/rustwide/cargo-home:ro,Z" "-v" "/var/lib/crater-agent-workspace/rustup-home:/opt/rustwide/rustup-home:ro,Z" "-e" "SOURCE_DIR=/opt/rustwide/workdir" "-e" "CARGO_TARGET_DIR=/opt/rustwide/target" "-e" "CARGO_INCREMENTAL=0" "-e" "RUST_BACKTRACE=full" "-e" "RUSTFLAGS=--cap-lints=warn" "-e" "RUSTDOCFLAGS=--cap-lints=warn" "-e" "CARGO_HOME=/opt/rustwide/cargo-home" "-e" "RUSTUP_HOME=/opt/rustwide/rustup-home" "-w" "/opt/rustwide/workdir" "-m" "1610612736" "--user" "0:0" "--network" "none" "ghcr.io/rust-lang/crates-build-env/linux@sha256:2788e3201cd34a07e3172128adcd8b3090168a8e3bcc40d7c032b9dda1df7d1c" "/opt/rustwide/cargo-home/bin/cargo" "+beta-2023-12-22" "test" "--frozen" "--no-run" "--message-format=json", kill_on_drop: false }`
[INFO] [stdout] c713480cc617ac8fbe7cb5db4770305df3d8825f2752819d6d25c87d143c6bfd
[INFO] running `Command { std: "docker" "start" "-a" "c713480cc617ac8fbe7cb5db4770305df3d8825f2752819d6d25c87d143c6bfd", kill_on_drop: false }`
[INFO] [stderr]    Compiling thincord v0.1.0 (/opt/rustwide/workdir)
[INFO] [stdout] warning: unused import: `BorderType`
[INFO] [stdout]  --> src/app/frontend/login.rs:2:116
[INFO] [stdout]   |
[INFO] [stdout] 2 | use tui::{backend::{Backend}, Frame, layout::{Layout, Direction, Constraint, Alignment}, widgets::{Block, Borders, BorderType, Paragraph,...
[INFO] [stdout]   |                                                                                                                    ^^^^^^^^^^
[INFO] [stdout]   |
[INFO] [stdout]   = note: `#[warn(unused_imports)]` on by default
[INFO] [stdout] 
[INFO] [stdout] 
[INFO] [stdout] warning: field `menu` is never read
[INFO] [stdout]  --> src/app/backend/mod.rs:8:5
[INFO] [stdout]   |
[INFO] [stdout] 1 | pub(crate) struct AppState {
[INFO] [stdout]   |                   -------- field in this struct
[INFO] [stdout] ...
[INFO] [stdout] 8 |     menu: Menu,
[INFO] [stdout]   |     ^^^^
[INFO] [stdout]   |
[INFO] [stdout]   = note: `#[warn(dead_code)]` on by default
[INFO] [stdout] 
[INFO] [stdout] 
[INFO] [stdout] warning: variants `Main` and `Settings` are never constructed
[INFO] [stdout]   --> src/app/backend/mod.rs:16:5
[INFO] [stdout]    |
[INFO] [stdout] 14 | pub(super) enum Menu {
[INFO] [stdout]    |                 ---- variants in this enum
[INFO] [stdout] 15 |     Login,
[INFO] [stdout] 16 |     Main,
[INFO] [stdout]    |     ^^^^
[INFO] [stdout] 17 |     Settings
[INFO] [stdout]    |     ^^^^^^^^
[INFO] [stdout] 
[INFO] [stdout] 
[INFO] [stdout] warning: variant `Escape` is never constructed
[INFO] [stdout]   --> src/app/backend/mod.rs:24:5
[INFO] [stdout]    |
[INFO] [stdout] 21 | pub(super) enum Operator {
[INFO] [stdout]    |                 -------- variant in this enum
[INFO] [stdout] ...
[INFO] [stdout] 24 |     Escape
[INFO] [stdout]    |     ^^^^^^
[INFO] [stdout]    |
[INFO] [stdout]    = note: `Operator` has a derived impl for the trait `Debug`, but this is intentionally ignored during dead code analysis
[INFO] [stdout] 
[INFO] [stdout] 
[INFO] [stdout] warning: method `get_oauth2` is never used
[INFO] [stdout]   --> src/app/backend/mod.rs:39:8
[INFO] [stdout]    |
[INFO] [stdout] 27 | impl AppState {
[INFO] [stdout]    | ------------- method in this implementation
[INFO] [stdout] ...
[INFO] [stdout] 39 |     fn get_oauth2(&mut self) {
[INFO] [stdout]    |        ^^^^^^^^^^
[INFO] [stdout] 
[INFO] [stdout] 
[INFO] [stdout] warning: unused `Result` that must be used
[INFO] [stdout]   --> src/app/mod.rs:11:9
[INFO] [stdout]    |
[INFO] [stdout] 11 |         terminal.draw(|f| frontend::main_ui(f, &mut app_state));
[INFO] [stdout]    |         ^^^^^^^^^^^^^^^^^^^^^^^^^^^^^^^^^^^^^^^^^^^^^^^^^^^^^^^
[INFO] [stdout]    |
[INFO] [stdout]    = note: this `Result` may be an `Err` variant, which should be handled
[INFO] [stdout]    = note: `#[warn(unused_must_use)]` on by default
[INFO] [stdout] help: use `let _ = ...` to ignore the resulting value
[INFO] [stdout]    |
[INFO] [stdout] 11 |         let _ = terminal.draw(|f| frontend::main_ui(f, &mut app_state));
[INFO] [stdout]    |         +++++++
[INFO] [stdout] 
[INFO] [stdout] 
[INFO] [stdout] warning: 6 warnings emitted
[INFO] [stdout] 
[INFO] [stdout] 
[INFO] [stderr]     Finished test [unoptimized + debuginfo] target(s) in 0.41s
[INFO] running `Command { std: "docker" "inspect" "c713480cc617ac8fbe7cb5db4770305df3d8825f2752819d6d25c87d143c6bfd", kill_on_drop: false }`
[INFO] running `Command { std: "docker" "rm" "-f" "c713480cc617ac8fbe7cb5db4770305df3d8825f2752819d6d25c87d143c6bfd", kill_on_drop: false }`
[INFO] [stdout] c713480cc617ac8fbe7cb5db4770305df3d8825f2752819d6d25c87d143c6bfd
[INFO] running `Command { std: "docker" "create" "-v" "/var/lib/crater-agent-workspace/builds/worker-7-tc2/target:/opt/rustwide/target:rw,Z" "-v" "/var/lib/crater-agent-workspace/builds/worker-7-tc2/source:/opt/rustwide/workdir:ro,Z" "-v" "/var/lib/crater-agent-workspace/cargo-home:/opt/rustwide/cargo-home:ro,Z" "-v" "/var/lib/crater-agent-workspace/rustup-home:/opt/rustwide/rustup-home:ro,Z" "-e" "SOURCE_DIR=/opt/rustwide/workdir" "-e" "CARGO_TARGET_DIR=/opt/rustwide/target" "-e" "CARGO_INCREMENTAL=0" "-e" "RUST_BACKTRACE=full" "-e" "RUSTFLAGS=--cap-lints=warn" "-e" "RUSTDOCFLAGS=--cap-lints=warn" "-e" "CARGO_HOME=/opt/rustwide/cargo-home" "-e" "RUSTUP_HOME=/opt/rustwide/rustup-home" "-w" "/opt/rustwide/workdir" "-m" "1610612736" "--user" "0:0" "--network" "none" "ghcr.io/rust-lang/crates-build-env/linux@sha256:2788e3201cd34a07e3172128adcd8b3090168a8e3bcc40d7c032b9dda1df7d1c" "/opt/rustwide/cargo-home/bin/cargo" "+beta-2023-12-22" "test" "--frozen", kill_on_drop: false }`
[INFO] [stdout] f9090f90c17d6dd2b4c7827e88807deb9a7293c094f209c887c4b83807ef3874
[INFO] running `Command { std: "docker" "start" "-a" "f9090f90c17d6dd2b4c7827e88807deb9a7293c094f209c887c4b83807ef3874", kill_on_drop: false }`
[INFO] [stderr] warning: unused import: `BorderType`
[INFO] [stderr]  --> src/app/frontend/login.rs:2:116
[INFO] [stderr]   |
[INFO] [stderr] 2 | use tui::{backend::{Backend}, Frame, layout::{Layout, Direction, Constraint, Alignment}, widgets::{Block, Borders, BorderType, Paragraph,...
[INFO] [stderr]   |                                                                                                                    ^^^^^^^^^^
[INFO] [stderr]   |
[INFO] [stderr]   = note: `#[warn(unused_imports)]` on by default
[INFO] [stderr] 
[INFO] [stderr] warning: field `menu` is never read
[INFO] [stderr]  --> src/app/backend/mod.rs:8:5
[INFO] [stderr]   |
[INFO] [stderr] 1 | pub(crate) struct AppState {
[INFO] [stderr]   |                   -------- field in this struct
[INFO] [stderr] ...
[INFO] [stderr] 8 |     menu: Menu,
[INFO] [stderr]   |     ^^^^
[INFO] [stderr]   |
[INFO] [stderr]   = note: `#[warn(dead_code)]` on by default
[INFO] [stderr] 
[INFO] [stderr] warning: variants `Main` and `Settings` are never constructed
[INFO] [stderr]   --> src/app/backend/mod.rs:16:5
[INFO] [stderr]    |
[INFO] [stderr] 14 | pub(super) enum Menu {
[INFO] [stderr]    |                 ---- variants in this enum
[INFO] [stderr] 15 |     Login,
[INFO] [stderr] 16 |     Main,
[INFO] [stderr]    |     ^^^^
[INFO] [stderr] 17 |     Settings
[INFO] [stderr]    |     ^^^^^^^^
[INFO] [stderr] 
[INFO] [stderr] warning: variant `Escape` is never constructed
[INFO] [stderr]   --> src/app/backend/mod.rs:24:5
[INFO] [stderr]    |
[INFO] [stderr] 21 | pub(super) enum Operator {
[INFO] [stderr]    |                 -------- variant in this enum
[INFO] [stderr] ...
[INFO] [stderr] 24 |     Escape
[INFO] [stderr]    |     ^^^^^^
[INFO] [stderr]    |
[INFO] [stderr]    = note: `Operator` has a derived impl for the trait `Debug`, but this is intentionally ignored during dead code analysis
[INFO] [stderr] 
[INFO] [stderr] warning: method `get_oauth2` is never used
[INFO] [stderr]   --> src/app/backend/mod.rs:39:8
[INFO] [stderr]    |
[INFO] [stderr] 27 | impl AppState {
[INFO] [stderr]    | ------------- method in this implementation
[INFO] [stderr] ...
[INFO] [stderr] 39 |     fn get_oauth2(&mut self) {
[INFO] [stderr]    |        ^^^^^^^^^^
[INFO] [stderr] 
[INFO] [stderr] warning: unused `Result` that must be used
[INFO] [stderr]   --> src/app/mod.rs:11:9
[INFO] [stderr]    |
[INFO] [stderr] 11 |         terminal.draw(|f| frontend::main_ui(f, &mut app_state));
[INFO] [stderr]    |         ^^^^^^^^^^^^^^^^^^^^^^^^^^^^^^^^^^^^^^^^^^^^^^^^^^^^^^^
[INFO] [stderr]    |
[INFO] [stderr]    = note: this `Result` may be an `Err` variant, which should be handled
[INFO] [stderr]    = note: `#[warn(unused_must_use)]` on by default
[INFO] [stderr] help: use `let _ = ...` to ignore the resulting value
[INFO] [stderr]    |
[INFO] [stderr] 11 |         let _ = terminal.draw(|f| frontend::main_ui(f, &mut app_state));
[INFO] [stderr]    |         +++++++
[INFO] [stderr] 
[INFO] [stderr] warning: `thincord` (bin "thincord" test) generated 6 warnings (run `cargo fix --bin "thincord" --tests` to apply 1 suggestion)
[INFO] [stderr]     Finished test [unoptimized + debuginfo] target(s) in 0.03s
[INFO] [stderr]      Running unittests src/main.rs (/opt/rustwide/target/debug/deps/thincord-981d895ec3084940)
[INFO] [stdout] 
[INFO] [stdout] running 0 tests
[INFO] [stdout] 
[INFO] [stdout] test result: ok. 0 passed; 0 failed; 0 ignored; 0 measured; 0 filtered out; finished in 0.00s
[INFO] [stdout] 
[INFO] running `Command { std: "docker" "inspect" "f9090f90c17d6dd2b4c7827e88807deb9a7293c094f209c887c4b83807ef3874", kill_on_drop: false }`
[INFO] running `Command { std: "docker" "rm" "-f" "f9090f90c17d6dd2b4c7827e88807deb9a7293c094f209c887c4b83807ef3874", kill_on_drop: false }`
[INFO] [stdout] f9090f90c17d6dd2b4c7827e88807deb9a7293c094f209c887c4b83807ef3874
