[INFO] cloning repository https://github.com/JustForFun88/collection-traits
[INFO] running `Command { std: "git" "-c" "credential.helper=" "-c" "credential.helper=/workspace/cargo-home/bin/git-credential-null" "clone" "--bare" "https://github.com/JustForFun88/collection-traits" "/workspace/cache/git-repos/https%3A%2F%2Fgithub.com%2FJustForFun88%2Fcollection-traits", kill_on_drop: false }`
[INFO] [stderr] Cloning into bare repository '/workspace/cache/git-repos/https%3A%2F%2Fgithub.com%2FJustForFun88%2Fcollection-traits'...
[INFO] running `Command { std: "git" "rev-parse" "HEAD", kill_on_drop: false }`
[INFO] [stdout] 52770ea9728be3f9571015047316426faef94f46
[INFO] testing JustForFun88/collection-traits against 1.75.0 for beta-1.76-1
[INFO] running `Command { std: "git" "clone" "/workspace/cache/git-repos/https%3A%2F%2Fgithub.com%2FJustForFun88%2Fcollection-traits" "/workspace/builds/worker-6-tc1/source", kill_on_drop: false }`
[INFO] [stderr] Cloning into '/workspace/builds/worker-6-tc1/source'...
[INFO] [stderr] done.
[INFO] validating manifest of git repo https://github.com/JustForFun88/collection-traits on toolchain 1.75.0
[INFO] running `Command { std: CARGO_HOME="/workspace/cargo-home" RUSTUP_HOME="/workspace/rustup-home" "/workspace/cargo-home/bin/cargo" "+1.75.0" "metadata" "--manifest-path" "Cargo.toml" "--no-deps", kill_on_drop: false }`
[INFO] started tweaking git repo https://github.com/JustForFun88/collection-traits
[INFO] finished tweaking git repo https://github.com/JustForFun88/collection-traits
[INFO] tweaked toml for git repo https://github.com/JustForFun88/collection-traits written to /workspace/builds/worker-6-tc1/source/Cargo.toml
[INFO] crate git repo https://github.com/JustForFun88/collection-traits already has a lockfile, it will not be regenerated
[INFO] running `Command { std: CARGO_HOME="/workspace/cargo-home" RUSTUP_HOME="/workspace/rustup-home" "/workspace/cargo-home/bin/cargo" "+1.75.0" "fetch" "--manifest-path" "Cargo.toml", kill_on_drop: false }`
[INFO] [stderr]     Blocking waiting for file lock on package cache
[ERROR] error running command: no output for 300 seconds
[ERROR] this task or one of its parent failed!
[ERROR] no output for 300 seconds
[ERROR] note: run with `RUST_BACKTRACE=1` to display a backtrace.
[INFO] testing JustForFun88/collection-traits against beta-2023-12-22 for beta-1.76-1
[INFO] running `Command { std: "git" "clone" "/workspace/cache/git-repos/https%3A%2F%2Fgithub.com%2FJustForFun88%2Fcollection-traits" "/workspace/builds/worker-6-tc2/source", kill_on_drop: false }`
[INFO] [stderr] Cloning into '/workspace/builds/worker-6-tc2/source'...
[INFO] [stderr] done.
[INFO] validating manifest of git repo https://github.com/JustForFun88/collection-traits on toolchain beta-2023-12-22
[INFO] running `Command { std: CARGO_HOME="/workspace/cargo-home" RUSTUP_HOME="/workspace/rustup-home" "/workspace/cargo-home/bin/cargo" "+beta-2023-12-22" "metadata" "--manifest-path" "Cargo.toml" "--no-deps", kill_on_drop: false }`
[INFO] started tweaking git repo https://github.com/JustForFun88/collection-traits
[INFO] finished tweaking git repo https://github.com/JustForFun88/collection-traits
[INFO] tweaked toml for git repo https://github.com/JustForFun88/collection-traits written to /workspace/builds/worker-6-tc2/source/Cargo.toml
[INFO] crate git repo https://github.com/JustForFun88/collection-traits already has a lockfile, it will not be regenerated
[INFO] running `Command { std: CARGO_HOME="/workspace/cargo-home" RUSTUP_HOME="/workspace/rustup-home" "/workspace/cargo-home/bin/cargo" "+beta-2023-12-22" "fetch" "--manifest-path" "Cargo.toml", kill_on_drop: false }`
[INFO] [stderr]     Blocking waiting for file lock on package cache
[INFO] [stderr]     Blocking waiting for file lock on package cache
[ERROR] error running command: no output for 300 seconds
[INFO] testing JustForFun88/collection-traits against beta-2023-12-22 for beta-1.76-1
[INFO] running `Command { std: "git" "clone" "/workspace/cache/git-repos/https%3A%2F%2Fgithub.com%2FJustForFun88%2Fcollection-traits" "/workspace/builds/worker-6-tc2/source", kill_on_drop: false }`
[INFO] [stderr] Cloning into '/workspace/builds/worker-6-tc2/source'...
[INFO] [stderr] done.
[INFO] validating manifest of git repo https://github.com/JustForFun88/collection-traits on toolchain beta-2023-12-22
[INFO] running `Command { std: CARGO_HOME="/workspace/cargo-home" RUSTUP_HOME="/workspace/rustup-home" "/workspace/cargo-home/bin/cargo" "+beta-2023-12-22" "metadata" "--manifest-path" "Cargo.toml" "--no-deps", kill_on_drop: false }`
[INFO] started tweaking git repo https://github.com/JustForFun88/collection-traits
[INFO] finished tweaking git repo https://github.com/JustForFun88/collection-traits
[INFO] tweaked toml for git repo https://github.com/JustForFun88/collection-traits written to /workspace/builds/worker-6-tc2/source/Cargo.toml
[INFO] crate git repo https://github.com/JustForFun88/collection-traits already has a lockfile, it will not be regenerated
[INFO] running `Command { std: CARGO_HOME="/workspace/cargo-home" RUSTUP_HOME="/workspace/rustup-home" "/workspace/cargo-home/bin/cargo" "+beta-2023-12-22" "fetch" "--manifest-path" "Cargo.toml", kill_on_drop: false }`
[INFO] [stderr]     Blocking waiting for file lock on package cache
[INFO] [stderr]     Blocking waiting for file lock on package cache
[INFO] running `Command { std: "docker" "create" "-v" "/var/lib/crater-agent-workspace/builds/worker-6-tc2/target:/opt/rustwide/target:rw,Z" "-v" "/var/lib/crater-agent-workspace/builds/worker-6-tc2/source:/opt/rustwide/workdir:ro,Z" "-v" "/var/lib/crater-agent-workspace/cargo-home:/opt/rustwide/cargo-home:ro,Z" "-v" "/var/lib/crater-agent-workspace/rustup-home:/opt/rustwide/rustup-home:ro,Z" "-e" "SOURCE_DIR=/opt/rustwide/workdir" "-e" "CARGO_TARGET_DIR=/opt/rustwide/target" "-e" "CARGO_HOME=/opt/rustwide/cargo-home" "-e" "RUSTUP_HOME=/opt/rustwide/rustup-home" "-w" "/opt/rustwide/workdir" "-m" "1610612736" "--user" "0:0" "--network" "none" "ghcr.io/rust-lang/crates-build-env/linux@sha256:2788e3201cd34a07e3172128adcd8b3090168a8e3bcc40d7c032b9dda1df7d1c" "/opt/rustwide/cargo-home/bin/cargo" "+beta-2023-12-22" "metadata" "--no-deps" "--format-version=1", kill_on_drop: false }`
[INFO] [stdout] e3a2d0c1dc89f70fcb25495a55c0ede7c1d70e4f3591eaab1de258d769d31b92
[INFO] running `Command { std: "docker" "start" "-a" "e3a2d0c1dc89f70fcb25495a55c0ede7c1d70e4f3591eaab1de258d769d31b92", kill_on_drop: false }`
[INFO] running `Command { std: "docker" "inspect" "e3a2d0c1dc89f70fcb25495a55c0ede7c1d70e4f3591eaab1de258d769d31b92", kill_on_drop: false }`
[INFO] running `Command { std: "docker" "rm" "-f" "e3a2d0c1dc89f70fcb25495a55c0ede7c1d70e4f3591eaab1de258d769d31b92", kill_on_drop: false }`
[INFO] [stdout] e3a2d0c1dc89f70fcb25495a55c0ede7c1d70e4f3591eaab1de258d769d31b92
[INFO] running `Command { std: "docker" "create" "-v" "/var/lib/crater-agent-workspace/builds/worker-6-tc2/target:/opt/rustwide/target:rw,Z" "-v" "/var/lib/crater-agent-workspace/builds/worker-6-tc2/source:/opt/rustwide/workdir:ro,Z" "-v" "/var/lib/crater-agent-workspace/cargo-home:/opt/rustwide/cargo-home:ro,Z" "-v" "/var/lib/crater-agent-workspace/rustup-home:/opt/rustwide/rustup-home:ro,Z" "-e" "SOURCE_DIR=/opt/rustwide/workdir" "-e" "CARGO_TARGET_DIR=/opt/rustwide/target" "-e" "CARGO_INCREMENTAL=0" "-e" "RUST_BACKTRACE=full" "-e" "RUSTFLAGS=--cap-lints=warn" "-e" "RUSTDOCFLAGS=--cap-lints=warn" "-e" "CARGO_HOME=/opt/rustwide/cargo-home" "-e" "RUSTUP_HOME=/opt/rustwide/rustup-home" "-w" "/opt/rustwide/workdir" "-m" "1610612736" "--user" "0:0" "--network" "none" "ghcr.io/rust-lang/crates-build-env/linux@sha256:2788e3201cd34a07e3172128adcd8b3090168a8e3bcc40d7c032b9dda1df7d1c" "/opt/rustwide/cargo-home/bin/cargo" "+beta-2023-12-22" "build" "--frozen" "--message-format=json", kill_on_drop: false }`
[INFO] [stdout] 05c9cd3deb8a46ad1e8ea7343e8fa1c80bd58f2404e1969334613ae7d802a80c
[INFO] running `Command { std: "docker" "start" "-a" "05c9cd3deb8a46ad1e8ea7343e8fa1c80bd58f2404e1969334613ae7d802a80c", kill_on_drop: false }`
[INFO] [stderr]    Compiling typenum v1.16.0
[INFO] [stderr]    Compiling ahash v0.8.2
[INFO] [stderr]    Compiling im v15.1.0
[INFO] [stderr]    Compiling once_cell v1.17.0
[INFO] [stderr]    Compiling rand_core v0.6.4
[INFO] [stderr]    Compiling either v1.8.1
[INFO] [stderr]    Compiling indexmap v1.9.2
[INFO] [stderr]    Compiling hashbrown v0.12.3
[INFO] [stderr]    Compiling rand_xoshiro v0.6.0
[INFO] [stderr]    Compiling itertools v0.10.5
[INFO] [stderr]    Compiling smallvec v1.10.0
[INFO] [stderr]    Compiling hashbrown v0.13.2
[INFO] [stderr]    Compiling bitmaps v2.1.0
[INFO] [stderr]    Compiling sized-chunks v0.6.5
[INFO] [stderr]    Compiling collection-traits v0.1.0 (/opt/rustwide/workdir)
[INFO] [stderr]     Finished dev [unoptimized + debuginfo] target(s) in 6.18s
[INFO] running `Command { std: "docker" "inspect" "05c9cd3deb8a46ad1e8ea7343e8fa1c80bd58f2404e1969334613ae7d802a80c", kill_on_drop: false }`
[INFO] running `Command { std: "docker" "rm" "-f" "05c9cd3deb8a46ad1e8ea7343e8fa1c80bd58f2404e1969334613ae7d802a80c", kill_on_drop: false }`
[INFO] [stdout] 05c9cd3deb8a46ad1e8ea7343e8fa1c80bd58f2404e1969334613ae7d802a80c
[INFO] running `Command { std: "docker" "create" "-v" "/var/lib/crater-agent-workspace/builds/worker-6-tc2/target:/opt/rustwide/target:rw,Z" "-v" "/var/lib/crater-agent-workspace/builds/worker-6-tc2/source:/opt/rustwide/workdir:ro,Z" "-v" "/var/lib/crater-agent-workspace/cargo-home:/opt/rustwide/cargo-home:ro,Z" "-v" "/var/lib/crater-agent-workspace/rustup-home:/opt/rustwide/rustup-home:ro,Z" "-e" "SOURCE_DIR=/opt/rustwide/workdir" "-e" "CARGO_TARGET_DIR=/opt/rustwide/target" "-e" "CARGO_INCREMENTAL=0" "-e" "RUST_BACKTRACE=full" "-e" "RUSTFLAGS=--cap-lints=warn" "-e" "RUSTDOCFLAGS=--cap-lints=warn" "-e" "CARGO_HOME=/opt/rustwide/cargo-home" "-e" "RUSTUP_HOME=/opt/rustwide/rustup-home" "-w" "/opt/rustwide/workdir" "-m" "1610612736" "--user" "0:0" "--network" "none" "ghcr.io/rust-lang/crates-build-env/linux@sha256:2788e3201cd34a07e3172128adcd8b3090168a8e3bcc40d7c032b9dda1df7d1c" "/opt/rustwide/cargo-home/bin/cargo" "+beta-2023-12-22" "test" "--frozen" "--no-run" "--message-format=json", kill_on_drop: false }`
[INFO] [stdout] 4ae62d78d4c50f55a05942c6d4d64dca65bdd6cf5fe38b8edfa16ce23f2af301
[INFO] running `Command { std: "docker" "start" "-a" "4ae62d78d4c50f55a05942c6d4d64dca65bdd6cf5fe38b8edfa16ce23f2af301", kill_on_drop: false }`
[INFO] [stderr]    Compiling collection-traits v0.1.0 (/opt/rustwide/workdir)
[INFO] [stderr]     Finished test [unoptimized + debuginfo] target(s) in 6.78s
[INFO] running `Command { std: "docker" "inspect" "4ae62d78d4c50f55a05942c6d4d64dca65bdd6cf5fe38b8edfa16ce23f2af301", kill_on_drop: false }`
[INFO] running `Command { std: "docker" "rm" "-f" "4ae62d78d4c50f55a05942c6d4d64dca65bdd6cf5fe38b8edfa16ce23f2af301", kill_on_drop: false }`
[INFO] [stdout] 4ae62d78d4c50f55a05942c6d4d64dca65bdd6cf5fe38b8edfa16ce23f2af301
[INFO] running `Command { std: "docker" "create" "-v" "/var/lib/crater-agent-workspace/builds/worker-6-tc2/target:/opt/rustwide/target:rw,Z" "-v" "/var/lib/crater-agent-workspace/builds/worker-6-tc2/source:/opt/rustwide/workdir:ro,Z" "-v" "/var/lib/crater-agent-workspace/cargo-home:/opt/rustwide/cargo-home:ro,Z" "-v" "/var/lib/crater-agent-workspace/rustup-home:/opt/rustwide/rustup-home:ro,Z" "-e" "SOURCE_DIR=/opt/rustwide/workdir" "-e" "CARGO_TARGET_DIR=/opt/rustwide/target" "-e" "CARGO_INCREMENTAL=0" "-e" "RUST_BACKTRACE=full" "-e" "RUSTFLAGS=--cap-lints=warn" "-e" "RUSTDOCFLAGS=--cap-lints=warn" "-e" "CARGO_HOME=/opt/rustwide/cargo-home" "-e" "RUSTUP_HOME=/opt/rustwide/rustup-home" "-w" "/opt/rustwide/workdir" "-m" "1610612736" "--user" "0:0" "--network" "none" "ghcr.io/rust-lang/crates-build-env/linux@sha256:2788e3201cd34a07e3172128adcd8b3090168a8e3bcc40d7c032b9dda1df7d1c" "/opt/rustwide/cargo-home/bin/cargo" "+beta-2023-12-22" "test" "--frozen", kill_on_drop: false }`
[INFO] [stdout] cc8378e4c13355a0b57f85ff35898b445f1eb1e6dcdef7545ad4a31f76a21770
[INFO] running `Command { std: "docker" "start" "-a" "cc8378e4c13355a0b57f85ff35898b445f1eb1e6dcdef7545ad4a31f76a21770", kill_on_drop: false }`
[INFO] [stderr]     Finished test [unoptimized + debuginfo] target(s) in 0.02s
[INFO] [stderr]      Running unittests src/lib.rs (/opt/rustwide/target/debug/deps/collection_traits-bebf6ce627f169e3)
[INFO] [stdout] 
[INFO] [stdout] running 21 tests
[INFO] [stdout] test any::tests::doc_test ... ok
[INFO] [stdout] test any::tests::test7 ... ok
[INFO] [stdout] test any::tests::test3 ... ok
[INFO] [stdout] test any::tests::test2 ... ok
[INFO] [stdout] test any::tests::test4 ... ok
[INFO] [stdout] test any::tests::test5 ... ok
[INFO] [stdout] test any::tests::test6 ... ok
[INFO] [stdout] test any::tests::test1 ... ok
[INFO] [stdout] test collect::try_from::collect_array::test::test ... ok
[INFO] [stdout] test collect::into_iter::test::test ... ok
[INFO] [stdout] test any::tests::test_generic_usage ... ok
[INFO] [stdout] test collect::try_from::tests::test_array_from_iterator ... ok
[INFO] [stdout] test base::tests::test_base_container_mut_for_all_vec_types ... ok
[INFO] [stdout] test collect::try_from::tests::test_collection_array_from_iterator ... ok
[INFO] [stdout] test vec::vec_mut::test ... ok
[INFO] [stdout] test any::tests::test_any_container_ref_for_all_map_types ... ok
[INFO] [stdout] test base::tests::test_base_container_mut_for_all_map_types ... ok
[INFO] [stdout] test collect::into_iter::test::test_panic_clone - should panic ... ok
[INFO] [stdout] test collect::try_from::tests::test_collection_panic - should panic ... ok
[INFO] [stdout] test collect::try_from::tests::test_panic - should panic ... ok
[INFO] [stdout] test any::tests::test_any_container_ref_for_all_vec_and_set_types ... ok
[INFO] [stderr]    Doc-tests collection-traits
[INFO] [stdout] 
[INFO] [stdout] test result: ok. 21 passed; 0 failed; 0 ignored; 0 measured; 0 filtered out; finished in 0.16s
[INFO] [stdout] 
[INFO] [stdout] 
[INFO] [stdout] running 77 tests
[INFO] [stdout] test src/any.rs - any::AnyCollectionRef::get_converted (line 331) ... ok
[INFO] [stdout] test src/any.rs - any::AnyCollectionRef::collection_values (line 435) ... ok
[INFO] [stdout] test src/base.rs - base::BaseCollectionMut::collection_values_mut (line 152) ... ok
[INFO] [stdout] test src/any.rs - any::AnyCollectionRef::get_value (line 266) ... ok
[INFO] [stdout] test src/any.rs - any::AnyCollectionRef::collection_keys (line 381) ... ok
[INFO] [stdout] test src/any.rs - any::AnyCollectionRef::contains_eq (line 201) ... ok
[INFO] [stdout] test src/any.rs - any::AnyCollectionRef::collection_len (line 96) ... ok
[INFO] [stdout] test src/any.rs - any::AnyCollectionRef::is_collection_empty (line 146) ... ok
[INFO] [stdout] test src/collect.rs - collect::TryCollectArray::try_collect_array (line 156) ... ok
[INFO] [stdout] test src/collect.rs - collect::TryCollectArray (line 30) ... ok
[INFO] [stdout] test src/collect.rs - collect::TryCollectArray (line 51) ... ok
[INFO] [stdout] test src/base.rs - base::BaseCollectionMut::get_value_mut (line 77) ... ok
[INFO] [stdout] test src/collect.rs - collect::TryCollectArray::try_collect_array (line 110) ... ok
[INFO] [stdout] test src/collect/into_iter.rs - collect::into_iter::IntoIter<T,N>::as_mut_slice (line 190) ... ok
[INFO] [stdout] test src/collect.rs - collect::TryCollectArray::try_collect_collections_array (line 194) ... ok
[INFO] [stdout] test src/collect.rs - collect::TryCollectArray::try_collect_collections_array (line 264) ... ok
[INFO] [stdout] test src/collect/try_from/try_trait.rs - collect::try_from::try_trait::Try::Residual (line 33) ... ignored
[INFO] [stdout] test src/collect/try_from/try_trait.rs - collect::try_from::try_trait::Try::Residual (line 44) ... ignored
[INFO] [stdout] test src/collect/try_from/try_trait.rs - collect::try_from::try_trait::Try::Residual (line 57) ... ignored
[INFO] [stdout] test src/collect/into_iter.rs - collect::into_iter::IntoIter<T,N>::new (line 46) ... ok
[INFO] [stdout] test src/collect/into_iter.rs - collect::into_iter::IntoIter<T,N>::as_slice (line 165) ... ok
[INFO] [stdout] test src/collect/try_from.rs - collect::try_from::ArrayFromIterator (line 87) ... ok
[INFO] [stdout] test src/collect/try_from.rs - collect::try_from::ArrayFromIterator (line 56) ... ok
[INFO] [stdout] test src/collect/into_iter.rs - collect::into_iter::IntoIter<T,N>::new_unchecked (line 113) ... ok
[INFO] [stdout] test src/collect/try_from.rs - collect::try_from::CollectionArrayFromIterator (line 206) ... ok
[INFO] [stdout] test src/collect/try_from.rs - collect::try_from::CollectionArrayFromIterator (line 260) ... ok
[INFO] [stdout] test src/map.rs - map::MapCollection::IntoKeys (line 59) ... ok
[INFO] [stdout] test src/map.rs - map::MapCollection::IntoIter (line 119) ... ok
[INFO] [stdout] test src/map.rs - map::MapCollection::IntoValues (line 89) ... ok
[INFO] [stdout] test src/map.rs - map::MapCollection::into_collection_iter (line 237) ... ok
[INFO] [stdout] test src/map.rs - map::MapCollection::into_collection_keys (line 147) ... ok
[INFO] [stdout] test src/map/map_mut.rs - map::map_mut::MapCollectionMut::ValuesMut (line 54) ... ok
[INFO] [stdout] test src/map.rs - map::MapCollection::into_collection_values (line 192) ... ok
[INFO] [stdout] test src/map/map_mut.rs - map::map_mut::MapCollectionMut::collection_clear (line 367) ... ok
[INFO] [stdout] test src/map/map_mut.rs - map::map_mut::MapCollectionMut::collection_insert (line 162) ... ok
[INFO] [stdout] test src/map/map_mut.rs - map::map_mut::MapCollectionMut::collection_remove (line 226) ... ok
[INFO] [stdout] test src/map/map_mut.rs - map::map_mut::MapCollectionMut::get_value_mut (line 109) ... ok
[INFO] [stdout] test src/map/map_mut.rs - map::map_mut::MapCollectionMut::collection_remove_entry (line 307) ... ok
[INFO] [stdout] test src/map/map_mut.rs - map::map_mut::MapCollectionMut::collection_values_mut (line 456) ... ok
[INFO] [stdout] test src/map/map_ref.rs - map::map_ref::MapCollectionRef::get_key_value (line 143) ... ok
[INFO] [stdout] test src/map/map_mut.rs - map::map_mut::MapCollectionMut::collection_retain (line 405) ... ok
[INFO] [stdout] test src/map/map_ref.rs - map::map_ref::MapCollectionRef::Iter (line 86) ... ok
[INFO] [stdout] test src/set.rs - set::SetCollection::IntoIter (line 54) ... ok
[INFO] [stdout] test src/map/map_ref.rs - map::map_ref::MapCollectionRef::iter_collection (line 183) ... ok
[INFO] [stdout] test src/set/set_mut.rs - set::set_mut::SetCollectionMut::collection_clear (line 261) ... ok
[INFO] [stdout] test src/set/set_mut.rs - set::set_mut::SetCollectionMut::collection_remove (line 108) ... ok
[INFO] [stdout] test src/set/set_mut.rs - set::set_mut::SetCollectionMut::collection_insert (line 46) ... ok
[INFO] [stdout] test src/set.rs - set::SetCollection::into_collection_iter (line 82) ... ok
[INFO] [stdout] test src/set/set_mut.rs - set::set_mut::SetCollectionMut::collection_retain (line 299) ... ok
[INFO] [stdout] test src/set/set_mut.rs - set::set_mut::SetCollectionMut::collection_replace (line 218) ... ok
[INFO] [stdout] test src/set/set_mut.rs - set::set_mut::SetCollectionMut::collection_take (line 173) ... ok
[INFO] [stdout] test src/set/set_ref.rs - set::set_ref::SetCollectionRef::is_subset (line 250) ... ok
[INFO] [stdout] test src/set/set_ref.rs - set::set_ref::SetCollectionRef::collection_difference (line 109) ... ok
[INFO] [stdout] test src/set/set_ref.rs - set::set_ref::SetCollectionRef::is_disjoint (line 221) ... ok
[INFO] [stdout] test src/set/set_ref.rs - set::set_ref::SetCollectionRef::collection_symmetric_difference (line 184) ... ok
[INFO] [stdout] test src/set/set_ref.rs - set::set_ref::SetCollectionRef::collection_intersection (line 150) ... ok
[INFO] [stdout] test src/value_cont.rs - value_cont::ValueCollectionRef::collection_len (line 72) ... ok
[INFO] [stdout] test src/value_cont.rs - value_cont::ValueCollectionRef::contains_eq (line 175) ... ok
[INFO] [stdout] test src/vec/vec_mut.rs - vec::vec_mut::VecCollectionMut::collection_append (line 165) ... ok
[INFO] [stdout] test src/value_cont.rs - value_cont::ValueCollectionRef::collection_values (line 347) ... ok
[INFO] [stdout] test src/vec/vec_mut.rs - vec::vec_mut::VecCollectionMut::collection_as_mut_slice (line 120) ... ok
[INFO] [stdout] test src/value_cont.rs - value_cont::ValueCollectionRef::get_converted (line 303) ... ok
[INFO] [stdout] test src/value_cont.rs - value_cont::ValueCollectionRef::get_value (line 239) ... ok
[INFO] [stdout] test src/vec/vec_mut.rs - vec::vec_mut::VecCollectionMut::collection_clear (line 380) ... ok
[INFO] [stdout] test src/vec/vec_mut.rs - vec::vec_mut::VecCollectionMut::collection_insert (line 199) ... ok
[INFO] [stdout] test src/value_cont.rs - value_cont::ValueCollectionRef::is_collection_empty (line 122) ... ok
[INFO] [stdout] test src/vec/vec_mut.rs - vec::vec_mut::VecCollectionMut::collection_pop (line 248) ... ok
[INFO] [stdout] test src/vec/vec_mut.rs - vec::vec_mut::VecCollectionMut::collection_retain (line 409) ... ok
[INFO] [stdout] test src/vec/vec_mut.rs - vec::vec_mut::VecCollectionMut::collection_push (line 223) ... ok
[INFO] [stdout] test src/vec/vec_mut.rs - vec::vec_mut::VecCollectionMut::collection_swap (line 315) ... ok
[INFO] [stdout] test src/vec/vec_mut.rs - vec::vec_mut::VecCollectionMut::collection_remove (line 282) ... ok
[INFO] [stdout] test src/vec/vec_mut.rs - vec::vec_mut::VecCollectionMut::collection_swap_remove (line 350) ... ok
[INFO] [stdout] test src/vec/vec_mut.rs - vec::vec_mut::VecCollectionMut::get_value_mut (line 31) ... ok
[INFO] [stdout] test src/vec/vec_mut.rs - vec::vec_mut::VecCollectionMut::collection_values_mut (line 441) ... ok
[INFO] [stdout] test src/vec/vec_mut.rs - vec::vec_mut::VecCollectionMut::get_value_mut_at (line 88) ... ok
[INFO] [stdout] test src/vec/vec_ref.rs - vec::vec_ref::VecCollectionRef::collection_as_slice (line 66) ... ok
[INFO] [stdout] test src/vec/vec_ref.rs - vec::vec_ref::VecCollectionRef::get_value_at (line 38) ... ok
[INFO] [stdout] 
[INFO] [stdout] test result: ok. 74 passed; 0 failed; 3 ignored; 0 measured; 0 filtered out; finished in 7.52s
[INFO] [stdout] 
[INFO] running `Command { std: "docker" "inspect" "cc8378e4c13355a0b57f85ff35898b445f1eb1e6dcdef7545ad4a31f76a21770", kill_on_drop: false }`
[INFO] running `Command { std: "docker" "rm" "-f" "cc8378e4c13355a0b57f85ff35898b445f1eb1e6dcdef7545ad4a31f76a21770", kill_on_drop: false }`
[INFO] [stdout] cc8378e4c13355a0b57f85ff35898b445f1eb1e6dcdef7545ad4a31f76a21770
