[INFO] cloning repository https://github.com/Julien-R44/fast-ssh
[INFO] running `Command { std: "git" "-c" "credential.helper=" "-c" "credential.helper=/workspace/cargo-home/bin/git-credential-null" "clone" "--bare" "https://github.com/Julien-R44/fast-ssh" "/workspace/cache/git-repos/https%3A%2F%2Fgithub.com%2FJulien-R44%2Ffast-ssh", kill_on_drop: false }`
[INFO] [stderr] Cloning into bare repository '/workspace/cache/git-repos/https%3A%2F%2Fgithub.com%2FJulien-R44%2Ffast-ssh'...
[INFO] running `Command { std: "git" "rev-parse" "HEAD", kill_on_drop: false }`
[INFO] [stdout] de145d7863c234ec2ad5afdf025fd2ab19a059c3
[INFO] testing Julien-R44/fast-ssh/de145d7863c234ec2ad5afdf025fd2ab19a059c3 against 1.75.0 for beta-1.76-1
[INFO] running `Command { std: "git" "clone" "/workspace/cache/git-repos/https%3A%2F%2Fgithub.com%2FJulien-R44%2Ffast-ssh" "/workspace/builds/worker-1-tc1/source", kill_on_drop: false }`
[INFO] [stderr] Cloning into '/workspace/builds/worker-1-tc1/source'...
[INFO] [stderr] done.
[INFO] validating manifest of git repo https://github.com/Julien-R44/fast-ssh on toolchain 1.75.0
[INFO] running `Command { std: CARGO_HOME="/workspace/cargo-home" RUSTUP_HOME="/workspace/rustup-home" "/workspace/cargo-home/bin/cargo" "+1.75.0" "metadata" "--manifest-path" "Cargo.toml" "--no-deps", kill_on_drop: false }`
[INFO] started tweaking git repo https://github.com/Julien-R44/fast-ssh
[INFO] finished tweaking git repo https://github.com/Julien-R44/fast-ssh
[INFO] tweaked toml for git repo https://github.com/Julien-R44/fast-ssh written to /workspace/builds/worker-1-tc1/source/Cargo.toml
[INFO] crate git repo https://github.com/Julien-R44/fast-ssh already has a lockfile, it will not be regenerated
[INFO] running `Command { std: CARGO_HOME="/workspace/cargo-home" RUSTUP_HOME="/workspace/rustup-home" "/workspace/cargo-home/bin/cargo" "+1.75.0" "fetch" "--manifest-path" "Cargo.toml", kill_on_drop: false }`
[INFO] [stderr]     Blocking waiting for file lock on package cache
[ERROR] error running command: no output for 300 seconds
[ERROR] this task or one of its parent failed!
[ERROR] no output for 300 seconds
[ERROR] note: run with `RUST_BACKTRACE=1` to display a backtrace.
[INFO] testing Julien-R44/fast-ssh/de145d7863c234ec2ad5afdf025fd2ab19a059c3 against beta-2023-12-22 for beta-1.76-1
[INFO] running `Command { std: "git" "clone" "/workspace/cache/git-repos/https%3A%2F%2Fgithub.com%2FJulien-R44%2Ffast-ssh" "/workspace/builds/worker-1-tc2/source", kill_on_drop: false }`
[INFO] [stderr] Cloning into '/workspace/builds/worker-1-tc2/source'...
[INFO] [stderr] done.
[INFO] validating manifest of git repo https://github.com/Julien-R44/fast-ssh on toolchain beta-2023-12-22
[INFO] running `Command { std: CARGO_HOME="/workspace/cargo-home" RUSTUP_HOME="/workspace/rustup-home" "/workspace/cargo-home/bin/cargo" "+beta-2023-12-22" "metadata" "--manifest-path" "Cargo.toml" "--no-deps", kill_on_drop: false }`
[INFO] started tweaking git repo https://github.com/Julien-R44/fast-ssh
[INFO] finished tweaking git repo https://github.com/Julien-R44/fast-ssh
[INFO] tweaked toml for git repo https://github.com/Julien-R44/fast-ssh written to /workspace/builds/worker-1-tc2/source/Cargo.toml
[INFO] crate git repo https://github.com/Julien-R44/fast-ssh already has a lockfile, it will not be regenerated
[INFO] running `Command { std: CARGO_HOME="/workspace/cargo-home" RUSTUP_HOME="/workspace/rustup-home" "/workspace/cargo-home/bin/cargo" "+beta-2023-12-22" "fetch" "--manifest-path" "Cargo.toml", kill_on_drop: false }`
[INFO] [stderr]     Blocking waiting for file lock on package cache
[INFO] [stderr]     Updating crates.io index
[INFO] [stderr]     Blocking waiting for file lock on package cache
[ERROR] error running command: no output for 300 seconds
[INFO] testing Julien-R44/fast-ssh/de145d7863c234ec2ad5afdf025fd2ab19a059c3 against beta-2023-12-22 for beta-1.76-1
[INFO] running `Command { std: "git" "clone" "/workspace/cache/git-repos/https%3A%2F%2Fgithub.com%2FJulien-R44%2Ffast-ssh" "/workspace/builds/worker-1-tc2/source", kill_on_drop: false }`
[INFO] [stderr] Cloning into '/workspace/builds/worker-1-tc2/source'...
[INFO] [stderr] done.
[INFO] validating manifest of git repo https://github.com/Julien-R44/fast-ssh on toolchain beta-2023-12-22
[INFO] running `Command { std: CARGO_HOME="/workspace/cargo-home" RUSTUP_HOME="/workspace/rustup-home" "/workspace/cargo-home/bin/cargo" "+beta-2023-12-22" "metadata" "--manifest-path" "Cargo.toml" "--no-deps", kill_on_drop: false }`
[INFO] started tweaking git repo https://github.com/Julien-R44/fast-ssh
[INFO] finished tweaking git repo https://github.com/Julien-R44/fast-ssh
[INFO] tweaked toml for git repo https://github.com/Julien-R44/fast-ssh written to /workspace/builds/worker-1-tc2/source/Cargo.toml
[INFO] crate git repo https://github.com/Julien-R44/fast-ssh already has a lockfile, it will not be regenerated
[INFO] running `Command { std: CARGO_HOME="/workspace/cargo-home" RUSTUP_HOME="/workspace/rustup-home" "/workspace/cargo-home/bin/cargo" "+beta-2023-12-22" "fetch" "--manifest-path" "Cargo.toml", kill_on_drop: false }`
[INFO] [stderr]     Blocking waiting for file lock on package cache
[INFO] [stderr]     Blocking waiting for file lock on package cache
[INFO] [stderr]  Downloading crates ...
[INFO] [stderr]   Downloaded sublime_fuzzy v0.7.0
[INFO] [stderr]   Downloaded anyhow v1.0.47
[INFO] [stderr]   Downloaded plain_path v0.1.0
[INFO] [stderr]   Downloaded rustbreak v2.0.0
[INFO] [stderr]   Downloaded ssh_cfg v0.3.0
[INFO] running `Command { std: "docker" "create" "-v" "/var/lib/crater-agent-workspace/builds/worker-1-tc2/target:/opt/rustwide/target:rw,Z" "-v" "/var/lib/crater-agent-workspace/builds/worker-1-tc2/source:/opt/rustwide/workdir:ro,Z" "-v" "/var/lib/crater-agent-workspace/cargo-home:/opt/rustwide/cargo-home:ro,Z" "-v" "/var/lib/crater-agent-workspace/rustup-home:/opt/rustwide/rustup-home:ro,Z" "-e" "SOURCE_DIR=/opt/rustwide/workdir" "-e" "CARGO_TARGET_DIR=/opt/rustwide/target" "-e" "CARGO_HOME=/opt/rustwide/cargo-home" "-e" "RUSTUP_HOME=/opt/rustwide/rustup-home" "-w" "/opt/rustwide/workdir" "-m" "1610612736" "--user" "0:0" "--network" "none" "ghcr.io/rust-lang/crates-build-env/linux@sha256:2788e3201cd34a07e3172128adcd8b3090168a8e3bcc40d7c032b9dda1df7d1c" "/opt/rustwide/cargo-home/bin/cargo" "+beta-2023-12-22" "metadata" "--no-deps" "--format-version=1", kill_on_drop: false }`
[INFO] [stdout] fcae19fba37b9577993f309cff9ae83125de7bc2bf650c438af6b2401132f990
[INFO] running `Command { std: "docker" "start" "-a" "fcae19fba37b9577993f309cff9ae83125de7bc2bf650c438af6b2401132f990", kill_on_drop: false }`
[INFO] running `Command { std: "docker" "inspect" "fcae19fba37b9577993f309cff9ae83125de7bc2bf650c438af6b2401132f990", kill_on_drop: false }`
[INFO] running `Command { std: "docker" "rm" "-f" "fcae19fba37b9577993f309cff9ae83125de7bc2bf650c438af6b2401132f990", kill_on_drop: false }`
[INFO] [stdout] fcae19fba37b9577993f309cff9ae83125de7bc2bf650c438af6b2401132f990
[INFO] running `Command { std: "docker" "create" "-v" "/var/lib/crater-agent-workspace/builds/worker-1-tc2/target:/opt/rustwide/target:rw,Z" "-v" "/var/lib/crater-agent-workspace/builds/worker-1-tc2/source:/opt/rustwide/workdir:ro,Z" "-v" "/var/lib/crater-agent-workspace/cargo-home:/opt/rustwide/cargo-home:ro,Z" "-v" "/var/lib/crater-agent-workspace/rustup-home:/opt/rustwide/rustup-home:ro,Z" "-e" "SOURCE_DIR=/opt/rustwide/workdir" "-e" "CARGO_TARGET_DIR=/opt/rustwide/target" "-e" "CARGO_INCREMENTAL=0" "-e" "RUST_BACKTRACE=full" "-e" "RUSTFLAGS=--cap-lints=warn" "-e" "RUSTDOCFLAGS=--cap-lints=warn" "-e" "CARGO_HOME=/opt/rustwide/cargo-home" "-e" "RUSTUP_HOME=/opt/rustwide/rustup-home" "-w" "/opt/rustwide/workdir" "-m" "1610612736" "--user" "0:0" "--network" "none" "ghcr.io/rust-lang/crates-build-env/linux@sha256:2788e3201cd34a07e3172128adcd8b3090168a8e3bcc40d7c032b9dda1df7d1c" "/opt/rustwide/cargo-home/bin/cargo" "+beta-2023-12-22" "build" "--frozen" "--message-format=json", kill_on_drop: false }`
[INFO] [stdout] 6ec25278e6c46c6fed33d6b9d3eff3989f9a87c33e2d18d783cd089c4574d167
[INFO] running `Command { std: "docker" "start" "-a" "6ec25278e6c46c6fed33d6b9d3eff3989f9a87c33e2d18d783cd089c4574d167", kill_on_drop: false }`
[INFO] [stderr]    Compiling libc v0.2.107
[INFO] [stderr]    Compiling autocfg v1.0.1
[INFO] [stderr]    Compiling proc-macro2 v1.0.32
[INFO] [stderr]    Compiling unicode-xid v0.2.2
[INFO] [stderr]    Compiling syn v1.0.81
[INFO] [stderr]    Compiling futures-core v0.3.17
[INFO] [stderr]    Compiling memchr v2.4.1
[INFO] [stderr]    Compiling log v0.4.14
[INFO] [stderr]    Compiling pin-project-lite v0.2.7
[INFO] [stderr]    Compiling parking_lot_core v0.8.5
[INFO] [stderr]    Compiling futures-io v0.3.17
[INFO] [stderr]    Compiling instant v0.1.12
[INFO] [stderr]    Compiling proc-macro-hack v0.5.19
[INFO] [stderr]    Compiling signal-hook v0.3.10
[INFO] [stderr]    Compiling scopeguard v1.1.0
[INFO] [stderr]    Compiling smallvec v1.7.0
[INFO] [stderr]    Compiling serde_derive v1.0.130
[INFO] [stderr]    Compiling lock_api v0.4.5
[INFO] [stderr]    Compiling futures-macro v0.3.17
[INFO] [stderr]    Compiling cache-padded v1.1.1
[INFO] [stderr]    Compiling quote v1.0.10
[INFO] [stderr]    Compiling futures-channel v0.3.17
[INFO] [stderr]    Compiling serde v1.0.130
[INFO] [stderr]    Compiling bitflags v1.3.2
[INFO] [stderr]    Compiling futures-task v0.3.17
[INFO] [stderr]    Compiling event-listener v2.5.1
[INFO] [stderr]    Compiling proc-macro-nested v0.1.7
[INFO] [stderr]    Compiling concurrent-queue v1.2.2
[INFO] [stderr]    Compiling num-traits v0.2.14
[INFO] [stderr]    Compiling indexmap v1.7.0
[INFO] [stderr]    Compiling signal-hook-registry v1.4.0
[INFO] [stderr]    Compiling mio v0.7.14
[INFO] [stderr]    Compiling getrandom v0.2.3
[INFO] [stderr]    Compiling dirs-sys v0.3.6
[INFO] [stderr]    Compiling rand_core v0.6.3
[INFO] [stderr]    Compiling parking_lot v0.11.2
[INFO] [stderr]    Compiling futures-util v0.3.17
[INFO] [stderr]    Compiling ppv-lite86 v0.2.15
[INFO] [stderr]    Compiling fastrand v1.5.0
[INFO] [stderr]    Compiling waker-fn v1.1.0
[INFO] [stderr]    Compiling parking v2.0.0
[INFO] [stderr]    Compiling futures-sink v0.3.17
[INFO] [stderr]    Compiling once_cell v1.8.0
[INFO] [stderr]    Compiling rand_chacha v0.3.1
[INFO] [stderr]    Compiling futures-lite v1.12.0
[INFO] [stderr]    Compiling signal-hook-mio v0.2.1
[INFO] [stderr]    Compiling async-channel v1.6.1
[INFO] [stderr]    Compiling num-integer v0.1.44
[INFO] [stderr]    Compiling slab v0.4.5
[INFO] [stderr]    Compiling pin-utils v0.1.0
[INFO] [stderr]    Compiling atomic-waker v1.0.0
[INFO] [stderr]    Compiling async-task v4.0.3
[INFO] [stderr]    Compiling hashbrown v0.11.2
[INFO] [stderr]    Compiling rand v0.8.4
[INFO] [stderr]    Compiling dirs v3.0.2
[INFO] [stderr]    Compiling async-lock v2.4.0
[INFO] [stderr]    Compiling tokio v1.14.0
[INFO] [stderr]    Compiling base64 v0.13.0
[INFO] [stderr]    Compiling anyhow v1.0.47
[INFO] [stderr]    Compiling blocking v1.1.0
[INFO] [stderr]    Compiling remove_dir_all v0.5.3
[INFO] [stderr]    Compiling linked-hash-map v0.5.4
[INFO] [stderr]    Compiling plain_path v0.1.0
[INFO] [stderr]    Compiling yaml-rust v0.4.5
[INFO] [stderr]    Compiling tempfile v3.2.0
[INFO] [stderr]    Compiling async-fs v1.5.0
[INFO] [stderr]    Compiling crossterm v0.20.0
[INFO] [stderr]    Compiling dirs v4.0.0
[INFO] [stderr]    Compiling num_cpus v1.13.0
[INFO] [stderr]    Compiling time v0.1.44
[INFO] [stderr]    Compiling dtoa v0.4.8
[INFO] [stderr]    Compiling cassowary v0.3.0
[INFO] [stderr]    Compiling unicode-segmentation v1.8.0
[INFO] [stderr]    Compiling unicode-width v0.1.9
[INFO] [stderr]    Compiling bytes v1.1.0
[INFO] [stderr]    Compiling chrono v0.4.19
[INFO] [stderr]    Compiling ssh_cfg v0.3.0
[INFO] [stderr]    Compiling tui v0.16.0
[INFO] [stderr]    Compiling crossterm v0.22.1
[INFO] [stderr]    Compiling sublime_fuzzy v0.7.0
[INFO] [stderr]    Compiling thiserror-impl v1.0.30
[INFO] [stderr]    Compiling tokio-macros v1.6.0
[INFO] [stderr]    Compiling thiserror v1.0.30
[INFO] [stderr]    Compiling futures-executor v0.3.17
[INFO] [stderr]    Compiling futures v0.3.17
[INFO] [stderr]    Compiling ron v0.6.6
[INFO] [stderr]    Compiling serde_yaml v0.8.21
[INFO] [stderr]    Compiling rustbreak v2.0.0
[INFO] [stderr]    Compiling fast-ssh v0.3.1 (/opt/rustwide/workdir)
[INFO] [stdout] error[E0283]: type annotations needed
[INFO] [stdout]   --> src/layout.rs:60:10
[INFO] [stdout]    |
[INFO] [stdout] 60 |         .constraints(constraints.as_ref())
[INFO] [stdout]    |          ^^^^^^^^^^^             ------ type must be known at this point
[INFO] [stdout]    |          |
[INFO] [stdout]    |          cannot infer type of the type parameter `C` declared on the method `constraints`
[INFO] [stdout]    |
[INFO] [stdout]    = note: multiple `impl`s satisfying `Vec<Constraint>: AsRef<_>` found in the `alloc` crate:
[INFO] [stdout]            - impl<T, A> AsRef<Vec<T, A>> for Vec<T, A>
[INFO] [stdout]              where A: Allocator;
[INFO] [stdout]            - impl<T, A> AsRef<[T]> for Vec<T, A>
[INFO] [stdout]              where A: Allocator;
[INFO] [stdout] help: consider specifying the generic argument
[INFO] [stdout]    |
[INFO] [stdout] 60 |         .constraints::<&T>(constraints.as_ref())
[INFO] [stdout]    |                     ++++++
[INFO] [stdout] 
[INFO] [stdout] 
[INFO] [stdout] error: aborting due to 1 previous error
[INFO] [stdout] 
[INFO] [stdout] 
[INFO] [stdout] For more information about this error, try `rustc --explain E0283`.
[INFO] [stdout] 
[INFO] [stderr] error: could not compile `fast-ssh` (bin "fast-ssh") due to 2 previous errors
[INFO] running `Command { std: "docker" "inspect" "6ec25278e6c46c6fed33d6b9d3eff3989f9a87c33e2d18d783cd089c4574d167", kill_on_drop: false }`
[INFO] running `Command { std: "docker" "rm" "-f" "6ec25278e6c46c6fed33d6b9d3eff3989f9a87c33e2d18d783cd089c4574d167", kill_on_drop: false }`
[INFO] [stdout] 6ec25278e6c46c6fed33d6b9d3eff3989f9a87c33e2d18d783cd089c4574d167
