[INFO] cloning repository https://github.com/JuanPotato/botato
[INFO] running `Command { std: "git" "-c" "credential.helper=" "-c" "credential.helper=/workspace/cargo-home/bin/git-credential-null" "clone" "--bare" "https://github.com/JuanPotato/botato" "/workspace/cache/git-repos/https%3A%2F%2Fgithub.com%2FJuanPotato%2Fbotato", kill_on_drop: false }`
[INFO] [stderr] Cloning into bare repository '/workspace/cache/git-repos/https%3A%2F%2Fgithub.com%2FJuanPotato%2Fbotato'...
[INFO] running `Command { std: "git" "rev-parse" "HEAD", kill_on_drop: false }`
[INFO] [stdout] cf0fc4ebea6c7d3534341e4d22d91acf27702a9f
[INFO] testing JuanPotato/botato against 1.75.0 for beta-1.76-1
[INFO] running `Command { std: "git" "clone" "/workspace/cache/git-repos/https%3A%2F%2Fgithub.com%2FJuanPotato%2Fbotato" "/workspace/builds/worker-4-tc1/source", kill_on_drop: false }`
[INFO] [stderr] Cloning into '/workspace/builds/worker-4-tc1/source'...
[INFO] [stderr] done.
[INFO] validating manifest of git repo https://github.com/JuanPotato/botato on toolchain 1.75.0
[INFO] running `Command { std: CARGO_HOME="/workspace/cargo-home" RUSTUP_HOME="/workspace/rustup-home" "/workspace/cargo-home/bin/cargo" "+1.75.0" "metadata" "--manifest-path" "Cargo.toml" "--no-deps", kill_on_drop: false }`
[INFO] started tweaking git repo https://github.com/JuanPotato/botato
[INFO] finished tweaking git repo https://github.com/JuanPotato/botato
[INFO] tweaked toml for git repo https://github.com/JuanPotato/botato written to /workspace/builds/worker-4-tc1/source/Cargo.toml
[INFO] crate git repo https://github.com/JuanPotato/botato already has a lockfile, it will not be regenerated
[INFO] running `Command { std: CARGO_HOME="/workspace/cargo-home" RUSTUP_HOME="/workspace/rustup-home" "/workspace/cargo-home/bin/cargo" "+1.75.0" "fetch" "--manifest-path" "Cargo.toml", kill_on_drop: false }`
[INFO] [stderr]     Blocking waiting for file lock on package cache
[ERROR] error running command: no output for 300 seconds
[ERROR] this task or one of its parent failed!
[ERROR] no output for 300 seconds
[ERROR] note: run with `RUST_BACKTRACE=1` to display a backtrace.
[INFO] testing JuanPotato/botato against beta-2023-12-22 for beta-1.76-1
[INFO] running `Command { std: "git" "clone" "/workspace/cache/git-repos/https%3A%2F%2Fgithub.com%2FJuanPotato%2Fbotato" "/workspace/builds/worker-4-tc2/source", kill_on_drop: false }`
[INFO] [stderr] Cloning into '/workspace/builds/worker-4-tc2/source'...
[INFO] [stderr] done.
[INFO] validating manifest of git repo https://github.com/JuanPotato/botato on toolchain beta-2023-12-22
[INFO] running `Command { std: CARGO_HOME="/workspace/cargo-home" RUSTUP_HOME="/workspace/rustup-home" "/workspace/cargo-home/bin/cargo" "+beta-2023-12-22" "metadata" "--manifest-path" "Cargo.toml" "--no-deps", kill_on_drop: false }`
[INFO] started tweaking git repo https://github.com/JuanPotato/botato
[INFO] finished tweaking git repo https://github.com/JuanPotato/botato
[INFO] tweaked toml for git repo https://github.com/JuanPotato/botato written to /workspace/builds/worker-4-tc2/source/Cargo.toml
[INFO] crate git repo https://github.com/JuanPotato/botato already has a lockfile, it will not be regenerated
[INFO] running `Command { std: CARGO_HOME="/workspace/cargo-home" RUSTUP_HOME="/workspace/rustup-home" "/workspace/cargo-home/bin/cargo" "+beta-2023-12-22" "fetch" "--manifest-path" "Cargo.toml", kill_on_drop: false }`
[INFO] [stderr]     Blocking waiting for file lock on package cache
[INFO] [stderr]     Updating crates.io index
[INFO] [stderr]     Blocking waiting for file lock on package cache
[ERROR] error running command: no output for 300 seconds
[INFO] testing JuanPotato/botato against beta-2023-12-22 for beta-1.76-1
[INFO] running `Command { std: "git" "clone" "/workspace/cache/git-repos/https%3A%2F%2Fgithub.com%2FJuanPotato%2Fbotato" "/workspace/builds/worker-4-tc2/source", kill_on_drop: false }`
[INFO] [stderr] Cloning into '/workspace/builds/worker-4-tc2/source'...
[INFO] [stderr] done.
[INFO] validating manifest of git repo https://github.com/JuanPotato/botato on toolchain beta-2023-12-22
[INFO] running `Command { std: CARGO_HOME="/workspace/cargo-home" RUSTUP_HOME="/workspace/rustup-home" "/workspace/cargo-home/bin/cargo" "+beta-2023-12-22" "metadata" "--manifest-path" "Cargo.toml" "--no-deps", kill_on_drop: false }`
[INFO] started tweaking git repo https://github.com/JuanPotato/botato
[INFO] finished tweaking git repo https://github.com/JuanPotato/botato
[INFO] tweaked toml for git repo https://github.com/JuanPotato/botato written to /workspace/builds/worker-4-tc2/source/Cargo.toml
[INFO] crate git repo https://github.com/JuanPotato/botato already has a lockfile, it will not be regenerated
[INFO] running `Command { std: CARGO_HOME="/workspace/cargo-home" RUSTUP_HOME="/workspace/rustup-home" "/workspace/cargo-home/bin/cargo" "+beta-2023-12-22" "fetch" "--manifest-path" "Cargo.toml", kill_on_drop: false }`
[INFO] [stderr]     Blocking waiting for file lock on package cache
[INFO] [stderr]     Blocking waiting for file lock on package cache
[INFO] [stderr]  Downloading crates ...
[INFO] [stderr]   Downloaded rusqlite v0.12.0
[INFO] [stderr]   Downloaded serde_derive_internals v0.16.0
[INFO] [stderr]   Downloaded libc v0.2.31
[INFO] [stderr]   Downloaded cc v1.0.0
[INFO] [stderr]   Downloaded libsqlite3-sys v0.8.1
[INFO] [stderr]   Downloaded derive_builder_core v0.1.7
[INFO] [stderr]   Downloaded mime_guess v1.8.2
[INFO] [stderr]   Downloaded tg_botapi v0.4.1
[INFO] [stderr]   Downloaded multipart v0.13.2
[INFO] [stderr]   Downloaded openssl-sys v0.9.19
[INFO] [stderr]   Downloaded serde_derive v1.0.15
[INFO] [stderr]   Downloaded serde v1.0.15
[INFO] [stderr]   Downloaded config v0.7.0
[INFO] [stderr]   Downloaded derive_builder v0.5.0
[INFO] [stderr]   Downloaded openssl v0.9.19
[INFO] running `Command { std: "docker" "create" "-v" "/var/lib/crater-agent-workspace/builds/worker-4-tc2/target:/opt/rustwide/target:rw,Z" "-v" "/var/lib/crater-agent-workspace/builds/worker-4-tc2/source:/opt/rustwide/workdir:ro,Z" "-v" "/var/lib/crater-agent-workspace/cargo-home:/opt/rustwide/cargo-home:ro,Z" "-v" "/var/lib/crater-agent-workspace/rustup-home:/opt/rustwide/rustup-home:ro,Z" "-e" "SOURCE_DIR=/opt/rustwide/workdir" "-e" "CARGO_TARGET_DIR=/opt/rustwide/target" "-e" "CARGO_HOME=/opt/rustwide/cargo-home" "-e" "RUSTUP_HOME=/opt/rustwide/rustup-home" "-w" "/opt/rustwide/workdir" "-m" "1610612736" "--user" "0:0" "--network" "none" "ghcr.io/rust-lang/crates-build-env/linux@sha256:2788e3201cd34a07e3172128adcd8b3090168a8e3bcc40d7c032b9dda1df7d1c" "/opt/rustwide/cargo-home/bin/cargo" "+beta-2023-12-22" "metadata" "--no-deps" "--format-version=1", kill_on_drop: false }`
[INFO] [stdout] 88986335e773d1f519f8574d0ea70b325e0a2a93e85ab5a3c90af247ca05ca2c
[INFO] running `Command { std: "docker" "start" "-a" "88986335e773d1f519f8574d0ea70b325e0a2a93e85ab5a3c90af247ca05ca2c", kill_on_drop: false }`
[INFO] running `Command { std: "docker" "inspect" "88986335e773d1f519f8574d0ea70b325e0a2a93e85ab5a3c90af247ca05ca2c", kill_on_drop: false }`
[INFO] running `Command { std: "docker" "rm" "-f" "88986335e773d1f519f8574d0ea70b325e0a2a93e85ab5a3c90af247ca05ca2c", kill_on_drop: false }`
[INFO] [stdout] 88986335e773d1f519f8574d0ea70b325e0a2a93e85ab5a3c90af247ca05ca2c
[INFO] running `Command { std: "docker" "create" "-v" "/var/lib/crater-agent-workspace/builds/worker-4-tc2/target:/opt/rustwide/target:rw,Z" "-v" "/var/lib/crater-agent-workspace/builds/worker-4-tc2/source:/opt/rustwide/workdir:ro,Z" "-v" "/var/lib/crater-agent-workspace/cargo-home:/opt/rustwide/cargo-home:ro,Z" "-v" "/var/lib/crater-agent-workspace/rustup-home:/opt/rustwide/rustup-home:ro,Z" "-e" "SOURCE_DIR=/opt/rustwide/workdir" "-e" "CARGO_TARGET_DIR=/opt/rustwide/target" "-e" "CARGO_INCREMENTAL=0" "-e" "RUST_BACKTRACE=full" "-e" "RUSTFLAGS=--cap-lints=warn" "-e" "RUSTDOCFLAGS=--cap-lints=warn" "-e" "CARGO_HOME=/opt/rustwide/cargo-home" "-e" "RUSTUP_HOME=/opt/rustwide/rustup-home" "-w" "/opt/rustwide/workdir" "-m" "1610612736" "--user" "0:0" "--network" "none" "ghcr.io/rust-lang/crates-build-env/linux@sha256:2788e3201cd34a07e3172128adcd8b3090168a8e3bcc40d7c032b9dda1df7d1c" "/opt/rustwide/cargo-home/bin/cargo" "+beta-2023-12-22" "build" "--frozen" "--message-format=json", kill_on_drop: false }`
[INFO] [stdout] b81ae19e9883867e2cdc0c4e86f3aa1a89e175d7075d0521ee6fa74a4509051d
[INFO] running `Command { std: "docker" "start" "-a" "b81ae19e9883867e2cdc0c4e86f3aa1a89e175d7075d0521ee6fa74a4509051d", kill_on_drop: false }`
[INFO] [stderr]    Compiling libc v0.2.31
[INFO] [stderr]    Compiling version_check v0.1.3
[INFO] [stderr]    Compiling pkg-config v0.3.9
[INFO] [stderr]    Compiling siphasher v0.2.2
[INFO] [stderr]    Compiling cc v1.0.0
[INFO] [stderr]    Compiling unicode-xid v0.0.4
[INFO] [stderr]    Compiling lazy_static v0.2.8
[INFO] [stderr]    Compiling matches v0.1.6
[INFO] [stderr]    Compiling quote v0.3.15
[INFO] [stderr]    Compiling unicode-normalization v0.1.5
[INFO] [stderr]    Compiling log v0.3.8
[INFO] [stderr]    Compiling safemem v0.2.0
[INFO] [stderr]    Compiling openssl v0.9.19
[INFO] [stderr]    Compiling byteorder v1.1.0
[INFO] [stderr]    Compiling bitflags v0.9.1
[INFO] [stderr]    Compiling percent-encoding v1.0.0
[INFO] [stderr]    Compiling synom v0.11.3
[INFO] [stderr]    Compiling unicode-bidi v0.3.4
[INFO] [stderr]    Compiling foreign-types v0.2.0
[INFO] [stderr]    Compiling httparse v1.2.3
[INFO] [stderr]    Compiling syn v0.11.11
[INFO] [stderr]    Compiling base64 v0.6.0
[INFO] [stderr]    Compiling serde v1.0.15
[INFO] [stderr]    Compiling language-tags v0.2.2
[INFO] [stderr]    Compiling traitobject v0.1.0
[INFO] [stderr]    Compiling typeable v0.1.2
[INFO] [stderr]    Compiling mime v0.2.6
[INFO] [stderr]    Compiling derive_builder v0.5.0
[INFO] [stderr]    Compiling unicase v1.4.2
[INFO] [stderr]    Compiling num-traits v0.1.40
[INFO] [stderr]    Compiling void v1.0.2
[INFO] [stderr]    Compiling rand v0.3.16
[INFO] [stderr]    Compiling time v0.1.38
[INFO] [stderr]    Compiling memchr v1.0.1
[INFO] [stderr]    Compiling num_cpus v1.6.2
[INFO] [stderr]    Compiling libsqlite3-sys v0.8.1
[INFO] [stderr]    Compiling dtoa v0.4.2
[INFO] [stderr]    Compiling itoa v0.3.4
[INFO] [stderr]    Compiling unreachable v1.0.0
[INFO] [stderr]    Compiling idna v0.1.4
[INFO] [stderr]    Compiling antidote v1.0.0
[INFO] [stderr]    Compiling linked-hash-map v0.4.2
[INFO] [stderr]    Compiling thread_local v0.3.4
[INFO] [stderr]    Compiling phf_shared v0.7.21
[INFO] [stderr]    Compiling aho-corasick v0.6.3
[INFO] [stderr]    Compiling nom v3.2.1
[INFO] [stderr]    Compiling utf8-ranges v1.0.0
[INFO] [stderr]    Compiling phf v0.7.21
[INFO] [stderr]    Compiling phf_generator v0.7.21
[INFO] [stderr]    Compiling openssl-sys v0.9.19
[INFO] [stderr]    Compiling tempdir v0.3.5
[INFO] [stderr]    Compiling lru-cache v0.1.1
[INFO] [stderr]    Compiling botato v0.1.0 (/opt/rustwide/workdir)
[INFO] [stderr]    Compiling phf_codegen v0.7.21
[INFO] [stderr]    Compiling yaml-rust v0.3.5
[INFO] [stderr]    Compiling regex-syntax v0.4.1
[INFO] [stdout] warning: unused import: `std::env`
[INFO] [stdout]  --> build.rs:1:5
[INFO] [stdout]   |
[INFO] [stdout] 1 | use std::env;
[INFO] [stdout]   |     ^^^^^^^^
[INFO] [stdout]   |
[INFO] [stdout]   = note: `#[warn(unused_imports)]` on by default
[INFO] [stdout] 
[INFO] [stdout] 
[INFO] [stdout] warning: unused import: `std::fs::File`
[INFO] [stdout]  --> build.rs:2:5
[INFO] [stdout]   |
[INFO] [stdout] 2 | use std::fs::File;
[INFO] [stdout]   |     ^^^^^^^^^^^^^
[INFO] [stdout] 
[INFO] [stdout] 
[INFO] [stdout] warning: unused import: `std::io::Write`
[INFO] [stdout]  --> build.rs:3:5
[INFO] [stdout]   |
[INFO] [stdout] 3 | use std::io::Write;
[INFO] [stdout]   |     ^^^^^^^^^^^^^^
[INFO] [stdout] 
[INFO] [stdout] 
[INFO] [stdout] warning: unused import: `std::path::Path`
[INFO] [stdout]  --> build.rs:4:5
[INFO] [stdout]   |
[INFO] [stdout] 4 | use std::path::Path;
[INFO] [stdout]   |     ^^^^^^^^^^^^^^^
[INFO] [stdout] 
[INFO] [stdout] 
[INFO] [stderr]    Compiling rusqlite v0.12.0
[INFO] [stderr]    Compiling mime_guess v1.8.2
[INFO] [stdout] error[E0119]: conflicting implementations of trait `From<&_>` for type `ToSqlOutput<'_>`
[INFO] [stdout]   --> /opt/rustwide/cargo-home/registry/src/index.crates.io-6f17d22bba15001f/rusqlite-0.12.0/src/types/to_sql.rs:26:1
[INFO] [stdout]    |
[INFO] [stdout] 18 | / impl<'a, T: ?Sized> From<&'a T> for ToSqlOutput<'a>
[INFO] [stdout] 19 | |     where &'a T: Into<ValueRef<'a>>
[INFO] [stdout]    | |___________________________________- first implementation here
[INFO] [stdout] ...
[INFO] [stdout] 26 |   impl<'a, T: Into<Value>> From<T> for ToSqlOutput<'a> {
[INFO] [stdout]    |   ^^^^^^^^^^^^^^^^^^^^^^^^^^^^^^^^^^^^^^^^^^^^^^^^^^^^ conflicting implementation for `ToSqlOutput<'_>`
[INFO] [stdout]    |
[INFO] [stdout]    = note: downstream crates may implement trait `std::convert::From<&_>` for type `types::value::Value`
[INFO] [stdout] 
[INFO] [stdout] 
[INFO] [stdout] error: aborting due to 1 previous error
[INFO] [stdout] 
[INFO] [stdout] 
[INFO] [stdout] For more information about this error, try `rustc --explain E0119`.
[INFO] [stdout] 
[INFO] [stderr] error: could not compile `rusqlite` (lib) due to 2 previous errors
[INFO] [stderr] warning: build failed, waiting for other jobs to finish...
[INFO] [stdout] warning: 4 warnings emitted
[INFO] [stdout] 
[INFO] [stdout] 
[INFO] running `Command { std: "docker" "inspect" "b81ae19e9883867e2cdc0c4e86f3aa1a89e175d7075d0521ee6fa74a4509051d", kill_on_drop: false }`
[INFO] running `Command { std: "docker" "rm" "-f" "b81ae19e9883867e2cdc0c4e86f3aa1a89e175d7075d0521ee6fa74a4509051d", kill_on_drop: false }`
[INFO] [stdout] b81ae19e9883867e2cdc0c4e86f3aa1a89e175d7075d0521ee6fa74a4509051d
