[INFO] cloning repository https://github.com/Jtcruthers/RustPong
[INFO] running `Command { std: "git" "-c" "credential.helper=" "-c" "credential.helper=/workspace/cargo-home/bin/git-credential-null" "clone" "--bare" "https://github.com/Jtcruthers/RustPong" "/workspace/cache/git-repos/https%3A%2F%2Fgithub.com%2FJtcruthers%2FRustPong", kill_on_drop: false }`
[INFO] [stderr] Cloning into bare repository '/workspace/cache/git-repos/https%3A%2F%2Fgithub.com%2FJtcruthers%2FRustPong'...
[INFO] running `Command { std: "git" "rev-parse" "HEAD", kill_on_drop: false }`
[INFO] [stdout] f763d145e15aaab43e77abe0980c9ba244aaeed8
[INFO] testing Jtcruthers/RustPong against 1.75.0 for beta-1.76-1
[INFO] running `Command { std: "git" "clone" "/workspace/cache/git-repos/https%3A%2F%2Fgithub.com%2FJtcruthers%2FRustPong" "/workspace/builds/worker-0-tc1/source", kill_on_drop: false }`
[INFO] [stderr] Cloning into '/workspace/builds/worker-0-tc1/source'...
[INFO] [stderr] done.
[INFO] validating manifest of git repo https://github.com/Jtcruthers/RustPong on toolchain 1.75.0
[INFO] running `Command { std: CARGO_HOME="/workspace/cargo-home" RUSTUP_HOME="/workspace/rustup-home" "/workspace/cargo-home/bin/cargo" "+1.75.0" "metadata" "--manifest-path" "Cargo.toml" "--no-deps", kill_on_drop: false }`
[INFO] started tweaking git repo https://github.com/Jtcruthers/RustPong
[INFO] finished tweaking git repo https://github.com/Jtcruthers/RustPong
[INFO] tweaked toml for git repo https://github.com/Jtcruthers/RustPong written to /workspace/builds/worker-0-tc1/source/Cargo.toml
[INFO] crate git repo https://github.com/Jtcruthers/RustPong already has a lockfile, it will not be regenerated
[INFO] running `Command { std: CARGO_HOME="/workspace/cargo-home" RUSTUP_HOME="/workspace/rustup-home" "/workspace/cargo-home/bin/cargo" "+1.75.0" "fetch" "--manifest-path" "Cargo.toml", kill_on_drop: false }`
[INFO] [stderr]     Blocking waiting for file lock on package cache
[ERROR] error running command: no output for 300 seconds
[ERROR] this task or one of its parent failed!
[ERROR] no output for 300 seconds
[ERROR] note: run with `RUST_BACKTRACE=1` to display a backtrace.
[INFO] testing Jtcruthers/RustPong against beta-2023-12-22 for beta-1.76-1
[INFO] running `Command { std: "git" "clone" "/workspace/cache/git-repos/https%3A%2F%2Fgithub.com%2FJtcruthers%2FRustPong" "/workspace/builds/worker-0-tc2/source", kill_on_drop: false }`
[INFO] [stderr] Cloning into '/workspace/builds/worker-0-tc2/source'...
[INFO] [stderr] done.
[INFO] validating manifest of git repo https://github.com/Jtcruthers/RustPong on toolchain beta-2023-12-22
[INFO] running `Command { std: CARGO_HOME="/workspace/cargo-home" RUSTUP_HOME="/workspace/rustup-home" "/workspace/cargo-home/bin/cargo" "+beta-2023-12-22" "metadata" "--manifest-path" "Cargo.toml" "--no-deps", kill_on_drop: false }`
[INFO] started tweaking git repo https://github.com/Jtcruthers/RustPong
[INFO] finished tweaking git repo https://github.com/Jtcruthers/RustPong
[INFO] tweaked toml for git repo https://github.com/Jtcruthers/RustPong written to /workspace/builds/worker-0-tc2/source/Cargo.toml
[INFO] crate git repo https://github.com/Jtcruthers/RustPong already has a lockfile, it will not be regenerated
[INFO] running `Command { std: CARGO_HOME="/workspace/cargo-home" RUSTUP_HOME="/workspace/rustup-home" "/workspace/cargo-home/bin/cargo" "+beta-2023-12-22" "fetch" "--manifest-path" "Cargo.toml", kill_on_drop: false }`
[INFO] [stderr]     Blocking waiting for file lock on package cache
[INFO] [stderr]     Updating crates.io index
[INFO] [stderr]     Blocking waiting for file lock on package cache
[ERROR] error running command: no output for 300 seconds
[INFO] testing Jtcruthers/RustPong against beta-2023-12-22 for beta-1.76-1
[INFO] running `Command { std: "git" "clone" "/workspace/cache/git-repos/https%3A%2F%2Fgithub.com%2FJtcruthers%2FRustPong" "/workspace/builds/worker-0-tc2/source", kill_on_drop: false }`
[INFO] [stderr] Cloning into '/workspace/builds/worker-0-tc2/source'...
[INFO] [stderr] done.
[INFO] validating manifest of git repo https://github.com/Jtcruthers/RustPong on toolchain beta-2023-12-22
[INFO] running `Command { std: CARGO_HOME="/workspace/cargo-home" RUSTUP_HOME="/workspace/rustup-home" "/workspace/cargo-home/bin/cargo" "+beta-2023-12-22" "metadata" "--manifest-path" "Cargo.toml" "--no-deps", kill_on_drop: false }`
[INFO] started tweaking git repo https://github.com/Jtcruthers/RustPong
[INFO] finished tweaking git repo https://github.com/Jtcruthers/RustPong
[INFO] tweaked toml for git repo https://github.com/Jtcruthers/RustPong written to /workspace/builds/worker-0-tc2/source/Cargo.toml
[INFO] crate git repo https://github.com/Jtcruthers/RustPong already has a lockfile, it will not be regenerated
[INFO] running `Command { std: CARGO_HOME="/workspace/cargo-home" RUSTUP_HOME="/workspace/rustup-home" "/workspace/cargo-home/bin/cargo" "+beta-2023-12-22" "fetch" "--manifest-path" "Cargo.toml", kill_on_drop: false }`
[INFO] [stderr]     Blocking waiting for file lock on package cache
[INFO] [stderr]     Blocking waiting for file lock on package cache
[INFO] [stderr]  Downloading crates ...
[INFO] [stderr]   Downloaded webgl_stdweb v0.3.0
[INFO] [stderr]   Downloaded redox_users v0.3.0
[INFO] [stderr]   Downloaded utf-8 v0.6.0
[INFO] [stderr]   Downloaded RustyXML v0.1.1
[INFO] [stderr]   Downloaded walkdir v2.2.8
[INFO] [stderr]   Downloaded diff v0.1.11
[INFO] [stderr]   Downloaded tendril v0.2.4
[INFO] [stderr]   Downloaded html5ever v0.13.1
[INFO] [stderr]   Downloaded syn v0.15.36
[INFO] [stderr]   Downloaded regex v1.1.7
[INFO] [stderr]   Downloaded lalrpop v0.16.3
[INFO] [stderr]   Downloaded webgl_generator v0.2.0
[INFO] [stderr]   Downloaded ena v0.11.0
[INFO] [stderr]   Downloaded webidl v0.8.0
[INFO] [stderr]   Downloaded lalrpop-util v0.16.3
[INFO] [stderr]   Downloaded string_cache v0.4.0
[INFO] [stderr]   Downloaded string_cache_codegen v0.3.1
[INFO] [stderr]   Downloaded rusttype v0.7.7
[INFO] [stderr]   Downloaded html5ever-atoms v0.2.2
[INFO] [stderr]   Downloaded wasm-bindgen-macro v0.2.46
[INFO] [stderr]   Downloaded wasm-bindgen-macro-support v0.2.46
[INFO] [stderr]   Downloaded lyon_extra v0.13.0
[INFO] [stderr]   Downloaded wasm-bindgen-shared v0.2.46
[INFO] [stderr]   Downloaded html2runes v1.0.1
[INFO] [stderr]   Downloaded lyon_svg v0.13.0
[INFO] [stderr]   Downloaded immi v1.0.4
[INFO] [stderr]   Downloaded wasm-bindgen-backend v0.2.46
[INFO] [stderr]   Downloaded xmlparser v0.3.0
[INFO] [stderr]   Downloaded svgparser v0.8.1
[INFO] [stderr]   Downloaded glutin v0.21.0
[INFO] [stderr]   Downloaded wasm-bindgen v0.2.46
[INFO] [stderr]   Downloaded futures v0.1.27
[INFO] [stderr]   Downloaded ncollide2d v0.19.2
[INFO] [stderr]   Downloaded quicksilver v0.3.14
[INFO] running `Command { std: "docker" "create" "-v" "/var/lib/crater-agent-workspace/builds/worker-0-tc2/target:/opt/rustwide/target:rw,Z" "-v" "/var/lib/crater-agent-workspace/builds/worker-0-tc2/source:/opt/rustwide/workdir:ro,Z" "-v" "/var/lib/crater-agent-workspace/cargo-home:/opt/rustwide/cargo-home:ro,Z" "-v" "/var/lib/crater-agent-workspace/rustup-home:/opt/rustwide/rustup-home:ro,Z" "-e" "SOURCE_DIR=/opt/rustwide/workdir" "-e" "CARGO_TARGET_DIR=/opt/rustwide/target" "-e" "CARGO_HOME=/opt/rustwide/cargo-home" "-e" "RUSTUP_HOME=/opt/rustwide/rustup-home" "-w" "/opt/rustwide/workdir" "-m" "1610612736" "--user" "0:0" "--network" "none" "ghcr.io/rust-lang/crates-build-env/linux@sha256:2788e3201cd34a07e3172128adcd8b3090168a8e3bcc40d7c032b9dda1df7d1c" "/opt/rustwide/cargo-home/bin/cargo" "+beta-2023-12-22" "metadata" "--no-deps" "--format-version=1", kill_on_drop: false }`
[INFO] [stdout] 9554eb01160f9e8023b32eb051d71cd121a27f32ae13dae7b6d9e66552a40939
[INFO] running `Command { std: "docker" "start" "-a" "9554eb01160f9e8023b32eb051d71cd121a27f32ae13dae7b6d9e66552a40939", kill_on_drop: false }`
[INFO] running `Command { std: "docker" "inspect" "9554eb01160f9e8023b32eb051d71cd121a27f32ae13dae7b6d9e66552a40939", kill_on_drop: false }`
[INFO] running `Command { std: "docker" "rm" "-f" "9554eb01160f9e8023b32eb051d71cd121a27f32ae13dae7b6d9e66552a40939", kill_on_drop: false }`
[INFO] [stdout] 9554eb01160f9e8023b32eb051d71cd121a27f32ae13dae7b6d9e66552a40939
[INFO] running `Command { std: "docker" "create" "-v" "/var/lib/crater-agent-workspace/builds/worker-0-tc2/target:/opt/rustwide/target:rw,Z" "-v" "/var/lib/crater-agent-workspace/builds/worker-0-tc2/source:/opt/rustwide/workdir:ro,Z" "-v" "/var/lib/crater-agent-workspace/cargo-home:/opt/rustwide/cargo-home:ro,Z" "-v" "/var/lib/crater-agent-workspace/rustup-home:/opt/rustwide/rustup-home:ro,Z" "-e" "SOURCE_DIR=/opt/rustwide/workdir" "-e" "CARGO_TARGET_DIR=/opt/rustwide/target" "-e" "CARGO_INCREMENTAL=0" "-e" "RUST_BACKTRACE=full" "-e" "RUSTFLAGS=--cap-lints=warn" "-e" "RUSTDOCFLAGS=--cap-lints=warn" "-e" "CARGO_HOME=/opt/rustwide/cargo-home" "-e" "RUSTUP_HOME=/opt/rustwide/rustup-home" "-w" "/opt/rustwide/workdir" "-m" "1610612736" "--user" "0:0" "--network" "none" "ghcr.io/rust-lang/crates-build-env/linux@sha256:2788e3201cd34a07e3172128adcd8b3090168a8e3bcc40d7c032b9dda1df7d1c" "/opt/rustwide/cargo-home/bin/cargo" "+beta-2023-12-22" "build" "--frozen" "--message-format=json", kill_on_drop: false }`
[INFO] [stdout] 350c49425e7e181ea7e8bf6386c4fb384e94263ca8713df5c58c4accf77884ba
[INFO] running `Command { std: "docker" "start" "-a" "350c49425e7e181ea7e8bf6386c4fb384e94263ca8713df5c58c4accf77884ba", kill_on_drop: false }`
[INFO] [stderr]    Compiling autocfg v0.1.4
[INFO] [stderr]    Compiling libc v0.2.58
[INFO] [stderr]    Compiling cfg-if v0.1.9
[INFO] [stderr]    Compiling proc-macro2 v0.4.30
[INFO] [stderr]    Compiling unicode-xid v0.1.0
[INFO] [stderr]    Compiling cc v1.0.37
[INFO] [stderr]    Compiling syn v0.15.36
[INFO] [stderr]    Compiling xml-rs v0.8.0
[INFO] [stderr]    Compiling lazy_static v1.3.0
[INFO] [stderr]    Compiling arrayvec v0.4.10
[INFO] [stderr]    Compiling nodrop v0.1.13
[INFO] [stderr]    Compiling pkg-config v0.3.14
[INFO] [stderr]    Compiling bitflags v1.1.0
[INFO] [stderr]    Compiling byteorder v1.3.2
[INFO] [stderr]    Compiling rand_core v0.4.0
[INFO] [stderr]    Compiling khronos_api v3.1.0
[INFO] [stderr]    Compiling log v0.4.6
[INFO] [stderr]    Compiling void v1.0.2
[INFO] [stderr]    Compiling scopeguard v0.3.3
[INFO] [stderr]    Compiling crossbeam-utils v0.6.5
[INFO] [stderr]    Compiling nix v0.14.1
[INFO] [stderr]    Compiling rand_core v0.3.1
[INFO] [stderr]    Compiling failure_derive v0.1.5
[INFO] [stderr]    Compiling semver-parser v0.7.0
[INFO] [stderr]    Compiling memoffset v0.2.1
[INFO] [stderr]    Compiling rand_isaac v0.1.1
[INFO] [stderr]    Compiling num-traits v0.2.8
[INFO] [stderr]    Compiling rand_chacha v0.1.1
[INFO] [stderr]    Compiling rand_pcg v0.1.2
[INFO] [stderr]    Compiling num-integer v0.1.41
[INFO] [stderr]    Compiling backtrace v0.3.30
[INFO] [stderr]    Compiling rand v0.6.5
[INFO] [stderr]    Compiling semver v0.9.0
[INFO] [stderr]    Compiling rand_hc v0.1.0
[INFO] [stderr]    Compiling gl_generator v0.11.0
[INFO] [stderr]    Compiling crossbeam-epoch v0.7.1
[INFO] [stderr]    Compiling rand_xorshift v0.1.1
[INFO] [stderr]    Compiling rand_jitter v0.1.4
[INFO] [stderr]    Compiling quote v0.6.12
[INFO] [stderr]    Compiling rayon-core v1.5.0
[INFO] [stderr]    Compiling smallvec v0.6.10
[INFO] [stderr]    Compiling rustc-demangle v0.1.15
[INFO] [stderr]    Compiling rustc_version v0.2.3
[INFO] [stderr]    Compiling crossbeam-queue v0.1.2
[INFO] [stderr]    Compiling rand_os v0.1.3
[INFO] [stderr]    Compiling wayland-scanner v0.21.13
[INFO] [stderr]    Compiling crossbeam-deque v0.6.3
[INFO] [stderr]    Compiling num_cpus v1.10.1
[INFO] [stderr]    Compiling num-iter v0.1.39
[INFO] [stderr]    Compiling num-derive v0.2.5
[INFO] [stderr]    Compiling either v1.5.2
[INFO] [stderr]    Compiling siphasher v0.2.3
[INFO] [stderr]    Compiling adler32 v1.0.3
[INFO] [stderr]    Compiling downcast-rs v1.0.4
[INFO] [stderr]    Compiling phf_shared v0.7.24
[INFO] [stderr]    Compiling libloading v0.5.1
[INFO] [stderr]    Compiling backtrace-sys v0.1.28
[INFO] [stderr]    Compiling parking_lot_core v0.4.0
[INFO] [stderr]    Compiling stb_truetype v0.2.6
[INFO] [stderr]    Compiling x11-dl v2.18.3
[INFO] [stderr]    Compiling approx v0.3.2
[INFO] [stderr]    Compiling num-traits v0.1.43
[INFO] [stderr]    Compiling ordered-float v1.0.2
[INFO] [stderr]    Compiling num-rational v0.2.2
[INFO] [stderr]    Compiling num-complex v0.2.3
[INFO] [stderr]    Compiling same-file v1.0.4
[INFO] [stderr]    Compiling lzw v0.10.0
[INFO] [stderr]    Compiling typenum v1.10.0
[INFO] [stderr]    Compiling libm v0.1.4
[INFO] [stderr]    Compiling stable_deref_trait v1.1.1
[INFO] [stderr]    Compiling owning_ref v0.4.0
[INFO] [stderr]    Compiling rusttype v0.7.7
[INFO] [stderr]    Compiling walkdir v2.2.8
[INFO] [stderr]    Compiling rayon v1.1.0
[INFO] [stderr]    Compiling line_drawing v0.7.0
[INFO] [stderr]    Compiling phf v0.7.24
[INFO] [stderr]    Compiling dlib v0.4.1
[INFO] [stderr]    Compiling wayland-sys v0.21.13
[INFO] [stderr]    Compiling minimp3-sys v0.3.1
[INFO] [stderr]    Compiling deflate v0.7.19
[INFO] [stderr]    Compiling inflate v0.4.5
[INFO] [stderr]    Compiling alsa-sys v0.1.2
[INFO] [stderr]    Compiling libudev-sys v0.1.4
[INFO] [stderr]    Compiling color_quant v1.0.1
[INFO] [stderr]    Compiling nix v0.11.1
[INFO] [stderr]    Compiling xdg v2.2.0
[INFO] [stderr]    Compiling gif v0.10.2
[INFO] [stderr]    Compiling andrew v0.2.1
[INFO] [stderr]    Compiling png v0.14.1
[INFO] [stderr]    Compiling wayland-client v0.21.13
[INFO] [stderr]    Compiling wayland-protocols v0.21.13
[INFO] [stderr]    Compiling lock_api v0.1.5
[INFO] [stderr]    Compiling sid v0.5.2
[INFO] [stderr]    Compiling glutin_egl_sys v0.1.3
[INFO] [stderr]    Compiling glutin_glx_sys v0.1.5
[INFO] [stderr]    Compiling memmap v0.7.0
[INFO] [stderr]    Compiling rand v0.4.6
[INFO] [stderr]    Compiling gl_generator v0.10.0
[INFO] [stderr]    Compiling rawpointer v0.1.0
[INFO] [stderr]    Compiling ryu v0.2.8
[INFO] [stderr]    Compiling scoped_threadpool v0.1.9
[INFO] [stderr]    Compiling serde v1.0.92
[INFO] [stderr]    Compiling jpeg-decoder v0.1.15
[INFO] [stderr]    Compiling matrixmultiply v0.2.2
[INFO] [stderr]    Compiling parking_lot v0.7.1
[INFO] [stderr]    Compiling alga v0.9.1
[INFO] [stderr]    Compiling rand v0.3.23
[INFO] [stderr]    Compiling generic-array v0.12.0
[INFO] [stderr]    Compiling shared_library v0.1.9
[INFO] [stderr]    Compiling gl v0.11.0
[INFO] [stderr]    Compiling slice-deque v0.2.4
[INFO] [stderr]    Compiling wayland-commons v0.21.13
[INFO] [stderr]    Compiling ogg v0.7.0
[INFO] [stderr]    Compiling ordermap v0.3.5
[INFO] [stderr]    Compiling percent-encoding v1.0.1
[INFO] [stderr]    Compiling vec_map v0.8.1
[INFO] [stderr]    Compiling uuid v0.7.4
[INFO] [stderr]    Compiling fixedbitset v0.1.9
[INFO] [stderr]    Compiling approx v0.1.1
[INFO] [stderr]    Compiling petgraph v0.4.13
[INFO] [stderr]    Compiling minimp3 v0.3.3
[INFO] [stderr]    Compiling cgmath v0.14.1
[INFO] [stderr]    Compiling cpal v0.8.2
[INFO] [stderr]    Compiling nalgebra v0.18.0
[INFO] [stderr]    Compiling osmesa-sys v0.1.2
[INFO] [stderr]    Compiling hound v3.4.0
[INFO] [stderr]    Compiling lewton v0.9.4
[INFO] [stderr]    Compiling itoa v0.4.4
[INFO] [stderr]    Compiling slab v0.4.2
[INFO] [stderr]    Compiling claxon v0.3.3
[INFO] [stderr]    Compiling fnv v1.0.6
[INFO] [stderr]    Compiling dirs v1.0.5
[INFO] [stderr]    Compiling immi v1.0.4
[INFO] [stderr]    Compiling futures v0.1.27
[INFO] [stderr]    Compiling synstructure v0.10.2
[INFO] [stderr] LLVM ERROR: IO failure on output stream: No space left on device
[INFO] [stderr] LLVM ERROR: IO failure on output stream: No space left on device
[INFO] [stderr] error: could not compile `synstructure` (lib)
[INFO] [stderr] warning: build failed, waiting for other jobs to finish...
[INFO] [stderr] error: could not compile `lewton` (lib)
[INFO] [stderr] LLVM ERROR: IO failure on output stream: No space left on device
[INFO] [stdout] error: failed to write to `/opt/rustwide/target/debug/deps/rmeta3tuK7p/lib.rmeta`: No space left on device (os error 28)
[INFO] [stdout] 
[INFO] [stdout] 
[INFO] [stderr] error: could not compile `syn` (lib)
[INFO] [stderr] error: could not compile `petgraph` (lib) due to 1 previous error
[INFO] [stdout] error: couldn't create a temp dir: No space left on device (os error 28) at path "/opt/rustwide/target/debug/deps/rmetaXLOKYn"
[INFO] [stdout] 
[INFO] [stdout] 
[INFO] [stderr] error: could not compile `futures` (lib) due to 1 previous error
[INFO] [stderr] error: failed to run custom build command for `wayland-protocols v0.21.13`
[INFO] [stderr] note: To improve backtraces for build dependencies, set the CARGO_PROFILE_DEV_BUILD_OVERRIDE_DEBUG=true environment variable to enable debug information generation.
[INFO] [stderr] 
[INFO] [stderr] Caused by:
[INFO] [stderr]   process didn't exit successfully: `/opt/rustwide/target/debug/build/wayland-protocols-681b855b38521a2a/build-script-build` (exit status: 101)
[INFO] [stderr]   --- stderr
[INFO] [stderr]   error: 'rustfmt' is not installed for the toolchain 'beta-2023-12-22-x86_64-unknown-linux-gnu'
[INFO] [stderr]   To install, run `rustup component add rustfmt --toolchain beta-2023-12-22-x86_64-unknown-linux-gnu`
[INFO] [stderr]   error: 'rustfmt' is not installed for the toolchain 'beta-2023-12-22-x86_64-unknown-linux-gnu'
[INFO] [stderr]   To install, run `rustup component add rustfmt --toolchain beta-2023-12-22-x86_64-unknown-linux-gnu`
[INFO] [stderr]   thread 'main' panicked at /opt/rustwide/cargo-home/registry/src/index.crates.io-6f17d22bba15001f/wayland-scanner-0.21.13/src/lib.rs:145:80:
[INFO] [stderr]   called `Result::unwrap()` on an `Err` value: Os { code: 28, kind: StorageFull, message: "No space left on device" }
[INFO] [stderr]   stack backtrace:
[INFO] [stderr]      0:     0x5570a7855e06 - std::backtrace_rs::backtrace::libunwind::trace::h261606ad26a499c1
[INFO] [stderr]                                  at /rustc/0e09125c6c3c2fd70d7de961bcf0e51575235fad/library/std/src/../../backtrace/src/backtrace/libunwind.rs:104:5
[INFO] [stderr]      1:     0x5570a7855e06 - std::backtrace_rs::backtrace::trace_unsynchronized::hd183f0625477fb28
[INFO] [stderr]                                  at /rustc/0e09125c6c3c2fd70d7de961bcf0e51575235fad/library/std/src/../../backtrace/src/backtrace/mod.rs:66:5
[INFO] [stderr]      2:     0x5570a7855e06 - std::sys_common::backtrace::_print_fmt::hd7f8fef21b4eda67
[INFO] [stderr]                                  at /rustc/0e09125c6c3c2fd70d7de961bcf0e51575235fad/library/std/src/sys_common/backtrace.rs:68:5
[INFO] [stderr]      3:     0x5570a7855e06 - <std::sys_common::backtrace::_print::DisplayBacktrace as core::fmt::Display>::fmt::h623d9b51f2f453f1
[INFO] [stderr]                                  at /rustc/0e09125c6c3c2fd70d7de961bcf0e51575235fad/library/std/src/sys_common/backtrace.rs:44:22
[INFO] [stderr]      4:     0x5570a7879030 - core::fmt::rt::Argument::fmt::h9f417ac76a86f368
[INFO] [stderr]                                  at /rustc/0e09125c6c3c2fd70d7de961bcf0e51575235fad/library/core/src/fmt/rt.rs:142:9
[INFO] [stderr]      5:     0x5570a7879030 - core::fmt::write::hc9b6faf4ac2aeff7
[INFO] [stderr]                                  at /rustc/0e09125c6c3c2fd70d7de961bcf0e51575235fad/library/core/src/fmt/mod.rs:1120:17
[INFO] [stderr]      6:     0x5570a7853f8f - std::io::Write::write_fmt::hfead1eee52c2e65e
[INFO] [stderr]                                  at /rustc/0e09125c6c3c2fd70d7de961bcf0e51575235fad/library/std/src/io/mod.rs:1810:15
[INFO] [stderr]      7:     0x5570a7855be4 - std::sys_common::backtrace::_print::hd5d66399c7df88a2
[INFO] [stderr]                                  at /rustc/0e09125c6c3c2fd70d7de961bcf0e51575235fad/library/std/src/sys_common/backtrace.rs:47:5
[INFO] [stderr]      8:     0x5570a7855be4 - std::sys_common::backtrace::print::he81ed2da642d37e5
[INFO] [stderr]                                  at /rustc/0e09125c6c3c2fd70d7de961bcf0e51575235fad/library/std/src/sys_common/backtrace.rs:34:9
[INFO] [stderr]      9:     0x5570a78574a7 - std::panicking::default_hook::{{closure}}::h85773f4fa117163d
[INFO] [stderr]     10:     0x5570a7857209 - std::panicking::default_hook::h6a1694a91d09b278
[INFO] [stderr]                                  at /rustc/0e09125c6c3c2fd70d7de961bcf0e51575235fad/library/std/src/panicking.rs:292:9
[INFO] [stderr]     11:     0x5570a7857ac6 - <alloc::boxed::Box<F,A> as core::ops::function::Fn<Args>>::call::hcb3fe3b9bb537ba8
[INFO] [stderr]                                  at /rustc/0e09125c6c3c2fd70d7de961bcf0e51575235fad/library/alloc/src/boxed.rs:2029:9
[INFO] [stderr]     12:     0x5570a7857ac6 - std::panicking::rust_panic_with_hook::h0a7ad96e90f7145b
[INFO] [stderr]                                  at /rustc/0e09125c6c3c2fd70d7de961bcf0e51575235fad/library/std/src/panicking.rs:783:13
[INFO] [stderr]     13:     0x5570a7857812 - std::panicking::begin_panic_handler::{{closure}}::h7919090525c6485e
[INFO] [stderr]                                  at /rustc/0e09125c6c3c2fd70d7de961bcf0e51575235fad/library/std/src/panicking.rs:657:13
[INFO] [stderr]     14:     0x5570a7856306 - std::sys_common::backtrace::__rust_end_short_backtrace::hf3289479464f7dfe
[INFO] [stderr]                                  at /rustc/0e09125c6c3c2fd70d7de961bcf0e51575235fad/library/std/src/sys_common/backtrace.rs:171:18
[INFO] [stderr]     15:     0x5570a7857570 - rust_begin_unwind
[INFO] [stderr]                                  at /rustc/0e09125c6c3c2fd70d7de961bcf0e51575235fad/library/std/src/panicking.rs:645:5
[INFO] [stderr]     16:     0x5570a776bc55 - core::panicking::panic_fmt::hcc9f77c5c132af55
[INFO] [stderr]                                  at /rustc/0e09125c6c3c2fd70d7de961bcf0e51575235fad/library/core/src/panicking.rs:72:14
[INFO] [stderr]     17:     0x5570a776c1b3 - core::result::unwrap_failed::hbe14f498be1452f9
[INFO] [stderr]                                  at /rustc/0e09125c6c3c2fd70d7de961bcf0e51575235fad/library/core/src/result.rs:1649:5
[INFO] [stderr]     18:     0x5570a776fb7b - core::result::Result<T,E>::unwrap::h7782dc00c9089ac0
[INFO] [stderr]     19:     0x5570a776db03 - wayland_scanner::generate_c_interfaces::ha3d9f3c7fcb1471d
[INFO] [stderr]     20:     0x5570a7775ceb - build_script_build::generate_protocol::he0fb50140fd85a3c
[INFO] [stderr]     21:     0x5570a7777364 - build_script_build::main::h37bc3c84b7394d47
[INFO] [stderr]     22:     0x5570a7772913 - core::ops::function::FnOnce::call_once::h7a88e6b85cb58fd4
[INFO] [stderr]     23:     0x5570a776df66 - std::sys_common::backtrace::__rust_begin_short_backtrace::h524ea5a8dd69d355
[INFO] [stderr]     24:     0x5570a7771629 - std::rt::lang_start::{{closure}}::hc4404e16d9eb8abd
[INFO] [stderr]     25:     0x5570a7850fc1 - core::ops::function::impls::<impl core::ops::function::FnOnce<A> for &F>::call_once::h4eb4c5e1620f29b0
[INFO] [stderr]                                  at /rustc/0e09125c6c3c2fd70d7de961bcf0e51575235fad/library/core/src/ops/function.rs:284:13
[INFO] [stderr]     26:     0x5570a7850fc1 - std::panicking::try::do_call::h73fd26535faffcdf
[INFO] [stderr]                                  at /rustc/0e09125c6c3c2fd70d7de961bcf0e51575235fad/library/std/src/panicking.rs:552:40
[INFO] [stderr]     27:     0x5570a7850fc1 - std::panicking::try::h77ff1d98f0fb9f39
[INFO] [stderr]                                  at /rustc/0e09125c6c3c2fd70d7de961bcf0e51575235fad/library/std/src/panicking.rs:516:19
[INFO] [stderr]     28:     0x5570a7850fc1 - std::panic::catch_unwind::hab3caf2448b95e37
[INFO] [stderr]                                  at /rustc/0e09125c6c3c2fd70d7de961bcf0e51575235fad/library/std/src/panic.rs:142:14
[INFO] [stderr]     29:     0x5570a7850fc1 - std::rt::lang_start_internal::{{closure}}::h8086711f9c783f78
[INFO] [stderr]                                  at /rustc/0e09125c6c3c2fd70d7de961bcf0e51575235fad/library/std/src/rt.rs:148:48
[INFO] [stderr]     30:     0x5570a7850fc1 - std::panicking::try::do_call::hf920d4dc291cd6ca
[INFO] [stderr]                                  at /rustc/0e09125c6c3c2fd70d7de961bcf0e51575235fad/library/std/src/panicking.rs:552:40
[INFO] [stderr]     31:     0x5570a7850fc1 - std::panicking::try::h2b806ccc0a85db74
[INFO] [stderr]                                  at /rustc/0e09125c6c3c2fd70d7de961bcf0e51575235fad/library/std/src/panicking.rs:516:19
[INFO] [stderr]     32:     0x5570a7850fc1 - std::panic::catch_unwind::h038489539c507df2
[INFO] [stderr]                                  at /rustc/0e09125c6c3c2fd70d7de961bcf0e51575235fad/library/std/src/panic.rs:142:14
[INFO] [stderr]     33:     0x5570a7850fc1 - std::rt::lang_start_internal::h28503b88912e8a5c
[INFO] [stderr]                                  at /rustc/0e09125c6c3c2fd70d7de961bcf0e51575235fad/library/std/src/rt.rs:148:20
[INFO] [stderr]     34:     0x5570a7771607 - std::rt::lang_start::h68c7cd229ffd8990
[INFO] [stderr]     35:     0x5570a77773b5 - main
[INFO] [stderr]     36:     0x7f6bfbd8ed90 - <unknown>
[INFO] [stderr]     37:     0x7f6bfbd8ee40 - __libc_start_main
[INFO] [stderr]     38:     0x5570a776c4b5 - _start
[INFO] [stderr]     39:                0x0 - <unknown>
[INFO] [stdout] error: couldn't create a temp dir: No space left on device (os error 28) at path "/opt/rustwide/target/debug/deps/rmetaE1hnGj"
[INFO] [stdout] 
[INFO] [stdout] 
[INFO] [stderr] error: could not compile `cgmath` (lib) due to 1 previous error
[INFO] [stdout] error: couldn't create a temp dir: No space left on device (os error 28) at path "/opt/rustwide/target/debug/deps/rmetaYAdABm"
[INFO] [stdout] 
[INFO] [stdout] 
[INFO] [stderr] error: could not compile `nix` (lib) due to 1 previous error
[INFO] [stderr] error: failed to run custom build command for `gl v0.11.0`
[INFO] [stderr] note: To improve backtraces for build dependencies, set the CARGO_PROFILE_DEV_BUILD_OVERRIDE_DEBUG=true environment variable to enable debug information generation.
[INFO] [stderr] 
[INFO] [stderr] Caused by:
[INFO] [stderr]   process didn't exit successfully: `/opt/rustwide/target/debug/build/gl-4a235d0a0a909def/build-script-build` (exit status: 101)
[INFO] [stderr]   --- stderr
[INFO] [stderr]   thread 'main' panicked at /opt/rustwide/cargo-home/registry/src/index.crates.io-6f17d22bba15001f/gl-0.11.0/build.rs:28:10:
[INFO] [stderr]   called `Result::unwrap()` on an `Err` value: Os { code: 28, kind: StorageFull, message: "No space left on device" }
[INFO] [stderr]   stack backtrace:
[INFO] [stderr]      0:     0x556ea6620436 - std::backtrace_rs::backtrace::libunwind::trace::h261606ad26a499c1
[INFO] [stderr]                                  at /rustc/0e09125c6c3c2fd70d7de961bcf0e51575235fad/library/std/src/../../backtrace/src/backtrace/libunwind.rs:104:5
[INFO] [stderr]      1:     0x556ea6620436 - std::backtrace_rs::backtrace::trace_unsynchronized::hd183f0625477fb28
[INFO] [stderr]                                  at /rustc/0e09125c6c3c2fd70d7de961bcf0e51575235fad/library/std/src/../../backtrace/src/backtrace/mod.rs:66:5
[INFO] [stderr]      2:     0x556ea6620436 - std::sys_common::backtrace::_print_fmt::hd7f8fef21b4eda67
[INFO] [stderr]                                  at /rustc/0e09125c6c3c2fd70d7de961bcf0e51575235fad/library/std/src/sys_common/backtrace.rs:68:5
[INFO] [stderr]      3:     0x556ea6620436 - <std::sys_common::backtrace::_print::DisplayBacktrace as core::fmt::Display>::fmt::h623d9b51f2f453f1
[INFO] [stderr]                                  at /rustc/0e09125c6c3c2fd70d7de961bcf0e51575235fad/library/std/src/sys_common/backtrace.rs:44:22
[INFO] [stderr]      4:     0x556ea663f700 - core::fmt::rt::Argument::fmt::h9f417ac76a86f368
[INFO] [stderr]                                  at /rustc/0e09125c6c3c2fd70d7de961bcf0e51575235fad/library/core/src/fmt/rt.rs:142:9
[INFO] [stderr]      5:     0x556ea663f700 - core::fmt::write::hc9b6faf4ac2aeff7
[INFO] [stderr]                                  at /rustc/0e09125c6c3c2fd70d7de961bcf0e51575235fad/library/core/src/fmt/mod.rs:1120:17
[INFO] [stderr]      6:     0x556ea661e74f - std::io::Write::write_fmt::hfead1eee52c2e65e
[INFO] [stderr]                                  at /rustc/0e09125c6c3c2fd70d7de961bcf0e51575235fad/library/std/src/io/mod.rs:1810:15
[INFO] [stderr]      7:     0x556ea6620214 - std::sys_common::backtrace::_print::hd5d66399c7df88a2
[INFO] [stderr]                                  at /rustc/0e09125c6c3c2fd70d7de961bcf0e51575235fad/library/std/src/sys_common/backtrace.rs:47:5
[INFO] [stderr]      8:     0x556ea6620214 - std::sys_common::backtrace::print::he81ed2da642d37e5
[INFO] [stderr]                                  at /rustc/0e09125c6c3c2fd70d7de961bcf0e51575235fad/library/std/src/sys_common/backtrace.rs:34:9
[INFO] [stderr]      9:     0x556ea6621777 - std::panicking::default_hook::{{closure}}::h85773f4fa117163d
[INFO] [stderr]     10:     0x556ea66214d9 - std::panicking::default_hook::h6a1694a91d09b278
[INFO] [stderr]                                  at /rustc/0e09125c6c3c2fd70d7de961bcf0e51575235fad/library/std/src/panicking.rs:292:9
[INFO] [stderr]     11:     0x556ea6621c08 - std::panicking::rust_panic_with_hook::h0a7ad96e90f7145b
[INFO] [stderr]                                  at /rustc/0e09125c6c3c2fd70d7de961bcf0e51575235fad/library/std/src/panicking.rs:779:13
[INFO] [stderr]     12:     0x556ea6621ae2 - std::panicking::begin_panic_handler::{{closure}}::h7919090525c6485e
[INFO] [stderr]                                  at /rustc/0e09125c6c3c2fd70d7de961bcf0e51575235fad/library/std/src/panicking.rs:657:13
[INFO] [stderr]     13:     0x556ea6620936 - std::sys_common::backtrace::__rust_end_short_backtrace::hf3289479464f7dfe
[INFO] [stderr]                                  at /rustc/0e09125c6c3c2fd70d7de961bcf0e51575235fad/library/std/src/sys_common/backtrace.rs:171:18
[INFO] [stderr]     14:     0x556ea6621840 - rust_begin_unwind
[INFO] [stderr]                                  at /rustc/0e09125c6c3c2fd70d7de961bcf0e51575235fad/library/std/src/panicking.rs:645:5
[INFO] [stderr]     15:     0x556ea657cf85 - core::panicking::panic_fmt::hcc9f77c5c132af55
[INFO] [stderr]                                  at /rustc/0e09125c6c3c2fd70d7de961bcf0e51575235fad/library/core/src/panicking.rs:72:14
[INFO] [stderr]     16:     0x556ea657d4e3 - core::result::unwrap_failed::hbe14f498be1452f9
[INFO] [stderr]                                  at /rustc/0e09125c6c3c2fd70d7de961bcf0e51575235fad/library/core/src/result.rs:1649:5
[INFO] [stderr]     17:     0x556ea6597c1b - core::result::Result<T,E>::unwrap::h544d0fd8d2117648
[INFO] [stderr]     18:     0x556ea65a6a45 - build_script_build::main::hd0d3c1375faa6353
[INFO] [stderr]     19:     0x556ea65a3c33 - core::ops::function::FnOnce::call_once::ha39f39194e94dc67
[INFO] [stderr]     20:     0x556ea659c466 - std::sys_common::backtrace::__rust_begin_short_backtrace::hfb1e3552fcbd485e
[INFO] [stderr]     21:     0x556ea659c5d9 - std::rt::lang_start::{{closure}}::hbf23c542422f6910
[INFO] [stderr]     22:     0x556ea661bde1 - core::ops::function::impls::<impl core::ops::function::FnOnce<A> for &F>::call_once::h4eb4c5e1620f29b0
[INFO] [stderr]                                  at /rustc/0e09125c6c3c2fd70d7de961bcf0e51575235fad/library/core/src/ops/function.rs:284:13
[INFO] [stderr]     23:     0x556ea661bde1 - std::panicking::try::do_call::h73fd26535faffcdf
[INFO] [stderr]                                  at /rustc/0e09125c6c3c2fd70d7de961bcf0e51575235fad/library/std/src/panicking.rs:552:40
[INFO] [stderr]     24:     0x556ea661bde1 - std::panicking::try::h77ff1d98f0fb9f39
[INFO] [stderr]                                  at /rustc/0e09125c6c3c2fd70d7de961bcf0e51575235fad/library/std/src/panicking.rs:516:19
[INFO] [stderr]     25:     0x556ea661bde1 - std::panic::catch_unwind::hab3caf2448b95e37
[INFO] [stderr]                                  at /rustc/0e09125c6c3c2fd70d7de961bcf0e51575235fad/library/std/src/panic.rs:142:14
[INFO] [stderr]     26:     0x556ea661bde1 - std::rt::lang_start_internal::{{closure}}::h8086711f9c783f78
[INFO] [stderr]                                  at /rustc/0e09125c6c3c2fd70d7de961bcf0e51575235fad/library/std/src/rt.rs:148:48
[INFO] [stderr]     27:     0x556ea661bde1 - std::panicking::try::do_call::hf920d4dc291cd6ca
[INFO] [stderr]                                  at /rustc/0e09125c6c3c2fd70d7de961bcf0e51575235fad/library/std/src/panicking.rs:552:40
[INFO] [stderr]     28:     0x556ea661bde1 - std::panicking::try::h2b806ccc0a85db74
[INFO] [stderr]                                  at /rustc/0e09125c6c3c2fd70d7de961bcf0e51575235fad/library/std/src/panicking.rs:516:19
[INFO] [stderr]     29:     0x556ea661bde1 - std::panic::catch_unwind::h038489539c507df2
[INFO] [stderr]                                  at /rustc/0e09125c6c3c2fd70d7de961bcf0e51575235fad/library/std/src/panic.rs:142:14
[INFO] [stderr]     30:     0x556ea661bde1 - std::rt::lang_start_internal::h28503b88912e8a5c
[INFO] [stderr]                                  at /rustc/0e09125c6c3c2fd70d7de961bcf0e51575235fad/library/std/src/rt.rs:148:20
[INFO] [stderr]     31:     0x556ea659c5b7 - std::rt::lang_start::h4a0e41d061262a4d
[INFO] [stderr]     32:     0x556ea65a6aa5 - main
[INFO] [stderr]     33:     0x7f5f44e8dd90 - <unknown>
[INFO] [stderr]     34:     0x7f5f44e8de40 - __libc_start_main
[INFO] [stderr]     35:     0x556ea657d7e5 - _start
[INFO] [stderr]     36:                0x0 - <unknown>
[INFO] [stderr] error: failed to write `/opt/rustwide/target/debug/build/wayland-client-1678d9a075df6ed3/stderr`
[INFO] [stderr] 
[INFO] [stderr] Caused by:
[INFO] [stderr]   No space left on device (os error 28)
[INFO] running `Command { std: "docker" "inspect" "350c49425e7e181ea7e8bf6386c4fb384e94263ca8713df5c58c4accf77884ba", kill_on_drop: false }`
[INFO] running `Command { std: "docker" "rm" "-f" "350c49425e7e181ea7e8bf6386c4fb384e94263ca8713df5c58c4accf77884ba", kill_on_drop: false }`
[INFO] [stdout] 350c49425e7e181ea7e8bf6386c4fb384e94263ca8713df5c58c4accf77884ba
