[INFO] cloning repository https://github.com/JoseAP89/Base64Converter
[INFO] running `Command { std: "git" "-c" "credential.helper=" "-c" "credential.helper=/workspace/cargo-home/bin/git-credential-null" "clone" "--bare" "https://github.com/JoseAP89/Base64Converter" "/workspace/cache/git-repos/https%3A%2F%2Fgithub.com%2FJoseAP89%2FBase64Converter", kill_on_drop: false }`
[INFO] [stderr] Cloning into bare repository '/workspace/cache/git-repos/https%3A%2F%2Fgithub.com%2FJoseAP89%2FBase64Converter'...
[INFO] running `Command { std: "git" "rev-parse" "HEAD", kill_on_drop: false }`
[INFO] [stdout] 4fa907c9b927bce0294ab746638beee70bc7cee5
[INFO] testing JoseAP89/Base64Converter against 1.75.0 for beta-1.76-1
[INFO] running `Command { std: "git" "clone" "/workspace/cache/git-repos/https%3A%2F%2Fgithub.com%2FJoseAP89%2FBase64Converter" "/workspace/builds/worker-2-tc1/source", kill_on_drop: false }`
[INFO] [stderr] Cloning into '/workspace/builds/worker-2-tc1/source'...
[INFO] [stderr] done.
[INFO] validating manifest of git repo https://github.com/JoseAP89/Base64Converter on toolchain 1.75.0
[INFO] running `Command { std: CARGO_HOME="/workspace/cargo-home" RUSTUP_HOME="/workspace/rustup-home" "/workspace/cargo-home/bin/cargo" "+1.75.0" "metadata" "--manifest-path" "Cargo.toml" "--no-deps", kill_on_drop: false }`
[INFO] started tweaking git repo https://github.com/JoseAP89/Base64Converter
[INFO] finished tweaking git repo https://github.com/JoseAP89/Base64Converter
[INFO] tweaked toml for git repo https://github.com/JoseAP89/Base64Converter written to /workspace/builds/worker-2-tc1/source/Cargo.toml
[INFO] crate git repo https://github.com/JoseAP89/Base64Converter already has a lockfile, it will not be regenerated
[INFO] running `Command { std: CARGO_HOME="/workspace/cargo-home" RUSTUP_HOME="/workspace/rustup-home" "/workspace/cargo-home/bin/cargo" "+1.75.0" "fetch" "--manifest-path" "Cargo.toml", kill_on_drop: false }`
[INFO] [stderr]     Blocking waiting for file lock on package cache
[ERROR] error running command: no output for 300 seconds
[ERROR] this task or one of its parent failed!
[ERROR] no output for 300 seconds
[ERROR] note: run with `RUST_BACKTRACE=1` to display a backtrace.
[INFO] testing JoseAP89/Base64Converter against beta-2023-12-22 for beta-1.76-1
[INFO] running `Command { std: "git" "clone" "/workspace/cache/git-repos/https%3A%2F%2Fgithub.com%2FJoseAP89%2FBase64Converter" "/workspace/builds/worker-2-tc2/source", kill_on_drop: false }`
[INFO] [stderr] Cloning into '/workspace/builds/worker-2-tc2/source'...
[INFO] [stderr] done.
[INFO] validating manifest of git repo https://github.com/JoseAP89/Base64Converter on toolchain beta-2023-12-22
[INFO] running `Command { std: CARGO_HOME="/workspace/cargo-home" RUSTUP_HOME="/workspace/rustup-home" "/workspace/cargo-home/bin/cargo" "+beta-2023-12-22" "metadata" "--manifest-path" "Cargo.toml" "--no-deps", kill_on_drop: false }`
[INFO] started tweaking git repo https://github.com/JoseAP89/Base64Converter
[INFO] finished tweaking git repo https://github.com/JoseAP89/Base64Converter
[INFO] tweaked toml for git repo https://github.com/JoseAP89/Base64Converter written to /workspace/builds/worker-2-tc2/source/Cargo.toml
[INFO] crate git repo https://github.com/JoseAP89/Base64Converter already has a lockfile, it will not be regenerated
[INFO] running `Command { std: CARGO_HOME="/workspace/cargo-home" RUSTUP_HOME="/workspace/rustup-home" "/workspace/cargo-home/bin/cargo" "+beta-2023-12-22" "fetch" "--manifest-path" "Cargo.toml", kill_on_drop: false }`
[INFO] [stderr]     Blocking waiting for file lock on package cache
[INFO] [stderr]     Blocking waiting for file lock on package cache
[ERROR] error running command: no output for 300 seconds
[INFO] testing JoseAP89/Base64Converter against beta-2023-12-22 for beta-1.76-1
[INFO] running `Command { std: "git" "clone" "/workspace/cache/git-repos/https%3A%2F%2Fgithub.com%2FJoseAP89%2FBase64Converter" "/workspace/builds/worker-2-tc2/source", kill_on_drop: false }`
[INFO] [stderr] Cloning into '/workspace/builds/worker-2-tc2/source'...
[INFO] [stderr] done.
[INFO] validating manifest of git repo https://github.com/JoseAP89/Base64Converter on toolchain beta-2023-12-22
[INFO] running `Command { std: CARGO_HOME="/workspace/cargo-home" RUSTUP_HOME="/workspace/rustup-home" "/workspace/cargo-home/bin/cargo" "+beta-2023-12-22" "metadata" "--manifest-path" "Cargo.toml" "--no-deps", kill_on_drop: false }`
[INFO] started tweaking git repo https://github.com/JoseAP89/Base64Converter
[INFO] finished tweaking git repo https://github.com/JoseAP89/Base64Converter
[INFO] tweaked toml for git repo https://github.com/JoseAP89/Base64Converter written to /workspace/builds/worker-2-tc2/source/Cargo.toml
[INFO] crate git repo https://github.com/JoseAP89/Base64Converter already has a lockfile, it will not be regenerated
[INFO] running `Command { std: CARGO_HOME="/workspace/cargo-home" RUSTUP_HOME="/workspace/rustup-home" "/workspace/cargo-home/bin/cargo" "+beta-2023-12-22" "fetch" "--manifest-path" "Cargo.toml", kill_on_drop: false }`
[INFO] [stderr]     Blocking waiting for file lock on package cache
[INFO] [stderr]     Blocking waiting for file lock on package cache
[INFO] running `Command { std: "docker" "create" "-v" "/var/lib/crater-agent-workspace/builds/worker-2-tc2/target:/opt/rustwide/target:rw,Z" "-v" "/var/lib/crater-agent-workspace/builds/worker-2-tc2/source:/opt/rustwide/workdir:ro,Z" "-v" "/var/lib/crater-agent-workspace/cargo-home:/opt/rustwide/cargo-home:ro,Z" "-v" "/var/lib/crater-agent-workspace/rustup-home:/opt/rustwide/rustup-home:ro,Z" "-e" "SOURCE_DIR=/opt/rustwide/workdir" "-e" "CARGO_TARGET_DIR=/opt/rustwide/target" "-e" "CARGO_HOME=/opt/rustwide/cargo-home" "-e" "RUSTUP_HOME=/opt/rustwide/rustup-home" "-w" "/opt/rustwide/workdir" "-m" "1610612736" "--user" "0:0" "--network" "none" "ghcr.io/rust-lang/crates-build-env/linux@sha256:2788e3201cd34a07e3172128adcd8b3090168a8e3bcc40d7c032b9dda1df7d1c" "/opt/rustwide/cargo-home/bin/cargo" "+beta-2023-12-22" "metadata" "--no-deps" "--format-version=1", kill_on_drop: false }`
[INFO] [stdout] 3f3da6bbe130ba7e4a8e6567a928f57d7387f191654c6a3a8b73150362669956
[INFO] running `Command { std: "docker" "start" "-a" "3f3da6bbe130ba7e4a8e6567a928f57d7387f191654c6a3a8b73150362669956", kill_on_drop: false }`
[INFO] running `Command { std: "docker" "inspect" "3f3da6bbe130ba7e4a8e6567a928f57d7387f191654c6a3a8b73150362669956", kill_on_drop: false }`
[INFO] running `Command { std: "docker" "rm" "-f" "3f3da6bbe130ba7e4a8e6567a928f57d7387f191654c6a3a8b73150362669956", kill_on_drop: false }`
[INFO] [stdout] 3f3da6bbe130ba7e4a8e6567a928f57d7387f191654c6a3a8b73150362669956
[INFO] running `Command { std: "docker" "create" "-v" "/var/lib/crater-agent-workspace/builds/worker-2-tc2/target:/opt/rustwide/target:rw,Z" "-v" "/var/lib/crater-agent-workspace/builds/worker-2-tc2/source:/opt/rustwide/workdir:ro,Z" "-v" "/var/lib/crater-agent-workspace/cargo-home:/opt/rustwide/cargo-home:ro,Z" "-v" "/var/lib/crater-agent-workspace/rustup-home:/opt/rustwide/rustup-home:ro,Z" "-e" "SOURCE_DIR=/opt/rustwide/workdir" "-e" "CARGO_TARGET_DIR=/opt/rustwide/target" "-e" "CARGO_INCREMENTAL=0" "-e" "RUST_BACKTRACE=full" "-e" "RUSTFLAGS=--cap-lints=warn" "-e" "RUSTDOCFLAGS=--cap-lints=warn" "-e" "CARGO_HOME=/opt/rustwide/cargo-home" "-e" "RUSTUP_HOME=/opt/rustwide/rustup-home" "-w" "/opt/rustwide/workdir" "-m" "1610612736" "--user" "0:0" "--network" "none" "ghcr.io/rust-lang/crates-build-env/linux@sha256:2788e3201cd34a07e3172128adcd8b3090168a8e3bcc40d7c032b9dda1df7d1c" "/opt/rustwide/cargo-home/bin/cargo" "+beta-2023-12-22" "build" "--frozen" "--message-format=json", kill_on_drop: false }`
[INFO] [stdout] 0dedcc4de5a295712377cc81010b0dace88ff7db275dd1b43946c0d71e6bf67c
[INFO] running `Command { std: "docker" "start" "-a" "0dedcc4de5a295712377cc81010b0dace88ff7db275dd1b43946c0d71e6bf67c", kill_on_drop: false }`
[INFO] [stderr]    Compiling proc-macro2 v1.0.36
[INFO] [stderr]    Compiling unicode-xid v0.2.2
[INFO] [stderr]    Compiling syn v1.0.90
[INFO] [stderr]    Compiling libc v0.2.121
[INFO] [stderr]    Compiling memchr v2.4.1
[INFO] [stderr]    Compiling serde v1.0.136
[INFO] [stderr]    Compiling hashbrown v0.11.2
[INFO] [stderr]    Compiling heck v0.4.0
[INFO] [stderr]    Compiling serde_json v1.0.79
[INFO] [stderr]    Compiling strsim v0.10.0
[INFO] [stderr]    Compiling textwrap v0.15.0
[INFO] [stderr]    Compiling indexmap v1.8.1
[INFO] [stderr]    Compiling itoa v1.0.1
[INFO] [stderr]    Compiling ryu v1.0.9
[INFO] [stderr]    Compiling base64 v0.13.0
[INFO] [stderr]    Compiling os_str_bytes v6.0.0
[INFO] [stderr]    Compiling quote v1.0.17
[INFO] [stderr]    Compiling atty v0.2.14
[INFO] [stderr]    Compiling proc-macro-error-attr v1.0.4
[INFO] [stderr]    Compiling proc-macro-error v1.0.4
[INFO] [stderr]    Compiling clap_derive v3.1.7
[INFO] [stderr]    Compiling clap v3.1.8
[INFO] [stderr]    Compiling base64Converter v0.1.0 (/opt/rustwide/workdir)
[INFO] [stdout] warning: unused import: `Result`
[INFO] [stdout]  --> src/main.rs:1:18
[INFO] [stdout]   |
[INFO] [stdout] 1 | use serde_json::{Result, Value};
[INFO] [stdout]   |                  ^^^^^^
[INFO] [stdout]   |
[INFO] [stdout]   = note: `#[warn(unused_imports)]` on by default
[INFO] [stdout] 
[INFO] [stdout] 
[INFO] [stdout] warning: unused import: `encode`
[INFO] [stdout]  --> src/main.rs:6:14
[INFO] [stdout]   |
[INFO] [stdout] 6 | use base64::{encode, decode};
[INFO] [stdout]   |              ^^^^^^
[INFO] [stdout] 
[INFO] [stdout] 
[INFO] [stdout] warning: crate `base64Converter` should have a snake case name
[INFO] [stdout]   |
[INFO] [stdout]   = help: convert the identifier to snake case: `base64_converter`
[INFO] [stdout]   = note: `#[warn(non_snake_case)]` on by default
[INFO] [stdout] 
[INFO] [stdout] 
[INFO] [stdout] warning: 3 warnings emitted
[INFO] [stdout] 
[INFO] [stdout] 
[INFO] [stderr]     Finished dev [unoptimized + debuginfo] target(s) in 9.03s
[INFO] running `Command { std: "docker" "inspect" "0dedcc4de5a295712377cc81010b0dace88ff7db275dd1b43946c0d71e6bf67c", kill_on_drop: false }`
[INFO] running `Command { std: "docker" "rm" "-f" "0dedcc4de5a295712377cc81010b0dace88ff7db275dd1b43946c0d71e6bf67c", kill_on_drop: false }`
[INFO] [stdout] 0dedcc4de5a295712377cc81010b0dace88ff7db275dd1b43946c0d71e6bf67c
[INFO] running `Command { std: "docker" "create" "-v" "/var/lib/crater-agent-workspace/builds/worker-2-tc2/target:/opt/rustwide/target:rw,Z" "-v" "/var/lib/crater-agent-workspace/builds/worker-2-tc2/source:/opt/rustwide/workdir:ro,Z" "-v" "/var/lib/crater-agent-workspace/cargo-home:/opt/rustwide/cargo-home:ro,Z" "-v" "/var/lib/crater-agent-workspace/rustup-home:/opt/rustwide/rustup-home:ro,Z" "-e" "SOURCE_DIR=/opt/rustwide/workdir" "-e" "CARGO_TARGET_DIR=/opt/rustwide/target" "-e" "CARGO_INCREMENTAL=0" "-e" "RUST_BACKTRACE=full" "-e" "RUSTFLAGS=--cap-lints=warn" "-e" "RUSTDOCFLAGS=--cap-lints=warn" "-e" "CARGO_HOME=/opt/rustwide/cargo-home" "-e" "RUSTUP_HOME=/opt/rustwide/rustup-home" "-w" "/opt/rustwide/workdir" "-m" "1610612736" "--user" "0:0" "--network" "none" "ghcr.io/rust-lang/crates-build-env/linux@sha256:2788e3201cd34a07e3172128adcd8b3090168a8e3bcc40d7c032b9dda1df7d1c" "/opt/rustwide/cargo-home/bin/cargo" "+beta-2023-12-22" "test" "--frozen" "--no-run" "--message-format=json", kill_on_drop: false }`
[INFO] [stdout] 6dd46bb31d4fafb68037af8d784a663d6485aeaf068f6488444417a24d6be369
[INFO] running `Command { std: "docker" "start" "-a" "6dd46bb31d4fafb68037af8d784a663d6485aeaf068f6488444417a24d6be369", kill_on_drop: false }`
[INFO] [stderr]    Compiling base64Converter v0.1.0 (/opt/rustwide/workdir)
[INFO] [stdout] warning: unused import: `Result`
[INFO] [stdout]  --> src/main.rs:1:18
[INFO] [stdout]   |
[INFO] [stdout] 1 | use serde_json::{Result, Value};
[INFO] [stdout]   |                  ^^^^^^
[INFO] [stdout]   |
[INFO] [stdout]   = note: `#[warn(unused_imports)]` on by default
[INFO] [stdout] 
[INFO] [stdout] 
[INFO] [stdout] warning: unused import: `encode`
[INFO] [stdout]  --> src/main.rs:6:14
[INFO] [stdout]   |
[INFO] [stdout] 6 | use base64::{encode, decode};
[INFO] [stdout]   |              ^^^^^^
[INFO] [stdout] 
[INFO] [stdout] 
[INFO] [stdout] warning: crate `base64Converter` should have a snake case name
[INFO] [stdout]   |
[INFO] [stdout]   = help: convert the identifier to snake case: `base64_converter`
[INFO] [stdout]   = note: `#[warn(non_snake_case)]` on by default
[INFO] [stdout] 
[INFO] [stdout] 
[INFO] [stdout] warning: 3 warnings emitted
[INFO] [stdout] 
[INFO] [stdout] 
[INFO] [stderr]     Finished test [unoptimized + debuginfo] target(s) in 0.26s
[INFO] running `Command { std: "docker" "inspect" "6dd46bb31d4fafb68037af8d784a663d6485aeaf068f6488444417a24d6be369", kill_on_drop: false }`
[INFO] running `Command { std: "docker" "rm" "-f" "6dd46bb31d4fafb68037af8d784a663d6485aeaf068f6488444417a24d6be369", kill_on_drop: false }`
[INFO] [stdout] 6dd46bb31d4fafb68037af8d784a663d6485aeaf068f6488444417a24d6be369
[INFO] running `Command { std: "docker" "create" "-v" "/var/lib/crater-agent-workspace/builds/worker-2-tc2/target:/opt/rustwide/target:rw,Z" "-v" "/var/lib/crater-agent-workspace/builds/worker-2-tc2/source:/opt/rustwide/workdir:ro,Z" "-v" "/var/lib/crater-agent-workspace/cargo-home:/opt/rustwide/cargo-home:ro,Z" "-v" "/var/lib/crater-agent-workspace/rustup-home:/opt/rustwide/rustup-home:ro,Z" "-e" "SOURCE_DIR=/opt/rustwide/workdir" "-e" "CARGO_TARGET_DIR=/opt/rustwide/target" "-e" "CARGO_INCREMENTAL=0" "-e" "RUST_BACKTRACE=full" "-e" "RUSTFLAGS=--cap-lints=warn" "-e" "RUSTDOCFLAGS=--cap-lints=warn" "-e" "CARGO_HOME=/opt/rustwide/cargo-home" "-e" "RUSTUP_HOME=/opt/rustwide/rustup-home" "-w" "/opt/rustwide/workdir" "-m" "1610612736" "--user" "0:0" "--network" "none" "ghcr.io/rust-lang/crates-build-env/linux@sha256:2788e3201cd34a07e3172128adcd8b3090168a8e3bcc40d7c032b9dda1df7d1c" "/opt/rustwide/cargo-home/bin/cargo" "+beta-2023-12-22" "test" "--frozen", kill_on_drop: false }`
[INFO] [stdout] fbaded41d2d53083511a17bbdd6e35c42295309c3d1afe510043a98ac8ee6bc4
[INFO] running `Command { std: "docker" "start" "-a" "fbaded41d2d53083511a17bbdd6e35c42295309c3d1afe510043a98ac8ee6bc4", kill_on_drop: false }`
[INFO] [stderr] warning: unused import: `Result`
[INFO] [stderr]  --> src/main.rs:1:18
[INFO] [stderr]   |
[INFO] [stderr] 1 | use serde_json::{Result, Value};
[INFO] [stderr]   |                  ^^^^^^
[INFO] [stderr]   |
[INFO] [stderr]   = note: `#[warn(unused_imports)]` on by default
[INFO] [stderr] 
[INFO] [stderr] warning: unused import: `encode`
[INFO] [stderr]  --> src/main.rs:6:14
[INFO] [stderr]   |
[INFO] [stderr] 6 | use base64::{encode, decode};
[INFO] [stderr]   |              ^^^^^^
[INFO] [stderr] 
[INFO] [stderr] warning: crate `base64Converter` should have a snake case name
[INFO] [stderr]   |
[INFO] [stderr]   = help: convert the identifier to snake case: `base64_converter`
[INFO] [stderr]   = note: `#[warn(non_snake_case)]` on by default
[INFO] [stderr] 
[INFO] [stderr] warning: `base64Converter` (bin "base64Converter" test) generated 3 warnings (run `cargo fix --bin "base64Converter" --tests` to apply 2 suggestions)
[INFO] [stderr]     Finished test [unoptimized + debuginfo] target(s) in 0.02s
[INFO] [stderr]      Running unittests src/main.rs (/opt/rustwide/target/debug/deps/base64Converter-eae6d92af7f05e08)
[INFO] [stdout] 
[INFO] [stdout] running 0 tests
[INFO] [stdout] 
[INFO] [stdout] test result: ok. 0 passed; 0 failed; 0 ignored; 0 measured; 0 filtered out; finished in 0.00s
[INFO] [stdout] 
[INFO] running `Command { std: "docker" "inspect" "fbaded41d2d53083511a17bbdd6e35c42295309c3d1afe510043a98ac8ee6bc4", kill_on_drop: false }`
[INFO] running `Command { std: "docker" "rm" "-f" "fbaded41d2d53083511a17bbdd6e35c42295309c3d1afe510043a98ac8ee6bc4", kill_on_drop: false }`
[INFO] [stdout] fbaded41d2d53083511a17bbdd6e35c42295309c3d1afe510043a98ac8ee6bc4
