[INFO] cloning repository https://github.com/JordanEmme/advent-of-code-23
[INFO] running `Command { std: "git" "-c" "credential.helper=" "-c" "credential.helper=/workspace/cargo-home/bin/git-credential-null" "clone" "--bare" "https://github.com/JordanEmme/advent-of-code-23" "/workspace/cache/git-repos/https%3A%2F%2Fgithub.com%2FJordanEmme%2Fadvent-of-code-23", kill_on_drop: false }`
[INFO] [stderr] Cloning into bare repository '/workspace/cache/git-repos/https%3A%2F%2Fgithub.com%2FJordanEmme%2Fadvent-of-code-23'...
[INFO] running `Command { std: "git" "rev-parse" "HEAD", kill_on_drop: false }`
[INFO] [stdout] 6a5345d59fd545e0756a925ae921ad2ccdc55a66
[INFO] testing JordanEmme/advent-of-code-23 against 1.75.0 for beta-1.76-1
[INFO] running `Command { std: "git" "clone" "/workspace/cache/git-repos/https%3A%2F%2Fgithub.com%2FJordanEmme%2Fadvent-of-code-23" "/workspace/builds/worker-1-tc1/source", kill_on_drop: false }`
[INFO] [stderr] Cloning into '/workspace/builds/worker-1-tc1/source'...
[INFO] [stderr] done.
[INFO] validating manifest of git repo https://github.com/JordanEmme/advent-of-code-23 on toolchain 1.75.0
[INFO] running `Command { std: CARGO_HOME="/workspace/cargo-home" RUSTUP_HOME="/workspace/rustup-home" "/workspace/cargo-home/bin/cargo" "+1.75.0" "metadata" "--manifest-path" "Cargo.toml" "--no-deps", kill_on_drop: false }`
[INFO] started tweaking git repo https://github.com/JordanEmme/advent-of-code-23
[INFO] finished tweaking git repo https://github.com/JordanEmme/advent-of-code-23
[INFO] tweaked toml for git repo https://github.com/JordanEmme/advent-of-code-23 written to /workspace/builds/worker-1-tc1/source/Cargo.toml
[INFO] crate git repo https://github.com/JordanEmme/advent-of-code-23 already has a lockfile, it will not be regenerated
[INFO] running `Command { std: CARGO_HOME="/workspace/cargo-home" RUSTUP_HOME="/workspace/rustup-home" "/workspace/cargo-home/bin/cargo" "+1.75.0" "fetch" "--manifest-path" "Cargo.toml", kill_on_drop: false }`
[INFO] [stderr]     Blocking waiting for file lock on package cache
[ERROR] error running command: no output for 300 seconds
[ERROR] this task or one of its parent failed!
[ERROR] no output for 300 seconds
[ERROR] note: run with `RUST_BACKTRACE=1` to display a backtrace.
[INFO] testing JordanEmme/advent-of-code-23 against beta-2023-12-22 for beta-1.76-1
[INFO] running `Command { std: "git" "clone" "/workspace/cache/git-repos/https%3A%2F%2Fgithub.com%2FJordanEmme%2Fadvent-of-code-23" "/workspace/builds/worker-1-tc2/source", kill_on_drop: false }`
[INFO] [stderr] Cloning into '/workspace/builds/worker-1-tc2/source'...
[INFO] [stderr] done.
[INFO] validating manifest of git repo https://github.com/JordanEmme/advent-of-code-23 on toolchain beta-2023-12-22
[INFO] running `Command { std: CARGO_HOME="/workspace/cargo-home" RUSTUP_HOME="/workspace/rustup-home" "/workspace/cargo-home/bin/cargo" "+beta-2023-12-22" "metadata" "--manifest-path" "Cargo.toml" "--no-deps", kill_on_drop: false }`
[INFO] started tweaking git repo https://github.com/JordanEmme/advent-of-code-23
[INFO] finished tweaking git repo https://github.com/JordanEmme/advent-of-code-23
[INFO] tweaked toml for git repo https://github.com/JordanEmme/advent-of-code-23 written to /workspace/builds/worker-1-tc2/source/Cargo.toml
[INFO] crate git repo https://github.com/JordanEmme/advent-of-code-23 already has a lockfile, it will not be regenerated
[INFO] running `Command { std: CARGO_HOME="/workspace/cargo-home" RUSTUP_HOME="/workspace/rustup-home" "/workspace/cargo-home/bin/cargo" "+beta-2023-12-22" "fetch" "--manifest-path" "Cargo.toml", kill_on_drop: false }`
[INFO] [stderr]     Blocking waiting for file lock on package cache
[INFO] [stderr]     Blocking waiting for file lock on package cache
[ERROR] error running command: no output for 300 seconds
[INFO] testing JordanEmme/advent-of-code-23 against beta-2023-12-22 for beta-1.76-1
[INFO] running `Command { std: "git" "clone" "/workspace/cache/git-repos/https%3A%2F%2Fgithub.com%2FJordanEmme%2Fadvent-of-code-23" "/workspace/builds/worker-1-tc2/source", kill_on_drop: false }`
[INFO] [stderr] Cloning into '/workspace/builds/worker-1-tc2/source'...
[INFO] [stderr] done.
[INFO] validating manifest of git repo https://github.com/JordanEmme/advent-of-code-23 on toolchain beta-2023-12-22
[INFO] running `Command { std: CARGO_HOME="/workspace/cargo-home" RUSTUP_HOME="/workspace/rustup-home" "/workspace/cargo-home/bin/cargo" "+beta-2023-12-22" "metadata" "--manifest-path" "Cargo.toml" "--no-deps", kill_on_drop: false }`
[INFO] started tweaking git repo https://github.com/JordanEmme/advent-of-code-23
[INFO] finished tweaking git repo https://github.com/JordanEmme/advent-of-code-23
[INFO] tweaked toml for git repo https://github.com/JordanEmme/advent-of-code-23 written to /workspace/builds/worker-1-tc2/source/Cargo.toml
[INFO] crate git repo https://github.com/JordanEmme/advent-of-code-23 already has a lockfile, it will not be regenerated
[INFO] running `Command { std: CARGO_HOME="/workspace/cargo-home" RUSTUP_HOME="/workspace/rustup-home" "/workspace/cargo-home/bin/cargo" "+beta-2023-12-22" "fetch" "--manifest-path" "Cargo.toml", kill_on_drop: false }`
[INFO] [stderr]     Blocking waiting for file lock on package cache
[INFO] [stderr]     Blocking waiting for file lock on package cache
[INFO] running `Command { std: "docker" "create" "-v" "/var/lib/crater-agent-workspace/builds/worker-1-tc2/target:/opt/rustwide/target:rw,Z" "-v" "/var/lib/crater-agent-workspace/builds/worker-1-tc2/source:/opt/rustwide/workdir:ro,Z" "-v" "/var/lib/crater-agent-workspace/cargo-home:/opt/rustwide/cargo-home:ro,Z" "-v" "/var/lib/crater-agent-workspace/rustup-home:/opt/rustwide/rustup-home:ro,Z" "-e" "SOURCE_DIR=/opt/rustwide/workdir" "-e" "CARGO_TARGET_DIR=/opt/rustwide/target" "-e" "CARGO_HOME=/opt/rustwide/cargo-home" "-e" "RUSTUP_HOME=/opt/rustwide/rustup-home" "-w" "/opt/rustwide/workdir" "-m" "1610612736" "--user" "0:0" "--network" "none" "ghcr.io/rust-lang/crates-build-env/linux@sha256:2788e3201cd34a07e3172128adcd8b3090168a8e3bcc40d7c032b9dda1df7d1c" "/opt/rustwide/cargo-home/bin/cargo" "+beta-2023-12-22" "metadata" "--no-deps" "--format-version=1", kill_on_drop: false }`
[INFO] [stdout] 5418ba095efa85d2cbd4b7962c1af57f24e0b43f015c594ae19de1540b625a66
[INFO] running `Command { std: "docker" "start" "-a" "5418ba095efa85d2cbd4b7962c1af57f24e0b43f015c594ae19de1540b625a66", kill_on_drop: false }`
[INFO] running `Command { std: "docker" "inspect" "5418ba095efa85d2cbd4b7962c1af57f24e0b43f015c594ae19de1540b625a66", kill_on_drop: false }`
[INFO] running `Command { std: "docker" "rm" "-f" "5418ba095efa85d2cbd4b7962c1af57f24e0b43f015c594ae19de1540b625a66", kill_on_drop: false }`
[INFO] [stdout] 5418ba095efa85d2cbd4b7962c1af57f24e0b43f015c594ae19de1540b625a66
[INFO] running `Command { std: "docker" "create" "-v" "/var/lib/crater-agent-workspace/builds/worker-1-tc2/target:/opt/rustwide/target:rw,Z" "-v" "/var/lib/crater-agent-workspace/builds/worker-1-tc2/source:/opt/rustwide/workdir:ro,Z" "-v" "/var/lib/crater-agent-workspace/cargo-home:/opt/rustwide/cargo-home:ro,Z" "-v" "/var/lib/crater-agent-workspace/rustup-home:/opt/rustwide/rustup-home:ro,Z" "-e" "SOURCE_DIR=/opt/rustwide/workdir" "-e" "CARGO_TARGET_DIR=/opt/rustwide/target" "-e" "CARGO_INCREMENTAL=0" "-e" "RUST_BACKTRACE=full" "-e" "RUSTFLAGS=--cap-lints=warn" "-e" "RUSTDOCFLAGS=--cap-lints=warn" "-e" "CARGO_HOME=/opt/rustwide/cargo-home" "-e" "RUSTUP_HOME=/opt/rustwide/rustup-home" "-w" "/opt/rustwide/workdir" "-m" "1610612736" "--user" "0:0" "--network" "none" "ghcr.io/rust-lang/crates-build-env/linux@sha256:2788e3201cd34a07e3172128adcd8b3090168a8e3bcc40d7c032b9dda1df7d1c" "/opt/rustwide/cargo-home/bin/cargo" "+beta-2023-12-22" "build" "--frozen" "--message-format=json", kill_on_drop: false }`
[INFO] [stdout] 92ff006e89fb2315025b3203756057b39dcdfd35b38ea9e8042e1f21135b16e0
[INFO] running `Command { std: "docker" "start" "-a" "92ff006e89fb2315025b3203756057b39dcdfd35b38ea9e8042e1f21135b16e0", kill_on_drop: false }`
[INFO] [stderr]    Compiling advent-of-code-23 v0.1.0 (/opt/rustwide/workdir)
[INFO] [stdout] warning: unused variable: `input`
[INFO] [stdout]  --> src/solutions/day03.rs:1:26
[INFO] [stdout]   |
[INFO] [stdout] 1 | pub fn solution_part_one(input: &str) -> u32 {0}
[INFO] [stdout]   |                          ^^^^^ help: if this is intentional, prefix it with an underscore: `_input`
[INFO] [stdout]   |
[INFO] [stdout]   = note: `#[warn(unused_variables)]` on by default
[INFO] [stdout] 
[INFO] [stdout] 
[INFO] [stdout] warning: unused variable: `input`
[INFO] [stdout]  --> src/solutions/day03.rs:3:26
[INFO] [stdout]   |
[INFO] [stdout] 3 | pub fn solution_part_two(input: &str) -> u32 {0}
[INFO] [stdout]   |                          ^^^^^ help: if this is intentional, prefix it with an underscore: `_input`
[INFO] [stdout] 
[INFO] [stdout] 
[INFO] [stdout] warning: 2 warnings emitted
[INFO] [stdout] 
[INFO] [stdout] 
[INFO] [stderr]     Finished dev [unoptimized + debuginfo] target(s) in 0.35s
[INFO] running `Command { std: "docker" "inspect" "92ff006e89fb2315025b3203756057b39dcdfd35b38ea9e8042e1f21135b16e0", kill_on_drop: false }`
[INFO] running `Command { std: "docker" "rm" "-f" "92ff006e89fb2315025b3203756057b39dcdfd35b38ea9e8042e1f21135b16e0", kill_on_drop: false }`
[INFO] [stdout] 92ff006e89fb2315025b3203756057b39dcdfd35b38ea9e8042e1f21135b16e0
[INFO] running `Command { std: "docker" "create" "-v" "/var/lib/crater-agent-workspace/builds/worker-1-tc2/target:/opt/rustwide/target:rw,Z" "-v" "/var/lib/crater-agent-workspace/builds/worker-1-tc2/source:/opt/rustwide/workdir:ro,Z" "-v" "/var/lib/crater-agent-workspace/cargo-home:/opt/rustwide/cargo-home:ro,Z" "-v" "/var/lib/crater-agent-workspace/rustup-home:/opt/rustwide/rustup-home:ro,Z" "-e" "SOURCE_DIR=/opt/rustwide/workdir" "-e" "CARGO_TARGET_DIR=/opt/rustwide/target" "-e" "CARGO_INCREMENTAL=0" "-e" "RUST_BACKTRACE=full" "-e" "RUSTFLAGS=--cap-lints=warn" "-e" "RUSTDOCFLAGS=--cap-lints=warn" "-e" "CARGO_HOME=/opt/rustwide/cargo-home" "-e" "RUSTUP_HOME=/opt/rustwide/rustup-home" "-w" "/opt/rustwide/workdir" "-m" "1610612736" "--user" "0:0" "--network" "none" "ghcr.io/rust-lang/crates-build-env/linux@sha256:2788e3201cd34a07e3172128adcd8b3090168a8e3bcc40d7c032b9dda1df7d1c" "/opt/rustwide/cargo-home/bin/cargo" "+beta-2023-12-22" "test" "--frozen" "--no-run" "--message-format=json", kill_on_drop: false }`
[INFO] [stdout] a8e1d0cc0b93e1060085f0ec928bb0aa2518615a68d1c7740b46641951fb725c
[INFO] running `Command { std: "docker" "start" "-a" "a8e1d0cc0b93e1060085f0ec928bb0aa2518615a68d1c7740b46641951fb725c", kill_on_drop: false }`
[INFO] [stderr]    Compiling advent-of-code-23 v0.1.0 (/opt/rustwide/workdir)
[INFO] [stdout] warning: unused variable: `input`
[INFO] [stdout]  --> src/solutions/day03.rs:1:26
[INFO] [stdout]   |
[INFO] [stdout] 1 | pub fn solution_part_one(input: &str) -> u32 {0}
[INFO] [stdout]   |                          ^^^^^ help: if this is intentional, prefix it with an underscore: `_input`
[INFO] [stdout]   |
[INFO] [stdout]   = note: `#[warn(unused_variables)]` on by default
[INFO] [stdout] 
[INFO] [stdout] 
[INFO] [stdout] warning: unused variable: `input`
[INFO] [stdout]  --> src/solutions/day03.rs:3:26
[INFO] [stdout]   |
[INFO] [stdout] 3 | pub fn solution_part_two(input: &str) -> u32 {0}
[INFO] [stdout]   |                          ^^^^^ help: if this is intentional, prefix it with an underscore: `_input`
[INFO] [stdout] 
[INFO] [stdout] 
[INFO] [stdout] warning: 2 warnings emitted
[INFO] [stdout] 
[INFO] [stdout] 
[INFO] [stderr]     Finished test [unoptimized + debuginfo] target(s) in 0.34s
[INFO] running `Command { std: "docker" "inspect" "a8e1d0cc0b93e1060085f0ec928bb0aa2518615a68d1c7740b46641951fb725c", kill_on_drop: false }`
[INFO] running `Command { std: "docker" "rm" "-f" "a8e1d0cc0b93e1060085f0ec928bb0aa2518615a68d1c7740b46641951fb725c", kill_on_drop: false }`
[INFO] [stdout] a8e1d0cc0b93e1060085f0ec928bb0aa2518615a68d1c7740b46641951fb725c
[INFO] running `Command { std: "docker" "create" "-v" "/var/lib/crater-agent-workspace/builds/worker-1-tc2/target:/opt/rustwide/target:rw,Z" "-v" "/var/lib/crater-agent-workspace/builds/worker-1-tc2/source:/opt/rustwide/workdir:ro,Z" "-v" "/var/lib/crater-agent-workspace/cargo-home:/opt/rustwide/cargo-home:ro,Z" "-v" "/var/lib/crater-agent-workspace/rustup-home:/opt/rustwide/rustup-home:ro,Z" "-e" "SOURCE_DIR=/opt/rustwide/workdir" "-e" "CARGO_TARGET_DIR=/opt/rustwide/target" "-e" "CARGO_INCREMENTAL=0" "-e" "RUST_BACKTRACE=full" "-e" "RUSTFLAGS=--cap-lints=warn" "-e" "RUSTDOCFLAGS=--cap-lints=warn" "-e" "CARGO_HOME=/opt/rustwide/cargo-home" "-e" "RUSTUP_HOME=/opt/rustwide/rustup-home" "-w" "/opt/rustwide/workdir" "-m" "1610612736" "--user" "0:0" "--network" "none" "ghcr.io/rust-lang/crates-build-env/linux@sha256:2788e3201cd34a07e3172128adcd8b3090168a8e3bcc40d7c032b9dda1df7d1c" "/opt/rustwide/cargo-home/bin/cargo" "+beta-2023-12-22" "test" "--frozen", kill_on_drop: false }`
[INFO] [stdout] cf8a875c85c947e5382faa447a475f2a2bc16ea3829071ac50467d00b618c3d4
[INFO] running `Command { std: "docker" "start" "-a" "cf8a875c85c947e5382faa447a475f2a2bc16ea3829071ac50467d00b618c3d4", kill_on_drop: false }`
[INFO] [stderr] warning: unused variable: `input`
[INFO] [stderr]  --> src/solutions/day03.rs:1:26
[INFO] [stderr]   |
[INFO] [stderr] 1 | pub fn solution_part_one(input: &str) -> u32 {0}
[INFO] [stderr]   |                          ^^^^^ help: if this is intentional, prefix it with an underscore: `_input`
[INFO] [stderr]   |
[INFO] [stderr]   = note: `#[warn(unused_variables)]` on by default
[INFO] [stderr] 
[INFO] [stderr] warning: unused variable: `input`
[INFO] [stderr]  --> src/solutions/day03.rs:3:26
[INFO] [stderr]   |
[INFO] [stderr] 3 | pub fn solution_part_two(input: &str) -> u32 {0}
[INFO] [stderr]   |                          ^^^^^ help: if this is intentional, prefix it with an underscore: `_input`
[INFO] [stderr] 
[INFO] [stderr] warning: `advent-of-code-23` (bin "advent-of-code-23" test) generated 2 warnings (run `cargo fix --bin "advent-of-code-23" --tests` to apply 2 suggestions)
[INFO] [stderr]     Finished test [unoptimized + debuginfo] target(s) in 0.01s
[INFO] [stderr]      Running unittests src/main.rs (/opt/rustwide/target/debug/deps/advent_of_code_23-125cde048f5ce787)
[INFO] [stdout] 
[INFO] [stdout] running 0 tests
[INFO] [stdout] 
[INFO] [stdout] test result: ok. 0 passed; 0 failed; 0 ignored; 0 measured; 0 filtered out; finished in 0.00s
[INFO] [stdout] 
[INFO] running `Command { std: "docker" "inspect" "cf8a875c85c947e5382faa447a475f2a2bc16ea3829071ac50467d00b618c3d4", kill_on_drop: false }`
[INFO] running `Command { std: "docker" "rm" "-f" "cf8a875c85c947e5382faa447a475f2a2bc16ea3829071ac50467d00b618c3d4", kill_on_drop: false }`
[INFO] [stdout] cf8a875c85c947e5382faa447a475f2a2bc16ea3829071ac50467d00b618c3d4
