[INFO] cloning repository https://github.com/Jkillelea/game_of_life
[INFO] running `Command { std: "git" "-c" "credential.helper=" "-c" "credential.helper=/workspace/cargo-home/bin/git-credential-null" "clone" "--bare" "https://github.com/Jkillelea/game_of_life" "/workspace/cache/git-repos/https%3A%2F%2Fgithub.com%2FJkillelea%2Fgame_of_life", kill_on_drop: false }`
[INFO] [stderr] Cloning into bare repository '/workspace/cache/git-repos/https%3A%2F%2Fgithub.com%2FJkillelea%2Fgame_of_life'...
[INFO] running `Command { std: "git" "rev-parse" "HEAD", kill_on_drop: false }`
[INFO] [stdout] 25cfa719fc4831eddf70e598f02436b37f3dc8ab
[INFO] testing Jkillelea/game_of_life against 1.75.0 for beta-1.76-1
[INFO] running `Command { std: "git" "clone" "/workspace/cache/git-repos/https%3A%2F%2Fgithub.com%2FJkillelea%2Fgame_of_life" "/workspace/builds/worker-7-tc1/source", kill_on_drop: false }`
[INFO] [stderr] Cloning into '/workspace/builds/worker-7-tc1/source'...
[INFO] [stderr] done.
[INFO] validating manifest of git repo https://github.com/Jkillelea/game_of_life on toolchain 1.75.0
[INFO] running `Command { std: CARGO_HOME="/workspace/cargo-home" RUSTUP_HOME="/workspace/rustup-home" "/workspace/cargo-home/bin/cargo" "+1.75.0" "metadata" "--manifest-path" "Cargo.toml" "--no-deps", kill_on_drop: false }`
[INFO] started tweaking git repo https://github.com/Jkillelea/game_of_life
[INFO] finished tweaking git repo https://github.com/Jkillelea/game_of_life
[INFO] tweaked toml for git repo https://github.com/Jkillelea/game_of_life written to /workspace/builds/worker-7-tc1/source/Cargo.toml
[INFO] crate git repo https://github.com/Jkillelea/game_of_life already has a lockfile, it will not be regenerated
[INFO] running `Command { std: CARGO_HOME="/workspace/cargo-home" RUSTUP_HOME="/workspace/rustup-home" "/workspace/cargo-home/bin/cargo" "+1.75.0" "fetch" "--manifest-path" "Cargo.toml", kill_on_drop: false }`
[INFO] [stderr]     Blocking waiting for file lock on package cache
[ERROR] error running command: no output for 300 seconds
[ERROR] this task or one of its parent failed!
[ERROR] no output for 300 seconds
[ERROR] note: run with `RUST_BACKTRACE=1` to display a backtrace.
[INFO] testing Jkillelea/game_of_life against beta-2023-12-22 for beta-1.76-1
[INFO] running `Command { std: "git" "clone" "/workspace/cache/git-repos/https%3A%2F%2Fgithub.com%2FJkillelea%2Fgame_of_life" "/workspace/builds/worker-7-tc2/source", kill_on_drop: false }`
[INFO] [stderr] Cloning into '/workspace/builds/worker-7-tc2/source'...
[INFO] [stderr] done.
[INFO] validating manifest of git repo https://github.com/Jkillelea/game_of_life on toolchain beta-2023-12-22
[INFO] running `Command { std: CARGO_HOME="/workspace/cargo-home" RUSTUP_HOME="/workspace/rustup-home" "/workspace/cargo-home/bin/cargo" "+beta-2023-12-22" "metadata" "--manifest-path" "Cargo.toml" "--no-deps", kill_on_drop: false }`
[INFO] started tweaking git repo https://github.com/Jkillelea/game_of_life
[INFO] finished tweaking git repo https://github.com/Jkillelea/game_of_life
[INFO] tweaked toml for git repo https://github.com/Jkillelea/game_of_life written to /workspace/builds/worker-7-tc2/source/Cargo.toml
[INFO] crate git repo https://github.com/Jkillelea/game_of_life already has a lockfile, it will not be regenerated
[INFO] running `Command { std: CARGO_HOME="/workspace/cargo-home" RUSTUP_HOME="/workspace/rustup-home" "/workspace/cargo-home/bin/cargo" "+beta-2023-12-22" "fetch" "--manifest-path" "Cargo.toml", kill_on_drop: false }`
[INFO] [stderr]     Blocking waiting for file lock on package cache
[INFO] [stderr]     Updating crates.io index
[INFO] [stderr]     Blocking waiting for file lock on package cache
[ERROR] error running command: no output for 300 seconds
[INFO] testing Jkillelea/game_of_life against beta-2023-12-22 for beta-1.76-1
[INFO] running `Command { std: "git" "clone" "/workspace/cache/git-repos/https%3A%2F%2Fgithub.com%2FJkillelea%2Fgame_of_life" "/workspace/builds/worker-7-tc2/source", kill_on_drop: false }`
[INFO] [stderr] Cloning into '/workspace/builds/worker-7-tc2/source'...
[INFO] [stderr] done.
[INFO] validating manifest of git repo https://github.com/Jkillelea/game_of_life on toolchain beta-2023-12-22
[INFO] running `Command { std: CARGO_HOME="/workspace/cargo-home" RUSTUP_HOME="/workspace/rustup-home" "/workspace/cargo-home/bin/cargo" "+beta-2023-12-22" "metadata" "--manifest-path" "Cargo.toml" "--no-deps", kill_on_drop: false }`
[INFO] started tweaking git repo https://github.com/Jkillelea/game_of_life
[INFO] finished tweaking git repo https://github.com/Jkillelea/game_of_life
[INFO] tweaked toml for git repo https://github.com/Jkillelea/game_of_life written to /workspace/builds/worker-7-tc2/source/Cargo.toml
[INFO] crate git repo https://github.com/Jkillelea/game_of_life already has a lockfile, it will not be regenerated
[INFO] running `Command { std: CARGO_HOME="/workspace/cargo-home" RUSTUP_HOME="/workspace/rustup-home" "/workspace/cargo-home/bin/cargo" "+beta-2023-12-22" "fetch" "--manifest-path" "Cargo.toml", kill_on_drop: false }`
[INFO] [stderr]     Blocking waiting for file lock on package cache
[INFO] [stderr]     Blocking waiting for file lock on package cache
[INFO] [stderr]  Downloading crates ...
[INFO] [stderr]   Downloaded rayon v1.0.2
[INFO] [stderr]   Downloaded ocl-core-vector v0.1.0
[INFO] [stderr]   Downloaded qutex v0.2.1
[INFO] [stderr]   Downloaded cc v1.0.19
[INFO] [stderr]   Downloaded cl-sys v0.4.1
[INFO] [stderr]   Downloaded ocl-core v0.10.0
[INFO] [stderr]   Downloaded ocl v0.19.0
[INFO] running `Command { std: "docker" "create" "-v" "/var/lib/crater-agent-workspace/builds/worker-7-tc2/target:/opt/rustwide/target:rw,Z" "-v" "/var/lib/crater-agent-workspace/builds/worker-7-tc2/source:/opt/rustwide/workdir:ro,Z" "-v" "/var/lib/crater-agent-workspace/cargo-home:/opt/rustwide/cargo-home:ro,Z" "-v" "/var/lib/crater-agent-workspace/rustup-home:/opt/rustwide/rustup-home:ro,Z" "-e" "SOURCE_DIR=/opt/rustwide/workdir" "-e" "CARGO_TARGET_DIR=/opt/rustwide/target" "-e" "CARGO_HOME=/opt/rustwide/cargo-home" "-e" "RUSTUP_HOME=/opt/rustwide/rustup-home" "-w" "/opt/rustwide/workdir" "-m" "1610612736" "--user" "0:0" "--network" "none" "ghcr.io/rust-lang/crates-build-env/linux@sha256:2788e3201cd34a07e3172128adcd8b3090168a8e3bcc40d7c032b9dda1df7d1c" "/opt/rustwide/cargo-home/bin/cargo" "+beta-2023-12-22" "metadata" "--no-deps" "--format-version=1", kill_on_drop: false }`
[INFO] [stdout] 420797dd5ab06b65f2896f7abcf1c3ad54a3a8fe3fe2c8e15cf581de9e830ae8
[INFO] running `Command { std: "docker" "start" "-a" "420797dd5ab06b65f2896f7abcf1c3ad54a3a8fe3fe2c8e15cf581de9e830ae8", kill_on_drop: false }`
[INFO] running `Command { std: "docker" "inspect" "420797dd5ab06b65f2896f7abcf1c3ad54a3a8fe3fe2c8e15cf581de9e830ae8", kill_on_drop: false }`
[INFO] running `Command { std: "docker" "rm" "-f" "420797dd5ab06b65f2896f7abcf1c3ad54a3a8fe3fe2c8e15cf581de9e830ae8", kill_on_drop: false }`
[INFO] [stdout] 420797dd5ab06b65f2896f7abcf1c3ad54a3a8fe3fe2c8e15cf581de9e830ae8
[INFO] running `Command { std: "docker" "create" "-v" "/var/lib/crater-agent-workspace/builds/worker-7-tc2/target:/opt/rustwide/target:rw,Z" "-v" "/var/lib/crater-agent-workspace/builds/worker-7-tc2/source:/opt/rustwide/workdir:ro,Z" "-v" "/var/lib/crater-agent-workspace/cargo-home:/opt/rustwide/cargo-home:ro,Z" "-v" "/var/lib/crater-agent-workspace/rustup-home:/opt/rustwide/rustup-home:ro,Z" "-e" "SOURCE_DIR=/opt/rustwide/workdir" "-e" "CARGO_TARGET_DIR=/opt/rustwide/target" "-e" "CARGO_INCREMENTAL=0" "-e" "RUST_BACKTRACE=full" "-e" "RUSTFLAGS=--cap-lints=warn" "-e" "RUSTDOCFLAGS=--cap-lints=warn" "-e" "CARGO_HOME=/opt/rustwide/cargo-home" "-e" "RUSTUP_HOME=/opt/rustwide/rustup-home" "-w" "/opt/rustwide/workdir" "-m" "1610612736" "--user" "0:0" "--network" "none" "ghcr.io/rust-lang/crates-build-env/linux@sha256:2788e3201cd34a07e3172128adcd8b3090168a8e3bcc40d7c032b9dda1df7d1c" "/opt/rustwide/cargo-home/bin/cargo" "+beta-2023-12-22" "build" "--frozen" "--message-format=json", kill_on_drop: false }`
[INFO] [stdout] 12116bf05bce98dccf71246ff2936baaacfcbba9c2b8fb9a506a634d7734eade
[INFO] running `Command { std: "docker" "start" "-a" "12116bf05bce98dccf71246ff2936baaacfcbba9c2b8fb9a506a634d7734eade", kill_on_drop: false }`
[INFO] [stderr]    Compiling libc v0.2.43
[INFO] [stderr]    Compiling num-traits v0.2.5
[INFO] [stderr]    Compiling num-integer v0.1.39
[INFO] [stderr]    Compiling cfg-if v0.1.5
[INFO] [stderr]    Compiling proc-macro2 v0.4.13
[INFO] [stderr]    Compiling unicode-xid v0.1.0
[INFO] [stderr]    Compiling cc v1.0.19
[INFO] [stderr]    Compiling rustc-serialize v0.3.24
[INFO] [stderr]    Compiling version_check v0.1.5
[INFO] [stderr]    Compiling num-iter v0.1.37
[INFO] [stderr]    Compiling nodrop v0.1.12
[INFO] [stderr]    Compiling semver v0.1.20
[INFO] [stderr]    Compiling failure_derive v0.1.2
[INFO] [stderr]    Compiling rustc-demangle v0.1.9
[INFO] [stderr]    Compiling memoffset v0.2.1
[INFO] [stderr]    Compiling rayon-core v1.4.1
[INFO] [stderr]    Compiling arrayvec v0.4.7
[INFO] [stderr]    Compiling crossbeam-utils v0.2.2
[INFO] [stderr]    Compiling cl-sys v0.4.1
[INFO] [stderr]    Compiling scopeguard v0.3.3
[INFO] [stderr]    Compiling bitflags v1.0.3
[INFO] [stderr]    Compiling rustc_version v0.1.7
[INFO] [stderr]    Compiling adler32 v1.0.3
[INFO] [stderr]    Compiling futures v0.1.23
[INFO] [stderr]    Compiling lazy_static v1.1.0
[INFO] [stderr]    Compiling crossbeam v0.3.2
[INFO] [stdout] error[E0310]: the parameter type `T` may not live long enough
[INFO] [stdout]     --> /opt/rustwide/cargo-home/registry/src/index.crates.io-6f17d22bba15001f/rustc-serialize-0.3.24/src/serialize.rs:1155:5
[INFO] [stdout]      |
[INFO] [stdout] 1155 |     fn decode<D: Decoder>(d: &mut D) -> Result<Cow<'static, T>, D::Error> {
[INFO] [stdout]      |     ^^^^^^^^^^^^^^^^^^^^^^^^^^^^^^^^^^^^^^^^^^^^^^^^^^^^^^^^^^^^^^^^^^^^^
[INFO] [stdout]      |     |
[INFO] [stdout]      |     the parameter type `T` must be valid for the static lifetime...
[INFO] [stdout]      |     ...so that the type `T` will meet its required lifetime bounds...
[INFO] [stdout]      |
[INFO] [stdout] note: ...that is required by this bound
[INFO] [stdout]     --> /rustc/0e09125c6c3c2fd70d7de961bcf0e51575235fad/library/alloc/src/borrow.rs:180:30
[INFO] [stdout] help: consider adding an explicit lifetime bound
[INFO] [stdout]      |
[INFO] [stdout] 1151 | impl<'a, T: ?Sized + 'static> Decodable for Cow<'a, T>
[INFO] [stdout]      |                    +++++++++
[INFO] [stdout] 
[INFO] [stdout] 
[INFO] [stderr]    Compiling byteorder v1.2.4
[INFO] [stderr]    Compiling rayon v1.0.2
[INFO] [stderr]    Compiling inflate v0.4.3
[INFO] [stderr]    Compiling either v1.5.0
[INFO] [stderr]    Compiling rand_core v0.2.1
[INFO] [stderr]    Compiling rand v0.4.3
[INFO] [stderr]    Compiling ocl-core v0.10.0
[INFO] [stderr]    Compiling num_cpus v1.8.0
[INFO] [stderr]    Compiling deflate v0.7.18
[INFO] [stderr]    Compiling rand v0.5.5
[INFO] [stderr]    Compiling quote v0.6.6
[INFO] [stderr]    Compiling crossbeam-epoch v0.3.1
[INFO] [stderr]    Compiling backtrace-sys v0.1.24
[INFO] [stderr]    Compiling syn v0.14.8
[INFO] [stderr]    Compiling crossbeam-deque v0.2.0
[INFO] [stdout] error: aborting due to 1 previous error
[INFO] [stdout] 
[INFO] [stdout] 
[INFO] [stdout] For more information about this error, try `rustc --explain E0310`.
[INFO] [stdout] 
[INFO] [stderr] error: could not compile `rustc-serialize` (lib) due to 2 previous errors
[INFO] [stderr] warning: build failed, waiting for other jobs to finish...
[INFO] running `Command { std: "docker" "inspect" "12116bf05bce98dccf71246ff2936baaacfcbba9c2b8fb9a506a634d7734eade", kill_on_drop: false }`
[INFO] running `Command { std: "docker" "rm" "-f" "12116bf05bce98dccf71246ff2936baaacfcbba9c2b8fb9a506a634d7734eade", kill_on_drop: false }`
[INFO] [stdout] 12116bf05bce98dccf71246ff2936baaacfcbba9c2b8fb9a506a634d7734eade
