[INFO] cloning repository https://github.com/Jisu-Woniu/passwd-simulate
[INFO] running `Command { std: "git" "-c" "credential.helper=" "-c" "credential.helper=/workspace/cargo-home/bin/git-credential-null" "clone" "--bare" "https://github.com/Jisu-Woniu/passwd-simulate" "/workspace/cache/git-repos/https%3A%2F%2Fgithub.com%2FJisu-Woniu%2Fpasswd-simulate", kill_on_drop: false }`
[INFO] [stderr] Cloning into bare repository '/workspace/cache/git-repos/https%3A%2F%2Fgithub.com%2FJisu-Woniu%2Fpasswd-simulate'...
[INFO] running `Command { std: "git" "rev-parse" "HEAD", kill_on_drop: false }`
[INFO] [stdout] fefffad1330490c9c5e39e6239b81cfe0ef81967
[INFO] testing Jisu-Woniu/passwd-simulate against 1.75.0 for beta-1.76-1
[INFO] running `Command { std: "git" "clone" "/workspace/cache/git-repos/https%3A%2F%2Fgithub.com%2FJisu-Woniu%2Fpasswd-simulate" "/workspace/builds/worker-4-tc1/source", kill_on_drop: false }`
[INFO] [stderr] Cloning into '/workspace/builds/worker-4-tc1/source'...
[INFO] [stderr] done.
[INFO] validating manifest of git repo https://github.com/Jisu-Woniu/passwd-simulate on toolchain 1.75.0
[INFO] running `Command { std: CARGO_HOME="/workspace/cargo-home" RUSTUP_HOME="/workspace/rustup-home" "/workspace/cargo-home/bin/cargo" "+1.75.0" "metadata" "--manifest-path" "Cargo.toml" "--no-deps", kill_on_drop: false }`
[INFO] started tweaking git repo https://github.com/Jisu-Woniu/passwd-simulate
[INFO] finished tweaking git repo https://github.com/Jisu-Woniu/passwd-simulate
[INFO] tweaked toml for git repo https://github.com/Jisu-Woniu/passwd-simulate written to /workspace/builds/worker-4-tc1/source/Cargo.toml
[INFO] crate git repo https://github.com/Jisu-Woniu/passwd-simulate already has a lockfile, it will not be regenerated
[INFO] running `Command { std: CARGO_HOME="/workspace/cargo-home" RUSTUP_HOME="/workspace/rustup-home" "/workspace/cargo-home/bin/cargo" "+1.75.0" "fetch" "--manifest-path" "Cargo.toml", kill_on_drop: false }`
[INFO] [stderr]     Blocking waiting for file lock on package cache
[ERROR] error running command: no output for 300 seconds
[ERROR] this task or one of its parent failed!
[ERROR] no output for 300 seconds
[ERROR] note: run with `RUST_BACKTRACE=1` to display a backtrace.
[INFO] testing Jisu-Woniu/passwd-simulate against beta-2023-12-22 for beta-1.76-1
[INFO] running `Command { std: "git" "clone" "/workspace/cache/git-repos/https%3A%2F%2Fgithub.com%2FJisu-Woniu%2Fpasswd-simulate" "/workspace/builds/worker-4-tc2/source", kill_on_drop: false }`
[INFO] [stderr] Cloning into '/workspace/builds/worker-4-tc2/source'...
[INFO] [stderr] done.
[INFO] validating manifest of git repo https://github.com/Jisu-Woniu/passwd-simulate on toolchain beta-2023-12-22
[INFO] running `Command { std: CARGO_HOME="/workspace/cargo-home" RUSTUP_HOME="/workspace/rustup-home" "/workspace/cargo-home/bin/cargo" "+beta-2023-12-22" "metadata" "--manifest-path" "Cargo.toml" "--no-deps", kill_on_drop: false }`
[INFO] started tweaking git repo https://github.com/Jisu-Woniu/passwd-simulate
[INFO] finished tweaking git repo https://github.com/Jisu-Woniu/passwd-simulate
[INFO] tweaked toml for git repo https://github.com/Jisu-Woniu/passwd-simulate written to /workspace/builds/worker-4-tc2/source/Cargo.toml
[INFO] crate git repo https://github.com/Jisu-Woniu/passwd-simulate already has a lockfile, it will not be regenerated
[INFO] running `Command { std: CARGO_HOME="/workspace/cargo-home" RUSTUP_HOME="/workspace/rustup-home" "/workspace/cargo-home/bin/cargo" "+beta-2023-12-22" "fetch" "--manifest-path" "Cargo.toml", kill_on_drop: false }`
[INFO] [stderr]     Blocking waiting for file lock on package cache
[INFO] [stderr]     Blocking waiting for file lock on package cache
[INFO] running `Command { std: "docker" "create" "-v" "/var/lib/crater-agent-workspace/builds/worker-4-tc2/target:/opt/rustwide/target:rw,Z" "-v" "/var/lib/crater-agent-workspace/builds/worker-4-tc2/source:/opt/rustwide/workdir:ro,Z" "-v" "/var/lib/crater-agent-workspace/cargo-home:/opt/rustwide/cargo-home:ro,Z" "-v" "/var/lib/crater-agent-workspace/rustup-home:/opt/rustwide/rustup-home:ro,Z" "-e" "SOURCE_DIR=/opt/rustwide/workdir" "-e" "CARGO_TARGET_DIR=/opt/rustwide/target" "-e" "CARGO_HOME=/opt/rustwide/cargo-home" "-e" "RUSTUP_HOME=/opt/rustwide/rustup-home" "-w" "/opt/rustwide/workdir" "-m" "1610612736" "--user" "0:0" "--network" "none" "ghcr.io/rust-lang/crates-build-env/linux@sha256:2788e3201cd34a07e3172128adcd8b3090168a8e3bcc40d7c032b9dda1df7d1c" "/opt/rustwide/cargo-home/bin/cargo" "+beta-2023-12-22" "metadata" "--no-deps" "--format-version=1", kill_on_drop: false }`
[INFO] [stdout] 7deec3db3ff21e422693011fe7695fecc44995b871d8f56f9f56bf95294f2fd5
[INFO] running `Command { std: "docker" "start" "-a" "7deec3db3ff21e422693011fe7695fecc44995b871d8f56f9f56bf95294f2fd5", kill_on_drop: false }`
[INFO] running `Command { std: "docker" "inspect" "7deec3db3ff21e422693011fe7695fecc44995b871d8f56f9f56bf95294f2fd5", kill_on_drop: false }`
[INFO] running `Command { std: "docker" "rm" "-f" "7deec3db3ff21e422693011fe7695fecc44995b871d8f56f9f56bf95294f2fd5", kill_on_drop: false }`
[INFO] [stdout] 7deec3db3ff21e422693011fe7695fecc44995b871d8f56f9f56bf95294f2fd5
[INFO] running `Command { std: "docker" "create" "-v" "/var/lib/crater-agent-workspace/builds/worker-4-tc2/target:/opt/rustwide/target:rw,Z" "-v" "/var/lib/crater-agent-workspace/builds/worker-4-tc2/source:/opt/rustwide/workdir:ro,Z" "-v" "/var/lib/crater-agent-workspace/cargo-home:/opt/rustwide/cargo-home:ro,Z" "-v" "/var/lib/crater-agent-workspace/rustup-home:/opt/rustwide/rustup-home:ro,Z" "-e" "SOURCE_DIR=/opt/rustwide/workdir" "-e" "CARGO_TARGET_DIR=/opt/rustwide/target" "-e" "CARGO_INCREMENTAL=0" "-e" "RUST_BACKTRACE=full" "-e" "RUSTFLAGS=--cap-lints=warn" "-e" "RUSTDOCFLAGS=--cap-lints=warn" "-e" "CARGO_HOME=/opt/rustwide/cargo-home" "-e" "RUSTUP_HOME=/opt/rustwide/rustup-home" "-w" "/opt/rustwide/workdir" "-m" "1610612736" "--user" "0:0" "--network" "none" "ghcr.io/rust-lang/crates-build-env/linux@sha256:2788e3201cd34a07e3172128adcd8b3090168a8e3bcc40d7c032b9dda1df7d1c" "/opt/rustwide/cargo-home/bin/cargo" "+beta-2023-12-22" "build" "--frozen" "--message-format=json", kill_on_drop: false }`
[INFO] [stdout] 215b55a0726b95fed117be8f37a809a1f907af764b32dcb78b636802715d7183
[INFO] running `Command { std: "docker" "start" "-a" "215b55a0726b95fed117be8f37a809a1f907af764b32dcb78b636802715d7183", kill_on_drop: false }`
[INFO] [stderr]    Compiling libc v0.2.146
[INFO] [stderr]    Compiling typenum v1.16.0
[INFO] [stderr]    Compiling version_check v0.9.4
[INFO] [stderr]    Compiling io-lifetimes v1.0.11
[INFO] [stderr]    Compiling proc-macro2 v1.0.60
[INFO] [stderr]    Compiling rustix v0.37.20
[INFO] [stderr]    Compiling unicode-ident v1.0.9
[INFO] [stderr]    Compiling linux-raw-sys v0.3.8
[INFO] [stderr]    Compiling quote v1.0.28
[INFO] [stderr]    Compiling bitflags v1.3.2
[INFO] [stderr]    Compiling cfg-if v1.0.0
[INFO] [stderr]    Compiling utf8parse v0.2.1
[INFO] [stderr]    Compiling autocfg v1.1.0
[INFO] [stderr]    Compiling anstyle-query v1.0.0
[INFO] [stderr]    Compiling anstyle v1.0.0
[INFO] [stderr]    Compiling colorchoice v1.0.0
[INFO] [stderr]    Compiling anstyle-parse v0.2.0
[INFO] [stderr]    Compiling heck v0.4.1
[INFO] [stderr]    Compiling ppv-lite86 v0.2.17
[INFO] [stderr]    Compiling anyhow v1.0.71
[INFO] [stderr]    Compiling clap_lex v0.5.0
[INFO] [stderr]    Compiling strsim v0.10.0
[INFO] [stderr]    Compiling once_cell v1.18.0
[INFO] [stderr]    Compiling log v0.4.19
[INFO] [stderr]    Compiling iana-time-zone v0.1.57
[INFO] [stderr]    Compiling generic-array v0.14.7
[INFO] [stderr]    Compiling cpufeatures v0.2.7
[INFO] [stderr]    Compiling num-traits v0.2.15
[INFO] [stderr]    Compiling syn v2.0.18
[INFO] [stderr]    Compiling getrandom v0.2.10
[INFO] [stderr]    Compiling time v0.1.45
[INFO] [stderr]    Compiling rtoolbox v0.0.1
[INFO] [stderr]    Compiling users v0.11.0
[INFO] [stderr]    Compiling rpassword v7.2.0
[INFO] [stderr]    Compiling rand_core v0.6.4
[INFO] [stderr]    Compiling crypto-common v0.1.6
[INFO] [stderr]    Compiling block-buffer v0.10.4
[INFO] [stderr]    Compiling digest v0.10.7
[INFO] [stderr]    Compiling chrono v0.4.26
[INFO] [stderr]    Compiling rand_chacha v0.3.1
[INFO] [stderr]    Compiling md-5 v0.10.5
[INFO] [stderr]    Compiling sha2 v0.10.6
[INFO] [stderr]    Compiling rand v0.8.5
[INFO] [stderr]    Compiling is-terminal v0.4.7
[INFO] [stderr]    Compiling anstream v0.3.2
[INFO] [stderr]    Compiling clap_builder v4.3.3
[INFO] [stderr]    Compiling clap_derive v4.3.2
[INFO] [stderr]    Compiling clap v4.3.3
[INFO] [stderr]    Compiling passwd-simulate v0.1.0 (/opt/rustwide/workdir)
[INFO] [stderr]     Finished dev [unoptimized + debuginfo] target(s) in 10.61s
[INFO] running `Command { std: "docker" "inspect" "215b55a0726b95fed117be8f37a809a1f907af764b32dcb78b636802715d7183", kill_on_drop: false }`
[INFO] running `Command { std: "docker" "rm" "-f" "215b55a0726b95fed117be8f37a809a1f907af764b32dcb78b636802715d7183", kill_on_drop: false }`
[INFO] [stdout] 215b55a0726b95fed117be8f37a809a1f907af764b32dcb78b636802715d7183
[INFO] running `Command { std: "docker" "create" "-v" "/var/lib/crater-agent-workspace/builds/worker-4-tc2/target:/opt/rustwide/target:rw,Z" "-v" "/var/lib/crater-agent-workspace/builds/worker-4-tc2/source:/opt/rustwide/workdir:ro,Z" "-v" "/var/lib/crater-agent-workspace/cargo-home:/opt/rustwide/cargo-home:ro,Z" "-v" "/var/lib/crater-agent-workspace/rustup-home:/opt/rustwide/rustup-home:ro,Z" "-e" "SOURCE_DIR=/opt/rustwide/workdir" "-e" "CARGO_TARGET_DIR=/opt/rustwide/target" "-e" "CARGO_INCREMENTAL=0" "-e" "RUST_BACKTRACE=full" "-e" "RUSTFLAGS=--cap-lints=warn" "-e" "RUSTDOCFLAGS=--cap-lints=warn" "-e" "CARGO_HOME=/opt/rustwide/cargo-home" "-e" "RUSTUP_HOME=/opt/rustwide/rustup-home" "-w" "/opt/rustwide/workdir" "-m" "1610612736" "--user" "0:0" "--network" "none" "ghcr.io/rust-lang/crates-build-env/linux@sha256:2788e3201cd34a07e3172128adcd8b3090168a8e3bcc40d7c032b9dda1df7d1c" "/opt/rustwide/cargo-home/bin/cargo" "+beta-2023-12-22" "test" "--frozen" "--no-run" "--message-format=json", kill_on_drop: false }`
[INFO] [stdout] c141ed3444c050dceb0edb270d5bd09f0ed6c2da2149213f8f6e050ec52a15b0
[INFO] running `Command { std: "docker" "start" "-a" "c141ed3444c050dceb0edb270d5bd09f0ed6c2da2149213f8f6e050ec52a15b0", kill_on_drop: false }`
[INFO] [stderr]    Compiling passwd-simulate v0.1.0 (/opt/rustwide/workdir)
[INFO] [stderr]     Finished test [unoptimized + debuginfo] target(s) in 1.37s
[INFO] running `Command { std: "docker" "inspect" "c141ed3444c050dceb0edb270d5bd09f0ed6c2da2149213f8f6e050ec52a15b0", kill_on_drop: false }`
[INFO] running `Command { std: "docker" "rm" "-f" "c141ed3444c050dceb0edb270d5bd09f0ed6c2da2149213f8f6e050ec52a15b0", kill_on_drop: false }`
[INFO] [stdout] c141ed3444c050dceb0edb270d5bd09f0ed6c2da2149213f8f6e050ec52a15b0
[INFO] running `Command { std: "docker" "create" "-v" "/var/lib/crater-agent-workspace/builds/worker-4-tc2/target:/opt/rustwide/target:rw,Z" "-v" "/var/lib/crater-agent-workspace/builds/worker-4-tc2/source:/opt/rustwide/workdir:ro,Z" "-v" "/var/lib/crater-agent-workspace/cargo-home:/opt/rustwide/cargo-home:ro,Z" "-v" "/var/lib/crater-agent-workspace/rustup-home:/opt/rustwide/rustup-home:ro,Z" "-e" "SOURCE_DIR=/opt/rustwide/workdir" "-e" "CARGO_TARGET_DIR=/opt/rustwide/target" "-e" "CARGO_INCREMENTAL=0" "-e" "RUST_BACKTRACE=full" "-e" "RUSTFLAGS=--cap-lints=warn" "-e" "RUSTDOCFLAGS=--cap-lints=warn" "-e" "CARGO_HOME=/opt/rustwide/cargo-home" "-e" "RUSTUP_HOME=/opt/rustwide/rustup-home" "-w" "/opt/rustwide/workdir" "-m" "1610612736" "--user" "0:0" "--network" "none" "ghcr.io/rust-lang/crates-build-env/linux@sha256:2788e3201cd34a07e3172128adcd8b3090168a8e3bcc40d7c032b9dda1df7d1c" "/opt/rustwide/cargo-home/bin/cargo" "+beta-2023-12-22" "test" "--frozen", kill_on_drop: false }`
[INFO] [stdout] 56841f4903382cab722d0e0690e477cb7dea4c489034bfb57e918951af80ce99
[INFO] running `Command { std: "docker" "start" "-a" "56841f4903382cab722d0e0690e477cb7dea4c489034bfb57e918951af80ce99", kill_on_drop: false }`
[INFO] [stderr]     Finished test [unoptimized + debuginfo] target(s) in 0.06s
[INFO] [stderr]      Running unittests src/passwd.rs (/opt/rustwide/target/debug/deps/mypasswd-066bc5284b3088fa)
[INFO] [stdout] 
[INFO] [stdout] running 6 tests
[INFO] [stdout] test store::shadow::tests::date_calculations ... ok
[INFO] [stdout] test crypt::md5_crypt::tests::crypt ... ok
[INFO] [stdout] test crypt::sha512_crypt::tests::no_salt_error ... ok
[INFO] [stdout] test crypt::sha256_crypt::tests::no_salt_error ... ok
[INFO] [stdout] test crypt::sha256_crypt::tests::hash_test ... ok
[INFO] [stdout] test crypt::sha512_crypt::tests::hash_test ... ok
[INFO] [stdout] 
[INFO] [stdout] test result: ok. 6 passed; 0 failed; 0 ignored; 0 measured; 0 filtered out; finished in 0.06s
[INFO] [stdout] 
[INFO] running `Command { std: "docker" "inspect" "56841f4903382cab722d0e0690e477cb7dea4c489034bfb57e918951af80ce99", kill_on_drop: false }`
[INFO] running `Command { std: "docker" "rm" "-f" "56841f4903382cab722d0e0690e477cb7dea4c489034bfb57e918951af80ce99", kill_on_drop: false }`
[INFO] [stdout] 56841f4903382cab722d0e0690e477cb7dea4c489034bfb57e918951af80ce99
