[INFO] cloning repository https://github.com/JensPenny/advent2022
[INFO] running `Command { std: "git" "-c" "credential.helper=" "-c" "credential.helper=/workspace/cargo-home/bin/git-credential-null" "clone" "--bare" "https://github.com/JensPenny/advent2022" "/workspace/cache/git-repos/https%3A%2F%2Fgithub.com%2FJensPenny%2Fadvent2022", kill_on_drop: false }`
[INFO] [stderr] Cloning into bare repository '/workspace/cache/git-repos/https%3A%2F%2Fgithub.com%2FJensPenny%2Fadvent2022'...
[INFO] running `Command { std: "git" "rev-parse" "HEAD", kill_on_drop: false }`
[INFO] [stdout] 38b573d52bdb198355975ea77874030bda2ce3ee
[INFO] testing JensPenny/advent2022 against 1.75.0 for beta-1.76-1
[INFO] running `Command { std: "git" "clone" "/workspace/cache/git-repos/https%3A%2F%2Fgithub.com%2FJensPenny%2Fadvent2022" "/workspace/builds/worker-2-tc1/source", kill_on_drop: false }`
[INFO] [stderr] Cloning into '/workspace/builds/worker-2-tc1/source'...
[INFO] [stderr] done.
[INFO] validating manifest of git repo https://github.com/JensPenny/advent2022 on toolchain 1.75.0
[INFO] running `Command { std: CARGO_HOME="/workspace/cargo-home" RUSTUP_HOME="/workspace/rustup-home" "/workspace/cargo-home/bin/cargo" "+1.75.0" "metadata" "--manifest-path" "Cargo.toml" "--no-deps", kill_on_drop: false }`
[INFO] started tweaking git repo https://github.com/JensPenny/advent2022
[INFO] finished tweaking git repo https://github.com/JensPenny/advent2022
[INFO] tweaked toml for git repo https://github.com/JensPenny/advent2022 written to /workspace/builds/worker-2-tc1/source/Cargo.toml
[INFO] crate git repo https://github.com/JensPenny/advent2022 already has a lockfile, it will not be regenerated
[INFO] running `Command { std: CARGO_HOME="/workspace/cargo-home" RUSTUP_HOME="/workspace/rustup-home" "/workspace/cargo-home/bin/cargo" "+1.75.0" "fetch" "--manifest-path" "Cargo.toml", kill_on_drop: false }`
[INFO] [stderr]     Blocking waiting for file lock on package cache
[ERROR] error running command: no output for 300 seconds
[ERROR] this task or one of its parent failed!
[ERROR] no output for 300 seconds
[ERROR] note: run with `RUST_BACKTRACE=1` to display a backtrace.
[INFO] testing JensPenny/advent2022 against beta-2023-12-22 for beta-1.76-1
[INFO] running `Command { std: "git" "clone" "/workspace/cache/git-repos/https%3A%2F%2Fgithub.com%2FJensPenny%2Fadvent2022" "/workspace/builds/worker-2-tc2/source", kill_on_drop: false }`
[INFO] [stderr] Cloning into '/workspace/builds/worker-2-tc2/source'...
[INFO] [stderr] done.
[INFO] validating manifest of git repo https://github.com/JensPenny/advent2022 on toolchain beta-2023-12-22
[INFO] running `Command { std: CARGO_HOME="/workspace/cargo-home" RUSTUP_HOME="/workspace/rustup-home" "/workspace/cargo-home/bin/cargo" "+beta-2023-12-22" "metadata" "--manifest-path" "Cargo.toml" "--no-deps", kill_on_drop: false }`
[INFO] started tweaking git repo https://github.com/JensPenny/advent2022
[INFO] finished tweaking git repo https://github.com/JensPenny/advent2022
[INFO] tweaked toml for git repo https://github.com/JensPenny/advent2022 written to /workspace/builds/worker-2-tc2/source/Cargo.toml
[INFO] crate git repo https://github.com/JensPenny/advent2022 already has a lockfile, it will not be regenerated
[INFO] running `Command { std: CARGO_HOME="/workspace/cargo-home" RUSTUP_HOME="/workspace/rustup-home" "/workspace/cargo-home/bin/cargo" "+beta-2023-12-22" "fetch" "--manifest-path" "Cargo.toml", kill_on_drop: false }`
[INFO] [stderr]     Blocking waiting for file lock on package cache
[INFO] [stderr]     Blocking waiting for file lock on package cache
[INFO] running `Command { std: "docker" "create" "-v" "/var/lib/crater-agent-workspace/builds/worker-2-tc2/target:/opt/rustwide/target:rw,Z" "-v" "/var/lib/crater-agent-workspace/builds/worker-2-tc2/source:/opt/rustwide/workdir:ro,Z" "-v" "/var/lib/crater-agent-workspace/cargo-home:/opt/rustwide/cargo-home:ro,Z" "-v" "/var/lib/crater-agent-workspace/rustup-home:/opt/rustwide/rustup-home:ro,Z" "-e" "SOURCE_DIR=/opt/rustwide/workdir" "-e" "CARGO_TARGET_DIR=/opt/rustwide/target" "-e" "CARGO_HOME=/opt/rustwide/cargo-home" "-e" "RUSTUP_HOME=/opt/rustwide/rustup-home" "-w" "/opt/rustwide/workdir" "-m" "1610612736" "--user" "0:0" "--network" "none" "ghcr.io/rust-lang/crates-build-env/linux@sha256:2788e3201cd34a07e3172128adcd8b3090168a8e3bcc40d7c032b9dda1df7d1c" "/opt/rustwide/cargo-home/bin/cargo" "+beta-2023-12-22" "metadata" "--no-deps" "--format-version=1", kill_on_drop: false }`
[INFO] [stdout] 777253d41ac25c9a2f8fa10dfa5032b48821c618ce67153d217311ba173e093b
[INFO] running `Command { std: "docker" "start" "-a" "777253d41ac25c9a2f8fa10dfa5032b48821c618ce67153d217311ba173e093b", kill_on_drop: false }`
[INFO] running `Command { std: "docker" "inspect" "777253d41ac25c9a2f8fa10dfa5032b48821c618ce67153d217311ba173e093b", kill_on_drop: false }`
[INFO] running `Command { std: "docker" "rm" "-f" "777253d41ac25c9a2f8fa10dfa5032b48821c618ce67153d217311ba173e093b", kill_on_drop: false }`
[INFO] [stdout] 777253d41ac25c9a2f8fa10dfa5032b48821c618ce67153d217311ba173e093b
[INFO] running `Command { std: "docker" "create" "-v" "/var/lib/crater-agent-workspace/builds/worker-2-tc2/target:/opt/rustwide/target:rw,Z" "-v" "/var/lib/crater-agent-workspace/builds/worker-2-tc2/source:/opt/rustwide/workdir:ro,Z" "-v" "/var/lib/crater-agent-workspace/cargo-home:/opt/rustwide/cargo-home:ro,Z" "-v" "/var/lib/crater-agent-workspace/rustup-home:/opt/rustwide/rustup-home:ro,Z" "-e" "SOURCE_DIR=/opt/rustwide/workdir" "-e" "CARGO_TARGET_DIR=/opt/rustwide/target" "-e" "CARGO_INCREMENTAL=0" "-e" "RUST_BACKTRACE=full" "-e" "RUSTFLAGS=--cap-lints=warn" "-e" "RUSTDOCFLAGS=--cap-lints=warn" "-e" "CARGO_HOME=/opt/rustwide/cargo-home" "-e" "RUSTUP_HOME=/opt/rustwide/rustup-home" "-w" "/opt/rustwide/workdir" "-m" "1610612736" "--user" "0:0" "--network" "none" "ghcr.io/rust-lang/crates-build-env/linux@sha256:2788e3201cd34a07e3172128adcd8b3090168a8e3bcc40d7c032b9dda1df7d1c" "/opt/rustwide/cargo-home/bin/cargo" "+beta-2023-12-22" "build" "--frozen" "--message-format=json", kill_on_drop: false }`
[INFO] [stdout] 40b079c518926de550646dbffc091267b139007aa72ec2b0169a40283d7bef5f
[INFO] running `Command { std: "docker" "start" "-a" "40b079c518926de550646dbffc091267b139007aa72ec2b0169a40283d7bef5f", kill_on_drop: false }`
[INFO] [stderr]    Compiling either v1.8.0
[INFO] [stderr]    Compiling regex-syntax v0.6.28
[INFO] [stderr]    Compiling trees v0.4.2
[INFO] [stderr]    Compiling aho-corasick v0.7.20
[INFO] [stderr]    Compiling itertools v0.10.5
[INFO] [stderr]    Compiling regex v1.7.0
[INFO] [stderr]    Compiling advent2022 v0.1.0 (/opt/rustwide/workdir)
[INFO] [stdout] warning: struct `Monkey` is never constructed
[INFO] [stdout]  --> src/days/day11.rs:3:8
[INFO] [stdout]   |
[INFO] [stdout] 3 | struct Monkey {
[INFO] [stdout]   |        ^^^^^^
[INFO] [stdout]   |
[INFO] [stdout]   = note: `#[warn(dead_code)]` on by default
[INFO] [stdout] 
[INFO] [stdout] 
[INFO] [stdout] warning: function `parse` is never used
[INFO] [stdout]   --> src/days/day11.rs:13:4
[INFO] [stdout]    |
[INFO] [stdout] 13 | fn parse(input: &String) -> Vec<Monkey> {
[INFO] [stdout]    |    ^^^^^
[INFO] [stdout] 
[INFO] [stdout] 
[INFO] [stdout] warning: function `monkey0` is never used
[INFO] [stdout]   --> src/days/day11.rs:70:4
[INFO] [stdout]    |
[INFO] [stdout] 70 | fn monkey0(old: i32) -> i32 {
[INFO] [stdout]    |    ^^^^^^^
[INFO] [stdout] 
[INFO] [stdout] 
[INFO] [stdout] warning: function `monkey1` is never used
[INFO] [stdout]   --> src/days/day11.rs:74:4
[INFO] [stdout]    |
[INFO] [stdout] 74 | fn monkey1(old: i32) -> i32 {
[INFO] [stdout]    |    ^^^^^^^
[INFO] [stdout] 
[INFO] [stdout] 
[INFO] [stdout] warning: function `monkey2` is never used
[INFO] [stdout]   --> src/days/day11.rs:78:4
[INFO] [stdout]    |
[INFO] [stdout] 78 | fn monkey2(old: i32) -> i32 {
[INFO] [stdout]    |    ^^^^^^^
[INFO] [stdout] 
[INFO] [stdout] 
[INFO] [stdout] warning: function `monkey3` is never used
[INFO] [stdout]   --> src/days/day11.rs:82:4
[INFO] [stdout]    |
[INFO] [stdout] 82 | fn monkey3(old: i32) -> i32 {
[INFO] [stdout]    |    ^^^^^^^
[INFO] [stdout] 
[INFO] [stdout] 
[INFO] [stdout] warning: function `monkey4` is never used
[INFO] [stdout]   --> src/days/day11.rs:86:4
[INFO] [stdout]    |
[INFO] [stdout] 86 | fn monkey4(old: i32) -> i32 {
[INFO] [stdout]    |    ^^^^^^^
[INFO] [stdout] 
[INFO] [stdout] 
[INFO] [stdout] warning: function `monkey5` is never used
[INFO] [stdout]   --> src/days/day11.rs:90:4
[INFO] [stdout]    |
[INFO] [stdout] 90 | fn monkey5(old: i32) -> i32 {
[INFO] [stdout]    |    ^^^^^^^
[INFO] [stdout] 
[INFO] [stdout] 
[INFO] [stdout] warning: function `monkey6` is never used
[INFO] [stdout]   --> src/days/day11.rs:94:4
[INFO] [stdout]    |
[INFO] [stdout] 94 | fn monkey6(old: i32) -> i32 {
[INFO] [stdout]    |    ^^^^^^^
[INFO] [stdout] 
[INFO] [stdout] 
[INFO] [stdout] warning: function `monkey7` is never used
[INFO] [stdout]   --> src/days/day11.rs:98:4
[INFO] [stdout]    |
[INFO] [stdout] 98 | fn monkey7(old: i32) -> i32 {
[INFO] [stdout]    |    ^^^^^^^
[INFO] [stdout] 
[INFO] [stdout] 
[INFO] [stdout] warning: 10 warnings emitted
[INFO] [stdout] 
[INFO] [stdout] 
[INFO] [stderr]     Finished dev [unoptimized + debuginfo] target(s) in 5.27s
[INFO] running `Command { std: "docker" "inspect" "40b079c518926de550646dbffc091267b139007aa72ec2b0169a40283d7bef5f", kill_on_drop: false }`
[INFO] running `Command { std: "docker" "rm" "-f" "40b079c518926de550646dbffc091267b139007aa72ec2b0169a40283d7bef5f", kill_on_drop: false }`
[INFO] [stdout] 40b079c518926de550646dbffc091267b139007aa72ec2b0169a40283d7bef5f
[INFO] running `Command { std: "docker" "create" "-v" "/var/lib/crater-agent-workspace/builds/worker-2-tc2/target:/opt/rustwide/target:rw,Z" "-v" "/var/lib/crater-agent-workspace/builds/worker-2-tc2/source:/opt/rustwide/workdir:ro,Z" "-v" "/var/lib/crater-agent-workspace/cargo-home:/opt/rustwide/cargo-home:ro,Z" "-v" "/var/lib/crater-agent-workspace/rustup-home:/opt/rustwide/rustup-home:ro,Z" "-e" "SOURCE_DIR=/opt/rustwide/workdir" "-e" "CARGO_TARGET_DIR=/opt/rustwide/target" "-e" "CARGO_INCREMENTAL=0" "-e" "RUST_BACKTRACE=full" "-e" "RUSTFLAGS=--cap-lints=warn" "-e" "RUSTDOCFLAGS=--cap-lints=warn" "-e" "CARGO_HOME=/opt/rustwide/cargo-home" "-e" "RUSTUP_HOME=/opt/rustwide/rustup-home" "-w" "/opt/rustwide/workdir" "-m" "1610612736" "--user" "0:0" "--network" "none" "ghcr.io/rust-lang/crates-build-env/linux@sha256:2788e3201cd34a07e3172128adcd8b3090168a8e3bcc40d7c032b9dda1df7d1c" "/opt/rustwide/cargo-home/bin/cargo" "+beta-2023-12-22" "test" "--frozen" "--no-run" "--message-format=json", kill_on_drop: false }`
[INFO] [stdout] bf39ea3a4ca1535415f81652fbe08b01e90fd01d8d5dad07e0a20ef71d951e77
[INFO] running `Command { std: "docker" "start" "-a" "bf39ea3a4ca1535415f81652fbe08b01e90fd01d8d5dad07e0a20ef71d951e77", kill_on_drop: false }`
[INFO] [stderr]    Compiling advent2022 v0.1.0 (/opt/rustwide/workdir)
[INFO] [stdout] warning: fields `inspected_amount`, `items`, `interest_operation`, and `divisible_test` are never read
[INFO] [stdout]  --> src/days/day11.rs:4:5
[INFO] [stdout]   |
[INFO] [stdout] 3 | struct Monkey {
[INFO] [stdout]   |        ------ fields in this struct
[INFO] [stdout] 4 |     inspected_amount: u8,
[INFO] [stdout]   |     ^^^^^^^^^^^^^^^^
[INFO] [stdout] 5 |     items: Vec<u8>,
[INFO] [stdout]   |     ^^^^^
[INFO] [stdout] 6 |     interest_operation: fn(i32) -> i32,
[INFO] [stdout]   |     ^^^^^^^^^^^^^^^^^^
[INFO] [stdout] 7 |
[INFO] [stdout] 8 |     divisible_test: i32,
[INFO] [stdout]   |     ^^^^^^^^^^^^^^
[INFO] [stdout]   |
[INFO] [stdout]   = note: `#[warn(dead_code)]` on by default
[INFO] [stdout] 
[INFO] [stdout] 
[INFO] [stdout] warning: 1 warning emitted
[INFO] [stdout] 
[INFO] [stdout] 
[INFO] [stderr]     Finished test [unoptimized + debuginfo] target(s) in 1.57s
[INFO] running `Command { std: "docker" "inspect" "bf39ea3a4ca1535415f81652fbe08b01e90fd01d8d5dad07e0a20ef71d951e77", kill_on_drop: false }`
[INFO] running `Command { std: "docker" "rm" "-f" "bf39ea3a4ca1535415f81652fbe08b01e90fd01d8d5dad07e0a20ef71d951e77", kill_on_drop: false }`
[INFO] [stdout] bf39ea3a4ca1535415f81652fbe08b01e90fd01d8d5dad07e0a20ef71d951e77
[INFO] running `Command { std: "docker" "create" "-v" "/var/lib/crater-agent-workspace/builds/worker-2-tc2/target:/opt/rustwide/target:rw,Z" "-v" "/var/lib/crater-agent-workspace/builds/worker-2-tc2/source:/opt/rustwide/workdir:ro,Z" "-v" "/var/lib/crater-agent-workspace/cargo-home:/opt/rustwide/cargo-home:ro,Z" "-v" "/var/lib/crater-agent-workspace/rustup-home:/opt/rustwide/rustup-home:ro,Z" "-e" "SOURCE_DIR=/opt/rustwide/workdir" "-e" "CARGO_TARGET_DIR=/opt/rustwide/target" "-e" "CARGO_INCREMENTAL=0" "-e" "RUST_BACKTRACE=full" "-e" "RUSTFLAGS=--cap-lints=warn" "-e" "RUSTDOCFLAGS=--cap-lints=warn" "-e" "CARGO_HOME=/opt/rustwide/cargo-home" "-e" "RUSTUP_HOME=/opt/rustwide/rustup-home" "-w" "/opt/rustwide/workdir" "-m" "1610612736" "--user" "0:0" "--network" "none" "ghcr.io/rust-lang/crates-build-env/linux@sha256:2788e3201cd34a07e3172128adcd8b3090168a8e3bcc40d7c032b9dda1df7d1c" "/opt/rustwide/cargo-home/bin/cargo" "+beta-2023-12-22" "test" "--frozen", kill_on_drop: false }`
[INFO] [stdout] 8781e3ab0182569984a305660dd5f02a81247a101f0e039ae115cddaa3d92434
[INFO] running `Command { std: "docker" "start" "-a" "8781e3ab0182569984a305660dd5f02a81247a101f0e039ae115cddaa3d92434", kill_on_drop: false }`
[INFO] [stderr] warning: fields `inspected_amount`, `items`, `interest_operation`, and `divisible_test` are never read
[INFO] [stderr]  --> src/days/day11.rs:4:5
[INFO] [stderr]   |
[INFO] [stderr] 3 | struct Monkey {
[INFO] [stderr]   |        ------ fields in this struct
[INFO] [stderr] 4 |     inspected_amount: u8,
[INFO] [stderr]   |     ^^^^^^^^^^^^^^^^
[INFO] [stderr] 5 |     items: Vec<u8>,
[INFO] [stderr]   |     ^^^^^
[INFO] [stderr] 6 |     interest_operation: fn(i32) -> i32,
[INFO] [stderr]   |     ^^^^^^^^^^^^^^^^^^
[INFO] [stderr] 7 |
[INFO] [stderr] 8 |     divisible_test: i32,
[INFO] [stderr]   |     ^^^^^^^^^^^^^^
[INFO] [stderr]   |
[INFO] [stderr]   = note: `#[warn(dead_code)]` on by default
[INFO] [stderr] 
[INFO] [stderr] warning: `advent2022` (bin "advent2022" test) generated 1 warning
[INFO] [stderr]     Finished test [unoptimized + debuginfo] target(s) in 0.01s
[INFO] [stderr]      Running unittests src/main.rs (/opt/rustwide/target/debug/deps/advent2022-b908a33093eabb5e)
[INFO] [stdout] 
[INFO] [stdout] running 29 tests
[INFO] [stdout] test days::day10::tests::test_day_a ... ok
[INFO] [stdout] test days::day10::tests::test_day_b ... ok
[INFO] [stdout] test days::day1::tests::test_day_b ... ok
[INFO] [stdout] test days::day2::tests::test_2_a ... ok
[INFO] [stdout] test days::day1::tests::test_day_a ... ok
[INFO] [stdout] test days::day3::tests::test_3_a ... ok
[INFO] [stdout] test days::day3::tests::test_compartiments ... ok
[INFO] [stdout] test days::day4::tests::test_day_b ... ok
[INFO] [stdout] test days::day6::tests::test_day_6_b_no_iter ... ok
[INFO] [stdout] test days::day2::tests::test_2_b ... ok
[INFO] [stdout] test days::day4::tests::test_day_a ... ok
[INFO] [stdout] test days::day8::tests::test_grid ... ok
[INFO] [stdout] test days::day8::tests::test_day_b ... ok
[INFO] [stdout] test days::day5::tests::test_input_command ... ok
[INFO] [stdout] test days::day5::tests::test_day_b ... ok
[INFO] [stdout] test days::day3::tests::test_find_dupes ... ok
[INFO] [stdout] test days::day6::tests::test_day_6_a ... ok
[INFO] [stdout] test days::day4::tests::test_pairing_func ... ok
[INFO] [stdout] test days::day5::tests::test_input_parser ... ok
[INFO] [stdout] test days::day6::tests::test_day_6_b ... ok
[INFO] [stdout] test days::day8::tests::test_day_a ... ok
[INFO] [stdout] test days::day9::tests::test_parse ... ok
[INFO] [stdout] test days::day3::tests::test_3_b ... ok
[INFO] [stdout] test days::day8::tests::test_weird_input ... ok
[INFO] [stdout] test days::day9::tests::test_day_a ... ok
[INFO] [stdout] test days::day9::tests::test_day_b_input_2 ... ok
[INFO] [stdout] test days::day9::tests::test_day_b_input_1 ... ok
[INFO] [stdout] test days::day5::tests::test_day_a ... ok
[INFO] [stdout] test days::day11::tests::test_parse ... FAILED
[INFO] [stdout] 
[INFO] [stdout] failures:
[INFO] [stdout] 
[INFO] [stdout] ---- days::day11::tests::test_parse stdout ----
[INFO] [stdout] Starting items: Starting items: 64, 89, 65, 95
[INFO] [stdout] Test param: Test: divisible by 3
[INFO] [stdout] True param:   If true: throw to monkey 4
[INFO] [stdout] False param:   If false: throw to monkey 1
[INFO] [stdout] Operation: 0x00005638a442ac60
[INFO] [stdout] Starting items:   Starting items: 76, 66, 74, 87, 70, 56, 51, 66
[INFO] [stdout] Test param:   Test: divisible by 13
[INFO] [stdout] True param:     If true: throw to monkey 7
[INFO] [stdout] False param:     If false: throw to monkey 3
[INFO] [stdout] Operation: 0x00005638a442aca0
[INFO] [stdout] thread 'days::day11::tests::test_parse' panicked at src/days/day11.rs:64:26:
[INFO] [stdout] index out of bounds: the len is 0 but the index is 0
[INFO] [stdout] stack backtrace:
[INFO] [stdout]    0:     0x5638a460d366 - std::backtrace_rs::backtrace::libunwind::trace::h261606ad26a499c1
[INFO] [stdout]                                at /rustc/0e09125c6c3c2fd70d7de961bcf0e51575235fad/library/std/src/../../backtrace/src/backtrace/libunwind.rs:104:5
[INFO] [stdout]    1:     0x5638a460d366 - std::backtrace_rs::backtrace::trace_unsynchronized::hd183f0625477fb28
[INFO] [stdout]                                at /rustc/0e09125c6c3c2fd70d7de961bcf0e51575235fad/library/std/src/../../backtrace/src/backtrace/mod.rs:66:5
[INFO] [stdout]    2:     0x5638a460d366 - std::sys_common::backtrace::_print_fmt::hd7f8fef21b4eda67
[INFO] [stdout]                                at /rustc/0e09125c6c3c2fd70d7de961bcf0e51575235fad/library/std/src/sys_common/backtrace.rs:68:5
[INFO] [stdout]    3:     0x5638a460d366 - <std::sys_common::backtrace::_print::DisplayBacktrace as core::fmt::Display>::fmt::h623d9b51f2f453f1
[INFO] [stdout]                                at /rustc/0e09125c6c3c2fd70d7de961bcf0e51575235fad/library/std/src/sys_common/backtrace.rs:44:22
[INFO] [stdout]    4:     0x5638a4636540 - core::fmt::rt::Argument::fmt::h9f417ac76a86f368
[INFO] [stdout]                                at /rustc/0e09125c6c3c2fd70d7de961bcf0e51575235fad/library/core/src/fmt/rt.rs:142:9
[INFO] [stdout]    5:     0x5638a4636540 - core::fmt::write::hc9b6faf4ac2aeff7
[INFO] [stdout]                                at /rustc/0e09125c6c3c2fd70d7de961bcf0e51575235fad/library/core/src/fmt/mod.rs:1120:17
[INFO] [stdout]    6:     0x5638a460adcf - std::io::Write::write_fmt::he04625a3a989fec3
[INFO] [stdout]                                at /rustc/0e09125c6c3c2fd70d7de961bcf0e51575235fad/library/std/src/io/mod.rs:1810:15
[INFO] [stdout]    7:     0x5638a460d144 - std::sys_common::backtrace::_print::hd5d66399c7df88a2
[INFO] [stdout]                                at /rustc/0e09125c6c3c2fd70d7de961bcf0e51575235fad/library/std/src/sys_common/backtrace.rs:47:5
[INFO] [stdout]    8:     0x5638a460d144 - std::sys_common::backtrace::print::he81ed2da642d37e5
[INFO] [stdout]                                at /rustc/0e09125c6c3c2fd70d7de961bcf0e51575235fad/library/std/src/sys_common/backtrace.rs:34:9
[INFO] [stdout]    9:     0x5638a460eeb7 - std::panicking::default_hook::{{closure}}::h85773f4fa117163d
[INFO] [stdout]   10:     0x5638a460eb9d - std::panicking::default_hook::h6a1694a91d09b278
[INFO] [stdout]                                at /rustc/0e09125c6c3c2fd70d7de961bcf0e51575235fad/library/std/src/panicking.rs:289:9
[INFO] [stdout]   11:     0x5638a4489b17 - <alloc::boxed::Box<F,A> as core::ops::function::Fn<Args>>::call::h616ac37fa3cd6c8f
[INFO] [stdout]                                at /rustc/0e09125c6c3c2fd70d7de961bcf0e51575235fad/library/alloc/src/boxed.rs:2029:9
[INFO] [stdout]   12:     0x5638a4489b17 - test::test_main::{{closure}}::h00d84697cefdcbb6
[INFO] [stdout]                                at /rustc/0e09125c6c3c2fd70d7de961bcf0e51575235fad/library/test/src/lib.rs:138:21
[INFO] [stdout]   13:     0x5638a460f4d6 - <alloc::boxed::Box<F,A> as core::ops::function::Fn<Args>>::call::hcb3fe3b9bb537ba8
[INFO] [stdout]                                at /rustc/0e09125c6c3c2fd70d7de961bcf0e51575235fad/library/alloc/src/boxed.rs:2029:9
[INFO] [stdout]   14:     0x5638a460f4d6 - std::panicking::rust_panic_with_hook::h0a7ad96e90f7145b
[INFO] [stdout]                                at /rustc/0e09125c6c3c2fd70d7de961bcf0e51575235fad/library/std/src/panicking.rs:783:13
[INFO] [stdout]   15:     0x5638a460f222 - std::panicking::begin_panic_handler::{{closure}}::h7919090525c6485e
[INFO] [stdout]                                at /rustc/0e09125c6c3c2fd70d7de961bcf0e51575235fad/library/std/src/panicking.rs:657:13
[INFO] [stdout]   16:     0x5638a460d866 - std::sys_common::backtrace::__rust_end_short_backtrace::hf3289479464f7dfe
[INFO] [stdout]                                at /rustc/0e09125c6c3c2fd70d7de961bcf0e51575235fad/library/std/src/sys_common/backtrace.rs:171:18
[INFO] [stdout]   17:     0x5638a460ef80 - rust_begin_unwind
[INFO] [stdout]                                at /rustc/0e09125c6c3c2fd70d7de961bcf0e51575235fad/library/std/src/panicking.rs:645:5
[INFO] [stdout]   18:     0x5638a4412205 - core::panicking::panic_fmt::hcc9f77c5c132af55
[INFO] [stdout]                                at /rustc/0e09125c6c3c2fd70d7de961bcf0e51575235fad/library/core/src/panicking.rs:72:14
[INFO] [stdout]   19:     0x5638a44123e2 - core::panicking::panic_bounds_check::h24e82910cb718d54
[INFO] [stdout]                                at /rustc/0e09125c6c3c2fd70d7de961bcf0e51575235fad/library/core/src/panicking.rs:208:5
[INFO] [stdout]   20:     0x5638a444d60e - <usize as core::slice::index::SliceIndex<[T]>>::index::hf8229cc034e7f568
[INFO] [stdout]                                at /rustc/0e09125c6c3c2fd70d7de961bcf0e51575235fad/library/core/src/slice/index.rs:255:10
[INFO] [stdout]   21:     0x5638a441d011 - core::slice::index::<impl core::ops::index::Index<I> for [T]>::index::hbcee295316419cac
[INFO] [stdout]                                at /rustc/0e09125c6c3c2fd70d7de961bcf0e51575235fad/library/core/src/slice/index.rs:18:9
[INFO] [stdout]   22:     0x5638a441d011 - <alloc::vec::Vec<T,A> as core::ops::index::Index<I>>::index::hc9127f45ff659c99
[INFO] [stdout]                                at /rustc/0e09125c6c3c2fd70d7de961bcf0e51575235fad/library/alloc/src/vec/mod.rs:2770:9
[INFO] [stdout]   23:     0x5638a443fd35 - advent2022::days::day11::tests::test_parse::h13a347547b0df969
[INFO] [stdout]                                at /opt/rustwide/workdir/src/days/day11.rs:64:26
[INFO] [stdout]   24:     0x5638a443fcb7 - advent2022::days::day11::tests::test_parse::{{closure}}::h3c19f21f74398f5a
[INFO] [stdout]                                at /opt/rustwide/workdir/src/days/day11.rs:60:20
[INFO] [stdout]   25:     0x5638a442c386 - core::ops::function::FnOnce::call_once::h3cf9966003fb60ab
[INFO] [stdout]                                at /rustc/0e09125c6c3c2fd70d7de961bcf0e51575235fad/library/core/src/ops/function.rs:250:5
[INFO] [stdout]   26:     0x5638a448f3ef - core::ops::function::FnOnce::call_once::hd64d26f405258157
[INFO] [stdout]                                at /rustc/0e09125c6c3c2fd70d7de961bcf0e51575235fad/library/core/src/ops/function.rs:250:5
[INFO] [stdout]   27:     0x5638a448f3ef - test::__rust_begin_short_backtrace::he21b0b7a6d731bf9
[INFO] [stdout]                                at /rustc/0e09125c6c3c2fd70d7de961bcf0e51575235fad/library/test/src/lib.rs:627:18
[INFO] [stdout]   28:     0x5638a448e171 - test::run_test_in_process::{{closure}}::hf5c73986d7bdfde2
[INFO] [stdout]                                at /rustc/0e09125c6c3c2fd70d7de961bcf0e51575235fad/library/test/src/lib.rs:650:60
[INFO] [stdout]   29:     0x5638a448e171 - <core::panic::unwind_safe::AssertUnwindSafe<F> as core::ops::function::FnOnce<()>>::call_once::h330011ad032aadc0
[INFO] [stdout]                                at /rustc/0e09125c6c3c2fd70d7de961bcf0e51575235fad/library/core/src/panic/unwind_safe.rs:272:9
[INFO] [stdout]   30:     0x5638a448e171 - std::panicking::try::do_call::he61b0a958b795a41
[INFO] [stdout]                                at /rustc/0e09125c6c3c2fd70d7de961bcf0e51575235fad/library/std/src/panicking.rs:552:40
[INFO] [stdout]   31:     0x5638a448e171 - std::panicking::try::h7309da130f906eb7
[INFO] [stdout]                                at /rustc/0e09125c6c3c2fd70d7de961bcf0e51575235fad/library/std/src/panicking.rs:516:19
[INFO] [stdout]   32:     0x5638a448e171 - std::panic::catch_unwind::hc5c3a06fdaf0a92a
[INFO] [stdout]                                at /rustc/0e09125c6c3c2fd70d7de961bcf0e51575235fad/library/std/src/panic.rs:142:14
[INFO] [stdout]   33:     0x5638a448e171 - test::run_test_in_process::h7e7b7c71c3324e0f
[INFO] [stdout]                                at /rustc/0e09125c6c3c2fd70d7de961bcf0e51575235fad/library/test/src/lib.rs:650:27
[INFO] [stdout]   34:     0x5638a448e171 - test::run_test::{{closure}}::h1f509f28f5cf20b1
[INFO] [stdout]                                at /rustc/0e09125c6c3c2fd70d7de961bcf0e51575235fad/library/test/src/lib.rs:573:43
[INFO] [stdout]   35:     0x5638a44554a6 - test::run_test::{{closure}}::h1754218abf443f6d
[INFO] [stdout]                                at /rustc/0e09125c6c3c2fd70d7de961bcf0e51575235fad/library/test/src/lib.rs:601:41
[INFO] [stdout]   36:     0x5638a44554a6 - std::sys_common::backtrace::__rust_begin_short_backtrace::h2ee174b9d5954948
[INFO] [stdout]                                at /rustc/0e09125c6c3c2fd70d7de961bcf0e51575235fad/library/std/src/sys_common/backtrace.rs:155:18
[INFO] [stdout]   37:     0x5638a445a507 - std::thread::Builder::spawn_unchecked_::{{closure}}::{{closure}}::hf60bee9c1a17ef09
[INFO] [stdout]                                at /rustc/0e09125c6c3c2fd70d7de961bcf0e51575235fad/library/std/src/thread/mod.rs:529:17
[INFO] [stdout]   38:     0x5638a445a507 - <core::panic::unwind_safe::AssertUnwindSafe<F> as core::ops::function::FnOnce<()>>::call_once::h33d0dddec5216160
[INFO] [stdout]                                at /rustc/0e09125c6c3c2fd70d7de961bcf0e51575235fad/library/core/src/panic/unwind_safe.rs:272:9
[INFO] [stdout]   39:     0x5638a445a507 - std::panicking::try::do_call::h144b3048b546f835
[INFO] [stdout]                                at /rustc/0e09125c6c3c2fd70d7de961bcf0e51575235fad/library/std/src/panicking.rs:552:40
[INFO] [stdout]   40:     0x5638a445a507 - std::panicking::try::h978244d04646189f
[INFO] [stdout]                                at /rustc/0e09125c6c3c2fd70d7de961bcf0e51575235fad/library/std/src/panicking.rs:516:19
[INFO] [stdout]   41:     0x5638a445a507 - std::panic::catch_unwind::hdf436369d188fe86
[INFO] [stdout]                                at /rustc/0e09125c6c3c2fd70d7de961bcf0e51575235fad/library/std/src/panic.rs:142:14
[INFO] [stdout]   42:     0x5638a445a507 - std::thread::Builder::spawn_unchecked_::{{closure}}::h87329cbdd33c79ec
[INFO] [stdout]                                at /rustc/0e09125c6c3c2fd70d7de961bcf0e51575235fad/library/std/src/thread/mod.rs:528:30
[INFO] [stdout]   43:     0x5638a445a507 - core::ops::function::FnOnce::call_once{{vtable.shim}}::h401abbe67897d450
[INFO] [stdout]                                at /rustc/0e09125c6c3c2fd70d7de961bcf0e51575235fad/library/core/src/ops/function.rs:250:5
[INFO] [stdout]   44:     0x5638a4613f85 - <alloc::boxed::Box<F,A> as core::ops::function::FnOnce<Args>>::call_once::h5d7c8f150ab9c84c
[INFO] [stdout]                                at /rustc/0e09125c6c3c2fd70d7de961bcf0e51575235fad/library/alloc/src/boxed.rs:2015:9
[INFO] [stdout]   45:     0x5638a4613f85 - <alloc::boxed::Box<F,A> as core::ops::function::FnOnce<Args>>::call_once::h570d5b005c242c15
[INFO] [stdout]                                at /rustc/0e09125c6c3c2fd70d7de961bcf0e51575235fad/library/alloc/src/boxed.rs:2015:9
[INFO] [stdout]   46:     0x5638a4613f85 - std::sys::unix::thread::Thread::new::thread_start::h36b0a20c0b2361ad
[INFO] [stdout]                                at /rustc/0e09125c6c3c2fd70d7de961bcf0e51575235fad/library/std/src/sys/unix/thread.rs:108:17
[INFO] [stdout]   47:     0x7f2b6a726ac3 - <unknown>
[INFO] [stdout]   48:     0x7f2b6a7b7bf4 - __clone
[INFO] [stdout]   49:                0x0 - <unknown>
[INFO] [stdout] 
[INFO] [stdout] 
[INFO] [stdout] failures:
[INFO] [stdout]     days::day11::tests::test_parse
[INFO] [stdout] 
[INFO] [stdout] test result: FAILED. 28 passed; 1 failed; 0 ignored; 0 measured; 0 filtered out; finished in 0.09s
[INFO] [stdout] 
[INFO] [stderr] error: test failed, to rerun pass `--bin advent2022`
[INFO] running `Command { std: "docker" "inspect" "8781e3ab0182569984a305660dd5f02a81247a101f0e039ae115cddaa3d92434", kill_on_drop: false }`
[INFO] running `Command { std: "docker" "rm" "-f" "8781e3ab0182569984a305660dd5f02a81247a101f0e039ae115cddaa3d92434", kill_on_drop: false }`
[INFO] [stdout] 8781e3ab0182569984a305660dd5f02a81247a101f0e039ae115cddaa3d92434
