[INFO] cloning repository https://github.com/Jak-Ch-ll/advent-of-code-2022
[INFO] running `Command { std: "git" "-c" "credential.helper=" "-c" "credential.helper=/workspace/cargo-home/bin/git-credential-null" "clone" "--bare" "https://github.com/Jak-Ch-ll/advent-of-code-2022" "/workspace/cache/git-repos/https%3A%2F%2Fgithub.com%2FJak-Ch-ll%2Fadvent-of-code-2022", kill_on_drop: false }`
[INFO] [stderr] Cloning into bare repository '/workspace/cache/git-repos/https%3A%2F%2Fgithub.com%2FJak-Ch-ll%2Fadvent-of-code-2022'...
[INFO] running `Command { std: "git" "rev-parse" "HEAD", kill_on_drop: false }`
[INFO] [stdout] e292c14f1aec53dcb020bf2af1d68fd8006d233b
[INFO] testing Jak-Ch-ll/advent-of-code-2022 against 1.75.0 for beta-1.76-1
[INFO] running `Command { std: "git" "clone" "/workspace/cache/git-repos/https%3A%2F%2Fgithub.com%2FJak-Ch-ll%2Fadvent-of-code-2022" "/workspace/builds/worker-5-tc1/source", kill_on_drop: false }`
[INFO] [stderr] Cloning into '/workspace/builds/worker-5-tc1/source'...
[INFO] [stderr] done.
[INFO] validating manifest of git repo https://github.com/Jak-Ch-ll/advent-of-code-2022 on toolchain 1.75.0
[INFO] running `Command { std: CARGO_HOME="/workspace/cargo-home" RUSTUP_HOME="/workspace/rustup-home" "/workspace/cargo-home/bin/cargo" "+1.75.0" "metadata" "--manifest-path" "Cargo.toml" "--no-deps", kill_on_drop: false }`
[INFO] started tweaking git repo https://github.com/Jak-Ch-ll/advent-of-code-2022
[INFO] finished tweaking git repo https://github.com/Jak-Ch-ll/advent-of-code-2022
[INFO] tweaked toml for git repo https://github.com/Jak-Ch-ll/advent-of-code-2022 written to /workspace/builds/worker-5-tc1/source/Cargo.toml
[INFO] crate git repo https://github.com/Jak-Ch-ll/advent-of-code-2022 already has a lockfile, it will not be regenerated
[INFO] running `Command { std: CARGO_HOME="/workspace/cargo-home" RUSTUP_HOME="/workspace/rustup-home" "/workspace/cargo-home/bin/cargo" "+1.75.0" "fetch" "--manifest-path" "Cargo.toml", kill_on_drop: false }`
[INFO] [stderr]     Blocking waiting for file lock on package cache
[ERROR] error running command: no output for 300 seconds
[ERROR] this task or one of its parent failed!
[ERROR] no output for 300 seconds
[ERROR] note: run with `RUST_BACKTRACE=1` to display a backtrace.
[INFO] testing Jak-Ch-ll/advent-of-code-2022 against beta-2023-12-22 for beta-1.76-1
[INFO] running `Command { std: "git" "clone" "/workspace/cache/git-repos/https%3A%2F%2Fgithub.com%2FJak-Ch-ll%2Fadvent-of-code-2022" "/workspace/builds/worker-5-tc2/source", kill_on_drop: false }`
[INFO] [stderr] Cloning into '/workspace/builds/worker-5-tc2/source'...
[INFO] [stderr] done.
[INFO] validating manifest of git repo https://github.com/Jak-Ch-ll/advent-of-code-2022 on toolchain beta-2023-12-22
[INFO] running `Command { std: CARGO_HOME="/workspace/cargo-home" RUSTUP_HOME="/workspace/rustup-home" "/workspace/cargo-home/bin/cargo" "+beta-2023-12-22" "metadata" "--manifest-path" "Cargo.toml" "--no-deps", kill_on_drop: false }`
[INFO] started tweaking git repo https://github.com/Jak-Ch-ll/advent-of-code-2022
[INFO] finished tweaking git repo https://github.com/Jak-Ch-ll/advent-of-code-2022
[INFO] tweaked toml for git repo https://github.com/Jak-Ch-ll/advent-of-code-2022 written to /workspace/builds/worker-5-tc2/source/Cargo.toml
[INFO] crate git repo https://github.com/Jak-Ch-ll/advent-of-code-2022 already has a lockfile, it will not be regenerated
[INFO] running `Command { std: CARGO_HOME="/workspace/cargo-home" RUSTUP_HOME="/workspace/rustup-home" "/workspace/cargo-home/bin/cargo" "+beta-2023-12-22" "fetch" "--manifest-path" "Cargo.toml", kill_on_drop: false }`
[INFO] [stderr]     Blocking waiting for file lock on package cache
[INFO] [stderr]     Blocking waiting for file lock on package cache
[INFO] running `Command { std: "docker" "create" "-v" "/var/lib/crater-agent-workspace/builds/worker-5-tc2/target:/opt/rustwide/target:rw,Z" "-v" "/var/lib/crater-agent-workspace/builds/worker-5-tc2/source:/opt/rustwide/workdir:ro,Z" "-v" "/var/lib/crater-agent-workspace/cargo-home:/opt/rustwide/cargo-home:ro,Z" "-v" "/var/lib/crater-agent-workspace/rustup-home:/opt/rustwide/rustup-home:ro,Z" "-e" "SOURCE_DIR=/opt/rustwide/workdir" "-e" "CARGO_TARGET_DIR=/opt/rustwide/target" "-e" "CARGO_HOME=/opt/rustwide/cargo-home" "-e" "RUSTUP_HOME=/opt/rustwide/rustup-home" "-w" "/opt/rustwide/workdir" "-m" "1610612736" "--user" "0:0" "--network" "none" "ghcr.io/rust-lang/crates-build-env/linux@sha256:2788e3201cd34a07e3172128adcd8b3090168a8e3bcc40d7c032b9dda1df7d1c" "/opt/rustwide/cargo-home/bin/cargo" "+beta-2023-12-22" "metadata" "--no-deps" "--format-version=1", kill_on_drop: false }`
[INFO] [stdout] b4f9d0eb0a7f58879c3512760ce77eaed33a3c9d8c3d38a288655a6b112d2d20
[INFO] running `Command { std: "docker" "start" "-a" "b4f9d0eb0a7f58879c3512760ce77eaed33a3c9d8c3d38a288655a6b112d2d20", kill_on_drop: false }`
[INFO] running `Command { std: "docker" "inspect" "b4f9d0eb0a7f58879c3512760ce77eaed33a3c9d8c3d38a288655a6b112d2d20", kill_on_drop: false }`
[INFO] running `Command { std: "docker" "rm" "-f" "b4f9d0eb0a7f58879c3512760ce77eaed33a3c9d8c3d38a288655a6b112d2d20", kill_on_drop: false }`
[INFO] [stdout] b4f9d0eb0a7f58879c3512760ce77eaed33a3c9d8c3d38a288655a6b112d2d20
[INFO] running `Command { std: "docker" "create" "-v" "/var/lib/crater-agent-workspace/builds/worker-5-tc2/target:/opt/rustwide/target:rw,Z" "-v" "/var/lib/crater-agent-workspace/builds/worker-5-tc2/source:/opt/rustwide/workdir:ro,Z" "-v" "/var/lib/crater-agent-workspace/cargo-home:/opt/rustwide/cargo-home:ro,Z" "-v" "/var/lib/crater-agent-workspace/rustup-home:/opt/rustwide/rustup-home:ro,Z" "-e" "SOURCE_DIR=/opt/rustwide/workdir" "-e" "CARGO_TARGET_DIR=/opt/rustwide/target" "-e" "CARGO_INCREMENTAL=0" "-e" "RUST_BACKTRACE=full" "-e" "RUSTFLAGS=--cap-lints=warn" "-e" "RUSTDOCFLAGS=--cap-lints=warn" "-e" "CARGO_HOME=/opt/rustwide/cargo-home" "-e" "RUSTUP_HOME=/opt/rustwide/rustup-home" "-w" "/opt/rustwide/workdir" "-m" "1610612736" "--user" "0:0" "--network" "none" "ghcr.io/rust-lang/crates-build-env/linux@sha256:2788e3201cd34a07e3172128adcd8b3090168a8e3bcc40d7c032b9dda1df7d1c" "/opt/rustwide/cargo-home/bin/cargo" "+beta-2023-12-22" "build" "--frozen" "--message-format=json", kill_on_drop: false }`
[INFO] [stdout] 9e8623a401637fdfbb1ff12b8371bdae856a351ecd5ee4f0e00094e3fc82a2d5
[INFO] running `Command { std: "docker" "start" "-a" "9e8623a401637fdfbb1ff12b8371bdae856a351ecd5ee4f0e00094e3fc82a2d5", kill_on_drop: false }`
[INFO] [stderr]    Compiling indoc v1.0.7
[INFO] [stderr]    Compiling advent-of-code_2022 v0.1.0 (/opt/rustwide/workdir)
[INFO] [stdout] warning: unused import: `collections::HashSet`
[INFO] [stdout]  --> src/day-5.rs:3:11
[INFO] [stdout]   |
[INFO] [stdout] 3 | use std::{collections::HashSet, fs};
[INFO] [stdout]   |           ^^^^^^^^^^^^^^^^^^^^
[INFO] [stdout]   |
[INFO] [stdout]   = note: `#[warn(unused_imports)]` on by default
[INFO] [stdout] 
[INFO] [stdout] 
[INFO] [stdout] warning: unused variable: `input`
[INFO] [stdout]   --> src/day-5.rs:17:16
[INFO] [stdout]    |
[INFO] [stdout] 17 | fn top_creates(input: &str) -> &str {
[INFO] [stdout]    |                ^^^^^ help: if this is intentional, prefix it with an underscore: `_input`
[INFO] [stdout]    |
[INFO] [stdout]    = note: `#[warn(unused_variables)]` on by default
[INFO] [stdout] 
[INFO] [stdout] 
[INFO] [stdout] warning: unused variable: `line`
[INFO] [stdout]   --> src/day-5.rs:33:47
[INFO] [stdout]    |
[INFO] [stdout] 33 |         input.lines().rev().skip(1).for_each(|line| {
[INFO] [stdout]    |                                               ^^^^ help: if this is intentional, prefix it with an underscore: `_line`
[INFO] [stdout] 
[INFO] [stdout] 
[INFO] [stdout] warning: unused variable: `crate_str`
[INFO] [stdout]   --> src/day-5.rs:47:16
[INFO] [stdout]    |
[INFO] [stdout] 47 | fn parse_crate(crate_str: &str) -> char {
[INFO] [stdout]    |                ^^^^^^^^^ help: if this is intentional, prefix it with an underscore: `_crate_str`
[INFO] [stdout] 
[INFO] [stdout] 
[INFO] [stdout] warning: 4 warnings emitted
[INFO] [stdout] 
[INFO] [stdout] 
[INFO] [stderr]     Finished dev [unoptimized + debuginfo] target(s) in 1.31s
[INFO] running `Command { std: "docker" "inspect" "9e8623a401637fdfbb1ff12b8371bdae856a351ecd5ee4f0e00094e3fc82a2d5", kill_on_drop: false }`
[INFO] running `Command { std: "docker" "rm" "-f" "9e8623a401637fdfbb1ff12b8371bdae856a351ecd5ee4f0e00094e3fc82a2d5", kill_on_drop: false }`
[INFO] [stdout] 9e8623a401637fdfbb1ff12b8371bdae856a351ecd5ee4f0e00094e3fc82a2d5
[INFO] running `Command { std: "docker" "create" "-v" "/var/lib/crater-agent-workspace/builds/worker-5-tc2/target:/opt/rustwide/target:rw,Z" "-v" "/var/lib/crater-agent-workspace/builds/worker-5-tc2/source:/opt/rustwide/workdir:ro,Z" "-v" "/var/lib/crater-agent-workspace/cargo-home:/opt/rustwide/cargo-home:ro,Z" "-v" "/var/lib/crater-agent-workspace/rustup-home:/opt/rustwide/rustup-home:ro,Z" "-e" "SOURCE_DIR=/opt/rustwide/workdir" "-e" "CARGO_TARGET_DIR=/opt/rustwide/target" "-e" "CARGO_INCREMENTAL=0" "-e" "RUST_BACKTRACE=full" "-e" "RUSTFLAGS=--cap-lints=warn" "-e" "RUSTDOCFLAGS=--cap-lints=warn" "-e" "CARGO_HOME=/opt/rustwide/cargo-home" "-e" "RUSTUP_HOME=/opt/rustwide/rustup-home" "-w" "/opt/rustwide/workdir" "-m" "1610612736" "--user" "0:0" "--network" "none" "ghcr.io/rust-lang/crates-build-env/linux@sha256:2788e3201cd34a07e3172128adcd8b3090168a8e3bcc40d7c032b9dda1df7d1c" "/opt/rustwide/cargo-home/bin/cargo" "+beta-2023-12-22" "test" "--frozen" "--no-run" "--message-format=json", kill_on_drop: false }`
[INFO] [stdout] 091cc758ef68287e103578c82eeaf0213bcd9766303ce47fdbd9993e77fc3477
[INFO] running `Command { std: "docker" "start" "-a" "091cc758ef68287e103578c82eeaf0213bcd9766303ce47fdbd9993e77fc3477", kill_on_drop: false }`
[INFO] [stderr]    Compiling advent-of-code_2022 v0.1.0 (/opt/rustwide/workdir)
[INFO] [stdout] warning: unused import: `collections::HashSet`
[INFO] [stdout]  --> src/day-5.rs:3:11
[INFO] [stdout]   |
[INFO] [stdout] 3 | use std::{collections::HashSet, fs};
[INFO] [stdout]   |           ^^^^^^^^^^^^^^^^^^^^
[INFO] [stdout]   |
[INFO] [stdout]   = note: `#[warn(unused_imports)]` on by default
[INFO] [stdout] 
[INFO] [stdout] 
[INFO] [stdout] warning: unused variable: `input`
[INFO] [stdout]   --> src/day-5.rs:17:16
[INFO] [stdout]    |
[INFO] [stdout] 17 | fn top_creates(input: &str) -> &str {
[INFO] [stdout]    |                ^^^^^ help: if this is intentional, prefix it with an underscore: `_input`
[INFO] [stdout]    |
[INFO] [stdout]    = note: `#[warn(unused_variables)]` on by default
[INFO] [stdout] 
[INFO] [stdout] 
[INFO] [stdout] warning: unused variable: `line`
[INFO] [stdout]   --> src/day-5.rs:33:47
[INFO] [stdout]    |
[INFO] [stdout] 33 |         input.lines().rev().skip(1).for_each(|line| {
[INFO] [stdout]    |                                               ^^^^ help: if this is intentional, prefix it with an underscore: `_line`
[INFO] [stdout] 
[INFO] [stdout] 
[INFO] [stdout] warning: unused variable: `crate_str`
[INFO] [stdout]   --> src/day-5.rs:47:16
[INFO] [stdout]    |
[INFO] [stdout] 47 | fn parse_crate(crate_str: &str) -> char {
[INFO] [stdout]    |                ^^^^^^^^^ help: if this is intentional, prefix it with an underscore: `_crate_str`
[INFO] [stdout] 
[INFO] [stdout] 
[INFO] [stdout] warning: 4 warnings emitted
[INFO] [stdout] 
[INFO] [stdout] 
[INFO] [stderr]     Finished test [unoptimized + debuginfo] target(s) in 1.08s
[INFO] running `Command { std: "docker" "inspect" "091cc758ef68287e103578c82eeaf0213bcd9766303ce47fdbd9993e77fc3477", kill_on_drop: false }`
[INFO] running `Command { std: "docker" "rm" "-f" "091cc758ef68287e103578c82eeaf0213bcd9766303ce47fdbd9993e77fc3477", kill_on_drop: false }`
[INFO] [stdout] 091cc758ef68287e103578c82eeaf0213bcd9766303ce47fdbd9993e77fc3477
[INFO] running `Command { std: "docker" "create" "-v" "/var/lib/crater-agent-workspace/builds/worker-5-tc2/target:/opt/rustwide/target:rw,Z" "-v" "/var/lib/crater-agent-workspace/builds/worker-5-tc2/source:/opt/rustwide/workdir:ro,Z" "-v" "/var/lib/crater-agent-workspace/cargo-home:/opt/rustwide/cargo-home:ro,Z" "-v" "/var/lib/crater-agent-workspace/rustup-home:/opt/rustwide/rustup-home:ro,Z" "-e" "SOURCE_DIR=/opt/rustwide/workdir" "-e" "CARGO_TARGET_DIR=/opt/rustwide/target" "-e" "CARGO_INCREMENTAL=0" "-e" "RUST_BACKTRACE=full" "-e" "RUSTFLAGS=--cap-lints=warn" "-e" "RUSTDOCFLAGS=--cap-lints=warn" "-e" "CARGO_HOME=/opt/rustwide/cargo-home" "-e" "RUSTUP_HOME=/opt/rustwide/rustup-home" "-w" "/opt/rustwide/workdir" "-m" "1610612736" "--user" "0:0" "--network" "none" "ghcr.io/rust-lang/crates-build-env/linux@sha256:2788e3201cd34a07e3172128adcd8b3090168a8e3bcc40d7c032b9dda1df7d1c" "/opt/rustwide/cargo-home/bin/cargo" "+beta-2023-12-22" "test" "--frozen", kill_on_drop: false }`
[INFO] [stdout] dec74e601580c6eb46c15bef64ced2b882b41ebe0d0779d37ad47b58b5d50282
[INFO] running `Command { std: "docker" "start" "-a" "dec74e601580c6eb46c15bef64ced2b882b41ebe0d0779d37ad47b58b5d50282", kill_on_drop: false }`
[INFO] [stderr] warning: unused import: `collections::HashSet`
[INFO] [stderr]  --> src/day-5.rs:3:11
[INFO] [stderr]   |
[INFO] [stderr] 3 | use std::{collections::HashSet, fs};
[INFO] [stderr]   |           ^^^^^^^^^^^^^^^^^^^^
[INFO] [stderr]   |
[INFO] [stderr]   = note: `#[warn(unused_imports)]` on by default
[INFO] [stderr] 
[INFO] [stderr] warning: unused variable: `input`
[INFO] [stderr]   --> src/day-5.rs:17:16
[INFO] [stderr]    |
[INFO] [stderr] 17 | fn top_creates(input: &str) -> &str {
[INFO] [stderr]    |                ^^^^^ help: if this is intentional, prefix it with an underscore: `_input`
[INFO] [stderr]    |
[INFO] [stderr]    = note: `#[warn(unused_variables)]` on by default
[INFO] [stderr] 
[INFO] [stderr] warning: unused variable: `line`
[INFO] [stderr]   --> src/day-5.rs:33:47
[INFO] [stderr]    |
[INFO] [stderr] 33 |         input.lines().rev().skip(1).for_each(|line| {
[INFO] [stderr]    |                                               ^^^^ help: if this is intentional, prefix it with an underscore: `_line`
[INFO] [stderr] 
[INFO] [stderr] warning: unused variable: `crate_str`
[INFO] [stderr]   --> src/day-5.rs:47:16
[INFO] [stderr]    |
[INFO] [stderr] 47 | fn parse_crate(crate_str: &str) -> char {
[INFO] [stderr]    |                ^^^^^^^^^ help: if this is intentional, prefix it with an underscore: `_crate_str`
[INFO] [stderr] 
[INFO] [stderr] warning: `advent-of-code_2022` (bin "day-5" test) generated 4 warnings (run `cargo fix --bin "day-5" --tests` to apply 4 suggestions)
[INFO] [stderr]     Finished test [unoptimized + debuginfo] target(s) in 0.07s
[INFO] [stderr]      Running unittests src/day-1.rs (/opt/rustwide/target/debug/deps/day_1-4fb941cc6d5b9247)
[INFO] [stdout] 
[INFO] [stdout] running 5 tests
[INFO] [stdout] test tests::sum_calories::it_gives_back_a_single_number ... ok
[INFO] [stdout] test tests::sum_calories::it_gives_back_the_sum_of_two_numbers ... ok
[INFO] [stdout] test tests::most_calories::it_gives_back_a_single_number ... ok
[INFO] [stdout] test tests::most_calories::it_gives_back_the_bigger_of_two_single_numbers ... ok
[INFO] [stdout] test tests::most_calories::example ... ok
[INFO] [stdout] 
[INFO] [stdout] test result: ok. 5 passed; 0 failed; 0 ignored; 0 measured; 0 filtered out; finished in 0.02s
[INFO] [stdout] 
[INFO] [stderr]      Running unittests src/day-2.rs (/opt/rustwide/target/debug/deps/day_2-b72f1f72b933a4db)
[INFO] [stdout] 
[INFO] [stdout] running 0 tests
[INFO] [stdout] 
[INFO] [stdout] test result: ok. 0 passed; 0 failed; 0 ignored; 0 measured; 0 filtered out; finished in 0.00s
[INFO] [stdout] 
[INFO] [stderr]      Running unittests src/day-3.rs (/opt/rustwide/target/debug/deps/day_3-ba78b3261b08e2b1)
[INFO] [stdout] 
[INFO] [stdout] running 10 tests
[INFO] [stdout] test tests_day3::test_char_to_priority::it_transforms_a_to_1 ... ok
[INFO] [stdout] test tests_day3::test_calculate_priority_of_groups::example ... ok
[INFO] [stdout] test tests_day3::test_calculate_priority_of_rucksacks::example ... ok
[INFO] [stdout] test tests_day3::test_char_to_priority::it_transforms_capital_z_to_52 ... ok
[INFO] [stdout] test tests_day3::test_char_to_priority::it_transforms_z_to_26 ... ok
[INFO] [stdout] test tests_day3::test_char_to_priority::it_transforms_capital_a_to_27 ... ok
[INFO] [stdout] test tests_day3::test_find_intersection_in_group::it_finds_the_intersection ... ok
[INFO] [stdout] test tests_day3::test_find_intersection_in_rucksack::it_finds_the_intersection_of_single_letters ... ok
[INFO] [stdout] test tests_day3::test_split_text_into_lines_of_3::it_splits_into_lines_of_3 ... ok
[INFO] [stdout] test tests_day3::test_find_intersection_in_rucksack::it_finds_the_intersection_of_example_rucksack ... ok
[INFO] [stdout] 
[INFO] [stdout] test result: ok. 10 passed; 0 failed; 0 ignored; 0 measured; 0 filtered out; finished in 0.03s
[INFO] [stdout] 
[INFO] [stderr]      Running unittests src/day-4.rs (/opt/rustwide/target/debug/deps/day_4-de2e332f231485ec)
[INFO] [stdout] 
[INFO] [stdout] running 11 tests
[INFO] [stdout] test tests_day4::test_elf_pair::it_reports_no_overlap_on_no_overlap ... ok
[INFO] [stdout] test tests_day4::test_assigend_sections::it_can_be_converted_from_string ... ok
[INFO] [stdout] test tests_day4::test_elf_pair::it_reports_full_overlap_if_first_is_superset ... ok
[INFO] [stdout] test tests_day4::test_elf_pair::it_reports_full_overlap_if_second_is_superset ... ok
[INFO] [stdout] test tests_day4::test_elf_pair::it_reports_no_full_overlap_on_no_overlap ... ok
[INFO] [stdout] test tests_day4::test_elf_pair::it_reports_full_overlap_on_equal_sections ... ok
[INFO] [stdout] test tests_day4::test_elf_pair::it_reports_overlap_on_equal_sections ... ok
[INFO] [stdout] test tests_day4::test_elf_pair::it_can_be_converted_from_string ... ok
[INFO] [stdout] test tests_day4::test_elf_pair::it_reports_overlap_on_partial_overlap ... ok
[INFO] [stdout] test tests_day4::test_number_of_full_overlaps::example ... ok
[INFO] [stdout] test tests_day4::test_number_of_fully_contains::example ... ok
[INFO] [stderr]      Running unittests src/day-5.rs (/opt/rustwide/target/debug/deps/day_5-b4a33cc415679af8)
[INFO] [stdout] 
[INFO] [stdout] test result: ok. 11 passed; 0 failed; 0 ignored; 0 measured; 0 filtered out; finished in 0.04s
[INFO] [stdout] 
[INFO] [stdout] 
[INFO] [stdout] running 5 tests
[INFO] [stdout] test tests_day5::test_number_of_full_overlaps::example ... ignored
[INFO] [stdout] test tests_day5::test_get_last_number::it_returns_a_higher_count ... ok
[INFO] [stdout] test tests_day5::test_get_last_number::it_returns_one_for_only_one_stack ... ok
[INFO] [stdout] test tests_day5::test_cargo_storage::it_creates_one_stack ... ok
[INFO] [stdout] test tests_day5::test_cargo_storage::it_creates_another_stack ... FAILED
[INFO] [stderr] error: test failed, to rerun pass `--bin day-5`
[INFO] [stdout] 
[INFO] [stdout] failures:
[INFO] [stdout] 
[INFO] [stdout] ---- tests_day5::test_cargo_storage::it_creates_another_stack stdout ----
[INFO] [stdout] thread 'tests_day5::test_cargo_storage::it_creates_another_stack' panicked at src/day-5.rs:123:13:
[INFO] [stdout] assertion `left == right` failed
[INFO] [stdout]   left: 'A'
[INFO] [stdout]  right: 'B'
[INFO] [stdout] stack backtrace:
[INFO] [stdout]    0:     0x5623ee516b06 - std::backtrace_rs::backtrace::libunwind::trace::h261606ad26a499c1
[INFO] [stdout]                                at /rustc/0e09125c6c3c2fd70d7de961bcf0e51575235fad/library/std/src/../../backtrace/src/backtrace/libunwind.rs:104:5
[INFO] [stdout]    1:     0x5623ee516b06 - std::backtrace_rs::backtrace::trace_unsynchronized::hd183f0625477fb28
[INFO] [stdout]                                at /rustc/0e09125c6c3c2fd70d7de961bcf0e51575235fad/library/std/src/../../backtrace/src/backtrace/mod.rs:66:5
[INFO] [stdout]    2:     0x5623ee516b06 - std::sys_common::backtrace::_print_fmt::hd7f8fef21b4eda67
[INFO] [stdout]                                at /rustc/0e09125c6c3c2fd70d7de961bcf0e51575235fad/library/std/src/sys_common/backtrace.rs:68:5
[INFO] [stdout]    3:     0x5623ee516b06 - <std::sys_common::backtrace::_print::DisplayBacktrace as core::fmt::Display>::fmt::h623d9b51f2f453f1
[INFO] [stdout]                                at /rustc/0e09125c6c3c2fd70d7de961bcf0e51575235fad/library/std/src/sys_common/backtrace.rs:44:22
[INFO] [stdout]    4:     0x5623ee53f950 - core::fmt::rt::Argument::fmt::h9f417ac76a86f368
[INFO] [stdout]                                at /rustc/0e09125c6c3c2fd70d7de961bcf0e51575235fad/library/core/src/fmt/rt.rs:142:9
[INFO] [stdout]    5:     0x5623ee53f950 - core::fmt::write::hc9b6faf4ac2aeff7
[INFO] [stdout]                                at /rustc/0e09125c6c3c2fd70d7de961bcf0e51575235fad/library/core/src/fmt/mod.rs:1120:17
[INFO] [stdout]    6:     0x5623ee51456f - std::io::Write::write_fmt::he04625a3a989fec3
[INFO] [stdout]                                at /rustc/0e09125c6c3c2fd70d7de961bcf0e51575235fad/library/std/src/io/mod.rs:1810:15
[INFO] [stdout]    7:     0x5623ee5168e4 - std::sys_common::backtrace::_print::hd5d66399c7df88a2
[INFO] [stdout]                                at /rustc/0e09125c6c3c2fd70d7de961bcf0e51575235fad/library/std/src/sys_common/backtrace.rs:47:5
[INFO] [stdout]    8:     0x5623ee5168e4 - std::sys_common::backtrace::print::he81ed2da642d37e5
[INFO] [stdout]                                at /rustc/0e09125c6c3c2fd70d7de961bcf0e51575235fad/library/std/src/sys_common/backtrace.rs:34:9
[INFO] [stdout]    9:     0x5623ee518657 - std::panicking::default_hook::{{closure}}::h85773f4fa117163d
[INFO] [stdout]   10:     0x5623ee51833d - std::panicking::default_hook::h6a1694a91d09b278
[INFO] [stdout]                                at /rustc/0e09125c6c3c2fd70d7de961bcf0e51575235fad/library/std/src/panicking.rs:289:9
[INFO] [stdout]   11:     0x5623ee4e8517 - <alloc::boxed::Box<F,A> as core::ops::function::Fn<Args>>::call::h616ac37fa3cd6c8f
[INFO] [stdout]                                at /rustc/0e09125c6c3c2fd70d7de961bcf0e51575235fad/library/alloc/src/boxed.rs:2029:9
[INFO] [stdout]   12:     0x5623ee4e8517 - test::test_main::{{closure}}::h00d84697cefdcbb6
[INFO] [stdout]                                at /rustc/0e09125c6c3c2fd70d7de961bcf0e51575235fad/library/test/src/lib.rs:138:21
[INFO] [stdout]   13:     0x5623ee518c76 - <alloc::boxed::Box<F,A> as core::ops::function::Fn<Args>>::call::hcb3fe3b9bb537ba8
[INFO] [stdout]                                at /rustc/0e09125c6c3c2fd70d7de961bcf0e51575235fad/library/alloc/src/boxed.rs:2029:9
[INFO] [stdout]   14:     0x5623ee518c76 - std::panicking::rust_panic_with_hook::h0a7ad96e90f7145b
[INFO] [stdout]                                at /rustc/0e09125c6c3c2fd70d7de961bcf0e51575235fad/library/std/src/panicking.rs:783:13
[INFO] [stdout]   15:     0x5623ee5189c2 - std::panicking::begin_panic_handler::{{closure}}::h7919090525c6485e
[INFO] [stdout]                                at /rustc/0e09125c6c3c2fd70d7de961bcf0e51575235fad/library/std/src/panicking.rs:657:13
[INFO] [stdout]   16:     0x5623ee517006 - std::sys_common::backtrace::__rust_end_short_backtrace::hf3289479464f7dfe
[INFO] [stdout]                                at /rustc/0e09125c6c3c2fd70d7de961bcf0e51575235fad/library/std/src/sys_common/backtrace.rs:171:18
[INFO] [stdout]   17:     0x5623ee518720 - rust_begin_unwind
[INFO] [stdout]                                at /rustc/0e09125c6c3c2fd70d7de961bcf0e51575235fad/library/std/src/panicking.rs:645:5
[INFO] [stdout]   18:     0x5623ee4adcc5 - core::panicking::panic_fmt::hcc9f77c5c132af55
[INFO] [stdout]                                at /rustc/0e09125c6c3c2fd70d7de961bcf0e51575235fad/library/core/src/panicking.rs:72:14
[INFO] [stdout]   19:     0x5623ee4ae0fb - core::panicking::assert_failed_inner::h9f13e27dd63c3a08
[INFO] [stdout]                                at /rustc/0e09125c6c3c2fd70d7de961bcf0e51575235fad/library/core/src/panicking.rs:342:17
[INFO] [stdout]   20:     0x5623ee4b0d6e - core::panicking::assert_failed::h8934627a80927ed9
[INFO] [stdout]                                at /rustc/0e09125c6c3c2fd70d7de961bcf0e51575235fad/library/core/src/panicking.rs:297:5
[INFO] [stdout]   21:     0x5623ee4b3b79 - day_5::tests_day5::test_cargo_storage::it_creates_another_stack::h7b148bed637a4ed8
[INFO] [stdout]                                at /opt/rustwide/workdir/src/day-5.rs:123:13
[INFO] [stdout]   22:     0x5623ee4b3a67 - day_5::tests_day5::test_cargo_storage::it_creates_another_stack::{{closure}}::h16d6d1617033b7cd
[INFO] [stdout]                                at /opt/rustwide/workdir/src/day-5.rs:115:38
[INFO] [stdout]   23:     0x5623ee4af0f6 - core::ops::function::FnOnce::call_once::h9423f2ffb5e2e6ee
[INFO] [stdout]                                at /rustc/0e09125c6c3c2fd70d7de961bcf0e51575235fad/library/core/src/ops/function.rs:250:5
[INFO] [stdout]   24:     0x5623ee4eddef - core::ops::function::FnOnce::call_once::hd64d26f405258157
[INFO] [stdout]                                at /rustc/0e09125c6c3c2fd70d7de961bcf0e51575235fad/library/core/src/ops/function.rs:250:5
[INFO] [stdout]   25:     0x5623ee4eddef - test::__rust_begin_short_backtrace::he21b0b7a6d731bf9
[INFO] [stdout]                                at /rustc/0e09125c6c3c2fd70d7de961bcf0e51575235fad/library/test/src/lib.rs:627:18
[INFO] [stdout]   26:     0x5623ee4ecb71 - test::run_test_in_process::{{closure}}::hf5c73986d7bdfde2
[INFO] [stdout]                                at /rustc/0e09125c6c3c2fd70d7de961bcf0e51575235fad/library/test/src/lib.rs:650:60
[INFO] [stdout]   27:     0x5623ee4ecb71 - <core::panic::unwind_safe::AssertUnwindSafe<F> as core::ops::function::FnOnce<()>>::call_once::h330011ad032aadc0
[INFO] [stdout]                                at /rustc/0e09125c6c3c2fd70d7de961bcf0e51575235fad/library/core/src/panic/unwind_safe.rs:272:9
[INFO] [stdout]   28:     0x5623ee4ecb71 - std::panicking::try::do_call::he61b0a958b795a41
[INFO] [stdout]                                at /rustc/0e09125c6c3c2fd70d7de961bcf0e51575235fad/library/std/src/panicking.rs:552:40
[INFO] [stdout]   29:     0x5623ee4ecb71 - std::panicking::try::h7309da130f906eb7
[INFO] [stdout]                                at /rustc/0e09125c6c3c2fd70d7de961bcf0e51575235fad/library/std/src/panicking.rs:516:19
[INFO] [stdout]   30:     0x5623ee4ecb71 - std::panic::catch_unwind::hc5c3a06fdaf0a92a
[INFO] [stdout]                                at /rustc/0e09125c6c3c2fd70d7de961bcf0e51575235fad/library/std/src/panic.rs:142:14
[INFO] [stdout]   31:     0x5623ee4ecb71 - test::run_test_in_process::h7e7b7c71c3324e0f
[INFO] [stdout]                                at /rustc/0e09125c6c3c2fd70d7de961bcf0e51575235fad/library/test/src/lib.rs:650:27
[INFO] [stdout]   32:     0x5623ee4ecb71 - test::run_test::{{closure}}::h1f509f28f5cf20b1
[INFO] [stdout]                                at /rustc/0e09125c6c3c2fd70d7de961bcf0e51575235fad/library/test/src/lib.rs:573:43
[INFO] [stdout]   33:     0x5623ee4b3ea6 - test::run_test::{{closure}}::h1754218abf443f6d
[INFO] [stdout]                                at /rustc/0e09125c6c3c2fd70d7de961bcf0e51575235fad/library/test/src/lib.rs:601:41
[INFO] [stdout]   34:     0x5623ee4b3ea6 - std::sys_common::backtrace::__rust_begin_short_backtrace::h2ee174b9d5954948
[INFO] [stdout]                                at /rustc/0e09125c6c3c2fd70d7de961bcf0e51575235fad/library/std/src/sys_common/backtrace.rs:155:18
[INFO] [stdout]   35:     0x5623ee4b8f07 - std::thread::Builder::spawn_unchecked_::{{closure}}::{{closure}}::hf60bee9c1a17ef09
[INFO] [stdout]                                at /rustc/0e09125c6c3c2fd70d7de961bcf0e51575235fad/library/std/src/thread/mod.rs:529:17
[INFO] [stdout]   36:     0x5623ee4b8f07 - <core::panic::unwind_safe::AssertUnwindSafe<F> as core::ops::function::FnOnce<()>>::call_once::h33d0dddec5216160
[INFO] [stdout]                                at /rustc/0e09125c6c3c2fd70d7de961bcf0e51575235fad/library/core/src/panic/unwind_safe.rs:272:9
[INFO] [stdout]   37:     0x5623ee4b8f07 - std::panicking::try::do_call::h144b3048b546f835
[INFO] [stdout]                                at /rustc/0e09125c6c3c2fd70d7de961bcf0e51575235fad/library/std/src/panicking.rs:552:40
[INFO] [stdout]   38:     0x5623ee4b8f07 - std::panicking::try::h978244d04646189f
[INFO] [stdout]                                at /rustc/0e09125c6c3c2fd70d7de961bcf0e51575235fad/library/std/src/panicking.rs:516:19
[INFO] [stdout]   39:     0x5623ee4b8f07 - std::panic::catch_unwind::hdf436369d188fe86
[INFO] [stdout]                                at /rustc/0e09125c6c3c2fd70d7de961bcf0e51575235fad/library/std/src/panic.rs:142:14
[INFO] [stdout]   40:     0x5623ee4b8f07 - std::thread::Builder::spawn_unchecked_::{{closure}}::h87329cbdd33c79ec
[INFO] [stdout]                                at /rustc/0e09125c6c3c2fd70d7de961bcf0e51575235fad/library/std/src/thread/mod.rs:528:30
[INFO] [stdout]   41:     0x5623ee4b8f07 - core::ops::function::FnOnce::call_once{{vtable.shim}}::h401abbe67897d450
[INFO] [stdout]                                at /rustc/0e09125c6c3c2fd70d7de961bcf0e51575235fad/library/core/src/ops/function.rs:250:5
[INFO] [stdout]   42:     0x5623ee51d725 - <alloc::boxed::Box<F,A> as core::ops::function::FnOnce<Args>>::call_once::h5d7c8f150ab9c84c
[INFO] [stdout]                                at /rustc/0e09125c6c3c2fd70d7de961bcf0e51575235fad/library/alloc/src/boxed.rs:2015:9
[INFO] [stdout]   43:     0x5623ee51d725 - <alloc::boxed::Box<F,A> as core::ops::function::FnOnce<Args>>::call_once::h570d5b005c242c15
[INFO] [stdout]                                at /rustc/0e09125c6c3c2fd70d7de961bcf0e51575235fad/library/alloc/src/boxed.rs:2015:9
[INFO] [stdout]   44:     0x5623ee51d725 - std::sys::unix::thread::Thread::new::thread_start::h36b0a20c0b2361ad
[INFO] [stdout]                                at /rustc/0e09125c6c3c2fd70d7de961bcf0e51575235fad/library/std/src/sys/unix/thread.rs:108:17
[INFO] [stdout]   45:     0x7f1ed1b27ac3 - <unknown>
[INFO] [stdout]   46:     0x7f1ed1bb8bf4 - __clone
[INFO] [stdout]   47:                0x0 - <unknown>
[INFO] [stdout] 
[INFO] [stdout] 
[INFO] [stdout] failures:
[INFO] [stdout]     tests_day5::test_cargo_storage::it_creates_another_stack
[INFO] [stdout] 
[INFO] [stdout] test result: FAILED. 3 passed; 1 failed; 1 ignored; 0 measured; 0 filtered out; finished in 0.04s
[INFO] [stdout] 
[INFO] running `Command { std: "docker" "inspect" "dec74e601580c6eb46c15bef64ced2b882b41ebe0d0779d37ad47b58b5d50282", kill_on_drop: false }`
[INFO] running `Command { std: "docker" "rm" "-f" "dec74e601580c6eb46c15bef64ced2b882b41ebe0d0779d37ad47b58b5d50282", kill_on_drop: false }`
[INFO] [stdout] dec74e601580c6eb46c15bef64ced2b882b41ebe0d0779d37ad47b58b5d50282
