[INFO] cloning repository https://github.com/Hitrel/agile_web_dev-fibonacci
[INFO] running `Command { std: "git" "-c" "credential.helper=" "-c" "credential.helper=/workspace/cargo-home/bin/git-credential-null" "clone" "--bare" "https://github.com/Hitrel/agile_web_dev-fibonacci" "/workspace/cache/git-repos/https%3A%2F%2Fgithub.com%2FHitrel%2Fagile_web_dev-fibonacci", kill_on_drop: false }`
[INFO] [stderr] Cloning into bare repository '/workspace/cache/git-repos/https%3A%2F%2Fgithub.com%2FHitrel%2Fagile_web_dev-fibonacci'...
[INFO] running `Command { std: "git" "rev-parse" "HEAD", kill_on_drop: false }`
[INFO] [stdout] 20757269d24fd139fa44d9d0b850ddc2d8e3087d
[INFO] testing Hitrel/agile_web_dev-fibonacci against 1.75.0 for beta-1.76-1
[INFO] running `Command { std: "git" "clone" "/workspace/cache/git-repos/https%3A%2F%2Fgithub.com%2FHitrel%2Fagile_web_dev-fibonacci" "/workspace/builds/worker-1-tc1/source", kill_on_drop: false }`
[INFO] [stderr] Cloning into '/workspace/builds/worker-1-tc1/source'...
[INFO] [stderr] done.
[INFO] validating manifest of git repo https://github.com/Hitrel/agile_web_dev-fibonacci on toolchain 1.75.0
[INFO] running `Command { std: CARGO_HOME="/workspace/cargo-home" RUSTUP_HOME="/workspace/rustup-home" "/workspace/cargo-home/bin/cargo" "+1.75.0" "metadata" "--manifest-path" "Cargo.toml" "--no-deps", kill_on_drop: false }`
[INFO] started tweaking git repo https://github.com/Hitrel/agile_web_dev-fibonacci
[INFO] finished tweaking git repo https://github.com/Hitrel/agile_web_dev-fibonacci
[INFO] tweaked toml for git repo https://github.com/Hitrel/agile_web_dev-fibonacci written to /workspace/builds/worker-1-tc1/source/Cargo.toml
[INFO] crate git repo https://github.com/Hitrel/agile_web_dev-fibonacci already has a lockfile, it will not be regenerated
[INFO] running `Command { std: CARGO_HOME="/workspace/cargo-home" RUSTUP_HOME="/workspace/rustup-home" "/workspace/cargo-home/bin/cargo" "+1.75.0" "fetch" "--manifest-path" "Cargo.toml", kill_on_drop: false }`
[INFO] [stderr]     Blocking waiting for file lock on package cache
[ERROR] error running command: no output for 300 seconds
[ERROR] this task or one of its parent failed!
[ERROR] no output for 300 seconds
[ERROR] note: run with `RUST_BACKTRACE=1` to display a backtrace.
[INFO] testing Hitrel/agile_web_dev-fibonacci against beta-2023-12-22 for beta-1.76-1
[INFO] running `Command { std: "git" "clone" "/workspace/cache/git-repos/https%3A%2F%2Fgithub.com%2FHitrel%2Fagile_web_dev-fibonacci" "/workspace/builds/worker-1-tc2/source", kill_on_drop: false }`
[INFO] [stderr] Cloning into '/workspace/builds/worker-1-tc2/source'...
[INFO] [stderr] done.
[INFO] validating manifest of git repo https://github.com/Hitrel/agile_web_dev-fibonacci on toolchain beta-2023-12-22
[INFO] running `Command { std: CARGO_HOME="/workspace/cargo-home" RUSTUP_HOME="/workspace/rustup-home" "/workspace/cargo-home/bin/cargo" "+beta-2023-12-22" "metadata" "--manifest-path" "Cargo.toml" "--no-deps", kill_on_drop: false }`
[INFO] started tweaking git repo https://github.com/Hitrel/agile_web_dev-fibonacci
[INFO] finished tweaking git repo https://github.com/Hitrel/agile_web_dev-fibonacci
[INFO] tweaked toml for git repo https://github.com/Hitrel/agile_web_dev-fibonacci written to /workspace/builds/worker-1-tc2/source/Cargo.toml
[INFO] crate git repo https://github.com/Hitrel/agile_web_dev-fibonacci already has a lockfile, it will not be regenerated
[INFO] running `Command { std: CARGO_HOME="/workspace/cargo-home" RUSTUP_HOME="/workspace/rustup-home" "/workspace/cargo-home/bin/cargo" "+beta-2023-12-22" "fetch" "--manifest-path" "Cargo.toml", kill_on_drop: false }`
[INFO] [stderr]     Blocking waiting for file lock on package cache
[INFO] [stderr]     Blocking waiting for file lock on package cache
[ERROR] error running command: no output for 300 seconds
[INFO] testing Hitrel/agile_web_dev-fibonacci against beta-2023-12-22 for beta-1.76-1
[INFO] running `Command { std: "git" "clone" "/workspace/cache/git-repos/https%3A%2F%2Fgithub.com%2FHitrel%2Fagile_web_dev-fibonacci" "/workspace/builds/worker-1-tc2/source", kill_on_drop: false }`
[INFO] [stderr] Cloning into '/workspace/builds/worker-1-tc2/source'...
[INFO] [stderr] done.
[INFO] validating manifest of git repo https://github.com/Hitrel/agile_web_dev-fibonacci on toolchain beta-2023-12-22
[INFO] running `Command { std: CARGO_HOME="/workspace/cargo-home" RUSTUP_HOME="/workspace/rustup-home" "/workspace/cargo-home/bin/cargo" "+beta-2023-12-22" "metadata" "--manifest-path" "Cargo.toml" "--no-deps", kill_on_drop: false }`
[INFO] started tweaking git repo https://github.com/Hitrel/agile_web_dev-fibonacci
[INFO] finished tweaking git repo https://github.com/Hitrel/agile_web_dev-fibonacci
[INFO] tweaked toml for git repo https://github.com/Hitrel/agile_web_dev-fibonacci written to /workspace/builds/worker-1-tc2/source/Cargo.toml
[INFO] crate git repo https://github.com/Hitrel/agile_web_dev-fibonacci already has a lockfile, it will not be regenerated
[INFO] running `Command { std: CARGO_HOME="/workspace/cargo-home" RUSTUP_HOME="/workspace/rustup-home" "/workspace/cargo-home/bin/cargo" "+beta-2023-12-22" "fetch" "--manifest-path" "Cargo.toml", kill_on_drop: false }`
[INFO] [stderr]     Blocking waiting for file lock on package cache
[INFO] [stderr]     Blocking waiting for file lock on package cache
[INFO] running `Command { std: "docker" "create" "-v" "/var/lib/crater-agent-workspace/builds/worker-1-tc2/target:/opt/rustwide/target:rw,Z" "-v" "/var/lib/crater-agent-workspace/builds/worker-1-tc2/source:/opt/rustwide/workdir:ro,Z" "-v" "/var/lib/crater-agent-workspace/cargo-home:/opt/rustwide/cargo-home:ro,Z" "-v" "/var/lib/crater-agent-workspace/rustup-home:/opt/rustwide/rustup-home:ro,Z" "-e" "SOURCE_DIR=/opt/rustwide/workdir" "-e" "CARGO_TARGET_DIR=/opt/rustwide/target" "-e" "CARGO_HOME=/opt/rustwide/cargo-home" "-e" "RUSTUP_HOME=/opt/rustwide/rustup-home" "-w" "/opt/rustwide/workdir" "-m" "1610612736" "--user" "0:0" "--network" "none" "ghcr.io/rust-lang/crates-build-env/linux@sha256:2788e3201cd34a07e3172128adcd8b3090168a8e3bcc40d7c032b9dda1df7d1c" "/opt/rustwide/cargo-home/bin/cargo" "+beta-2023-12-22" "metadata" "--no-deps" "--format-version=1", kill_on_drop: false }`
[INFO] [stdout] 2be6288425e32a4abe8eadbd1cf2208bdbf06d9edc819fa6e8fbe78a8fcc6ef5
[INFO] running `Command { std: "docker" "start" "-a" "2be6288425e32a4abe8eadbd1cf2208bdbf06d9edc819fa6e8fbe78a8fcc6ef5", kill_on_drop: false }`
[INFO] running `Command { std: "docker" "inspect" "2be6288425e32a4abe8eadbd1cf2208bdbf06d9edc819fa6e8fbe78a8fcc6ef5", kill_on_drop: false }`
[INFO] running `Command { std: "docker" "rm" "-f" "2be6288425e32a4abe8eadbd1cf2208bdbf06d9edc819fa6e8fbe78a8fcc6ef5", kill_on_drop: false }`
[INFO] [stdout] 2be6288425e32a4abe8eadbd1cf2208bdbf06d9edc819fa6e8fbe78a8fcc6ef5
[INFO] running `Command { std: "docker" "create" "-v" "/var/lib/crater-agent-workspace/builds/worker-1-tc2/target:/opt/rustwide/target:rw,Z" "-v" "/var/lib/crater-agent-workspace/builds/worker-1-tc2/source:/opt/rustwide/workdir:ro,Z" "-v" "/var/lib/crater-agent-workspace/cargo-home:/opt/rustwide/cargo-home:ro,Z" "-v" "/var/lib/crater-agent-workspace/rustup-home:/opt/rustwide/rustup-home:ro,Z" "-e" "SOURCE_DIR=/opt/rustwide/workdir" "-e" "CARGO_TARGET_DIR=/opt/rustwide/target" "-e" "CARGO_INCREMENTAL=0" "-e" "RUST_BACKTRACE=full" "-e" "RUSTFLAGS=--cap-lints=warn" "-e" "RUSTDOCFLAGS=--cap-lints=warn" "-e" "CARGO_HOME=/opt/rustwide/cargo-home" "-e" "RUSTUP_HOME=/opt/rustwide/rustup-home" "-w" "/opt/rustwide/workdir" "-m" "1610612736" "--user" "0:0" "--network" "none" "ghcr.io/rust-lang/crates-build-env/linux@sha256:2788e3201cd34a07e3172128adcd8b3090168a8e3bcc40d7c032b9dda1df7d1c" "/opt/rustwide/cargo-home/bin/cargo" "+beta-2023-12-22" "build" "--frozen" "--message-format=json", kill_on_drop: false }`
[INFO] [stdout] 5fbad088ba732658673e50c283da1f0f19c70cbf104336a7aeb0e31ce2040493
[INFO] running `Command { std: "docker" "start" "-a" "5fbad088ba732658673e50c283da1f0f19c70cbf104336a7aeb0e31ce2040493", kill_on_drop: false }`
[INFO] [stderr]    Compiling fibonacci v0.1.0 (/opt/rustwide/workdir)
[INFO] [stdout] warning: unnecessary parentheses around `if` condition
[INFO] [stdout]  --> src/main.rs:9:12
[INFO] [stdout]   |
[INFO] [stdout] 9 |         if (num > 200) {
[INFO] [stdout]   |            ^         ^
[INFO] [stdout]   |
[INFO] [stdout]   = note: `#[warn(unused_parens)]` on by default
[INFO] [stdout] help: remove these parentheses
[INFO] [stdout]   |
[INFO] [stdout] 9 -         if (num > 200) {
[INFO] [stdout] 9 +         if num > 200 {
[INFO] [stdout]   |
[INFO] [stdout] 
[INFO] [stdout] 
[INFO] [stdout] warning: value assigned to `num` is never read
[INFO] [stdout]  --> src/main.rs:5:13
[INFO] [stdout]   |
[INFO] [stdout] 5 |     let mut num = 0;
[INFO] [stdout]   |             ^^^
[INFO] [stdout]   |
[INFO] [stdout]   = help: maybe it is overwritten before being read?
[INFO] [stdout]   = note: `#[warn(unused_assignments)]` on by default
[INFO] [stdout] 
[INFO] [stdout] 
[INFO] [stdout] warning: 2 warnings emitted
[INFO] [stdout] 
[INFO] [stdout] 
[INFO] [stderr]     Finished dev [unoptimized + debuginfo] target(s) in 0.15s
[INFO] running `Command { std: "docker" "inspect" "5fbad088ba732658673e50c283da1f0f19c70cbf104336a7aeb0e31ce2040493", kill_on_drop: false }`
[INFO] running `Command { std: "docker" "rm" "-f" "5fbad088ba732658673e50c283da1f0f19c70cbf104336a7aeb0e31ce2040493", kill_on_drop: false }`
[INFO] [stdout] 5fbad088ba732658673e50c283da1f0f19c70cbf104336a7aeb0e31ce2040493
[INFO] running `Command { std: "docker" "create" "-v" "/var/lib/crater-agent-workspace/builds/worker-1-tc2/target:/opt/rustwide/target:rw,Z" "-v" "/var/lib/crater-agent-workspace/builds/worker-1-tc2/source:/opt/rustwide/workdir:ro,Z" "-v" "/var/lib/crater-agent-workspace/cargo-home:/opt/rustwide/cargo-home:ro,Z" "-v" "/var/lib/crater-agent-workspace/rustup-home:/opt/rustwide/rustup-home:ro,Z" "-e" "SOURCE_DIR=/opt/rustwide/workdir" "-e" "CARGO_TARGET_DIR=/opt/rustwide/target" "-e" "CARGO_INCREMENTAL=0" "-e" "RUST_BACKTRACE=full" "-e" "RUSTFLAGS=--cap-lints=warn" "-e" "RUSTDOCFLAGS=--cap-lints=warn" "-e" "CARGO_HOME=/opt/rustwide/cargo-home" "-e" "RUSTUP_HOME=/opt/rustwide/rustup-home" "-w" "/opt/rustwide/workdir" "-m" "1610612736" "--user" "0:0" "--network" "none" "ghcr.io/rust-lang/crates-build-env/linux@sha256:2788e3201cd34a07e3172128adcd8b3090168a8e3bcc40d7c032b9dda1df7d1c" "/opt/rustwide/cargo-home/bin/cargo" "+beta-2023-12-22" "test" "--frozen" "--no-run" "--message-format=json", kill_on_drop: false }`
[INFO] [stdout] 79742a966014837f82fa88e07d5b52873b1c61b974fd0d94ab690cf8db9a2792
[INFO] running `Command { std: "docker" "start" "-a" "79742a966014837f82fa88e07d5b52873b1c61b974fd0d94ab690cf8db9a2792", kill_on_drop: false }`
[INFO] [stderr]    Compiling fibonacci v0.1.0 (/opt/rustwide/workdir)
[INFO] [stdout] warning: unnecessary parentheses around `if` condition
[INFO] [stdout]  --> src/main.rs:9:12
[INFO] [stdout]   |
[INFO] [stdout] 9 |         if (num > 200) {
[INFO] [stdout]   |            ^         ^
[INFO] [stdout]   |
[INFO] [stdout]   = note: `#[warn(unused_parens)]` on by default
[INFO] [stdout] help: remove these parentheses
[INFO] [stdout]   |
[INFO] [stdout] 9 -         if (num > 200) {
[INFO] [stdout] 9 +         if num > 200 {
[INFO] [stdout]   |
[INFO] [stdout] 
[INFO] [stdout] 
[INFO] [stdout] warning: value assigned to `num` is never read
[INFO] [stdout]  --> src/main.rs:5:13
[INFO] [stdout]   |
[INFO] [stdout] 5 |     let mut num = 0;
[INFO] [stdout]   |             ^^^
[INFO] [stdout]   |
[INFO] [stdout]   = help: maybe it is overwritten before being read?
[INFO] [stdout]   = note: `#[warn(unused_assignments)]` on by default
[INFO] [stdout] 
[INFO] [stdout] 
[INFO] [stdout] warning: 2 warnings emitted
[INFO] [stdout] 
[INFO] [stdout] 
[INFO] [stderr]     Finished test [unoptimized + debuginfo] target(s) in 0.28s
[INFO] running `Command { std: "docker" "inspect" "79742a966014837f82fa88e07d5b52873b1c61b974fd0d94ab690cf8db9a2792", kill_on_drop: false }`
[INFO] running `Command { std: "docker" "rm" "-f" "79742a966014837f82fa88e07d5b52873b1c61b974fd0d94ab690cf8db9a2792", kill_on_drop: false }`
[INFO] [stdout] 79742a966014837f82fa88e07d5b52873b1c61b974fd0d94ab690cf8db9a2792
[INFO] running `Command { std: "docker" "create" "-v" "/var/lib/crater-agent-workspace/builds/worker-1-tc2/target:/opt/rustwide/target:rw,Z" "-v" "/var/lib/crater-agent-workspace/builds/worker-1-tc2/source:/opt/rustwide/workdir:ro,Z" "-v" "/var/lib/crater-agent-workspace/cargo-home:/opt/rustwide/cargo-home:ro,Z" "-v" "/var/lib/crater-agent-workspace/rustup-home:/opt/rustwide/rustup-home:ro,Z" "-e" "SOURCE_DIR=/opt/rustwide/workdir" "-e" "CARGO_TARGET_DIR=/opt/rustwide/target" "-e" "CARGO_INCREMENTAL=0" "-e" "RUST_BACKTRACE=full" "-e" "RUSTFLAGS=--cap-lints=warn" "-e" "RUSTDOCFLAGS=--cap-lints=warn" "-e" "CARGO_HOME=/opt/rustwide/cargo-home" "-e" "RUSTUP_HOME=/opt/rustwide/rustup-home" "-w" "/opt/rustwide/workdir" "-m" "1610612736" "--user" "0:0" "--network" "none" "ghcr.io/rust-lang/crates-build-env/linux@sha256:2788e3201cd34a07e3172128adcd8b3090168a8e3bcc40d7c032b9dda1df7d1c" "/opt/rustwide/cargo-home/bin/cargo" "+beta-2023-12-22" "test" "--frozen", kill_on_drop: false }`
[INFO] [stdout] 6f92167925f32f4d65414f19d9c080b36638a818dd42bb5955dd73c750ffa4f0
[INFO] running `Command { std: "docker" "start" "-a" "6f92167925f32f4d65414f19d9c080b36638a818dd42bb5955dd73c750ffa4f0", kill_on_drop: false }`
[INFO] [stderr] warning: unnecessary parentheses around `if` condition
[INFO] [stderr]  --> src/main.rs:9:12
[INFO] [stderr]   |
[INFO] [stderr] 9 |         if (num > 200) {
[INFO] [stderr]   |            ^         ^
[INFO] [stderr]   |
[INFO] [stderr]   = note: `#[warn(unused_parens)]` on by default
[INFO] [stderr] help: remove these parentheses
[INFO] [stderr]   |
[INFO] [stderr] 9 -         if (num > 200) {
[INFO] [stderr] 9 +         if num > 200 {
[INFO] [stderr]   |
[INFO] [stderr] 
[INFO] [stderr] warning: value assigned to `num` is never read
[INFO] [stderr]  --> src/main.rs:5:13
[INFO] [stderr]   |
[INFO] [stderr] 5 |     let mut num = 0;
[INFO] [stderr]   |             ^^^
[INFO] [stderr]   |
[INFO] [stderr]   = help: maybe it is overwritten before being read?
[INFO] [stderr]   = note: `#[warn(unused_assignments)]` on by default
[INFO] [stderr] 
[INFO] [stderr] warning: `fibonacci` (bin "fibonacci" test) generated 2 warnings (run `cargo fix --bin "fibonacci" --tests` to apply 1 suggestion)
[INFO] [stderr]     Finished test [unoptimized + debuginfo] target(s) in 0.01s
[INFO] [stderr]      Running unittests src/main.rs (/opt/rustwide/target/debug/deps/fibonacci-728889b3e7fd64b9)
[INFO] [stdout] 
[INFO] [stdout] running 0 tests
[INFO] [stdout] 
[INFO] [stdout] test result: ok. 0 passed; 0 failed; 0 ignored; 0 measured; 0 filtered out; finished in 0.00s
[INFO] [stdout] 
[INFO] running `Command { std: "docker" "inspect" "6f92167925f32f4d65414f19d9c080b36638a818dd42bb5955dd73c750ffa4f0", kill_on_drop: false }`
[INFO] running `Command { std: "docker" "rm" "-f" "6f92167925f32f4d65414f19d9c080b36638a818dd42bb5955dd73c750ffa4f0", kill_on_drop: false }`
[INFO] [stdout] 6f92167925f32f4d65414f19d9c080b36638a818dd42bb5955dd73c750ffa4f0
