[INFO] cloning repository https://github.com/HarumiKiyama/kvs
[INFO] running `Command { std: "git" "-c" "credential.helper=" "-c" "credential.helper=/workspace/cargo-home/bin/git-credential-null" "clone" "--bare" "https://github.com/HarumiKiyama/kvs" "/workspace/cache/git-repos/https%3A%2F%2Fgithub.com%2FHarumiKiyama%2Fkvs", kill_on_drop: false }`
[INFO] [stderr] Cloning into bare repository '/workspace/cache/git-repos/https%3A%2F%2Fgithub.com%2FHarumiKiyama%2Fkvs'...
[INFO] running `Command { std: "git" "rev-parse" "HEAD", kill_on_drop: false }`
[INFO] [stdout] cd759889b74619468293c163acc2a12bc43cd1cb
[INFO] testing HarumiKiyama/kvs against 1.75.0 for beta-1.76-1
[INFO] running `Command { std: "git" "clone" "/workspace/cache/git-repos/https%3A%2F%2Fgithub.com%2FHarumiKiyama%2Fkvs" "/workspace/builds/worker-5-tc1/source", kill_on_drop: false }`
[INFO] [stderr] Cloning into '/workspace/builds/worker-5-tc1/source'...
[INFO] [stderr] done.
[INFO] validating manifest of git repo https://github.com/HarumiKiyama/kvs on toolchain 1.75.0
[INFO] running `Command { std: CARGO_HOME="/workspace/cargo-home" RUSTUP_HOME="/workspace/rustup-home" "/workspace/cargo-home/bin/cargo" "+1.75.0" "metadata" "--manifest-path" "Cargo.toml" "--no-deps", kill_on_drop: false }`
[INFO] started tweaking git repo https://github.com/HarumiKiyama/kvs
[INFO] finished tweaking git repo https://github.com/HarumiKiyama/kvs
[INFO] tweaked toml for git repo https://github.com/HarumiKiyama/kvs written to /workspace/builds/worker-5-tc1/source/Cargo.toml
[INFO] crate git repo https://github.com/HarumiKiyama/kvs already has a lockfile, it will not be regenerated
[INFO] running `Command { std: CARGO_HOME="/workspace/cargo-home" RUSTUP_HOME="/workspace/rustup-home" "/workspace/cargo-home/bin/cargo" "+1.75.0" "fetch" "--manifest-path" "Cargo.toml", kill_on_drop: false }`
[INFO] [stderr]     Updating crates.io index
[INFO] [stderr]  Downloading crates ...
[INFO] [stderr]   Downloaded panic-control v0.1.4
[INFO] [stderr]   Downloaded clap v3.2.7
[INFO] running `Command { std: "docker" "create" "-v" "/var/lib/crater-agent-workspace/builds/worker-5-tc1/target:/opt/rustwide/target:rw,Z" "-v" "/var/lib/crater-agent-workspace/builds/worker-5-tc1/source:/opt/rustwide/workdir:ro,Z" "-v" "/var/lib/crater-agent-workspace/cargo-home:/opt/rustwide/cargo-home:ro,Z" "-v" "/var/lib/crater-agent-workspace/rustup-home:/opt/rustwide/rustup-home:ro,Z" "-e" "SOURCE_DIR=/opt/rustwide/workdir" "-e" "CARGO_TARGET_DIR=/opt/rustwide/target" "-e" "CARGO_HOME=/opt/rustwide/cargo-home" "-e" "RUSTUP_HOME=/opt/rustwide/rustup-home" "-w" "/opt/rustwide/workdir" "-m" "1610612736" "--user" "0:0" "--network" "none" "ghcr.io/rust-lang/crates-build-env/linux@sha256:2788e3201cd34a07e3172128adcd8b3090168a8e3bcc40d7c032b9dda1df7d1c" "/opt/rustwide/cargo-home/bin/cargo" "+1.75.0" "metadata" "--no-deps" "--format-version=1", kill_on_drop: false }`
[INFO] [stdout] baa3b92b21895a4b4a3807b58dc34be69a764650473813d411b1299561c5a3c9
[INFO] running `Command { std: "docker" "start" "-a" "baa3b92b21895a4b4a3807b58dc34be69a764650473813d411b1299561c5a3c9", kill_on_drop: false }`
[INFO] running `Command { std: "docker" "inspect" "baa3b92b21895a4b4a3807b58dc34be69a764650473813d411b1299561c5a3c9", kill_on_drop: false }`
[INFO] running `Command { std: "docker" "rm" "-f" "baa3b92b21895a4b4a3807b58dc34be69a764650473813d411b1299561c5a3c9", kill_on_drop: false }`
[INFO] [stdout] baa3b92b21895a4b4a3807b58dc34be69a764650473813d411b1299561c5a3c9
[INFO] running `Command { std: "docker" "create" "-v" "/var/lib/crater-agent-workspace/builds/worker-5-tc1/target:/opt/rustwide/target:rw,Z" "-v" "/var/lib/crater-agent-workspace/builds/worker-5-tc1/source:/opt/rustwide/workdir:ro,Z" "-v" "/var/lib/crater-agent-workspace/cargo-home:/opt/rustwide/cargo-home:ro,Z" "-v" "/var/lib/crater-agent-workspace/rustup-home:/opt/rustwide/rustup-home:ro,Z" "-e" "SOURCE_DIR=/opt/rustwide/workdir" "-e" "CARGO_TARGET_DIR=/opt/rustwide/target" "-e" "CARGO_INCREMENTAL=0" "-e" "RUST_BACKTRACE=full" "-e" "RUSTFLAGS=--cap-lints=warn" "-e" "RUSTDOCFLAGS=--cap-lints=warn" "-e" "CARGO_HOME=/opt/rustwide/cargo-home" "-e" "RUSTUP_HOME=/opt/rustwide/rustup-home" "-w" "/opt/rustwide/workdir" "-m" "1610612736" "--user" "0:0" "--network" "none" "ghcr.io/rust-lang/crates-build-env/linux@sha256:2788e3201cd34a07e3172128adcd8b3090168a8e3bcc40d7c032b9dda1df7d1c" "/opt/rustwide/cargo-home/bin/cargo" "+1.75.0" "build" "--frozen" "--message-format=json", kill_on_drop: false }`
[INFO] [stdout] df571b1a833e4d9d296d1f26b94a5268e81ab09714dfab15d69f3c073d055db9
[INFO] running `Command { std: "docker" "start" "-a" "df571b1a833e4d9d296d1f26b94a5268e81ab09714dfab15d69f3c073d055db9", kill_on_drop: false }`
[INFO] [stderr]    Compiling proc-macro2 v1.0.40
[INFO] [stderr]    Compiling quote v1.0.20
[INFO] [stderr]    Compiling unicode-ident v1.0.1
[INFO] [stderr]    Compiling libc v0.2.126
[INFO] [stderr]    Compiling once_cell v1.12.0
[INFO] [stderr]    Compiling crossbeam-utils v0.8.11
[INFO] [stderr]    Compiling syn v1.0.98
[INFO] [stderr]    Compiling memoffset v0.6.5
[INFO] [stderr]    Compiling scopeguard v1.1.0
[INFO] [stderr]    Compiling crossbeam-epoch v0.9.9
[INFO] [stderr]    Compiling proc-macro-error-attr v1.0.4
[INFO] [stderr]    Compiling memchr v2.5.0
[INFO] [stderr]    Compiling proc-macro-error v1.0.4
[INFO] [stderr]    Compiling lock_api v0.4.7
[INFO] [stderr]    Compiling rayon-core v1.9.3
[INFO] [stderr]    Compiling serde_derive v1.0.137
[INFO] [stderr]    Compiling log v0.4.17
[INFO] [stderr]    Compiling parking_lot_core v0.8.5
[INFO] [stderr]    Compiling instant v0.1.12
[INFO] [stderr]    Compiling indexmap v1.9.1
[INFO] [stderr]    Compiling crc32fast v1.3.2
[INFO] [stderr]    Compiling smallvec v1.9.0
[INFO] [stderr]    Compiling serde v1.0.137
[INFO] [stderr]    Compiling crossbeam-queue v0.3.6
[INFO] [stderr]    Compiling rayon v1.5.3
[INFO] [stderr]    Compiling byteorder v1.4.3
[INFO] [stderr]    Compiling regex-syntax v0.6.26
[INFO] [stderr]    Compiling hashbrown v0.12.1
[INFO] [stderr]    Compiling heck v0.4.0
[INFO] [stderr]    Compiling termcolor v1.1.3
[INFO] [stderr]    Compiling os_str_bytes v6.1.0
[INFO] [stderr]    Compiling serde_json v1.0.82
[INFO] [stderr]    Compiling either v1.7.0
[INFO] [stderr]    Compiling bitflags v1.3.2
[INFO] [stderr]    Compiling strsim v0.10.0
[INFO] [stderr]    Compiling crossbeam-channel v0.5.6
[INFO] [stderr]    Compiling aho-corasick v0.7.18
[INFO] [stderr]    Compiling clap_lex v0.2.4
[INFO] [stderr]    Compiling fxhash v0.2.1
[INFO] [stderr]    Compiling crossbeam-deque v0.8.1
[INFO] [stderr]    Compiling humantime v2.1.0
[INFO] [stderr]    Compiling atty v0.2.14
[INFO] [stderr]    Compiling num_cpus v1.13.1
[INFO] [stderr]    Compiling fs2 v0.4.3
[INFO] [stderr]    Compiling textwrap v0.15.0
[INFO] [stderr]    Compiling itoa v1.0.2
[INFO] [stderr]    Compiling ryu v1.0.10
[INFO] [stderr]    Compiling parking_lot v0.11.2
[INFO] [stderr]    Compiling crossbeam v0.8.2
[INFO] [stderr]    Compiling sled v0.34.7
[INFO] [stderr]    Compiling regex v1.5.6
[INFO] [stderr]    Compiling env_logger v0.9.0
[INFO] [stderr]    Compiling clap_derive v3.2.7
[INFO] [stderr]    Compiling thiserror-impl v1.0.31
[INFO] [stderr]    Compiling thiserror v1.0.31
[INFO] [stderr]    Compiling clap v3.2.7
[INFO] [stderr]    Compiling kvs v0.1.0 (/opt/rustwide/workdir)
[INFO] [stderr]     Finished dev [unoptimized + debuginfo] target(s) in 11.75s
[INFO] running `Command { std: "docker" "inspect" "df571b1a833e4d9d296d1f26b94a5268e81ab09714dfab15d69f3c073d055db9", kill_on_drop: false }`
[INFO] running `Command { std: "docker" "rm" "-f" "df571b1a833e4d9d296d1f26b94a5268e81ab09714dfab15d69f3c073d055db9", kill_on_drop: false }`
[INFO] [stdout] df571b1a833e4d9d296d1f26b94a5268e81ab09714dfab15d69f3c073d055db9
[INFO] running `Command { std: "docker" "create" "-v" "/var/lib/crater-agent-workspace/builds/worker-5-tc1/target:/opt/rustwide/target:rw,Z" "-v" "/var/lib/crater-agent-workspace/builds/worker-5-tc1/source:/opt/rustwide/workdir:ro,Z" "-v" "/var/lib/crater-agent-workspace/cargo-home:/opt/rustwide/cargo-home:ro,Z" "-v" "/var/lib/crater-agent-workspace/rustup-home:/opt/rustwide/rustup-home:ro,Z" "-e" "SOURCE_DIR=/opt/rustwide/workdir" "-e" "CARGO_TARGET_DIR=/opt/rustwide/target" "-e" "CARGO_INCREMENTAL=0" "-e" "RUST_BACKTRACE=full" "-e" "RUSTFLAGS=--cap-lints=warn" "-e" "RUSTDOCFLAGS=--cap-lints=warn" "-e" "CARGO_HOME=/opt/rustwide/cargo-home" "-e" "RUSTUP_HOME=/opt/rustwide/rustup-home" "-w" "/opt/rustwide/workdir" "-m" "1610612736" "--user" "0:0" "--network" "none" "ghcr.io/rust-lang/crates-build-env/linux@sha256:2788e3201cd34a07e3172128adcd8b3090168a8e3bcc40d7c032b9dda1df7d1c" "/opt/rustwide/cargo-home/bin/cargo" "+1.75.0" "test" "--frozen" "--no-run" "--message-format=json", kill_on_drop: false }`
[INFO] [stdout] 9d99447581d18f96017bf051b196382272c7a433d8e23688d1ba4ff341f6fc7f
[INFO] running `Command { std: "docker" "start" "-a" "9d99447581d18f96017bf051b196382272c7a433d8e23688d1ba4ff341f6fc7f", kill_on_drop: false }`
[INFO] [stderr]    Compiling semver v1.0.12
[INFO] [stderr]    Compiling regex-syntax v0.6.26
[INFO] [stderr]    Compiling num-traits v0.2.15
[INFO] [stderr]    Compiling lazy_static v1.4.0
[INFO] [stderr]    Compiling getrandom v0.2.7
[INFO] [stderr]    Compiling unicode-width v0.1.9
[INFO] [stderr]    Compiling escargot v0.4.0
[INFO] [stderr]    Compiling plotters-backend v0.3.4
[INFO] [stderr]    Compiling predicates-core v1.0.3
[INFO] [stderr]    Compiling regex-automata v0.1.10
[INFO] [stderr]    Compiling csv-core v0.1.10
[INFO] [stderr]    Compiling itertools v0.10.3
[INFO] [stderr]    Compiling termtree v0.2.4
[INFO] [stderr]    Compiling normalize-line-endings v0.3.0
[INFO] [stderr]    Compiling itoa v0.4.8
[INFO] [stderr]    Compiling half v1.8.2
[INFO] [stderr]    Compiling textwrap v0.11.0
[INFO] [stderr]    Compiling same-file v1.0.6
[INFO] [stderr]    Compiling difference v2.0.0
[INFO] [stderr]    Compiling rand_core v0.6.3
[INFO] [stderr]    Compiling walkdir v2.3.2
[INFO] [stderr]    Compiling predicates-tree v1.0.5
[INFO] [stderr]    Compiling clap v2.34.0
[INFO] [stderr]    Compiling tinytemplate v1.2.1
[INFO] [stderr]    Compiling bstr v0.2.17
[INFO] [stderr]    Compiling plotters-svg v0.3.2
[INFO] [stderr]    Compiling serde_cbor v0.11.2
[INFO] [stderr]    Compiling rand_chacha v0.3.1
[INFO] [stderr]    Compiling fastrand v1.7.0
[INFO] [stderr]    Compiling cast v0.3.0
[INFO] [stderr]    Compiling oorandom v11.1.3
[INFO] [stderr]    Compiling remove_dir_all v0.5.3
[INFO] [stderr]    Compiling panic-control v0.1.4
[INFO] [stderr]    Compiling tempfile v3.3.0
[INFO] [stderr]    Compiling rand v0.8.5
[INFO] [stderr]    Compiling rustc_version v0.4.0
[INFO] [stderr]    Compiling csv v1.1.6
[INFO] [stderr]    Compiling cast v0.2.7
[INFO] [stderr]    Compiling float-cmp v0.8.0
[INFO] [stderr]    Compiling plotters v0.3.2
[INFO] [stderr]    Compiling criterion-plot v0.4.4
[INFO] [stderr]    Compiling regex v1.5.6
[INFO] [stderr]    Compiling env_logger v0.9.0
[INFO] [stderr]    Compiling predicates v1.0.8
[INFO] [stderr]    Compiling criterion v0.3.6
[INFO] [stderr]    Compiling kvs v0.1.0 (/opt/rustwide/workdir)
[INFO] [stderr]    Compiling assert_cmd v0.11.1
[INFO] [stderr]     Finished test [unoptimized + debuginfo] target(s) in 6.45s
[INFO] running `Command { std: "docker" "inspect" "9d99447581d18f96017bf051b196382272c7a433d8e23688d1ba4ff341f6fc7f", kill_on_drop: false }`
[INFO] running `Command { std: "docker" "rm" "-f" "9d99447581d18f96017bf051b196382272c7a433d8e23688d1ba4ff341f6fc7f", kill_on_drop: false }`
[INFO] [stdout] 9d99447581d18f96017bf051b196382272c7a433d8e23688d1ba4ff341f6fc7f
[INFO] running `Command { std: "docker" "create" "-v" "/var/lib/crater-agent-workspace/builds/worker-5-tc1/target:/opt/rustwide/target:rw,Z" "-v" "/var/lib/crater-agent-workspace/builds/worker-5-tc1/source:/opt/rustwide/workdir:ro,Z" "-v" "/var/lib/crater-agent-workspace/cargo-home:/opt/rustwide/cargo-home:ro,Z" "-v" "/var/lib/crater-agent-workspace/rustup-home:/opt/rustwide/rustup-home:ro,Z" "-e" "SOURCE_DIR=/opt/rustwide/workdir" "-e" "CARGO_TARGET_DIR=/opt/rustwide/target" "-e" "CARGO_INCREMENTAL=0" "-e" "RUST_BACKTRACE=full" "-e" "RUSTFLAGS=--cap-lints=warn" "-e" "RUSTDOCFLAGS=--cap-lints=warn" "-e" "CARGO_HOME=/opt/rustwide/cargo-home" "-e" "RUSTUP_HOME=/opt/rustwide/rustup-home" "-w" "/opt/rustwide/workdir" "-m" "1610612736" "--user" "0:0" "--network" "none" "ghcr.io/rust-lang/crates-build-env/linux@sha256:2788e3201cd34a07e3172128adcd8b3090168a8e3bcc40d7c032b9dda1df7d1c" "/opt/rustwide/cargo-home/bin/cargo" "+1.75.0" "test" "--frozen", kill_on_drop: false }`
[INFO] [stdout] 1612cbf3fa5fa530ed0bfa4dfe8439dd3c3b6d1f19988ed2ce5948cfe831686f
[INFO] running `Command { std: "docker" "start" "-a" "1612cbf3fa5fa530ed0bfa4dfe8439dd3c3b6d1f19988ed2ce5948cfe831686f", kill_on_drop: false }`
[INFO] [stderr]     Finished test [unoptimized + debuginfo] target(s) in 0.07s
[INFO] [stderr]      Running unittests src/lib.rs (/opt/rustwide/target/debug/deps/kvs-1f8dc425dd777eda)
[INFO] [stdout] 
[INFO] [stdout] running 0 tests
[INFO] [stdout] 
[INFO] [stdout] test result: ok. 0 passed; 0 failed; 0 ignored; 0 measured; 0 filtered out; finished in 0.00s
[INFO] [stdout] 
[INFO] [stderr]      Running unittests src/bin/kvs-client.rs (/opt/rustwide/target/debug/deps/kvs_client-489f532fc698aaae)
[INFO] [stdout] 
[INFO] [stdout] running 0 tests
[INFO] [stdout] 
[INFO] [stdout] test result: ok. 0 passed; 0 failed; 0 ignored; 0 measured; 0 filtered out; finished in 0.00s
[INFO] [stdout] 
[INFO] [stderr]      Running unittests src/bin/kvs-server.rs (/opt/rustwide/target/debug/deps/kvs_server-b4ba1b673587f797)
[INFO] [stdout] 
[INFO] [stdout] running 0 tests
[INFO] [stdout] 
[INFO] [stdout] test result: ok. 0 passed; 0 failed; 0 ignored; 0 measured; 0 filtered out; finished in 0.00s
[INFO] [stdout] 
[INFO] [stderr]      Running tests/cli.rs (/opt/rustwide/target/debug/deps/cli-c622defe64b56a72)
[INFO] [stdout] 
[INFO] [stdout] running 11 tests
[INFO] [stderr] [2024-01-05T13:53:55Z ERROR kvs_server] version: 0.1.0
[INFO] [stderr]      engine: Sled
[INFO] [stderr]      addr: 127.0.0.1:4002
[INFO] [stderr] [2024-01-05T13:53:55Z ERROR kvs_server] version: 0.1.0
[INFO] [stderr]      engine: Kvs
[INFO] [stderr]      addr: 127.0.0.1:4004
[INFO] [stderr] [2024-01-05T13:53:55Z ERROR kvs_server] version: 0.1.0
[INFO] [stderr]      engine: Sled
[INFO] [stderr]      addr: 127.0.0.1:4005
[INFO] [stdout] test client_cli_invalid_subcommand ... ok
[INFO] [stdout] test client_cli_version ... ok
[INFO] [stdout] test server_cli_version ... ok
[INFO] [stdout] test client_cli_invalid_get ... ok
[INFO] [stdout] test client_cli_invalid_rm ... ok
[INFO] [stdout] test client_cli_invalid_set ... ok
[INFO] [stdout] test client_cli_no_args ... ok
[INFO] [stdout] test cli_log_configuration ... ok
[INFO] [stderr] [2024-01-05T13:53:56Z ERROR kvs_server] version: 0.1.0
[INFO] [stderr]      engine: Sled
[INFO] [stderr]      addr: 127.0.0.1:4005
[INFO] [stderr] Error: Sled(Io(Custom { kind: Other, error: "could not acquire lock on \"/tmp/.tmpyoiEK7/db\": Os { code: 11, kind: WouldBlock, message: \"Resource temporarily unavailable\" }" }))
[INFO] [stderr] [2024-01-05T13:53:56Z ERROR kvs_server] version: 0.1.0
[INFO] [stderr]      engine: Kvs
[INFO] [stderr]      addr: 127.0.0.1:4004
[INFO] [stderr] [2024-01-05T13:53:56Z ERROR kvs_server] version: 0.1.0
[INFO] [stderr]      engine: Kvs
[INFO] [stderr]      addr: 127.0.0.1:4002
[INFO] [stdout] test cli_access_server_kvs_engine ... ok
[INFO] [stdout] test cli_access_server_sled_engine ... FAILED
[INFO] [stdout] test cli_wrong_engine has been running for over 60 seconds
[ERROR] error running command: no output for 300 seconds
[INFO] running `Command { std: "docker" "inspect" "1612cbf3fa5fa530ed0bfa4dfe8439dd3c3b6d1f19988ed2ce5948cfe831686f", kill_on_drop: false }`
[INFO] running `Command { std: "docker" "rm" "-f" "1612cbf3fa5fa530ed0bfa4dfe8439dd3c3b6d1f19988ed2ce5948cfe831686f", kill_on_drop: false }`
[INFO] [stdout] 1612cbf3fa5fa530ed0bfa4dfe8439dd3c3b6d1f19988ed2ce5948cfe831686f
[INFO] testing HarumiKiyama/kvs against beta-2023-12-22 for beta-1.76-1
[INFO] running `Command { std: "git" "clone" "/workspace/cache/git-repos/https%3A%2F%2Fgithub.com%2FHarumiKiyama%2Fkvs" "/workspace/builds/worker-5-tc2/source", kill_on_drop: false }`
[INFO] [stderr] Cloning into '/workspace/builds/worker-5-tc2/source'...
[INFO] [stderr] done.
[INFO] validating manifest of git repo https://github.com/HarumiKiyama/kvs on toolchain beta-2023-12-22
[INFO] running `Command { std: CARGO_HOME="/workspace/cargo-home" RUSTUP_HOME="/workspace/rustup-home" "/workspace/cargo-home/bin/cargo" "+beta-2023-12-22" "metadata" "--manifest-path" "Cargo.toml" "--no-deps", kill_on_drop: false }`
[INFO] started tweaking git repo https://github.com/HarumiKiyama/kvs
[INFO] finished tweaking git repo https://github.com/HarumiKiyama/kvs
[INFO] tweaked toml for git repo https://github.com/HarumiKiyama/kvs written to /workspace/builds/worker-5-tc2/source/Cargo.toml
[INFO] crate git repo https://github.com/HarumiKiyama/kvs already has a lockfile, it will not be regenerated
[INFO] running `Command { std: CARGO_HOME="/workspace/cargo-home" RUSTUP_HOME="/workspace/rustup-home" "/workspace/cargo-home/bin/cargo" "+beta-2023-12-22" "fetch" "--manifest-path" "Cargo.toml", kill_on_drop: false }`
[INFO] [stderr]     Blocking waiting for file lock on package cache
[ERROR] error running command: no output for 300 seconds
[INFO] testing HarumiKiyama/kvs against beta-2023-12-22 for beta-1.76-1
[INFO] running `Command { std: "git" "clone" "/workspace/cache/git-repos/https%3A%2F%2Fgithub.com%2FHarumiKiyama%2Fkvs" "/workspace/builds/worker-5-tc2/source", kill_on_drop: false }`
[INFO] [stderr] Cloning into '/workspace/builds/worker-5-tc2/source'...
[INFO] [stderr] done.
[INFO] validating manifest of git repo https://github.com/HarumiKiyama/kvs on toolchain beta-2023-12-22
[INFO] running `Command { std: CARGO_HOME="/workspace/cargo-home" RUSTUP_HOME="/workspace/rustup-home" "/workspace/cargo-home/bin/cargo" "+beta-2023-12-22" "metadata" "--manifest-path" "Cargo.toml" "--no-deps", kill_on_drop: false }`
[INFO] started tweaking git repo https://github.com/HarumiKiyama/kvs
[INFO] finished tweaking git repo https://github.com/HarumiKiyama/kvs
[INFO] tweaked toml for git repo https://github.com/HarumiKiyama/kvs written to /workspace/builds/worker-5-tc2/source/Cargo.toml
[INFO] crate git repo https://github.com/HarumiKiyama/kvs already has a lockfile, it will not be regenerated
[INFO] running `Command { std: CARGO_HOME="/workspace/cargo-home" RUSTUP_HOME="/workspace/rustup-home" "/workspace/cargo-home/bin/cargo" "+beta-2023-12-22" "fetch" "--manifest-path" "Cargo.toml", kill_on_drop: false }`
[INFO] [stderr]     Blocking waiting for file lock on package cache
[INFO] [stderr]     Blocking waiting for file lock on package cache
[ERROR] error running command: no output for 300 seconds
[INFO] testing HarumiKiyama/kvs against beta-2023-12-22 for beta-1.76-1
[INFO] running `Command { std: "git" "clone" "/workspace/cache/git-repos/https%3A%2F%2Fgithub.com%2FHarumiKiyama%2Fkvs" "/workspace/builds/worker-5-tc2/source", kill_on_drop: false }`
[INFO] [stderr] Cloning into '/workspace/builds/worker-5-tc2/source'...
[INFO] [stderr] done.
[INFO] validating manifest of git repo https://github.com/HarumiKiyama/kvs on toolchain beta-2023-12-22
[INFO] running `Command { std: CARGO_HOME="/workspace/cargo-home" RUSTUP_HOME="/workspace/rustup-home" "/workspace/cargo-home/bin/cargo" "+beta-2023-12-22" "metadata" "--manifest-path" "Cargo.toml" "--no-deps", kill_on_drop: false }`
[INFO] started tweaking git repo https://github.com/HarumiKiyama/kvs
[INFO] finished tweaking git repo https://github.com/HarumiKiyama/kvs
[INFO] tweaked toml for git repo https://github.com/HarumiKiyama/kvs written to /workspace/builds/worker-5-tc2/source/Cargo.toml
[INFO] crate git repo https://github.com/HarumiKiyama/kvs already has a lockfile, it will not be regenerated
[INFO] running `Command { std: CARGO_HOME="/workspace/cargo-home" RUSTUP_HOME="/workspace/rustup-home" "/workspace/cargo-home/bin/cargo" "+beta-2023-12-22" "fetch" "--manifest-path" "Cargo.toml", kill_on_drop: false }`
[INFO] [stderr]     Blocking waiting for file lock on package cache
[INFO] [stderr]     Blocking waiting for file lock on package cache
[ERROR] error running command: no output for 300 seconds
[INFO] testing HarumiKiyama/kvs against beta-2023-12-22 for beta-1.76-1
[INFO] running `Command { std: "git" "clone" "/workspace/cache/git-repos/https%3A%2F%2Fgithub.com%2FHarumiKiyama%2Fkvs" "/workspace/builds/worker-5-tc2/source", kill_on_drop: false }`
[INFO] [stderr] Cloning into '/workspace/builds/worker-5-tc2/source'...
[INFO] [stderr] done.
[INFO] validating manifest of git repo https://github.com/HarumiKiyama/kvs on toolchain beta-2023-12-22
[INFO] running `Command { std: CARGO_HOME="/workspace/cargo-home" RUSTUP_HOME="/workspace/rustup-home" "/workspace/cargo-home/bin/cargo" "+beta-2023-12-22" "metadata" "--manifest-path" "Cargo.toml" "--no-deps", kill_on_drop: false }`
[INFO] started tweaking git repo https://github.com/HarumiKiyama/kvs
[INFO] finished tweaking git repo https://github.com/HarumiKiyama/kvs
[INFO] tweaked toml for git repo https://github.com/HarumiKiyama/kvs written to /workspace/builds/worker-5-tc2/source/Cargo.toml
[INFO] crate git repo https://github.com/HarumiKiyama/kvs already has a lockfile, it will not be regenerated
[INFO] running `Command { std: CARGO_HOME="/workspace/cargo-home" RUSTUP_HOME="/workspace/rustup-home" "/workspace/cargo-home/bin/cargo" "+beta-2023-12-22" "fetch" "--manifest-path" "Cargo.toml", kill_on_drop: false }`
[INFO] [stderr]     Blocking waiting for file lock on package cache
[INFO] [stderr]     Blocking waiting for file lock on package cache
[ERROR] error running command: no output for 300 seconds
[INFO] testing HarumiKiyama/kvs against beta-2023-12-22 for beta-1.76-1
[INFO] running `Command { std: "git" "clone" "/workspace/cache/git-repos/https%3A%2F%2Fgithub.com%2FHarumiKiyama%2Fkvs" "/workspace/builds/worker-5-tc2/source", kill_on_drop: false }`
[INFO] [stderr] Cloning into '/workspace/builds/worker-5-tc2/source'...
[INFO] [stderr] done.
[INFO] validating manifest of git repo https://github.com/HarumiKiyama/kvs on toolchain beta-2023-12-22
[INFO] running `Command { std: CARGO_HOME="/workspace/cargo-home" RUSTUP_HOME="/workspace/rustup-home" "/workspace/cargo-home/bin/cargo" "+beta-2023-12-22" "metadata" "--manifest-path" "Cargo.toml" "--no-deps", kill_on_drop: false }`
[INFO] started tweaking git repo https://github.com/HarumiKiyama/kvs
[INFO] finished tweaking git repo https://github.com/HarumiKiyama/kvs
[INFO] tweaked toml for git repo https://github.com/HarumiKiyama/kvs written to /workspace/builds/worker-5-tc2/source/Cargo.toml
[INFO] crate git repo https://github.com/HarumiKiyama/kvs already has a lockfile, it will not be regenerated
[INFO] running `Command { std: CARGO_HOME="/workspace/cargo-home" RUSTUP_HOME="/workspace/rustup-home" "/workspace/cargo-home/bin/cargo" "+beta-2023-12-22" "fetch" "--manifest-path" "Cargo.toml", kill_on_drop: false }`
[INFO] [stderr]     Blocking waiting for file lock on package cache
[INFO] [stderr]     Blocking waiting for file lock on package cache
[ERROR] error running command: no output for 300 seconds
[ERROR] this task or one of its parent failed!
[ERROR] no output for 300 seconds
[ERROR] note: run with `RUST_BACKTRACE=1` to display a backtrace.
