[INFO] cloning repository https://github.com/Grollicus/geoclue_fake
[INFO] running `Command { std: "git" "-c" "credential.helper=" "-c" "credential.helper=/workspace/cargo-home/bin/git-credential-null" "clone" "--bare" "https://github.com/Grollicus/geoclue_fake" "/workspace/cache/git-repos/https%3A%2F%2Fgithub.com%2FGrollicus%2Fgeoclue_fake", kill_on_drop: false }`
[INFO] [stderr] Cloning into bare repository '/workspace/cache/git-repos/https%3A%2F%2Fgithub.com%2FGrollicus%2Fgeoclue_fake'...
[INFO] running `Command { std: "git" "rev-parse" "HEAD", kill_on_drop: false }`
[INFO] [stdout] 0d7f9aaa3ef41f67e26af05d39a0b5e83cb5bb31
[INFO] testing Grollicus/geoclue_fake against 1.75.0 for beta-1.76-1
[INFO] running `Command { std: "git" "clone" "/workspace/cache/git-repos/https%3A%2F%2Fgithub.com%2FGrollicus%2Fgeoclue_fake" "/workspace/builds/worker-2-tc1/source", kill_on_drop: false }`
[INFO] [stderr] Cloning into '/workspace/builds/worker-2-tc1/source'...
[INFO] [stderr] done.
[INFO] validating manifest of git repo https://github.com/Grollicus/geoclue_fake on toolchain 1.75.0
[INFO] running `Command { std: CARGO_HOME="/workspace/cargo-home" RUSTUP_HOME="/workspace/rustup-home" "/workspace/cargo-home/bin/cargo" "+1.75.0" "metadata" "--manifest-path" "Cargo.toml" "--no-deps", kill_on_drop: false }`
[INFO] started tweaking git repo https://github.com/Grollicus/geoclue_fake
[INFO] finished tweaking git repo https://github.com/Grollicus/geoclue_fake
[INFO] tweaked toml for git repo https://github.com/Grollicus/geoclue_fake written to /workspace/builds/worker-2-tc1/source/Cargo.toml
[INFO] crate git repo https://github.com/Grollicus/geoclue_fake already has a lockfile, it will not be regenerated
[INFO] running `Command { std: CARGO_HOME="/workspace/cargo-home" RUSTUP_HOME="/workspace/rustup-home" "/workspace/cargo-home/bin/cargo" "+1.75.0" "fetch" "--manifest-path" "Cargo.toml", kill_on_drop: false }`
[INFO] [stderr]     Blocking waiting for file lock on package cache
[ERROR] error running command: no output for 300 seconds
[ERROR] this task or one of its parent failed!
[ERROR] no output for 300 seconds
[ERROR] note: run with `RUST_BACKTRACE=1` to display a backtrace.
[INFO] testing Grollicus/geoclue_fake against beta-2023-12-22 for beta-1.76-1
[INFO] running `Command { std: "git" "clone" "/workspace/cache/git-repos/https%3A%2F%2Fgithub.com%2FGrollicus%2Fgeoclue_fake" "/workspace/builds/worker-2-tc2/source", kill_on_drop: false }`
[INFO] [stderr] Cloning into '/workspace/builds/worker-2-tc2/source'...
[INFO] [stderr] done.
[INFO] validating manifest of git repo https://github.com/Grollicus/geoclue_fake on toolchain beta-2023-12-22
[INFO] running `Command { std: CARGO_HOME="/workspace/cargo-home" RUSTUP_HOME="/workspace/rustup-home" "/workspace/cargo-home/bin/cargo" "+beta-2023-12-22" "metadata" "--manifest-path" "Cargo.toml" "--no-deps", kill_on_drop: false }`
[INFO] started tweaking git repo https://github.com/Grollicus/geoclue_fake
[INFO] finished tweaking git repo https://github.com/Grollicus/geoclue_fake
[INFO] tweaked toml for git repo https://github.com/Grollicus/geoclue_fake written to /workspace/builds/worker-2-tc2/source/Cargo.toml
[INFO] crate git repo https://github.com/Grollicus/geoclue_fake already has a lockfile, it will not be regenerated
[INFO] running `Command { std: CARGO_HOME="/workspace/cargo-home" RUSTUP_HOME="/workspace/rustup-home" "/workspace/cargo-home/bin/cargo" "+beta-2023-12-22" "fetch" "--manifest-path" "Cargo.toml", kill_on_drop: false }`
[INFO] [stderr]     Blocking waiting for file lock on package cache
[INFO] [stderr]     Blocking waiting for file lock on package cache
[INFO] [stderr]  Downloading crates ...
[INFO] [stderr]   Downloaded dbus v0.8.4
[INFO] [stderr]   Downloaded libdbus-sys v0.2.1
[INFO] [stderr]   Downloaded dbus-crossroads v0.2.2
[INFO] running `Command { std: "docker" "create" "-v" "/var/lib/crater-agent-workspace/builds/worker-2-tc2/target:/opt/rustwide/target:rw,Z" "-v" "/var/lib/crater-agent-workspace/builds/worker-2-tc2/source:/opt/rustwide/workdir:ro,Z" "-v" "/var/lib/crater-agent-workspace/cargo-home:/opt/rustwide/cargo-home:ro,Z" "-v" "/var/lib/crater-agent-workspace/rustup-home:/opt/rustwide/rustup-home:ro,Z" "-e" "SOURCE_DIR=/opt/rustwide/workdir" "-e" "CARGO_TARGET_DIR=/opt/rustwide/target" "-e" "CARGO_HOME=/opt/rustwide/cargo-home" "-e" "RUSTUP_HOME=/opt/rustwide/rustup-home" "-w" "/opt/rustwide/workdir" "-m" "1610612736" "--user" "0:0" "--network" "none" "ghcr.io/rust-lang/crates-build-env/linux@sha256:2788e3201cd34a07e3172128adcd8b3090168a8e3bcc40d7c032b9dda1df7d1c" "/opt/rustwide/cargo-home/bin/cargo" "+beta-2023-12-22" "metadata" "--no-deps" "--format-version=1", kill_on_drop: false }`
[INFO] [stdout] d38b3b70f82270c989ba1d6c2c9f04e9b768bcf4e90c0ae3da635f0c47ee0ac3
[INFO] running `Command { std: "docker" "start" "-a" "d38b3b70f82270c989ba1d6c2c9f04e9b768bcf4e90c0ae3da635f0c47ee0ac3", kill_on_drop: false }`
[INFO] running `Command { std: "docker" "inspect" "d38b3b70f82270c989ba1d6c2c9f04e9b768bcf4e90c0ae3da635f0c47ee0ac3", kill_on_drop: false }`
[INFO] running `Command { std: "docker" "rm" "-f" "d38b3b70f82270c989ba1d6c2c9f04e9b768bcf4e90c0ae3da635f0c47ee0ac3", kill_on_drop: false }`
[INFO] [stdout] d38b3b70f82270c989ba1d6c2c9f04e9b768bcf4e90c0ae3da635f0c47ee0ac3
[INFO] running `Command { std: "docker" "create" "-v" "/var/lib/crater-agent-workspace/builds/worker-2-tc2/target:/opt/rustwide/target:rw,Z" "-v" "/var/lib/crater-agent-workspace/builds/worker-2-tc2/source:/opt/rustwide/workdir:ro,Z" "-v" "/var/lib/crater-agent-workspace/cargo-home:/opt/rustwide/cargo-home:ro,Z" "-v" "/var/lib/crater-agent-workspace/rustup-home:/opt/rustwide/rustup-home:ro,Z" "-e" "SOURCE_DIR=/opt/rustwide/workdir" "-e" "CARGO_TARGET_DIR=/opt/rustwide/target" "-e" "CARGO_INCREMENTAL=0" "-e" "RUST_BACKTRACE=full" "-e" "RUSTFLAGS=--cap-lints=warn" "-e" "RUSTDOCFLAGS=--cap-lints=warn" "-e" "CARGO_HOME=/opt/rustwide/cargo-home" "-e" "RUSTUP_HOME=/opt/rustwide/rustup-home" "-w" "/opt/rustwide/workdir" "-m" "1610612736" "--user" "0:0" "--network" "none" "ghcr.io/rust-lang/crates-build-env/linux@sha256:2788e3201cd34a07e3172128adcd8b3090168a8e3bcc40d7c032b9dda1df7d1c" "/opt/rustwide/cargo-home/bin/cargo" "+beta-2023-12-22" "build" "--frozen" "--message-format=json", kill_on_drop: false }`
[INFO] [stdout] d151de6c5d101a82f3d0e0f2a0566887f7c714678b7aaa3203e19eec9c44a4d8
[INFO] running `Command { std: "docker" "start" "-a" "d151de6c5d101a82f3d0e0f2a0566887f7c714678b7aaa3203e19eec9c44a4d8", kill_on_drop: false }`
[INFO] [stderr]    Compiling proc-macro2 v1.0.23
[INFO] [stderr]    Compiling unicode-xid v0.2.1
[INFO] [stderr]    Compiling syn v1.0.42
[INFO] [stderr]    Compiling pkg-config v0.3.14
[INFO] [stderr]    Compiling libc v0.2.77
[INFO] [stderr]    Compiling serde_derive v1.0.116
[INFO] [stderr]    Compiling serde v1.0.116
[INFO] [stderr]    Compiling libdbus-sys v0.2.1
[INFO] [stderr]    Compiling quote v1.0.7
[INFO] [stderr]    Compiling dbus v0.8.4
[INFO] [stderr]    Compiling dbus-crossroads v0.2.2
[INFO] [stderr]    Compiling toml v0.5.6
[INFO] [stderr]    Compiling geoclue_fake v0.1.0 (/opt/rustwide/workdir)
[INFO] [stdout] warning: field `sender` is never read
[INFO] [stdout]   --> src/main.rs:83:5
[INFO] [stdout]    |
[INFO] [stdout] 81 | struct ClientState {
[INFO] [stdout]    |        ----------- field in this struct
[INFO] [stdout] 82 |     client_id: u32,
[INFO] [stdout] 83 |     sender: String,
[INFO] [stdout]    |     ^^^^^^
[INFO] [stdout]    |
[INFO] [stdout]    = note: `#[warn(dead_code)]` on by default
[INFO] [stdout] 
[INFO] [stdout] 
[INFO] [stdout] warning: 1 warning emitted
[INFO] [stdout] 
[INFO] [stdout] 
[INFO] [stderr]     Finished dev [unoptimized + debuginfo] target(s) in 9.32s
[INFO] running `Command { std: "docker" "inspect" "d151de6c5d101a82f3d0e0f2a0566887f7c714678b7aaa3203e19eec9c44a4d8", kill_on_drop: false }`
[INFO] running `Command { std: "docker" "rm" "-f" "d151de6c5d101a82f3d0e0f2a0566887f7c714678b7aaa3203e19eec9c44a4d8", kill_on_drop: false }`
[INFO] [stdout] d151de6c5d101a82f3d0e0f2a0566887f7c714678b7aaa3203e19eec9c44a4d8
[INFO] running `Command { std: "docker" "create" "-v" "/var/lib/crater-agent-workspace/builds/worker-2-tc2/target:/opt/rustwide/target:rw,Z" "-v" "/var/lib/crater-agent-workspace/builds/worker-2-tc2/source:/opt/rustwide/workdir:ro,Z" "-v" "/var/lib/crater-agent-workspace/cargo-home:/opt/rustwide/cargo-home:ro,Z" "-v" "/var/lib/crater-agent-workspace/rustup-home:/opt/rustwide/rustup-home:ro,Z" "-e" "SOURCE_DIR=/opt/rustwide/workdir" "-e" "CARGO_TARGET_DIR=/opt/rustwide/target" "-e" "CARGO_INCREMENTAL=0" "-e" "RUST_BACKTRACE=full" "-e" "RUSTFLAGS=--cap-lints=warn" "-e" "RUSTDOCFLAGS=--cap-lints=warn" "-e" "CARGO_HOME=/opt/rustwide/cargo-home" "-e" "RUSTUP_HOME=/opt/rustwide/rustup-home" "-w" "/opt/rustwide/workdir" "-m" "1610612736" "--user" "0:0" "--network" "none" "ghcr.io/rust-lang/crates-build-env/linux@sha256:2788e3201cd34a07e3172128adcd8b3090168a8e3bcc40d7c032b9dda1df7d1c" "/opt/rustwide/cargo-home/bin/cargo" "+beta-2023-12-22" "test" "--frozen" "--no-run" "--message-format=json", kill_on_drop: false }`
[INFO] [stdout] b8171929d8a247fcb9337478a1b64c8c5a494b11c97b370b777e764f6b449df6
[INFO] running `Command { std: "docker" "start" "-a" "b8171929d8a247fcb9337478a1b64c8c5a494b11c97b370b777e764f6b449df6", kill_on_drop: false }`
[INFO] [stderr]    Compiling geoclue_fake v0.1.0 (/opt/rustwide/workdir)
[INFO] [stdout] warning: field `sender` is never read
[INFO] [stdout]   --> src/main.rs:83:5
[INFO] [stdout]    |
[INFO] [stdout] 81 | struct ClientState {
[INFO] [stdout]    |        ----------- field in this struct
[INFO] [stdout] 82 |     client_id: u32,
[INFO] [stdout] 83 |     sender: String,
[INFO] [stdout]    |     ^^^^^^
[INFO] [stdout]    |
[INFO] [stdout]    = note: `#[warn(dead_code)]` on by default
[INFO] [stdout] 
[INFO] [stdout] 
[INFO] [stdout] warning: 1 warning emitted
[INFO] [stdout] 
[INFO] [stdout] 
[INFO] [stderr]     Finished test [unoptimized + debuginfo] target(s) in 0.32s
[INFO] running `Command { std: "docker" "inspect" "b8171929d8a247fcb9337478a1b64c8c5a494b11c97b370b777e764f6b449df6", kill_on_drop: false }`
[INFO] running `Command { std: "docker" "rm" "-f" "b8171929d8a247fcb9337478a1b64c8c5a494b11c97b370b777e764f6b449df6", kill_on_drop: false }`
[INFO] [stdout] b8171929d8a247fcb9337478a1b64c8c5a494b11c97b370b777e764f6b449df6
[INFO] running `Command { std: "docker" "create" "-v" "/var/lib/crater-agent-workspace/builds/worker-2-tc2/target:/opt/rustwide/target:rw,Z" "-v" "/var/lib/crater-agent-workspace/builds/worker-2-tc2/source:/opt/rustwide/workdir:ro,Z" "-v" "/var/lib/crater-agent-workspace/cargo-home:/opt/rustwide/cargo-home:ro,Z" "-v" "/var/lib/crater-agent-workspace/rustup-home:/opt/rustwide/rustup-home:ro,Z" "-e" "SOURCE_DIR=/opt/rustwide/workdir" "-e" "CARGO_TARGET_DIR=/opt/rustwide/target" "-e" "CARGO_INCREMENTAL=0" "-e" "RUST_BACKTRACE=full" "-e" "RUSTFLAGS=--cap-lints=warn" "-e" "RUSTDOCFLAGS=--cap-lints=warn" "-e" "CARGO_HOME=/opt/rustwide/cargo-home" "-e" "RUSTUP_HOME=/opt/rustwide/rustup-home" "-w" "/opt/rustwide/workdir" "-m" "1610612736" "--user" "0:0" "--network" "none" "ghcr.io/rust-lang/crates-build-env/linux@sha256:2788e3201cd34a07e3172128adcd8b3090168a8e3bcc40d7c032b9dda1df7d1c" "/opt/rustwide/cargo-home/bin/cargo" "+beta-2023-12-22" "test" "--frozen", kill_on_drop: false }`
[INFO] [stdout] 63c8614f128c43e135fc2e2202d3680fcd0e22e78e6572a5914f82817bdce19f
[INFO] running `Command { std: "docker" "start" "-a" "63c8614f128c43e135fc2e2202d3680fcd0e22e78e6572a5914f82817bdce19f", kill_on_drop: false }`
[INFO] [stderr] warning: field `sender` is never read
[INFO] [stderr]   --> src/main.rs:83:5
[INFO] [stderr]    |
[INFO] [stderr] 81 | struct ClientState {
[INFO] [stderr]    |        ----------- field in this struct
[INFO] [stderr] 82 |     client_id: u32,
[INFO] [stderr] 83 |     sender: String,
[INFO] [stderr]    |     ^^^^^^
[INFO] [stderr]    |
[INFO] [stderr]    = note: `#[warn(dead_code)]` on by default
[INFO] [stderr] 
[INFO] [stderr] warning: `geoclue_fake` (bin "geoclue_fake" test) generated 1 warning
[INFO] [stderr]     Finished test [unoptimized + debuginfo] target(s) in 0.01s
[INFO] [stderr]      Running unittests src/main.rs (/opt/rustwide/target/debug/deps/geoclue_fake-a8b6a1691a62f4a0)
[INFO] [stdout] 
[INFO] [stdout] running 0 tests
[INFO] [stdout] 
[INFO] [stdout] test result: ok. 0 passed; 0 failed; 0 ignored; 0 measured; 0 filtered out; finished in 0.00s
[INFO] [stdout] 
[INFO] running `Command { std: "docker" "inspect" "63c8614f128c43e135fc2e2202d3680fcd0e22e78e6572a5914f82817bdce19f", kill_on_drop: false }`
[INFO] running `Command { std: "docker" "rm" "-f" "63c8614f128c43e135fc2e2202d3680fcd0e22e78e6572a5914f82817bdce19f", kill_on_drop: false }`
[INFO] [stdout] 63c8614f128c43e135fc2e2202d3680fcd0e22e78e6572a5914f82817bdce19f
