[INFO] cloning repository https://github.com/BlackBoxMC/blackboxmc-rs
[INFO] running `Command { std: "git" "-c" "credential.helper=" "-c" "credential.helper=/workspace/cargo-home/bin/git-credential-null" "clone" "--bare" "https://github.com/BlackBoxMC/blackboxmc-rs" "/workspace/cache/git-repos/https%3A%2F%2Fgithub.com%2FBlackBoxMC%2Fblackboxmc-rs", kill_on_drop: false }`
[INFO] [stderr] Cloning into bare repository '/workspace/cache/git-repos/https%3A%2F%2Fgithub.com%2FBlackBoxMC%2Fblackboxmc-rs'...
[INFO] running `Command { std: "git" "rev-parse" "HEAD", kill_on_drop: false }`
[INFO] [stdout] 0b6e1fa8ce4abeb828e6537d8ddcec2424f12405
[INFO] testing BlackBoxMC/blackboxmc-rs against 1.75.0 for beta-1.76-1
[INFO] running `Command { std: "git" "clone" "/workspace/cache/git-repos/https%3A%2F%2Fgithub.com%2FBlackBoxMC%2Fblackboxmc-rs" "/workspace/builds/worker-5-tc1/source", kill_on_drop: false }`
[INFO] [stderr] Cloning into '/workspace/builds/worker-5-tc1/source'...
[INFO] [stderr] done.
[INFO] validating manifest of git repo https://github.com/BlackBoxMC/blackboxmc-rs on toolchain 1.75.0
[INFO] running `Command { std: CARGO_HOME="/workspace/cargo-home" RUSTUP_HOME="/workspace/rustup-home" "/workspace/cargo-home/bin/cargo" "+1.75.0" "metadata" "--manifest-path" "Cargo.toml" "--no-deps", kill_on_drop: false }`
[INFO] started tweaking git repo https://github.com/BlackBoxMC/blackboxmc-rs
[INFO] finished tweaking git repo https://github.com/BlackBoxMC/blackboxmc-rs
[INFO] tweaked toml for git repo https://github.com/BlackBoxMC/blackboxmc-rs written to /workspace/builds/worker-5-tc1/source/Cargo.toml
[INFO] crate git repo https://github.com/BlackBoxMC/blackboxmc-rs already has a lockfile, it will not be regenerated
[INFO] running `Command { std: CARGO_HOME="/workspace/cargo-home" RUSTUP_HOME="/workspace/rustup-home" "/workspace/cargo-home/bin/cargo" "+1.75.0" "fetch" "--manifest-path" "Cargo.toml", kill_on_drop: false }`
[INFO] [stderr] warning: profiles for the non root package will be ignored, specify profiles at the workspace root:
[INFO] [stderr] package:   /workspace/builds/worker-5-tc1/source/examples/mc-classic-mode/Cargo.toml
[INFO] [stderr] workspace: /workspace/builds/worker-5-tc1/source/Cargo.toml
[INFO] [stderr] warning: profiles for the non root package will be ignored, specify profiles at the workspace root:
[INFO] [stderr] package:   /workspace/builds/worker-5-tc1/source/examples/block-break-event/Cargo.toml
[INFO] [stderr] workspace: /workspace/builds/worker-5-tc1/source/Cargo.toml
[INFO] [stderr]     Updating crates.io index
[INFO] [stderr]  Downloading crates ...
[INFO] [stderr]   Downloaded yansi v1.0.0-rc
[INFO] [stderr]   Downloaded libffi v3.2.0
[INFO] [stderr]   Downloaded libffi-sys v2.3.0
[INFO] running `Command { std: "docker" "create" "-v" "/var/lib/crater-agent-workspace/builds/worker-5-tc1/target:/opt/rustwide/target:rw,Z" "-v" "/var/lib/crater-agent-workspace/builds/worker-5-tc1/source:/opt/rustwide/workdir:ro,Z" "-v" "/var/lib/crater-agent-workspace/cargo-home:/opt/rustwide/cargo-home:ro,Z" "-v" "/var/lib/crater-agent-workspace/rustup-home:/opt/rustwide/rustup-home:ro,Z" "-e" "SOURCE_DIR=/opt/rustwide/workdir" "-e" "CARGO_TARGET_DIR=/opt/rustwide/target" "-e" "CARGO_HOME=/opt/rustwide/cargo-home" "-e" "RUSTUP_HOME=/opt/rustwide/rustup-home" "-w" "/opt/rustwide/workdir" "-m" "1610612736" "--user" "0:0" "--network" "none" "ghcr.io/rust-lang/crates-build-env/linux@sha256:2788e3201cd34a07e3172128adcd8b3090168a8e3bcc40d7c032b9dda1df7d1c" "/opt/rustwide/cargo-home/bin/cargo" "+1.75.0" "metadata" "--no-deps" "--format-version=1", kill_on_drop: false }`
[INFO] [stdout] f946782db29d0e044bf3f4b694ae4e30509dad18caa1853ded86c4d8f28bc0fd
[INFO] running `Command { std: "docker" "start" "-a" "f946782db29d0e044bf3f4b694ae4e30509dad18caa1853ded86c4d8f28bc0fd", kill_on_drop: false }`
[INFO] running `Command { std: "docker" "inspect" "f946782db29d0e044bf3f4b694ae4e30509dad18caa1853ded86c4d8f28bc0fd", kill_on_drop: false }`
[INFO] running `Command { std: "docker" "rm" "-f" "f946782db29d0e044bf3f4b694ae4e30509dad18caa1853ded86c4d8f28bc0fd", kill_on_drop: false }`
[INFO] [stdout] f946782db29d0e044bf3f4b694ae4e30509dad18caa1853ded86c4d8f28bc0fd
[INFO] running `Command { std: "docker" "create" "-v" "/var/lib/crater-agent-workspace/builds/worker-5-tc1/target:/opt/rustwide/target:rw,Z" "-v" "/var/lib/crater-agent-workspace/builds/worker-5-tc1/source:/opt/rustwide/workdir:ro,Z" "-v" "/var/lib/crater-agent-workspace/cargo-home:/opt/rustwide/cargo-home:ro,Z" "-v" "/var/lib/crater-agent-workspace/rustup-home:/opt/rustwide/rustup-home:ro,Z" "-e" "SOURCE_DIR=/opt/rustwide/workdir" "-e" "CARGO_TARGET_DIR=/opt/rustwide/target" "-e" "CARGO_INCREMENTAL=0" "-e" "RUST_BACKTRACE=full" "-e" "RUSTFLAGS=--cap-lints=warn" "-e" "RUSTDOCFLAGS=--cap-lints=warn" "-e" "CARGO_HOME=/opt/rustwide/cargo-home" "-e" "RUSTUP_HOME=/opt/rustwide/rustup-home" "-w" "/opt/rustwide/workdir" "-m" "1610612736" "--user" "0:0" "--network" "none" "ghcr.io/rust-lang/crates-build-env/linux@sha256:2788e3201cd34a07e3172128adcd8b3090168a8e3bcc40d7c032b9dda1df7d1c" "/opt/rustwide/cargo-home/bin/cargo" "+1.75.0" "build" "--frozen" "--message-format=json", kill_on_drop: false }`
[INFO] [stdout] 7c9341e82bc2317f487afb1ed02c47a88ecf0511d105004e22686332c990db72
[INFO] running `Command { std: "docker" "start" "-a" "7c9341e82bc2317f487afb1ed02c47a88ecf0511d105004e22686332c990db72", kill_on_drop: false }`
[INFO] [stderr] warning: profiles for the non root package will be ignored, specify profiles at the workspace root:
[INFO] [stderr] package:   /opt/rustwide/workdir/examples/mc-classic-mode/Cargo.toml
[INFO] [stderr] workspace: /opt/rustwide/workdir/Cargo.toml
[INFO] [stderr] warning: profiles for the non root package will be ignored, specify profiles at the workspace root:
[INFO] [stderr] package:   /opt/rustwide/workdir/examples/block-break-event/Cargo.toml
[INFO] [stderr] workspace: /opt/rustwide/workdir/Cargo.toml
[INFO] [stderr]    Compiling unicode-ident v1.0.10
[INFO] [stderr]    Compiling cfg-if v1.0.0
[INFO] [stderr]    Compiling proc-macro2 v1.0.66
[INFO] [stderr]    Compiling once_cell v1.18.0
[INFO] [stderr]    Compiling memchr v2.5.0
[INFO] [stderr]    Compiling libc v0.2.147
[INFO] [stderr]    Compiling lazy_static v1.4.0
[INFO] [stderr]    Compiling version_check v0.9.4
[INFO] [stderr]    Compiling autocfg v1.1.0
[INFO] [stderr]    Compiling pin-project-lite v0.2.10
[INFO] [stderr]    Compiling cc v1.0.79
[INFO] [stderr]    Compiling semver v1.0.18
[INFO] [stderr]    Compiling thiserror v1.0.43
[INFO] [stderr]    Compiling parking_lot_core v0.9.8
[INFO] [stderr]    Compiling gimli v0.27.3
[INFO] [stderr]    Compiling sharded-slab v0.1.4
[INFO] [stderr]    Compiling adler v1.0.2
[INFO] [stderr]    Compiling eyre v0.6.8
[INFO] [stderr]    Compiling yansi v1.0.0-rc
[INFO] [stderr]    Compiling tracing-core v0.1.31
[INFO] [stderr]    Compiling thread_local v1.1.7
[INFO] [stderr]    Compiling proc-macro2-diagnostics v0.10.1
[INFO] [stderr]    Compiling miniz_oxide v0.7.1
[INFO] [stderr]    Compiling lock_api v0.4.10
[INFO] [stderr]    Compiling smallvec v1.11.0
[INFO] [stderr]    Compiling rustc-demangle v0.1.23
[INFO] [stderr]    Compiling bytes v1.4.0
[INFO] [stderr]    Compiling scopeguard v1.2.0
[INFO] [stderr]    Compiling indenter v0.3.3
[INFO] [stderr]    Compiling owo-colors v3.5.0
[INFO] [stderr]    Compiling tracing v0.1.37
[INFO] [stderr]    Compiling quote v1.0.31
[INFO] [stderr]    Compiling tracing-subscriber v0.3.17
[INFO] [stderr]    Compiling object v0.31.1
[INFO] [stderr]    Compiling syn v2.0.27
[INFO] [stderr]    Compiling rustc_version v0.4.0
[INFO] [stderr]    Compiling combine v4.6.6
[INFO] [stderr]    Compiling jni-sys v0.3.0
[INFO] [stderr]    Compiling cesu8 v1.1.0
[INFO] [stderr]    Compiling log v0.4.19
[INFO] [stderr]    Compiling backtrace v0.3.68
[INFO] [stderr]    Compiling parking_lot v0.12.1
[INFO] [stderr]    Compiling tracing-error v0.2.0
[INFO] [stderr]    Compiling color-spantrace v0.2.0
[INFO] [stderr]    Compiling addr2line v0.20.0
[INFO] [stderr]    Compiling color-eyre v0.6.2
[INFO] [stderr]    Compiling thiserror-impl v1.0.43
[INFO] [stderr]    Compiling blackboxmc_proc v0.5.1 (/opt/rustwide/workdir/blackboxmc-rs-proc)
[INFO] [stdout] warning: unused imports: `Channel`, `version_meta`
[INFO] [stdout]  --> blackboxmc-rs-proc/src/lib.rs:6:21
[INFO] [stdout]   |
[INFO] [stdout] 6 | use rustc_version::{version_meta, Channel};
[INFO] [stdout]   |                     ^^^^^^^^^^^^  ^^^^^^^
[INFO] [stdout]   |
[INFO] [stdout]   = note: `#[warn(unused_imports)]` on by default
[INFO] [stdout] 
[INFO] [stdout] 
[INFO] [stdout] warning: unused imports: `Attribute`, `parse_macro_input`, `self`
[INFO] [stdout]   --> blackboxmc-rs-proc/src/lib.rs:8:13
[INFO] [stdout]    |
[INFO] [stdout] 8  |     parse::{self, Parse, ParseStream},
[INFO] [stdout]    |             ^^^^
[INFO] [stdout] 9  |     parse_macro_input,
[INFO] [stdout]    |     ^^^^^^^^^^^^^^^^^
[INFO] [stdout] ...
[INFO] [stdout] 12 |     Attribute, ItemImpl, Receiver, Token,
[INFO] [stdout]    |     ^^^^^^^^^
[INFO] [stdout] 
[INFO] [stdout] 
[INFO] [stdout] warning: unreachable expression
[INFO] [stdout]   --> blackboxmc-rs-proc/src/lib.rs:68:5
[INFO] [stdout]    |
[INFO] [stdout] 49 | /     match extends_general(
[INFO] [stdout] 50 | |         ExtendType::from(attr.to_string().as_str()),
[INFO] [stdout] 51 | |         attr,
[INFO] [stdout] 52 | |         item.clone(),
[INFO] [stdout] ...  |
[INFO] [stdout] 66 | |         }
[INFO] [stdout] 67 | |     }
[INFO] [stdout]    | |_____- any code following this `match` expression is unreachable, as all arms diverge
[INFO] [stdout] 68 |       item
[INFO] [stdout]    |       ^^^^ unreachable expression
[INFO] [stdout]    |
[INFO] [stdout]    = note: `#[warn(unreachable_code)]` on by default
[INFO] [stdout] 
[INFO] [stdout] 
[INFO] [stdout] warning: unused variable: `abstract_functions`
[INFO] [stdout]    --> blackboxmc-rs-proc/src/lib.rs:224:9
[INFO] [stdout]     |
[INFO] [stdout] 224 |     let abstract_functions = ExtendRequirements::from_type(&ty).abstract_functions;
[INFO] [stdout]     |         ^^^^^^^^^^^^^^^^^^ help: if this is intentional, prefix it with an underscore: `_abstract_functions`
[INFO] [stdout]     |
[INFO] [stdout]     = note: `#[warn(unused_variables)]` on by default
[INFO] [stdout] 
[INFO] [stdout] 
[INFO] [stdout] warning: unused variable: `struct_name`
[INFO] [stdout]    --> blackboxmc-rs-proc/src/lib.rs:228:9
[INFO] [stdout]     |
[INFO] [stdout] 228 |     let struct_name = type_name(&*item.self_ty, false, false, false);
[INFO] [stdout]     |         ^^^^^^^^^^^ help: if this is intentional, prefix it with an underscore: `_struct_name`
[INFO] [stdout] 
[INFO] [stdout] 
[INFO] [stdout] warning: unused variable: `attr`
[INFO] [stdout]    --> blackboxmc-rs-proc/src/lib.rs:259:5
[INFO] [stdout]     |
[INFO] [stdout] 259 |     attr: TokenStream,
[INFO] [stdout]     |     ^^^^ help: if this is intentional, prefix it with an underscore: `_attr`
[INFO] [stdout] 
[INFO] [stdout] 
[INFO] [stdout] warning: field `vars` is never read
[INFO] [stdout]   --> blackboxmc-rs-proc/src/lib.rs:16:5
[INFO] [stdout]    |
[INFO] [stdout] 15 | struct Args {
[INFO] [stdout]    |        ---- field in this struct
[INFO] [stdout] 16 |     vars: HashSet<Ident>,
[INFO] [stdout]    |     ^^^^
[INFO] [stdout]    |
[INFO] [stdout]    = note: `#[warn(dead_code)]` on by default
[INFO] [stdout] 
[INFO] [stdout] 
[INFO] [stdout] warning: associated function `tab_executor` is never used
[INFO] [stdout]    --> blackboxmc-rs-proc/src/lib.rs:678:8
[INFO] [stdout]     |
[INFO] [stdout] 427 | impl<'a> ExtendRequirements<'a> {
[INFO] [stdout]     | ------------------------------- associated function in this implementation
[INFO] [stdout] ...
[INFO] [stdout] 678 |     fn tab_executor() -> Self {
[INFO] [stdout]     |        ^^^^^^^^^^^^
[INFO] [stdout] 
[INFO] [stdout] 
[INFO] [stdout] warning: 8 warnings emitted
[INFO] [stdout] 
[INFO] [stdout] 
[INFO] [stdout] error: linking with `cc` failed: exit status: 1
[INFO] [stdout]   |
[INFO] [stdout]   = note: LC_ALL="C" PATH="/opt/rustwide/rustup-home/toolchains/1.75.0-x86_64-unknown-linux-gnu/lib/rustlib/x86_64-unknown-linux-gnu/bin:/opt/rustwide/cargo-home/bin:/usr/local/sbin:/usr/local/bin:/usr/sbin:/usr/bin:/sbin:/bin" VSLANG="1033" "cc" "-Wl,--version-script=/tmp/rustcmdhSdb/list" "-Wl,--no-undefined-version" "-m64" "/tmp/rustcmdhSdb/symbols.o" "/opt/rustwide/target/debug/deps/thiserror_impl-bc73323278fd9725.thiserror_impl.3eff186f2d0e3902-cgu.00.rcgu.o" "/opt/rustwide/target/debug/deps/thiserror_impl-bc73323278fd9725.thiserror_impl.3eff186f2d0e3902-cgu.01.rcgu.o" "/opt/rustwide/target/debug/deps/thiserror_impl-bc73323278fd9725.thiserror_impl.3eff186f2d0e3902-cgu.02.rcgu.o" "/opt/rustwide/target/debug/deps/thiserror_impl-bc73323278fd9725.thiserror_impl.3eff186f2d0e3902-cgu.03.rcgu.o" "/opt/rustwide/target/debug/deps/thiserror_impl-bc73323278fd9725.thiserror_impl.3eff186f2d0e3902-cgu.04.rcgu.o" "/opt/rustwide/target/debug/deps/thiserror_impl-bc73323278fd9725.thiserror_impl.3eff186f2d0e3902-cgu.05.rcgu.o" "/opt/rustwide/target/debug/deps/thiserror_impl-bc73323278fd9725.thiserror_impl.3eff186f2d0e3902-cgu.06.rcgu.o" "/opt/rustwide/target/debug/deps/thiserror_impl-bc73323278fd9725.thiserror_impl.3eff186f2d0e3902-cgu.07.rcgu.o" "/opt/rustwide/target/debug/deps/thiserror_impl-bc73323278fd9725.thiserror_impl.3eff186f2d0e3902-cgu.08.rcgu.o" "/opt/rustwide/target/debug/deps/thiserror_impl-bc73323278fd9725.thiserror_impl.3eff186f2d0e3902-cgu.09.rcgu.o" "/opt/rustwide/target/debug/deps/thiserror_impl-bc73323278fd9725.thiserror_impl.3eff186f2d0e3902-cgu.10.rcgu.o" "/opt/rustwide/target/debug/deps/thiserror_impl-bc73323278fd9725.thiserror_impl.3eff186f2d0e3902-cgu.11.rcgu.o" "/opt/rustwide/target/debug/deps/thiserror_impl-bc73323278fd9725.thiserror_impl.3eff186f2d0e3902-cgu.12.rcgu.o" "/opt/rustwide/target/debug/deps/thiserror_impl-bc73323278fd9725.thiserror_impl.3eff186f2d0e3902-cgu.13.rcgu.o" "/opt/rustwide/target/debug/deps/thiserror_impl-bc73323278fd9725.thiserror_impl.3eff186f2d0e3902-cgu.14.rcgu.o" "/opt/rustwide/target/debug/deps/thiserror_impl-bc73323278fd9725.thiserror_impl.3eff186f2d0e3902-cgu.15.rcgu.o" "/opt/rustwide/target/debug/deps/thiserror_impl-bc73323278fd9725.3p6fr0nqv3jubwc3.rcgu.rmeta" "/opt/rustwide/target/debug/deps/thiserror_impl-bc73323278fd9725.4prncm4wtqynjhgj.rcgu.o" "-Wl,--as-needed" "-L" "/opt/rustwide/target/debug/deps" "-L" "/opt/rustwide/rustup-home/toolchains/1.75.0-x86_64-unknown-linux-gnu/lib/rustlib/x86_64-unknown-linux-gnu/lib" "-Wl,-Bstatic" "/opt/rustwide/target/debug/deps/libsyn-a9084e8b6b1a62d4.rlib" "/opt/rustwide/target/debug/deps/libquote-cb27e392c8743113.rlib" "/opt/rustwide/target/debug/deps/libproc_macro2-b8565e95f46164be.rlib" "/opt/rustwide/target/debug/deps/libunicode_ident-5897f6b787cd918b.rlib" "/opt/rustwide/rustup-home/toolchains/1.75.0-x86_64-unknown-linux-gnu/lib/rustlib/x86_64-unknown-linux-gnu/lib/libproc_macro-67a55db9939ddb4c.rlib" "/opt/rustwide/rustup-home/toolchains/1.75.0-x86_64-unknown-linux-gnu/lib/rustlib/x86_64-unknown-linux-gnu/lib/libstd-90f6ddbf82de36ec.rlib" "/opt/rustwide/rustup-home/toolchains/1.75.0-x86_64-unknown-linux-gnu/lib/rustlib/x86_64-unknown-linux-gnu/lib/libpanic_unwind-480c41e9d4e1f677.rlib" "/opt/rustwide/rustup-home/toolchains/1.75.0-x86_64-unknown-linux-gnu/lib/rustlib/x86_64-unknown-linux-gnu/lib/libobject-db744c0ca03eed1d.rlib" "/opt/rustwide/rustup-home/toolchains/1.75.0-x86_64-unknown-linux-gnu/lib/rustlib/x86_64-unknown-linux-gnu/lib/libmemchr-8ba652dc7d4b285a.rlib" "/opt/rustwide/rustup-home/toolchains/1.75.0-x86_64-unknown-linux-gnu/lib/rustlib/x86_64-unknown-linux-gnu/lib/libaddr2line-d5f4520a9ebc0d58.rlib" "/opt/rustwide/rustup-home/toolchains/1.75.0-x86_64-unknown-linux-gnu/lib/rustlib/x86_64-unknown-linux-gnu/lib/libgimli-4ad84de58f0cb463.rlib" "/opt/rustwide/rustup-home/toolchains/1.75.0-x86_64-unknown-linux-gnu/lib/rustlib/x86_64-unknown-linux-gnu/lib/librustc_demangle-0d10aae2e0f38735.rlib" "/opt/rustwide/rustup-home/toolchains/1.75.0-x86_64-unknown-linux-gnu/lib/rustlib/x86_64-unknown-linux-gnu/lib/libstd_detect-0c17cff739e6745b.rlib" "/opt/rustwide/rustup-home/toolchains/1.75.0-x86_64-unknown-linux-gnu/lib/rustlib/x86_64-unknown-linux-gnu/lib/libhashbrown-b29e17139dde1aa8.rlib" "/opt/rustwide/rustup-home/toolchains/1.75.0-x86_64-unknown-linux-gnu/lib/rustlib/x86_64-unknown-linux-gnu/lib/librustc_std_workspace_alloc-1f975299829cc7bd.rlib" "/opt/rustwide/rustup-home/toolchains/1.75.0-x86_64-unknown-linux-gnu/lib/rustlib/x86_64-unknown-linux-gnu/lib/libminiz_oxide-86bae3bc3079f89b.rlib" "/opt/rustwide/rustup-home/toolchains/1.75.0-x86_64-unknown-linux-gnu/lib/rustlib/x86_64-unknown-linux-gnu/lib/libadler-321b82c30dffdf5f.rlib" "/opt/rustwide/rustup-home/toolchains/1.75.0-x86_64-unknown-linux-gnu/lib/rustlib/x86_64-unknown-linux-gnu/lib/libunwind-3dd8a6810a0bdfef.rlib" "/opt/rustwide/rustup-home/toolchains/1.75.0-x86_64-unknown-linux-gnu/lib/rustlib/x86_64-unknown-linux-gnu/lib/libcfg_if-eb39a61c0c879984.rlib" "/opt/rustwide/rustup-home/toolchains/1.75.0-x86_64-unknown-linux-gnu/lib/rustlib/x86_64-unknown-linux-gnu/lib/liblibc-aa769569f91c3548.rlib" "/opt/rustwide/rustup-home/toolchains/1.75.0-x86_64-unknown-linux-gnu/lib/rustlib/x86_64-unknown-linux-gnu/lib/liballoc-510a192a50a983ed.rlib" "/opt/rustwide/rustup-home/toolchains/1.75.0-x86_64-unknown-linux-gnu/lib/rustlib/x86_64-unknown-linux-gnu/lib/librustc_std_workspace_core-0577018320f99037.rlib" "/opt/rustwide/rustup-home/toolchains/1.75.0-x86_64-unknown-linux-gnu/lib/rustlib/x86_64-unknown-linux-gnu/lib/libcore-193cf992125ccd4c.rlib" "/opt/rustwide/rustup-home/toolchains/1.75.0-x86_64-unknown-linux-gnu/lib/rustlib/x86_64-unknown-linux-gnu/lib/libcompiler_builtins-8e138eaf26ebb4a8.rlib" "-Wl,-Bdynamic" "-lgcc_s" "-lutil" "-lrt" "-lpthread" "-lm" "-ldl" "-lc" "-Wl,--eh-frame-hdr" "-Wl,-z,noexecstack" "-L" "/opt/rustwide/rustup-home/toolchains/1.75.0-x86_64-unknown-linux-gnu/lib/rustlib/x86_64-unknown-linux-gnu/lib" "-o" "/opt/rustwide/target/debug/deps/libthiserror_impl-bc73323278fd9725.so" "-Wl,--gc-sections" "-shared" "-Wl,-z,relro,-z,now" "-nodefaultlibs"
[INFO] [stdout]   = note: /usr/bin/ld: final link failed: No space left on device
[INFO] [stdout]           collect2: error: ld returned 1 exit status
[INFO] [stdout]           
[INFO] [stdout] 
[INFO] [stdout] 
[INFO] [stdout] error: aborting due to previous error
[INFO] [stdout] 
[INFO] [stdout] 
[INFO] [stderr] error: could not compile `thiserror-impl` (lib) due to 2 previous errors
[INFO] [stderr] warning: build failed, waiting for other jobs to finish...
[INFO] [stderr] LLVM ERROR: IO failure on output stream: No space left on device
[INFO] [stderr] error: could not compile `combine` (lib)
[INFO] running `Command { std: "docker" "inspect" "7c9341e82bc2317f487afb1ed02c47a88ecf0511d105004e22686332c990db72", kill_on_drop: false }`
[INFO] running `Command { std: "docker" "rm" "-f" "7c9341e82bc2317f487afb1ed02c47a88ecf0511d105004e22686332c990db72", kill_on_drop: false }`
[INFO] [stdout] 7c9341e82bc2317f487afb1ed02c47a88ecf0511d105004e22686332c990db72
[INFO] testing BlackBoxMC/blackboxmc-rs against beta-2023-12-22 for beta-1.76-1
[INFO] running `Command { std: "git" "clone" "/workspace/cache/git-repos/https%3A%2F%2Fgithub.com%2FBlackBoxMC%2Fblackboxmc-rs" "/workspace/builds/worker-5-tc2/source", kill_on_drop: false }`
[INFO] [stderr] Cloning into '/workspace/builds/worker-5-tc2/source'...
[INFO] [stderr] done.
[INFO] [stderr] error: unable to write file blackboxmc-rs-bukkit/src/entity/mod.rs
[INFO] [stderr] fatal: cannot create directory at 'blackboxmc-rs-bukkit/src/event': No space left on device
[INFO] [stderr] warning: Clone succeeded, but checkout failed.
[INFO] [stderr] You can inspect what was checked out with 'git status'
[INFO] [stderr] and retry with 'git restore --source=HEAD :/'
[INFO] [stderr] 
[INFO] testing BlackBoxMC/blackboxmc-rs against beta-2023-12-22 for beta-1.76-1
[INFO] running `Command { std: "git" "clone" "/workspace/cache/git-repos/https%3A%2F%2Fgithub.com%2FBlackBoxMC%2Fblackboxmc-rs" "/workspace/builds/worker-5-tc2/source", kill_on_drop: false }`
[INFO] [stderr] Cloning into '/workspace/builds/worker-5-tc2/source'...
[INFO] [stderr] done.
[INFO] [stderr] error: unable to write file blackboxmc-rs-bukkit/src/command/defaults/mod.rs
[INFO] [stderr] error: unable to write file blackboxmc-rs-bukkit/src/command/mod.rs
[INFO] [stderr] fatal: cannot create directory at 'blackboxmc-rs-bukkit/src/configuration': No space left on device
[INFO] [stderr] warning: Clone succeeded, but checkout failed.
[INFO] [stderr] You can inspect what was checked out with 'git status'
[INFO] [stderr] and retry with 'git restore --source=HEAD :/'
[INFO] [stderr] 
[INFO] testing BlackBoxMC/blackboxmc-rs against beta-2023-12-22 for beta-1.76-1
[INFO] running `Command { std: "git" "clone" "/workspace/cache/git-repos/https%3A%2F%2Fgithub.com%2FBlackBoxMC%2Fblackboxmc-rs" "/workspace/builds/worker-5-tc2/source", kill_on_drop: false }`
[INFO] [stderr] Cloning into '/workspace/builds/worker-5-tc2/source'...
[INFO] [stderr] done.
[INFO] [stderr] error: unable to write file blackboxmc-rs-bukkit/src/attribute/mod.rs
[INFO] [stderr] fatal: cannot create directory at 'blackboxmc-rs-bukkit/src/ban': No space left on device
[INFO] [stderr] warning: Clone succeeded, but checkout failed.
[INFO] [stderr] You can inspect what was checked out with 'git status'
[INFO] [stderr] and retry with 'git restore --source=HEAD :/'
[INFO] [stderr] 
[INFO] testing BlackBoxMC/blackboxmc-rs against beta-2023-12-22 for beta-1.76-1
[INFO] running `Command { std: "git" "clone" "/workspace/cache/git-repos/https%3A%2F%2Fgithub.com%2FBlackBoxMC%2Fblackboxmc-rs" "/workspace/builds/worker-5-tc2/source", kill_on_drop: false }`
[INFO] [stderr] Cloning into '/workspace/builds/worker-5-tc2/source'...
[INFO] [stderr] error: unable to write symref for HEAD: No space left on device
[INFO] testing BlackBoxMC/blackboxmc-rs against beta-2023-12-22 for beta-1.76-1
[INFO] running `Command { std: "git" "clone" "/workspace/cache/git-repos/https%3A%2F%2Fgithub.com%2FBlackBoxMC%2Fblackboxmc-rs" "/workspace/builds/worker-5-tc2/source", kill_on_drop: false }`
[INFO] [stderr] Cloning into '/workspace/builds/worker-5-tc2/source'...
[INFO] [stderr] /workspace/builds/worker-5-tc2/source/.git/hooks/: No space left on device
[ERROR] this task or one of its parent failed!
[ERROR] failed to checkout https://github.com/BlackBoxMC/blackboxmc-rs
[ERROR] caused by: command failed: exit status: 1
[ERROR] note: run with `RUST_BACKTRACE=1` to display a backtrace.
