[INFO] cloning repository https://github.com/2lambda123/vector
[INFO] running `Command { std: "git" "-c" "credential.helper=" "-c" "credential.helper=/workspace/cargo-home/bin/git-credential-null" "clone" "--bare" "https://github.com/2lambda123/vector" "/workspace/cache/git-repos/https%3A%2F%2Fgithub.com%2F2lambda123%2Fvector", kill_on_drop: false }`
[INFO] [stderr] Cloning into bare repository '/workspace/cache/git-repos/https%3A%2F%2Fgithub.com%2F2lambda123%2Fvector'...
[INFO] running `Command { std: "git" "rev-parse" "HEAD", kill_on_drop: false }`
[INFO] [stdout] ec31d03d1b5630a49a4852cf66a747a4b14db75c
[INFO] testing 2lambda123/vector against 1.75.0 for beta-1.76-1
[INFO] running `Command { std: "git" "clone" "/workspace/cache/git-repos/https%3A%2F%2Fgithub.com%2F2lambda123%2Fvector" "/workspace/builds/worker-4-tc1/source", kill_on_drop: false }`
[INFO] [stderr] Cloning into '/workspace/builds/worker-4-tc1/source'...
[INFO] [stderr] done.
[INFO] [stderr] Updating files:  99% (10597/10684)
Updating files: 100% (10684/10684)
Updating files: 100% (10684/10684), done.
[INFO] validating manifest of git repo https://github.com/2lambda123/vector on toolchain 1.75.0
[INFO] running `Command { std: CARGO_HOME="/workspace/cargo-home" RUSTUP_HOME="/workspace/rustup-home" "/workspace/cargo-home/bin/cargo" "+1.75.0" "metadata" "--manifest-path" "Cargo.toml" "--no-deps", kill_on_drop: false }`
[INFO] removed /workspace/builds/worker-4-tc1/source/.cargo/config.toml
[INFO] removed /workspace/builds/worker-4-tc1/source/rust-toolchain.toml
[INFO] started tweaking git repo https://github.com/2lambda123/vector
[INFO] removed 0 missing tests
[INFO] finished tweaking git repo https://github.com/2lambda123/vector
[INFO] tweaked toml for git repo https://github.com/2lambda123/vector written to /workspace/builds/worker-4-tc1/source/Cargo.toml
[INFO] crate git repo https://github.com/2lambda123/vector already has a lockfile, it will not be regenerated
[INFO] running `Command { std: CARGO_HOME="/workspace/cargo-home" RUSTUP_HOME="/workspace/rustup-home" "/workspace/cargo-home/bin/cargo" "+1.75.0" "fetch" "--manifest-path" "Cargo.toml", kill_on_drop: false }`
[INFO] [stderr]     Updating git repository `https://github.com/vectordotdev/nix.git`
[INFO] [stderr]     Updating git repository `https://github.com/MSxDOS/ntapi.git`
[INFO] [stderr]     Updating git repository `https://github.com/vectordotdev/tokio`
[INFO] [stderr]     Updating crates.io index
[INFO] [stderr]     Updating git repository `https://github.com/vectordotdev/aws-sdk-rust`
[ERROR] error running command: no output for 300 seconds
[ERROR] this task or one of its parent failed!
[ERROR] no output for 300 seconds
[ERROR] note: run with `RUST_BACKTRACE=1` to display a backtrace.
[INFO] testing 2lambda123/vector against beta-2023-12-22 for beta-1.76-1
[INFO] running `Command { std: "git" "clone" "/workspace/cache/git-repos/https%3A%2F%2Fgithub.com%2F2lambda123%2Fvector" "/workspace/builds/worker-4-tc2/source", kill_on_drop: false }`
[INFO] [stderr] Cloning into '/workspace/builds/worker-4-tc2/source'...
[INFO] [stderr] done.
[INFO] [stderr] Updating files:  98% (10577/10684)
Updating files:  99% (10578/10684)
Updating files: 100% (10684/10684)
Updating files: 100% (10684/10684), done.
[INFO] validating manifest of git repo https://github.com/2lambda123/vector on toolchain beta-2023-12-22
[INFO] running `Command { std: CARGO_HOME="/workspace/cargo-home" RUSTUP_HOME="/workspace/rustup-home" "/workspace/cargo-home/bin/cargo" "+beta-2023-12-22" "metadata" "--manifest-path" "Cargo.toml" "--no-deps", kill_on_drop: false }`
[INFO] removed /workspace/builds/worker-4-tc2/source/.cargo/config.toml
[INFO] removed /workspace/builds/worker-4-tc2/source/rust-toolchain.toml
[INFO] started tweaking git repo https://github.com/2lambda123/vector
[INFO] removed 0 missing tests
[INFO] finished tweaking git repo https://github.com/2lambda123/vector
[INFO] tweaked toml for git repo https://github.com/2lambda123/vector written to /workspace/builds/worker-4-tc2/source/Cargo.toml
[INFO] crate git repo https://github.com/2lambda123/vector already has a lockfile, it will not be regenerated
[INFO] running `Command { std: CARGO_HOME="/workspace/cargo-home" RUSTUP_HOME="/workspace/rustup-home" "/workspace/cargo-home/bin/cargo" "+beta-2023-12-22" "fetch" "--manifest-path" "Cargo.toml", kill_on_drop: false }`
[INFO] [stderr]     Blocking waiting for file lock on package cache
[INFO] [stderr]     Updating crates.io index
[INFO] [stderr]     Updating git repository `https://github.com/vectordotdev/aws-sdk-rust`
[INFO] [stderr]     Updating git repository `https://github.com/GreptimeTeam/greptimedb-client-rust.git`
[INFO] [stderr]     Updating git repository `https://github.com/vectordotdev/heim.git`
[INFO] [stderr]     Updating git repository `https://github.com/tokio-rs/tracing`
[INFO] [stderr]     Updating git repository `https://github.com/vectordotdev/vrl`
[INFO] [stderr]     Updating git repository `https://github.com/GreptimeTeam/greptime-proto.git`
[INFO] [stderr]     Blocking waiting for file lock on package cache
[INFO] [stderr]  Downloading crates ...
[INFO] [stderr]   Downloaded kube-core v0.82.2
[INFO] [stderr]   Downloaded serde-wasm-bindgen v0.6.1
[INFO] [stderr]   Downloaded mlua_derive v0.9.0
[INFO] [stderr]   Downloaded dns-lookup v2.0.4
[INFO] [stderr]   Downloaded bytes-utils v0.1.3
[INFO] [stderr]   Downloaded grok v2.0.0
[INFO] [stderr]   Downloaded executor-trait v2.1.0
[INFO] [stderr]   Downloaded arr_macro_impl v0.2.1
[INFO] [stderr]   Downloaded macaddr v1.0.1
[INFO] [stderr]   Downloaded amq-protocol v7.1.2
[INFO] [stderr]   Downloaded platforms v1.1.0
[INFO] [stderr]   Downloaded metrics-tracing-context v0.14.0
[INFO] [stderr]   Downloaded cargo_toml v0.17.0
[INFO] [stderr]   Downloaded data-url v0.3.0
[INFO] [stderr]   Downloaded kube-runtime v0.82.2
[INFO] [stderr]   Downloaded hashbrown v0.13.1
[INFO] [stderr]   Downloaded graphql_client_codegen v0.13.0
[INFO] [stderr]   Downloaded opendal v0.41.0
[INFO] [stderr]   Downloaded mongodb v2.7.1
[INFO] [stderr]   Downloaded openidconnect v3.4.0
[INFO] [stderr]   Downloaded krb5-src v0.3.2+1.19.2
[INFO] [stderr]   Downloaded async-graphql-warp v6.0.10
[INFO] [stderr]   Downloaded logfmt v0.0.2
[INFO] [stderr]   Downloaded sasl2-sys v0.1.20+2.1.28
[INFO] [stderr]   Downloaded async-graphql-parser v6.0.10
[INFO] [stderr]   Downloaded reactor-trait v1.1.0
[INFO] [stderr]   Downloaded wiremock v0.5.21
[INFO] [stderr]   Downloaded mock_instant v0.3.1
[INFO] [stderr]   Downloaded prost-reflect v0.12.0
[INFO] [stderr]   Downloaded graphql_query_derive v0.13.0
[INFO] [stderr]   Downloaded async-graphql-value v6.0.10
[INFO] [stderr]   Downloaded arr_macro v0.2.1
[INFO] [stderr]   Downloaded nuid v0.5.0
[INFO] [stderr]   Downloaded azure_storage v0.17.0
[INFO] [stderr]   Downloaded async-nats v0.33.0
[INFO] [stderr]   Downloaded kube v0.82.2
[INFO] [stderr]   Downloaded fakedata_generator v0.4.0
[INFO] [stderr]   Downloaded k8s-openapi v0.16.0
[INFO] [stderr]   Downloaded bloomy v1.2.0
[INFO] [stderr]   Downloaded kube-client v0.82.2
[INFO] [stderr]   Downloaded amq-protocol-types v7.1.2
[INFO] [stderr]   Downloaded lapin v2.3.1
[INFO] [stderr]   Downloaded maxminddb v0.23.0
[INFO] [stderr]   Downloaded bson v2.7.0
[INFO] [stderr]   Downloaded pulsar v6.1.0
[INFO] [stderr]   Downloaded rdkafka v0.35.0
[INFO] [stderr]   Downloaded serde-toml-merge v0.3.3
[INFO] [stderr]   Downloaded smpl_jwt v0.8.0
[INFO] [stderr]   Downloaded syslog v6.1.0
[INFO] [stderr]   Downloaded tower-test v0.4.0
[INFO] [stderr]   Downloaded retain_mut v0.1.7
[INFO] [stderr]   Downloaded graphql_client v0.13.0
[INFO] [stderr]   Downloaded async-graphql-derive v6.0.10
[INFO] [stderr]   Downloaded lockfree-object-pool v0.1.4
[INFO] [stderr]   Downloaded async-graphql v6.0.10
[INFO] [stderr]   Downloaded inventory v0.3.13
[INFO] [stderr]   Downloaded serde_derive_internals v0.29.0
[INFO] [stderr]   Downloaded community-id v0.2.2
[INFO] [stderr]   Downloaded crypto_secretbox v0.1.1
[INFO] [stderr]   Downloaded mlua v0.9.1
[INFO] [stderr]   Downloaded ofb v0.6.1
[INFO] [stderr]   Downloaded peeking_take_while v1.0.0
[INFO] [stderr]   Downloaded prettydiff v0.6.4
[INFO] [stderr]   Downloaded syslog_loose v0.19.0
[INFO] [stderr]   Downloaded uaparser v0.6.1
[INFO] [stderr]   Downloaded windows-service v0.6.0
[INFO] [stderr]   Downloaded bitmask-enum v2.2.3
[INFO] [stderr]   Downloaded db-key v0.0.5
[INFO] [stderr]   Downloaded quanta v0.12.1
[INFO] [stderr]   Downloaded stream-cancel v0.8.1
[INFO] [stderr]   Downloaded cfb-mode v0.8.2
[INFO] [stderr]   Downloaded cidr-utils v0.5.11
[INFO] [stderr]   Downloaded confy v0.5.1
[INFO] [stderr]   Downloaded lua-src v546.0.1
[INFO] [stderr]   Downloaded luajit-src v210.4.8+resty107baaf
[INFO] [stderr]   Downloaded woothee v0.13.0
[INFO] [stderr]   Downloaded goauth v0.14.0
[INFO] [stderr]   Downloaded amq-protocol-tcp v7.1.2
[INFO] [stderr]   Downloaded amq-protocol-uri v7.1.2
[INFO] [stderr]   Downloaded fiat-crypto v0.2.2
[INFO] [stderr]   Downloaded tikv-jemallocator v0.5.4
[INFO] [stderr]   Downloaded uom v0.31.1
[INFO] [stderr]   Downloaded azure_storage_blobs v0.17.0
[INFO] [stderr]   Downloaded roaring v0.10.2
[INFO] [stderr]   Downloaded listenfd v1.0.1
[INFO] [stderr]   Downloaded test-generator v0.3.1
[INFO] [stderr]   Downloaded metrics-util v0.15.1
[INFO] [stderr]   Downloaded cached v0.46.1
[INFO] [stderr]   Downloaded passt v0.3.0
[INFO] [stderr]   Downloaded raw-cpuid v11.0.1
[INFO] [stderr]   Downloaded mlua-sys v0.3.2
[INFO] [stderr]   Downloaded tracing-fluent-assertions v0.3.0
[INFO] [stderr]   Downloaded hyper-openssl v0.9.2
[INFO] [stderr]   Downloaded tcp-stream v0.26.1
[INFO] [stderr]   Downloaded pinky-swear v6.1.0
[INFO] [stderr]   Downloaded simpl v0.1.0
[INFO] [stderr]   Downloaded async-global-executor-trait v2.1.0
[INFO] [stderr]   Downloaded scan_fmt v0.2.6
[INFO] [stderr]   Downloaded debug-helper v0.3.13
[INFO] [stderr]   Downloaded env-test-util v1.0.1
[INFO] [stderr]   Downloaded async-reactor-trait v1.1.0
[INFO] [stderr]   Downloaded no-proxy v0.3.4
[INFO] [stderr]   Downloaded temp-dir v0.1.11
[INFO] [stderr]   Downloaded quoted_printable v0.5.0
[INFO] running `Command { std: "docker" "create" "-v" "/var/lib/crater-agent-workspace/builds/worker-4-tc2/target:/opt/rustwide/target:rw,Z" "-v" "/var/lib/crater-agent-workspace/builds/worker-4-tc2/source:/opt/rustwide/workdir:ro,Z" "-v" "/var/lib/crater-agent-workspace/cargo-home:/opt/rustwide/cargo-home:ro,Z" "-v" "/var/lib/crater-agent-workspace/rustup-home:/opt/rustwide/rustup-home:ro,Z" "-e" "SOURCE_DIR=/opt/rustwide/workdir" "-e" "CARGO_TARGET_DIR=/opt/rustwide/target" "-e" "CARGO_HOME=/opt/rustwide/cargo-home" "-e" "RUSTUP_HOME=/opt/rustwide/rustup-home" "-w" "/opt/rustwide/workdir" "-m" "1610612736" "--user" "0:0" "--network" "none" "ghcr.io/rust-lang/crates-build-env/linux@sha256:2788e3201cd34a07e3172128adcd8b3090168a8e3bcc40d7c032b9dda1df7d1c" "/opt/rustwide/cargo-home/bin/cargo" "+beta-2023-12-22" "metadata" "--no-deps" "--format-version=1", kill_on_drop: false }`
[INFO] [stdout] b8ae1e49af5dd655e2ec7a991cee0238cbcb7b702eb8a0fb6a0b0ef386e2383d
[INFO] running `Command { std: "docker" "start" "-a" "b8ae1e49af5dd655e2ec7a991cee0238cbcb7b702eb8a0fb6a0b0ef386e2383d", kill_on_drop: false }`
[INFO] running `Command { std: "docker" "inspect" "b8ae1e49af5dd655e2ec7a991cee0238cbcb7b702eb8a0fb6a0b0ef386e2383d", kill_on_drop: false }`
[INFO] running `Command { std: "docker" "rm" "-f" "b8ae1e49af5dd655e2ec7a991cee0238cbcb7b702eb8a0fb6a0b0ef386e2383d", kill_on_drop: false }`
[INFO] [stdout] b8ae1e49af5dd655e2ec7a991cee0238cbcb7b702eb8a0fb6a0b0ef386e2383d
[INFO] running `Command { std: "docker" "create" "-v" "/var/lib/crater-agent-workspace/builds/worker-4-tc2/target:/opt/rustwide/target:rw,Z" "-v" "/var/lib/crater-agent-workspace/builds/worker-4-tc2/source:/opt/rustwide/workdir:ro,Z" "-v" "/var/lib/crater-agent-workspace/cargo-home:/opt/rustwide/cargo-home:ro,Z" "-v" "/var/lib/crater-agent-workspace/rustup-home:/opt/rustwide/rustup-home:ro,Z" "-e" "SOURCE_DIR=/opt/rustwide/workdir" "-e" "CARGO_TARGET_DIR=/opt/rustwide/target" "-e" "CARGO_INCREMENTAL=0" "-e" "RUST_BACKTRACE=full" "-e" "RUSTFLAGS=--cap-lints=warn" "-e" "RUSTDOCFLAGS=--cap-lints=warn" "-e" "CARGO_HOME=/opt/rustwide/cargo-home" "-e" "RUSTUP_HOME=/opt/rustwide/rustup-home" "-w" "/opt/rustwide/workdir" "-m" "1610612736" "--user" "0:0" "--network" "none" "ghcr.io/rust-lang/crates-build-env/linux@sha256:2788e3201cd34a07e3172128adcd8b3090168a8e3bcc40d7c032b9dda1df7d1c" "/opt/rustwide/cargo-home/bin/cargo" "+beta-2023-12-22" "build" "--frozen" "--message-format=json", kill_on_drop: false }`
[INFO] [stdout] 407b823cc1112c504f91845af0fb5e1bd81cf921200457759c9e484021b94a74
[INFO] running `Command { std: "docker" "start" "-a" "407b823cc1112c504f91845af0fb5e1bd81cf921200457759c9e484021b94a74", kill_on_drop: false }`
[INFO] [stderr]    Compiling unicode-ident v1.0.12
[INFO] [stderr]    Compiling proc-macro2 v1.0.69
[INFO] [stderr]    Compiling libc v0.2.150
[INFO] [stderr]    Compiling serde v1.0.192
[INFO] [stderr]    Compiling once_cell v1.18.0
[INFO] [stderr]    Compiling memchr v2.6.4
[INFO] [stderr]    Compiling equivalent v1.0.1
[INFO] [stderr]    Compiling lock_api v0.4.11
[INFO] [stderr]    Compiling parking_lot_core v0.9.9
[INFO] [stderr]    Compiling zeroize v1.6.0
[INFO] [stderr]    Compiling ahash v0.8.6
[INFO] [stderr]    Compiling libm v0.2.8
[INFO] [stderr]    Compiling num-traits v0.2.17
[INFO] [stderr]    Compiling zerocopy v0.7.21
[INFO] [stderr]    Compiling futures v0.1.31
[INFO] [stderr]    Compiling futures-util v0.3.29
[INFO] [stderr]    Compiling generic-array v0.14.7
[INFO] [stderr]    Compiling either v1.9.0
[INFO] [stderr]    Compiling tracing-core v0.1.32
[INFO] [stderr]    Compiling syn v1.0.109
[INFO] [stderr]    Compiling allocator-api2 v0.2.16
[INFO] [stderr]    Compiling regex-syntax v0.8.2
[INFO] [stderr]    Compiling serde_json v1.0.108
[INFO] [stderr]    Compiling percent-encoding v2.3.0
[INFO] [stderr]    Compiling subtle v2.5.0
[INFO] [stderr]    Compiling quote v1.0.33
[INFO] [stderr]    Compiling ahash v0.7.7
[INFO] [stderr]    Compiling const-oid v0.9.5
[INFO] [stderr]    Compiling indexmap v1.9.3
[INFO] [stderr]    Compiling base64 v0.21.5
[INFO] [stderr]    Compiling thiserror v1.0.50
[INFO] [stderr]    Compiling syn v2.0.39
[INFO] [stderr]    Compiling block-buffer v0.10.4
[INFO] [stderr]    Compiling form_urlencoded v1.2.0
[INFO] [stderr]    Compiling vcpkg v0.2.15
[INFO] [stderr]    Compiling cpufeatures v0.2.11
[INFO] [stderr]    Compiling lazy_static v1.4.0
[INFO] [stderr]    Compiling num-integer v0.1.45
[INFO] [stderr]    Compiling hashbrown v0.14.2
[INFO] [stderr]    Compiling anyhow v1.0.75
[INFO] [stderr]    Compiling unicode-normalization v0.1.22
[INFO] [stderr]    Compiling unicode-bidi v0.3.13
[INFO] [stderr]    Compiling spin v0.9.8
[INFO] [stderr]    Compiling jobserver v0.1.27
[INFO] [stderr]    Compiling try-lock v0.2.4
[INFO] [stderr]    Compiling httpdate v1.0.3
[INFO] [stderr]    Compiling want v0.3.1
[INFO] [stderr]    Compiling aho-corasick v1.1.2
[INFO] [stderr]    Compiling cc v1.0.83
[INFO] [stderr]    Compiling untrusted v0.9.0
[INFO] [stderr]    Compiling idna v0.4.0
[INFO] [stderr]    Compiling rustix v0.38.21
[INFO] [stderr]    Compiling openssl v0.10.59
[INFO] [stderr]    Compiling foreign-types-shared v0.1.1
[INFO] [stderr]    Compiling linux-raw-sys v0.4.10
[INFO] [stderr]    Compiling foreign-types v0.3.2
[INFO] [stderr]    Compiling rustls-pemfile v1.0.3
[INFO] [stderr]    Compiling openssl-probe v0.1.5
[INFO] [stderr]    Compiling fastrand v2.0.1
[INFO] [stderr]    Compiling getrandom v0.2.11
[INFO] [stderr]    Compiling signal-hook-registry v1.4.1
[INFO] [stderr]    Compiling iovec v0.1.4
[INFO] [stderr]    Compiling socket2 v0.5.5
[INFO] [stderr]    Compiling bytes v0.4.12
[INFO] [stderr]    Compiling rand_core v0.6.4
[INFO] [stderr]    Compiling mio v0.8.9
[INFO] [stderr]    Compiling num_cpus v1.16.0
[INFO] [stderr]    Compiling crypto-common v0.1.6
[INFO] [stderr]    Compiling tokio-io v0.1.13
[INFO] [stderr]    Compiling rand_chacha v0.3.1
[INFO] [stderr]    Compiling hashbrown v0.12.3
[INFO] [stderr]    Compiling digest v0.10.7
[INFO] [stderr]    Compiling socket2 v0.4.10
[INFO] [stderr]    Compiling openssl-src v300.1.6+3.1.4
[INFO] [stderr]    Compiling rand v0.8.5
[INFO] [stderr]    Compiling regex-automata v0.4.3
[INFO] [stderr]    Compiling openssl-sys v0.9.95
[INFO] [stderr]    Compiling ring v0.17.5
[INFO] [stderr]    Compiling home v0.5.5
[INFO] [stderr]    Compiling sha2 v0.10.8
[INFO] [stderr]    Compiling fastrand v1.9.0
[INFO] [stderr]    Compiling hmac v0.12.1
[INFO] [stderr]    Compiling strsim v0.10.0
[INFO] [stderr]    Compiling fixedbitset v0.4.2
[INFO] [stderr]    Compiling proc-macro-error-attr v1.0.4
[INFO] [stderr]    Compiling async-trait v0.1.74
[INFO] [stderr]    Compiling itertools v0.11.0
[INFO] [stderr]    Compiling semver v1.0.20
[INFO] [stderr]    Compiling iana-time-zone v0.1.58
[INFO] [stderr]    Compiling rustls-native-certs v0.6.3
[INFO] [stderr]    Compiling time-core v0.1.2
[INFO] [stderr]    Compiling native-tls v0.2.11
[INFO] [stderr]    Compiling powerfmt v0.2.0
[INFO] [stderr]    Compiling time-macros v0.2.15
[INFO] [stderr]    Compiling num_threads v0.1.6
[INFO] [stderr]    Compiling ident_case v1.0.1
[INFO] [stderr]    Compiling rustc_version v0.4.0
[INFO] [stderr]    Compiling diff v0.1.13
[INFO] [stderr]    Compiling xmlparser v0.13.6
[INFO] [stderr]    Compiling proc-macro-error v1.0.4
[INFO] [stderr]    Compiling winnow v0.5.18
[INFO] [stderr] error: could not compile `syn` (lib)
[INFO] [stderr] 
[INFO] [stderr] Caused by:
[INFO] [stderr]   process didn't exit successfully: `/opt/rustwide/rustup-home/toolchains/beta-2023-12-22-x86_64-unknown-linux-gnu/bin/rustc --crate-name syn --edition=2021 /opt/rustwide/cargo-home/registry/src/index.crates.io-6f17d22bba15001f/syn-2.0.39/src/lib.rs --error-format=json --json=diagnostic-rendered-ansi,artifacts,future-incompat --crate-type lib --emit=dep-info,metadata,link -C embed-bitcode=no -C debuginfo=2 --cfg 'feature="clone-impls"' --cfg 'feature="default"' --cfg 'feature="derive"' --cfg 'feature="extra-traits"' --cfg 'feature="full"' --cfg 'feature="parsing"' --cfg 'feature="printing"' --cfg 'feature="proc-macro"' --cfg 'feature="quote"' --cfg 'feature="visit"' --cfg 'feature="visit-mut"' -C metadata=2903f5b5b8806c95 -C extra-filename=-2903f5b5b8806c95 --out-dir /opt/rustwide/target/debug/deps -L dependency=/opt/rustwide/target/debug/deps --extern proc_macro2=/opt/rustwide/target/debug/deps/libproc_macro2-a6a604e7e80905fe.rmeta --extern quote=/opt/rustwide/target/debug/deps/libquote-bf5c50f967c8e8da.rmeta --extern unicode_ident=/opt/rustwide/target/debug/deps/libunicode_ident-5215284c2c535675.rmeta --cap-lints allow --cap-lints=warn` (signal: 9, SIGKILL: kill)
[INFO] [stderr] warning: build failed, waiting for other jobs to finish...
[INFO] running `Command { std: "docker" "inspect" "407b823cc1112c504f91845af0fb5e1bd81cf921200457759c9e484021b94a74", kill_on_drop: false }`
[INFO] running `Command { std: "docker" "rm" "-f" "407b823cc1112c504f91845af0fb5e1bd81cf921200457759c9e484021b94a74", kill_on_drop: false }`
[INFO] [stdout] 407b823cc1112c504f91845af0fb5e1bd81cf921200457759c9e484021b94a74
