[INFO] fetching crate zu 0.3.2...
[INFO] testing zu-0.3.2 against 1.75.0 for beta-1.76-1
[INFO] extracting crate zu 0.3.2 into /workspace/builds/worker-2-tc1/source
[INFO] validating manifest of crates.io crate zu 0.3.2 on toolchain 1.75.0
[INFO] running `Command { std: CARGO_HOME="/workspace/cargo-home" RUSTUP_HOME="/workspace/rustup-home" "/workspace/cargo-home/bin/cargo" "+1.75.0" "metadata" "--manifest-path" "Cargo.toml" "--no-deps", kill_on_drop: false }`
[INFO] started tweaking crates.io crate zu 0.3.2
[INFO] finished tweaking crates.io crate zu 0.3.2
[INFO] tweaked toml for crates.io crate zu 0.3.2 written to /workspace/builds/worker-2-tc1/source/Cargo.toml
[INFO] running `Command { std: CARGO_HOME="/workspace/cargo-home" RUSTUP_HOME="/workspace/rustup-home" "/workspace/cargo-home/bin/cargo" "+1.75.0" "generate-lockfile" "--manifest-path" "Cargo.toml", kill_on_drop: false }`
[INFO] [stderr]     Updating crates.io index
[INFO] running `Command { std: CARGO_HOME="/workspace/cargo-home" RUSTUP_HOME="/workspace/rustup-home" "/workspace/cargo-home/bin/cargo" "+1.75.0" "fetch" "--manifest-path" "Cargo.toml", kill_on_drop: false }`
[INFO] [stderr]  Downloading crates ...
[INFO] [stderr]   Downloaded prokio v0.1.0
[INFO] [stderr]   Downloaded stylist-core v0.12.1
[INFO] [stderr]   Downloaded implicit-clone v0.3.9
[INFO] [stderr]   Downloaded gloo-console v0.3.0
[INFO] [stderr]   Downloaded gloo-dialogs v0.2.0
[INFO] [stderr]   Downloaded gloo-render v0.2.0
[INFO] [stderr]   Downloaded gloo-timers v0.3.0
[INFO] [stderr]   Downloaded gloo-worker-macros v0.1.0
[INFO] [stderr]   Downloaded gloo-storage v0.3.0
[INFO] [stderr]   Downloaded gloo-file v0.3.0
[INFO] [stderr]   Downloaded yew-hooks v0.2.0
[INFO] [stderr]   Downloaded yew v0.21.0
[INFO] [stderr]   Downloaded gloo v0.10.0
[INFO] [stderr]   Downloaded rsass v0.28.8
[INFO] [stderr]   Downloaded stylist v0.12.1
[INFO] [stderr]   Downloaded yew-macro v0.21.0
[INFO] [stderr]   Downloaded yew-macro v0.20.0
[INFO] [stderr]   Downloaded gloo-history v0.2.2
[INFO] [stderr]   Downloaded yew v0.20.0
[INFO] [stderr]   Downloaded gloo-worker v0.4.0
[INFO] [stderr]   Downloaded pinned v0.1.0
[INFO] [stderr]   Downloaded implicit-clone v0.4.8
[INFO] [stderr]   Downloaded zu-util v0.3.4
[INFO] [stderr]   Downloaded implicit-clone-derive v0.1.1
[INFO] [stderr]   Downloaded gloo-events v0.2.0
[INFO] running `Command { std: "docker" "create" "-v" "/var/lib/crater-agent-workspace/builds/worker-2-tc1/target:/opt/rustwide/target:rw,Z" "-v" "/var/lib/crater-agent-workspace/builds/worker-2-tc1/source:/opt/rustwide/workdir:ro,Z" "-v" "/var/lib/crater-agent-workspace/cargo-home:/opt/rustwide/cargo-home:ro,Z" "-v" "/var/lib/crater-agent-workspace/rustup-home:/opt/rustwide/rustup-home:ro,Z" "-e" "SOURCE_DIR=/opt/rustwide/workdir" "-e" "CARGO_TARGET_DIR=/opt/rustwide/target" "-e" "CARGO_HOME=/opt/rustwide/cargo-home" "-e" "RUSTUP_HOME=/opt/rustwide/rustup-home" "-w" "/opt/rustwide/workdir" "-m" "1610612736" "--user" "0:0" "--network" "none" "ghcr.io/rust-lang/crates-build-env/linux@sha256:2788e3201cd34a07e3172128adcd8b3090168a8e3bcc40d7c032b9dda1df7d1c" "/opt/rustwide/cargo-home/bin/cargo" "+1.75.0" "metadata" "--no-deps" "--format-version=1", kill_on_drop: false }`
[INFO] [stdout] 34000a4443dd51f33f9b06fd37f6225d6170bd3efd721f0c7ec7a277c043815b
[INFO] running `Command { std: "docker" "start" "-a" "34000a4443dd51f33f9b06fd37f6225d6170bd3efd721f0c7ec7a277c043815b", kill_on_drop: false }`
[INFO] running `Command { std: "docker" "inspect" "34000a4443dd51f33f9b06fd37f6225d6170bd3efd721f0c7ec7a277c043815b", kill_on_drop: false }`
[INFO] running `Command { std: "docker" "rm" "-f" "34000a4443dd51f33f9b06fd37f6225d6170bd3efd721f0c7ec7a277c043815b", kill_on_drop: false }`
[INFO] [stdout] 34000a4443dd51f33f9b06fd37f6225d6170bd3efd721f0c7ec7a277c043815b
[INFO] running `Command { std: "docker" "create" "-v" "/var/lib/crater-agent-workspace/builds/worker-2-tc1/target:/opt/rustwide/target:rw,Z" "-v" "/var/lib/crater-agent-workspace/builds/worker-2-tc1/source:/opt/rustwide/workdir:ro,Z" "-v" "/var/lib/crater-agent-workspace/cargo-home:/opt/rustwide/cargo-home:ro,Z" "-v" "/var/lib/crater-agent-workspace/rustup-home:/opt/rustwide/rustup-home:ro,Z" "-e" "SOURCE_DIR=/opt/rustwide/workdir" "-e" "CARGO_TARGET_DIR=/opt/rustwide/target" "-e" "CARGO_INCREMENTAL=0" "-e" "RUST_BACKTRACE=full" "-e" "RUSTFLAGS=--cap-lints=warn" "-e" "RUSTDOCFLAGS=--cap-lints=warn" "-e" "CARGO_HOME=/opt/rustwide/cargo-home" "-e" "RUSTUP_HOME=/opt/rustwide/rustup-home" "-w" "/opt/rustwide/workdir" "-m" "1610612736" "--user" "0:0" "--network" "none" "ghcr.io/rust-lang/crates-build-env/linux@sha256:2788e3201cd34a07e3172128adcd8b3090168a8e3bcc40d7c032b9dda1df7d1c" "/opt/rustwide/cargo-home/bin/cargo" "+1.75.0" "build" "--frozen" "--message-format=json", kill_on_drop: false }`
[INFO] [stdout] 4215dcb75c395bac02f338421f1daa71d0c8430af2e0913c5d918efd58954464
[INFO] running `Command { std: "docker" "start" "-a" "4215dcb75c395bac02f338421f1daa71d0c8430af2e0913c5d918efd58954464", kill_on_drop: false }`
[INFO] [stderr]    Compiling proc-macro2 v1.0.75
[INFO] [stderr]    Compiling unicode-ident v1.0.12
[INFO] [stderr]    Compiling once_cell v1.19.0
[INFO] [stderr]    Compiling wasm-bindgen-shared v0.2.89
[INFO] [stderr]    Compiling bumpalo v3.14.0
[INFO] [stderr]    Compiling wasm-bindgen v0.2.89
[INFO] [stderr]    Compiling cfg-if v1.0.0
[INFO] [stderr]    Compiling autocfg v1.1.0
[INFO] [stderr]    Compiling serde v1.0.194
[INFO] [stderr]    Compiling itoa v1.0.10
[INFO] [stderr]    Compiling ryu v1.0.16
[INFO] [stderr]    Compiling serde_json v1.0.111
[INFO] [stderr]    Compiling thiserror v1.0.56
[INFO] [stderr]    Compiling futures-core v0.3.30
[INFO] [stderr]    Compiling futures-sink v0.3.30
[INFO] [stderr]    Compiling pin-project-lite v0.2.13
[INFO] [stderr]    Compiling memchr v2.7.1
[INFO] [stderr]    Compiling futures-io v0.3.30
[INFO] [stderr]    Compiling pin-utils v0.1.0
[INFO] [stderr]    Compiling futures-task v0.3.30
[INFO] [stderr]    Compiling percent-encoding v2.3.1
[INFO] [stderr]    Compiling futures-channel v0.3.30
[INFO] [stderr]    Compiling version_check v0.9.4
[INFO] [stderr]    Compiling rustversion v1.0.14
[INFO] [stderr]    Compiling fnv v1.0.7
[INFO] [stderr]    Compiling bytes v1.5.0
[INFO] [stderr]    Compiling hashbrown v0.14.3
[INFO] [stderr]    Compiling syn v1.0.109
[INFO] [stderr]    Compiling equivalent v1.0.1
[INFO] [stderr]    Compiling toml_datetime v0.6.5
[INFO] [stderr]    Compiling form_urlencoded v1.2.1
[INFO] [stderr]    Compiling libc v0.2.151
[INFO] [stderr]    Compiling winnow v0.5.32
[INFO] [stderr]    Compiling tracing-core v0.1.32
[INFO] [stderr]    Compiling tokio v1.35.1
[INFO] [stderr]    Compiling boolinator v2.4.0
[INFO] [stderr]    Compiling prettyplease v0.2.16
[INFO] [stderr]    Compiling minimal-lexical v0.2.1
[INFO] [stderr]    Compiling slab v0.4.9
[INFO] [stderr]    Compiling num-traits v0.2.17
[INFO] [stderr]    Compiling proc-macro-error-attr v1.0.4
[INFO] [stderr]    Compiling proc-macro-error v1.0.4
[INFO] [stderr]    Compiling http v0.2.11
[INFO] [stderr]    Compiling indexmap v2.1.0
[INFO] [stderr]    Compiling num-integer v0.1.45
[INFO] [stderr]    Compiling indexmap v1.9.3
[INFO] [stderr]    Compiling quote v1.0.35
[INFO] [stderr]    Compiling num-bigint v0.4.4
[INFO] [stderr]    Compiling prettyplease v0.1.25
[INFO] [stderr]    Compiling nom v7.1.3
[INFO] [stderr]    Compiling syn v2.0.48
[INFO] [stderr]    Compiling num-rational v0.4.1
[INFO] [stderr]    Compiling hashbrown v0.12.3
[INFO] [stderr]    Compiling num_cpus v1.16.0
[INFO] [stderr]    Compiling anymap2 v0.13.0
[INFO] [stderr]    Compiling xmlparser v0.13.6
[INFO] [stderr]    Compiling fastrand v2.0.1
[INFO] [stderr]    Compiling lazy_static v1.4.0
[INFO] [stderr]    Compiling arc-swap v1.6.0
[INFO] [stderr]    Compiling inflections v1.1.1
[INFO] [stderr]    Compiling instant v0.1.12
[INFO] [stderr]    Compiling roxmltree v0.18.1
[INFO] [stderr]    Compiling float-cmp v0.9.0
[INFO] [stderr]    Compiling implicit-clone v0.3.9
[INFO] [stderr]    Compiling toml_edit v0.19.15
[INFO] [stderr]    Compiling tokio-stream v0.1.14
[INFO] [stderr]    Compiling proc-macro-crate v1.3.1
[INFO] [stderr]    Compiling wasm-bindgen-backend v0.2.89
[INFO] [stderr]    Compiling yew-macro v0.20.0
[INFO] [stderr]    Compiling serde_derive v1.0.194
[INFO] [stderr]    Compiling thiserror-impl v1.0.56
[INFO] [stderr]    Compiling futures-macro v0.3.30
[INFO] [stderr]    Compiling pin-project-internal v1.1.3
[INFO] [stderr]    Compiling tracing-attributes v0.1.27
[INFO] [stderr]    Compiling gloo-worker-macros v0.1.0
[INFO] [stderr]    Compiling implicit-clone-derive v0.1.1
[INFO] [stderr]    Compiling yew-macro v0.21.0
[INFO] [stderr]    Compiling wasm-bindgen-macro-support v0.2.89
[INFO] [stderr]    Compiling implicit-clone v0.4.8
[INFO] [stderr]    Compiling futures-util v0.3.30
[INFO] [stderr]    Compiling wasm-bindgen-macro v0.2.89
[INFO] [stderr]    Compiling tracing v0.1.40
[INFO] [stderr]    Compiling rsass v0.28.8
[INFO] [stderr]    Compiling pin-project v1.1.3
[INFO] [stderr]    Compiling js-sys v0.3.66
[INFO] [stderr]    Compiling console_error_panic_hook v0.1.7
[INFO] [stderr]    Compiling futures-executor v0.3.30
[INFO] [stderr]    Compiling futures v0.3.30
[INFO] [stderr]    Compiling pinned v0.1.0
[INFO] [stderr]    Compiling prokio v0.1.0
[INFO] [stderr]    Compiling web-sys v0.3.66
[INFO] [stderr]    Compiling wasm-bindgen-futures v0.4.39
[INFO] [stderr]    Compiling gloo-timers v0.3.0
[INFO] [stderr]    Compiling gloo-timers v0.2.6
[INFO] [stderr]    Compiling bincode v1.3.3
[INFO] [stderr]    Compiling serde_urlencoded v0.7.1
[INFO] [stderr]    Compiling serde-wasm-bindgen v0.6.3
[INFO] [stderr]    Compiling serde-wasm-bindgen v0.5.0
[INFO] [stderr]    Compiling stylist-core v0.12.1
[INFO] [stderr]    Compiling gloo-utils v0.2.0
[INFO] [stderr]    Compiling gloo-events v0.2.0
[INFO] [stderr]    Compiling gloo-dialogs v0.2.0
[INFO] [stderr]    Compiling gloo-render v0.2.0
[INFO] [stderr]    Compiling gloo-console v0.3.0
[INFO] [stderr]    Compiling gloo-worker v0.4.0
[INFO] [stderr]    Compiling gloo-storage v0.3.0
[INFO] [stderr]    Compiling gloo-net v0.4.0
[INFO] [stderr]    Compiling gloo-history v0.2.2
[INFO] [stderr]    Compiling gloo-file v0.3.0
[INFO] [stderr]    Compiling gloo v0.10.0
[INFO] [stderr]    Compiling yew v0.21.0
[INFO] [stderr]    Compiling gloo-utils v0.1.7
[INFO] [stderr]    Compiling gloo-events v0.1.2
[INFO] [stderr]    Compiling gloo-render v0.1.1
[INFO] [stderr]    Compiling gloo-dialogs v0.1.1
[INFO] [stderr]    Compiling gloo-console v0.2.3
[INFO] [stderr]    Compiling gloo-storage v0.2.2
[INFO] [stderr]    Compiling gloo-net v0.3.1
[INFO] [stderr]    Compiling gloo-history v0.1.5
[INFO] [stderr]    Compiling gloo-file v0.2.3
[INFO] [stderr]    Compiling gloo-worker v0.2.1
[INFO] [stderr]    Compiling gloo v0.8.1
[INFO] [stderr]    Compiling yew v0.20.0
[INFO] [stderr]    Compiling zu-util v0.3.4
[INFO] [stderr]    Compiling zu v0.3.2 (/opt/rustwide/workdir)
[INFO] [stderr]    Compiling yew-hooks v0.2.0
[INFO] [stderr]    Compiling stylist v0.12.1
[INFO] [stdout] error[E0599]: no method named `to_attr` found for enum `implicit_clone::unsync::string::IString` in the current scope
[INFO] [stdout]   --> src/accordion_actions/mod.rs:36:50
[INFO] [stdout]    |
[INFO] [stdout] 36 |         <div class={root_cls} style={props.style.to_attr()}>
[INFO] [stdout]    |                                                  ^^^^^^^ method not found in `IString`
[INFO] [stdout] 
[INFO] [stdout] 
[INFO] [stdout] error[E0599]: no method named `to_attr` found for enum `implicit_clone::unsync::string::IString` in the current scope
[INFO] [stdout]   --> src/accordion_details/mod.rs:25:50
[INFO] [stdout]    |
[INFO] [stdout] 25 |         <div class={root_cls} style={props.style.to_attr()}>
[INFO] [stdout]    |                                                  ^^^^^^^ method not found in `IString`
[INFO] [stdout] 
[INFO] [stdout] 
[INFO] [stdout] error[E0599]: no method named `to_attr` found for enum `implicit_clone::unsync::string::IString` in the current scope
[INFO] [stdout]    --> src/avatar/mod.rs:120:50
[INFO] [stdout]     |
[INFO] [stdout] 120 |                     aria-label={props.aria_label.to_attr()}
[INFO] [stdout]     |                                                  ^^^^^^^ method not found in `IString`
[INFO] [stdout] 
[INFO] [stdout] 
[INFO] [stdout] error[E0599]: no method named `to_attr` found for enum `implicit_clone::unsync::string::IString` in the current scope
[INFO] [stdout]    --> src/avatar/mod.rs:121:36
[INFO] [stdout]     |
[INFO] [stdout] 121 |                     src={props.src.to_attr()}
[INFO] [stdout]     |                                    ^^^^^^^ method not found in `IString`
[INFO] [stdout] 
[INFO] [stdout] 
[INFO] [stdout] error[E0599]: no method named `to_attr` found for enum `implicit_clone::unsync::string::IString` in the current scope
[INFO] [stdout]    --> src/avatar/mod.rs:122:44
[INFO] [stdout]     |
[INFO] [stdout] 122 |                     src-set={props.src_set.to_attr()}
[INFO] [stdout]     |                                            ^^^^^^^ method not found in `IString`
[INFO] [stdout] 
[INFO] [stdout] 
[INFO] [stdout] error[E0599]: no method named `to_attr` found for enum `implicit_clone::unsync::string::IString` in the current scope
[INFO] [stdout]    --> src/avatar/mod.rs:123:36
[INFO] [stdout]     |
[INFO] [stdout] 123 |                     alt={props.alt.to_attr()}
[INFO] [stdout]     |                                    ^^^^^^^ method not found in `IString`
[INFO] [stdout] 
[INFO] [stdout] 
[INFO] [stdout] error[E0599]: no method named `to_attr` found for enum `implicit_clone::unsync::string::IString` in the current scope
[INFO] [stdout]    --> src/avatar/mod.rs:124:40
[INFO] [stdout]     |
[INFO] [stdout] 124 |                     sizes={props.sizes.to_attr()} />
[INFO] [stdout]     |                                        ^^^^^^^ method not found in `IString`
[INFO] [stdout] 
[INFO] [stdout] 
[INFO] [stdout] error[E0599]: no method named `to_attr` found for enum `implicit_clone::unsync::string::IString` in the current scope
[INFO] [stdout]   --> src/backdrop/mod.rs:60:32
[INFO] [stdout]    |
[INFO] [stdout] 60 |             style={props.style.to_attr()}>
[INFO] [stdout]    |                                ^^^^^^^ method not found in `IString`
[INFO] [stdout] 
[INFO] [stdout] 
[INFO] [stdout] error[E0599]: no method named `to_attr` found for enum `implicit_clone::unsync::string::IString` in the current scope
[INFO] [stdout]    --> src/badge/mod.rs:118:70
[INFO] [stdout]     |
[INFO] [stdout] 118 |         <@{component.to_owned()} class={root_cls} style={props.style.to_attr()}>
[INFO] [stdout]     |                                                                      ^^^^^^^ method not found in `IString`
[INFO] [stdout] 
[INFO] [stdout] 
[INFO] [stdout] error[E0599]: no method named `to_attr` found for enum `implicit_clone::unsync::string::IString` in the current scope
[INFO] [stdout]    --> src/badge/mod.rs:120:62
[INFO] [stdout]     |
[INFO] [stdout] 120 |             <span class={badge_cls} style={props.badge_style.to_attr()}>
[INFO] [stdout]     |                                                              ^^^^^^^ method not found in `IString`
[INFO] [stdout] 
[INFO] [stdout] 
[INFO] [stdout] error[E0599]: no method named `to_attr` found for enum `implicit_clone::unsync::string::IString` in the current scope
[INFO] [stdout]   --> src/bottom_navigation/mod.rs:43:32
[INFO] [stdout]    |
[INFO] [stdout] 43 |             style={props.style.to_attr()}>
[INFO] [stdout]    |                                ^^^^^^^ method not found in `IString`
[INFO] [stdout] 
[INFO] [stdout] 
[INFO] [stdout] error[E0599]: no method named `to_attr` found for enum `implicit_clone::unsync::string::IString` in the current scope
[INFO] [stdout]   --> src/box/mod.rs:34:65
[INFO] [stdout]    |
[INFO] [stdout] 34 |         <@{component.to_owned()} class={cls} style={props.style.to_attr()}>
[INFO] [stdout]    |                                                                 ^^^^^^^ method not found in `IString`
[INFO] [stdout] 
[INFO] [stdout] 
[INFO] [stdout] error[E0599]: no method named `to_attr` found for enum `implicit_clone::unsync::string::IString` in the current scope
[INFO] [stdout]    --> src/button_base/mod.rs:166:42
[INFO] [stdout]     |
[INFO] [stdout] 166 |             aria-label={props.aria_label.to_attr()}
[INFO] [stdout]     |                                          ^^^^^^^ method not found in `IString`
[INFO] [stdout] 
[INFO] [stdout] 
[INFO] [stdout] error[E0599]: no method named `to_attr` found for enum `implicit_clone::unsync::string::IString` in the current scope
[INFO] [stdout]   --> src/card_actions/mod.rs:36:50
[INFO] [stdout]    |
[INFO] [stdout] 36 |         <div class={root_cls} style={props.style.to_attr()}>
[INFO] [stdout]    |                                                  ^^^^^^^ method not found in `IString`
[INFO] [stdout] 
[INFO] [stdout] 
[INFO] [stdout] error[E0599]: no method named `to_attr` found for enum `implicit_clone::unsync::string::IString` in the current scope
[INFO] [stdout]   --> src/card_content/mod.rs:33:32
[INFO] [stdout]    |
[INFO] [stdout] 33 |             style={props.style.to_attr()}>
[INFO] [stdout]    |                                ^^^^^^^ method not found in `IString`
[INFO] [stdout] 
[INFO] [stdout] 
[INFO] [stdout] error[E0599]: no method named `to_attr` found for enum `implicit_clone::unsync::string::IString` in the current scope
[INFO] [stdout]   --> src/card_header/mod.rs:54:69
[INFO] [stdout]    |
[INFO] [stdout] 54 |        <@{component.to_owned()} class={root_cls} style={props.style.to_attr()}>
[INFO] [stdout]    |                                                                     ^^^^^^^ method not found in `IString`
[INFO] [stdout] 
[INFO] [stdout] 
[INFO] [stdout] error[E0599]: no method named `to_attr` found for enum `implicit_clone::unsync::string::IString` in the current scope
[INFO] [stdout]   --> src/card_media/mod.rs:96:28
[INFO] [stdout]    |
[INFO] [stdout] 96 |             alt={props.alt.to_attr()}
[INFO] [stdout]    |                            ^^^^^^^ method not found in `IString`
[INFO] [stdout] 
[INFO] [stdout] 
[INFO] [stdout] error[E0599]: no method named `to_attr` found for enum `implicit_clone::unsync::string::IString` in the current scope
[INFO] [stdout]   --> src/card_media/mod.rs:97:32
[INFO] [stdout]    |
[INFO] [stdout] 97 |             title={props.title.to_attr()}
[INFO] [stdout]    |                                ^^^^^^^ method not found in `IString`
[INFO] [stdout] 
[INFO] [stdout] 
[INFO] [stdout] error[E0599]: no method named `to_attr` found for enum `implicit_clone::unsync::string::IString` in the current scope
[INFO] [stdout]   --> src/checkbox/mod.rs:94:49
[INFO] [stdout]    |
[INFO] [stdout] 94 |        <div class={root_cls} style={props.style.to_attr()}>
[INFO] [stdout]    |                                                 ^^^^^^^ method not found in `IString`
[INFO] [stdout] 
[INFO] [stdout] 
[INFO] [stdout] error[E0599]: no method named `to_attr` found for enum `implicit_clone::unsync::string::IString` in the current scope
[INFO] [stdout]    --> src/divider/mod.rs:118:29
[INFO] [stdout]     |
[INFO] [stdout] 118 |     let style = props.style.to_attr();
[INFO] [stdout]     |                             ^^^^^^^ method not found in `IString`
[INFO] [stdout] 
[INFO] [stdout] 
[INFO] [stdout] error[E0599]: no method named `to_attr` found for enum `implicit_clone::unsync::string::IString` in the current scope
[INFO] [stdout]   --> src/form_group/mod.rs:37:32
[INFO] [stdout]    |
[INFO] [stdout] 37 |             style={props.style.to_attr()}
[INFO] [stdout]    |                                ^^^^^^^ method not found in `IString`
[INFO] [stdout] 
[INFO] [stdout] 
[INFO] [stdout] error[E0599]: no method named `to_attr` found for enum `implicit_clone::unsync::string::IString` in the current scope
[INFO] [stdout]   --> src/form_group/mod.rs:38:42
[INFO] [stdout]    |
[INFO] [stdout] 38 |             aria-label={props.aria_label.to_attr()}>
[INFO] [stdout]    |                                          ^^^^^^^ method not found in `IString`
[INFO] [stdout] 
[INFO] [stdout] 
[INFO] [stdout] error[E0599]: no method named `to_attr` found for enum `implicit_clone::unsync::string::IString` in the current scope
[INFO] [stdout]   --> src/list/mod.rs:60:32
[INFO] [stdout]    |
[INFO] [stdout] 60 |             style={props.style.to_attr()}>
[INFO] [stdout]    |                                ^^^^^^^ method not found in `IString`
[INFO] [stdout] 
[INFO] [stdout] 
[INFO] [stdout] error[E0599]: no method named `to_attr` found for enum `implicit_clone::unsync::string::IString` in the current scope
[INFO] [stdout]   --> src/list_item_icon/mod.rs:38:50
[INFO] [stdout]    |
[INFO] [stdout] 38 |         <div class={root_cls} style={props.style.to_attr()}>
[INFO] [stdout]    |                                                  ^^^^^^^ method not found in `IString`
[INFO] [stdout] 
[INFO] [stdout] 
[INFO] [stdout] error[E0599]: no method named `to_attr` found for enum `implicit_clone::unsync::string::IString` in the current scope
[INFO] [stdout]   --> src/paper/mod.rs:76:32
[INFO] [stdout]    |
[INFO] [stdout] 76 |             style={props.style.to_attr()}>
[INFO] [stdout]    |                                ^^^^^^^ method not found in `IString`
[INFO] [stdout] 
[INFO] [stdout] 
[INFO] [stdout] error[E0599]: no method named `to_attr` found for enum `implicit_clone::unsync::string::IString` in the current scope
[INFO] [stdout]   --> src/stack/mod.rs:82:32
[INFO] [stdout]    |
[INFO] [stdout] 82 |             style={props.style.to_attr()}>
[INFO] [stdout]    |                                ^^^^^^^ method not found in `IString`
[INFO] [stdout] 
[INFO] [stdout] 
[INFO] [stdout] error[E0599]: no method named `to_attr` found for enum `implicit_clone::unsync::string::IString` in the current scope
[INFO] [stdout]   --> src/svg_icon/mod.rs:89:32
[INFO] [stdout]    |
[INFO] [stdout] 89 |             style={props.style.to_attr()}
[INFO] [stdout]    |                                ^^^^^^^ method not found in `IString`
[INFO] [stdout] 
[INFO] [stdout] 
[INFO] [stdout] error[E0599]: no method named `to_attr` found for enum `implicit_clone::unsync::string::IString` in the current scope
[INFO] [stdout]   --> src/svg_icon/mod.rs:91:37
[INFO] [stdout]    |
[INFO] [stdout] 91 |             color={props.html_color.to_attr()}
[INFO] [stdout]    |                                     ^^^^^^^ method not found in `IString`
[INFO] [stdout] 
[INFO] [stdout] 
[INFO] [stdout] error[E0599]: no method named `to_attr` found for enum `implicit_clone::unsync::string::IString` in the current scope
[INFO] [stdout]   --> src/svg_icon/mod.rs:93:35
[INFO] [stdout]    |
[INFO] [stdout] 93 |             data-icon={props.icon.to_attr()}
[INFO] [stdout]    |                                   ^^^^^^^ method not found in `IString`
[INFO] [stdout] 
[INFO] [stdout] 
[INFO] [stdout] error[E0599]: no method named `to_attr` found for enum `implicit_clone::unsync::string::IString` in the current scope
[INFO] [stdout]   --> src/svg_icon/mod.rs:95:30
[INFO] [stdout]    |
[INFO] [stdout] 95 |             fill={props.fill.to_attr()}
[INFO] [stdout]    |                              ^^^^^^^ method not found in `IString`
[INFO] [stdout] 
[INFO] [stdout] 
[INFO] [stdout] error[E0599]: no method named `to_attr` found for enum `implicit_clone::unsync::string::IString` in the current scope
[INFO] [stdout]   --> src/svg_icon/mod.rs:96:34
[INFO] [stdout]    |
[INFO] [stdout] 96 |             stroke={props.stroke.to_attr()}
[INFO] [stdout]    |                                  ^^^^^^^ method not found in `IString`
[INFO] [stdout] 
[INFO] [stdout] 
[INFO] [stdout] error[E0599]: no method named `to_attr` found for enum `implicit_clone::unsync::string::IString` in the current scope
[INFO] [stdout]   --> src/typography/mod.rs:90:42
[INFO] [stdout]    |
[INFO] [stdout] 90 |             aria_label={props.aria_label.to_attr()}
[INFO] [stdout]    |                                          ^^^^^^^ method not found in `IString`
[INFO] [stdout] 
[INFO] [stdout] 
[INFO] [stdout] error[E0599]: no method named `to_attr` found for enum `implicit_clone::unsync::string::IString` in the current scope
[INFO] [stdout]   --> src/typography/mod.rs:92:30
[INFO] [stdout]    |
[INFO] [stdout] 92 |             href={props.href.to_attr()}
[INFO] [stdout]    |                              ^^^^^^^ method not found in `IString`
[INFO] [stdout] 
[INFO] [stdout] 
[INFO] [stdout] error[E0599]: no method named `to_attr` found for enum `implicit_clone::unsync::string::IString` in the current scope
[INFO] [stdout]   --> src/typography/mod.rs:93:32
[INFO] [stdout]    |
[INFO] [stdout] 93 |             style={props.style.to_attr()}>
[INFO] [stdout]    |                                ^^^^^^^ method not found in `IString`
[INFO] [stdout] 
[INFO] [stdout] 
[INFO] [stdout] warning: unused import: `zu_util::prop::ToAttr`
[INFO] [stdout]   --> src/accordion_actions/mod.rs:6:5
[INFO] [stdout]    |
[INFO] [stdout] 6  | use zu_util::prop::ToAttr;
[INFO] [stdout]    |     ^^^^^^^^^^^^^^^^^^^^^
[INFO] [stdout]    |
[INFO] [stdout] note: the lint level is defined here
[INFO] [stdout]   --> src/lib.rs:29:5
[INFO] [stdout]    |
[INFO] [stdout] 29 |     warnings,
[INFO] [stdout]    |     ^^^^^^^^
[INFO] [stdout]    = note: `#[warn(unused_imports)]` implied by `#[warn(warnings)]`
[INFO] [stdout] 
[INFO] [stdout] 
[INFO] [stdout] warning: unused import: `zu_util::prop::ToAttr`
[INFO] [stdout]  --> src/accordion_details/mod.rs:6:5
[INFO] [stdout]   |
[INFO] [stdout] 6 | use zu_util::prop::ToAttr;
[INFO] [stdout]   |     ^^^^^^^^^^^^^^^^^^^^^
[INFO] [stdout] 
[INFO] [stdout] 
[INFO] [stdout] warning: unused import: `prop::ToAttr`
[INFO] [stdout]   --> src/avatar/mod.rs:11:21
[INFO] [stdout]    |
[INFO] [stdout] 11 | use zu_util::{name, prop::ToAttr};
[INFO] [stdout]    |                     ^^^^^^^^^^^^
[INFO] [stdout] 
[INFO] [stdout] 
[INFO] [stdout] warning: unused import: `zu_util::prop::ToAttr`
[INFO] [stdout]  --> src/backdrop/mod.rs:6:5
[INFO] [stdout]   |
[INFO] [stdout] 6 | use zu_util::prop::ToAttr;
[INFO] [stdout]   |     ^^^^^^^^^^^^^^^^^^^^^
[INFO] [stdout] 
[INFO] [stdout] 
[INFO] [stdout] warning: unused import: `zu_util::prop::ToAttr`
[INFO] [stdout]   --> src/badge/mod.rs:12:5
[INFO] [stdout]    |
[INFO] [stdout] 12 | use zu_util::prop::ToAttr;
[INFO] [stdout]    |     ^^^^^^^^^^^^^^^^^^^^^
[INFO] [stdout] 
[INFO] [stdout] 
[INFO] [stdout] warning: unused import: `zu_util::prop::ToAttr`
[INFO] [stdout]  --> src/bottom_navigation/mod.rs:6:5
[INFO] [stdout]   |
[INFO] [stdout] 6 | use zu_util::prop::ToAttr;
[INFO] [stdout]   |     ^^^^^^^^^^^^^^^^^^^^^
[INFO] [stdout] 
[INFO] [stdout] 
[INFO] [stdout] warning: unused import: `zu_util::prop::ToAttr`
[INFO] [stdout]  --> src/box/mod.rs:6:5
[INFO] [stdout]   |
[INFO] [stdout] 6 | use zu_util::prop::ToAttr;
[INFO] [stdout]   |     ^^^^^^^^^^^^^^^^^^^^^
[INFO] [stdout] 
[INFO] [stdout] 
[INFO] [stdout] warning: unused import: `zu_util::prop::ToAttr`
[INFO] [stdout]   --> src/button_base/mod.rs:14:5
[INFO] [stdout]    |
[INFO] [stdout] 14 | use zu_util::prop::ToAttr;
[INFO] [stdout]    |     ^^^^^^^^^^^^^^^^^^^^^
[INFO] [stdout] 
[INFO] [stdout] 
[INFO] [stdout] warning: unused import: `zu_util::prop::ToAttr`
[INFO] [stdout]  --> src/card_actions/mod.rs:6:5
[INFO] [stdout]   |
[INFO] [stdout] 6 | use zu_util::prop::ToAttr;
[INFO] [stdout]   |     ^^^^^^^^^^^^^^^^^^^^^
[INFO] [stdout] 
[INFO] [stdout] 
[INFO] [stdout] warning: unused import: `zu_util::prop::ToAttr`
[INFO] [stdout]  --> src/card_content/mod.rs:6:5
[INFO] [stdout]   |
[INFO] [stdout] 6 | use zu_util::prop::ToAttr;
[INFO] [stdout]   |     ^^^^^^^^^^^^^^^^^^^^^
[INFO] [stdout] 
[INFO] [stdout] 
[INFO] [stdout] warning: unused import: `zu_util::prop::ToAttr`
[INFO] [stdout]  --> src/card_header/mod.rs:6:5
[INFO] [stdout]   |
[INFO] [stdout] 6 | use zu_util::prop::ToAttr;
[INFO] [stdout]   |     ^^^^^^^^^^^^^^^^^^^^^
[INFO] [stdout] 
[INFO] [stdout] 
[INFO] [stdout] warning: unused import: `zu_util::prop::ToAttr`
[INFO] [stdout]  --> src/card_media/mod.rs:6:5
[INFO] [stdout]   |
[INFO] [stdout] 6 | use zu_util::prop::ToAttr;
[INFO] [stdout]   |     ^^^^^^^^^^^^^^^^^^^^^
[INFO] [stdout] 
[INFO] [stdout] 
[INFO] [stdout] warning: unused import: `zu_util::prop::ToAttr`
[INFO] [stdout]  --> src/checkbox/mod.rs:8:5
[INFO] [stdout]   |
[INFO] [stdout] 8 | use zu_util::prop::ToAttr;
[INFO] [stdout]   |     ^^^^^^^^^^^^^^^^^^^^^
[INFO] [stdout] 
[INFO] [stdout] 
[INFO] [stdout] warning: unused import: `zu_util::prop::ToAttr`
[INFO] [stdout]   --> src/divider/mod.rs:10:5
[INFO] [stdout]    |
[INFO] [stdout] 10 | use zu_util::prop::ToAttr;
[INFO] [stdout]    |     ^^^^^^^^^^^^^^^^^^^^^
[INFO] [stdout] 
[INFO] [stdout] 
[INFO] [stdout] warning: unused import: `zu_util::prop::ToAttr`
[INFO] [stdout]  --> src/form_group/mod.rs:6:5
[INFO] [stdout]   |
[INFO] [stdout] 6 | use zu_util::prop::ToAttr;
[INFO] [stdout]   |     ^^^^^^^^^^^^^^^^^^^^^
[INFO] [stdout] 
[INFO] [stdout] 
[INFO] [stdout] warning: unused import: `zu_util::prop::ToAttr`
[INFO] [stdout]  --> src/list/mod.rs:6:5
[INFO] [stdout]   |
[INFO] [stdout] 6 | use zu_util::prop::ToAttr;
[INFO] [stdout]   |     ^^^^^^^^^^^^^^^^^^^^^
[INFO] [stdout] 
[INFO] [stdout] 
[INFO] [stdout] warning: unused import: `zu_util::prop::ToAttr`
[INFO] [stdout]  --> src/list_item_icon/mod.rs:6:5
[INFO] [stdout]   |
[INFO] [stdout] 6 | use zu_util::prop::ToAttr;
[INFO] [stdout]   |     ^^^^^^^^^^^^^^^^^^^^^
[INFO] [stdout] 
[INFO] [stdout] 
[INFO] [stdout] warning: unused import: `zu_util::prop::ToAttr`
[INFO] [stdout]  --> src/paper/mod.rs:8:5
[INFO] [stdout]   |
[INFO] [stdout] 8 | use zu_util::prop::ToAttr;
[INFO] [stdout]   |     ^^^^^^^^^^^^^^^^^^^^^
[INFO] [stdout] 
[INFO] [stdout] 
[INFO] [stdout] warning: unused import: `zu_util::prop::ToAttr`
[INFO] [stdout]  --> src/stack/mod.rs:6:5
[INFO] [stdout]   |
[INFO] [stdout] 6 | use zu_util::prop::ToAttr;
[INFO] [stdout]   |     ^^^^^^^^^^^^^^^^^^^^^
[INFO] [stdout] 
[INFO] [stdout] 
[INFO] [stdout] warning: unused import: `zu_util::prop::ToAttr`
[INFO] [stdout]  --> src/typography/mod.rs:9:5
[INFO] [stdout]   |
[INFO] [stdout] 9 | use zu_util::prop::ToAttr;
[INFO] [stdout]   |     ^^^^^^^^^^^^^^^^^^^^^
[INFO] [stdout] 
[INFO] [stdout] 
[INFO] [stdout] error: aborting due to 34 previous errors; 20 warnings emitted
[INFO] [stdout] 
[INFO] [stdout] 
[INFO] [stdout] For more information about this error, try `rustc --explain E0599`.
[INFO] [stdout] 
[INFO] [stderr] error: could not compile `zu` (lib) due to 35 previous errors; 20 warnings emitted
[INFO] running `Command { std: "docker" "inspect" "4215dcb75c395bac02f338421f1daa71d0c8430af2e0913c5d918efd58954464", kill_on_drop: false }`
[INFO] running `Command { std: "docker" "rm" "-f" "4215dcb75c395bac02f338421f1daa71d0c8430af2e0913c5d918efd58954464", kill_on_drop: false }`
[INFO] [stdout] 4215dcb75c395bac02f338421f1daa71d0c8430af2e0913c5d918efd58954464
[INFO] testing zu-0.3.2 against beta-2023-12-22 for beta-1.76-1
[INFO] extracting crate zu 0.3.2 into /workspace/builds/worker-2-tc2/source
[INFO] validating manifest of crates.io crate zu 0.3.2 on toolchain beta-2023-12-22
[INFO] running `Command { std: CARGO_HOME="/workspace/cargo-home" RUSTUP_HOME="/workspace/rustup-home" "/workspace/cargo-home/bin/cargo" "+beta-2023-12-22" "metadata" "--manifest-path" "Cargo.toml" "--no-deps", kill_on_drop: false }`
[INFO] started tweaking crates.io crate zu 0.3.2
[INFO] finished tweaking crates.io crate zu 0.3.2
[INFO] tweaked toml for crates.io crate zu 0.3.2 written to /workspace/builds/worker-2-tc2/source/Cargo.toml
[INFO] running `Command { std: CARGO_HOME="/workspace/cargo-home" RUSTUP_HOME="/workspace/rustup-home" "/workspace/cargo-home/bin/cargo" "+beta-2023-12-22" "generate-lockfile" "--manifest-path" "Cargo.toml", kill_on_drop: false }`
[INFO] [stderr]     Updating crates.io index
[INFO] running `Command { std: CARGO_HOME="/workspace/cargo-home" RUSTUP_HOME="/workspace/rustup-home" "/workspace/cargo-home/bin/cargo" "+beta-2023-12-22" "fetch" "--manifest-path" "Cargo.toml", kill_on_drop: false }`
[INFO] running `Command { std: "docker" "create" "-v" "/var/lib/crater-agent-workspace/builds/worker-2-tc2/target:/opt/rustwide/target:rw,Z" "-v" "/var/lib/crater-agent-workspace/builds/worker-2-tc2/source:/opt/rustwide/workdir:ro,Z" "-v" "/var/lib/crater-agent-workspace/cargo-home:/opt/rustwide/cargo-home:ro,Z" "-v" "/var/lib/crater-agent-workspace/rustup-home:/opt/rustwide/rustup-home:ro,Z" "-e" "SOURCE_DIR=/opt/rustwide/workdir" "-e" "CARGO_TARGET_DIR=/opt/rustwide/target" "-e" "CARGO_HOME=/opt/rustwide/cargo-home" "-e" "RUSTUP_HOME=/opt/rustwide/rustup-home" "-w" "/opt/rustwide/workdir" "-m" "1610612736" "--user" "0:0" "--network" "none" "ghcr.io/rust-lang/crates-build-env/linux@sha256:2788e3201cd34a07e3172128adcd8b3090168a8e3bcc40d7c032b9dda1df7d1c" "/opt/rustwide/cargo-home/bin/cargo" "+beta-2023-12-22" "metadata" "--no-deps" "--format-version=1", kill_on_drop: false }`
[INFO] [stdout] 931e4d8668fb42e6cd4ab96239efa8d9a6a461e8802e1f6045f45bcb2766241e
[INFO] running `Command { std: "docker" "start" "-a" "931e4d8668fb42e6cd4ab96239efa8d9a6a461e8802e1f6045f45bcb2766241e", kill_on_drop: false }`
[INFO] running `Command { std: "docker" "inspect" "931e4d8668fb42e6cd4ab96239efa8d9a6a461e8802e1f6045f45bcb2766241e", kill_on_drop: false }`
[INFO] running `Command { std: "docker" "rm" "-f" "931e4d8668fb42e6cd4ab96239efa8d9a6a461e8802e1f6045f45bcb2766241e", kill_on_drop: false }`
[INFO] [stdout] 931e4d8668fb42e6cd4ab96239efa8d9a6a461e8802e1f6045f45bcb2766241e
[INFO] running `Command { std: "docker" "create" "-v" "/var/lib/crater-agent-workspace/builds/worker-2-tc2/target:/opt/rustwide/target:rw,Z" "-v" "/var/lib/crater-agent-workspace/builds/worker-2-tc2/source:/opt/rustwide/workdir:ro,Z" "-v" "/var/lib/crater-agent-workspace/cargo-home:/opt/rustwide/cargo-home:ro,Z" "-v" "/var/lib/crater-agent-workspace/rustup-home:/opt/rustwide/rustup-home:ro,Z" "-e" "SOURCE_DIR=/opt/rustwide/workdir" "-e" "CARGO_TARGET_DIR=/opt/rustwide/target" "-e" "CARGO_INCREMENTAL=0" "-e" "RUST_BACKTRACE=full" "-e" "RUSTFLAGS=--cap-lints=warn" "-e" "RUSTDOCFLAGS=--cap-lints=warn" "-e" "CARGO_HOME=/opt/rustwide/cargo-home" "-e" "RUSTUP_HOME=/opt/rustwide/rustup-home" "-w" "/opt/rustwide/workdir" "-m" "1610612736" "--user" "0:0" "--network" "none" "ghcr.io/rust-lang/crates-build-env/linux@sha256:2788e3201cd34a07e3172128adcd8b3090168a8e3bcc40d7c032b9dda1df7d1c" "/opt/rustwide/cargo-home/bin/cargo" "+beta-2023-12-22" "build" "--frozen" "--message-format=json", kill_on_drop: false }`
[INFO] [stdout] d0c0a6d4898dd9fe7627b1ea9da36b640b827e04a85f2b83943868a0c9caea64
[INFO] running `Command { std: "docker" "start" "-a" "d0c0a6d4898dd9fe7627b1ea9da36b640b827e04a85f2b83943868a0c9caea64", kill_on_drop: false }`
[INFO] [stderr]    Compiling proc-macro2 v1.0.75
[INFO] [stderr]    Compiling unicode-ident v1.0.12
[INFO] [stderr]    Compiling once_cell v1.19.0
[INFO] [stderr]    Compiling wasm-bindgen-shared v0.2.89
[INFO] [stderr]    Compiling bumpalo v3.14.0
[INFO] [stderr]    Compiling cfg-if v1.0.0
[INFO] [stderr]    Compiling wasm-bindgen v0.2.89
[INFO] [stderr]    Compiling autocfg v1.1.0
[INFO] [stderr]    Compiling serde v1.0.194
[INFO] [stderr]    Compiling itoa v1.0.10
[INFO] [stderr]    Compiling ryu v1.0.16
[INFO] [stderr]    Compiling serde_json v1.0.111
[INFO] [stderr]    Compiling thiserror v1.0.56
[INFO] [stderr]    Compiling futures-core v0.3.30
[INFO] [stderr]    Compiling futures-sink v0.3.30
[INFO] [stderr]    Compiling pin-project-lite v0.2.13
[INFO] [stderr]    Compiling memchr v2.7.1
[INFO] [stderr]    Compiling futures-task v0.3.30
[INFO] [stderr]    Compiling futures-io v0.3.30
[INFO] [stderr]    Compiling pin-utils v0.1.0
[INFO] [stderr]    Compiling futures-channel v0.3.30
[INFO] [stderr]    Compiling version_check v0.9.4
[INFO] [stderr]    Compiling percent-encoding v2.3.1
[INFO] [stderr]    Compiling rustversion v1.0.14
[INFO] [stderr]    Compiling bytes v1.5.0
[INFO] [stderr]    Compiling fnv v1.0.7
[INFO] [stderr]    Compiling form_urlencoded v1.2.1
[INFO] [stderr]    Compiling syn v1.0.109
[INFO] [stderr]    Compiling equivalent v1.0.1
[INFO] [stderr]    Compiling hashbrown v0.14.3
[INFO] [stderr]    Compiling toml_datetime v0.6.5
[INFO] [stderr]    Compiling libc v0.2.151
[INFO] [stderr]    Compiling winnow v0.5.32
[INFO] [stderr]    Compiling tracing-core v0.1.32
[INFO] [stderr]    Compiling tokio v1.35.1
[INFO] [stderr]    Compiling slab v0.4.9
[INFO] [stderr]    Compiling boolinator v2.4.0
[INFO] [stderr]    Compiling num-traits v0.2.17
[INFO] [stderr]    Compiling prettyplease v0.2.16
[INFO] [stderr]    Compiling proc-macro-error-attr v1.0.4
[INFO] [stderr]    Compiling proc-macro-error v1.0.4
[INFO] [stderr]    Compiling num-integer v0.1.45
[INFO] [stderr]    Compiling indexmap v1.9.3
[INFO] [stderr]    Compiling http v0.2.11
[INFO] [stderr]    Compiling num-bigint v0.4.4
[INFO] [stderr]    Compiling prettyplease v0.1.25
[INFO] [stderr]    Compiling minimal-lexical v0.2.1
[INFO] [stderr]    Compiling quote v1.0.35
[INFO] [stderr]    Compiling num-rational v0.4.1
[INFO] [stderr]    Compiling indexmap v2.1.0
[INFO] [stderr]    Compiling syn v2.0.48
[INFO] [stderr]    Compiling nom v7.1.3
[INFO] [stderr]    Compiling hashbrown v0.12.3
[INFO] [stderr]    Compiling anymap2 v0.13.0
[INFO] [stderr]    Compiling xmlparser v0.13.6
[INFO] [stderr]    Compiling fastrand v2.0.1
[INFO] [stderr]    Compiling arc-swap v1.6.0
[INFO] [stderr]    Compiling lazy_static v1.4.0
[INFO] [stderr]    Compiling num_cpus v1.16.0
[INFO] [stderr]    Compiling inflections v1.1.1
[INFO] [stderr]    Compiling instant v0.1.12
[INFO] [stderr]    Compiling roxmltree v0.18.1
[INFO] [stderr]    Compiling float-cmp v0.9.0
[INFO] [stderr]    Compiling implicit-clone v0.3.9
[INFO] [stderr]    Compiling toml_edit v0.19.15
[INFO] [stderr]    Compiling tokio-stream v0.1.14
[INFO] [stderr]    Compiling proc-macro-crate v1.3.1
[INFO] [stderr]    Compiling wasm-bindgen-backend v0.2.89
[INFO] [stderr]    Compiling yew-macro v0.20.0
[INFO] [stderr]    Compiling serde_derive v1.0.194
[INFO] [stderr]    Compiling thiserror-impl v1.0.56
[INFO] [stderr]    Compiling futures-macro v0.3.30
[INFO] [stderr]    Compiling pin-project-internal v1.1.3
[INFO] [stderr]    Compiling tracing-attributes v0.1.27
[INFO] [stderr]    Compiling gloo-worker-macros v0.1.0
[INFO] [stderr]    Compiling implicit-clone-derive v0.1.1
[INFO] [stderr]    Compiling yew-macro v0.21.0
[INFO] [stderr]    Compiling wasm-bindgen-macro-support v0.2.89
[INFO] [stderr]    Compiling implicit-clone v0.4.8
[INFO] [stderr]    Compiling wasm-bindgen-macro v0.2.89
[INFO] [stderr]    Compiling futures-util v0.3.30
[INFO] [stderr]    Compiling pin-project v1.1.3
[INFO] [stderr]    Compiling tracing v0.1.40
[INFO] [stderr]    Compiling rsass v0.28.8
[INFO] [stderr]    Compiling js-sys v0.3.66
[INFO] [stderr]    Compiling console_error_panic_hook v0.1.7
[INFO] [stderr]    Compiling futures-executor v0.3.30
[INFO] [stderr]    Compiling futures v0.3.30
[INFO] [stderr]    Compiling pinned v0.1.0
[INFO] [stderr]    Compiling prokio v0.1.0
[INFO] [stderr]    Compiling web-sys v0.3.66
[INFO] [stderr]    Compiling wasm-bindgen-futures v0.4.39
[INFO] [stderr]    Compiling gloo-timers v0.3.0
[INFO] [stderr]    Compiling gloo-timers v0.2.6
[INFO] [stderr]    Compiling serde_urlencoded v0.7.1
[INFO] [stderr]    Compiling bincode v1.3.3
[INFO] [stderr]    Compiling serde-wasm-bindgen v0.6.3
[INFO] [stderr]    Compiling serde-wasm-bindgen v0.5.0
[INFO] [stderr]    Compiling stylist-core v0.12.1
[INFO] [stderr]    Compiling gloo-utils v0.2.0
[INFO] [stderr]    Compiling gloo-events v0.2.0
[INFO] [stderr]    Compiling gloo-dialogs v0.2.0
[INFO] [stderr]    Compiling gloo-render v0.2.0
[INFO] [stderr]    Compiling gloo-worker v0.4.0
[INFO] [stderr]    Compiling gloo-storage v0.3.0
[INFO] [stderr]    Compiling gloo-console v0.3.0
[INFO] [stderr]    Compiling gloo-net v0.4.0
[INFO] [stderr]    Compiling gloo-file v0.3.0
[INFO] [stderr]    Compiling gloo-history v0.2.2
[INFO] [stderr]    Compiling gloo v0.10.0
[INFO] [stderr]    Compiling yew v0.21.0
[INFO] [stderr]    Compiling gloo-utils v0.1.7
[INFO] [stderr]    Compiling gloo-events v0.1.2
[INFO] [stderr]    Compiling gloo-render v0.1.1
[INFO] [stderr]    Compiling gloo-dialogs v0.1.1
[INFO] [stderr]    Compiling gloo-console v0.2.3
[INFO] [stderr]    Compiling gloo-file v0.2.3
[INFO] [stderr]    Compiling gloo-history v0.1.5
[INFO] [stderr]    Compiling gloo-storage v0.2.2
[INFO] [stderr]    Compiling gloo-net v0.3.1
[INFO] [stderr]    Compiling gloo-worker v0.2.1
[INFO] [stderr]    Compiling gloo v0.8.1
[INFO] [stderr]    Compiling yew v0.20.0
[INFO] [stderr]    Compiling zu-util v0.3.4
[INFO] [stderr]    Compiling zu v0.3.2 (/opt/rustwide/workdir)
[INFO] [stderr]    Compiling yew-hooks v0.2.0
[INFO] [stderr]    Compiling stylist v0.12.1
[INFO] [stdout] error[E0599]: no method named `to_attr` found for enum `implicit_clone::unsync::string::IString` in the current scope
[INFO] [stdout]   --> src/accordion_actions/mod.rs:36:50
[INFO] [stdout]    |
[INFO] [stdout] 36 |         <div class={root_cls} style={props.style.to_attr()}>
[INFO] [stdout]    |                                                  ^^^^^^^ method not found in `IString`
[INFO] [stdout] 
[INFO] [stdout] 
[INFO] [stdout] error[E0599]: no method named `to_attr` found for enum `implicit_clone::unsync::string::IString` in the current scope
[INFO] [stdout]   --> src/accordion_details/mod.rs:25:50
[INFO] [stdout]    |
[INFO] [stdout] 25 |         <div class={root_cls} style={props.style.to_attr()}>
[INFO] [stdout]    |                                                  ^^^^^^^ method not found in `IString`
[INFO] [stdout] 
[INFO] [stdout] 
[INFO] [stdout] error[E0599]: no method named `to_attr` found for enum `implicit_clone::unsync::string::IString` in the current scope
[INFO] [stdout]    --> src/avatar/mod.rs:120:50
[INFO] [stdout]     |
[INFO] [stdout] 120 |                     aria-label={props.aria_label.to_attr()}
[INFO] [stdout]     |                                                  ^^^^^^^ method not found in `IString`
[INFO] [stdout] 
[INFO] [stdout] 
[INFO] [stdout] error[E0599]: no method named `to_attr` found for enum `implicit_clone::unsync::string::IString` in the current scope
[INFO] [stdout]    --> src/avatar/mod.rs:121:36
[INFO] [stdout]     |
[INFO] [stdout] 121 |                     src={props.src.to_attr()}
[INFO] [stdout]     |                                    ^^^^^^^ method not found in `IString`
[INFO] [stdout] 
[INFO] [stdout] 
[INFO] [stdout] error[E0599]: no method named `to_attr` found for enum `implicit_clone::unsync::string::IString` in the current scope
[INFO] [stdout]    --> src/avatar/mod.rs:122:44
[INFO] [stdout]     |
[INFO] [stdout] 122 |                     src-set={props.src_set.to_attr()}
[INFO] [stdout]     |                                            ^^^^^^^ method not found in `IString`
[INFO] [stdout] 
[INFO] [stdout] 
[INFO] [stdout] error[E0599]: no method named `to_attr` found for enum `implicit_clone::unsync::string::IString` in the current scope
[INFO] [stdout]    --> src/avatar/mod.rs:123:36
[INFO] [stdout]     |
[INFO] [stdout] 123 |                     alt={props.alt.to_attr()}
[INFO] [stdout]     |                                    ^^^^^^^ method not found in `IString`
[INFO] [stdout] 
[INFO] [stdout] 
[INFO] [stdout] error[E0599]: no method named `to_attr` found for enum `implicit_clone::unsync::string::IString` in the current scope
[INFO] [stdout]    --> src/avatar/mod.rs:124:40
[INFO] [stdout]     |
[INFO] [stdout] 124 |                     sizes={props.sizes.to_attr()} />
[INFO] [stdout]     |                                        ^^^^^^^ method not found in `IString`
[INFO] [stdout] 
[INFO] [stdout] 
[INFO] [stdout] error[E0599]: no method named `to_attr` found for enum `implicit_clone::unsync::string::IString` in the current scope
[INFO] [stdout]   --> src/backdrop/mod.rs:60:32
[INFO] [stdout]    |
[INFO] [stdout] 60 |             style={props.style.to_attr()}>
[INFO] [stdout]    |                                ^^^^^^^ method not found in `IString`
[INFO] [stdout] 
[INFO] [stdout] 
[INFO] [stdout] error[E0599]: no method named `to_attr` found for enum `implicit_clone::unsync::string::IString` in the current scope
[INFO] [stdout]    --> src/badge/mod.rs:118:70
[INFO] [stdout]     |
[INFO] [stdout] 118 |         <@{component.to_owned()} class={root_cls} style={props.style.to_attr()}>
[INFO] [stdout]     |                                                                      ^^^^^^^ method not found in `IString`
[INFO] [stdout] 
[INFO] [stdout] 
[INFO] [stdout] error[E0599]: no method named `to_attr` found for enum `implicit_clone::unsync::string::IString` in the current scope
[INFO] [stdout]    --> src/badge/mod.rs:120:62
[INFO] [stdout]     |
[INFO] [stdout] 120 |             <span class={badge_cls} style={props.badge_style.to_attr()}>
[INFO] [stdout]     |                                                              ^^^^^^^ method not found in `IString`
[INFO] [stdout] 
[INFO] [stdout] 
[INFO] [stdout] error[E0599]: no method named `to_attr` found for enum `implicit_clone::unsync::string::IString` in the current scope
[INFO] [stdout]   --> src/bottom_navigation/mod.rs:43:32
[INFO] [stdout]    |
[INFO] [stdout] 43 |             style={props.style.to_attr()}>
[INFO] [stdout]    |                                ^^^^^^^ method not found in `IString`
[INFO] [stdout] 
[INFO] [stdout] 
[INFO] [stdout] error[E0599]: no method named `to_attr` found for enum `implicit_clone::unsync::string::IString` in the current scope
[INFO] [stdout]   --> src/box/mod.rs:34:65
[INFO] [stdout]    |
[INFO] [stdout] 34 |         <@{component.to_owned()} class={cls} style={props.style.to_attr()}>
[INFO] [stdout]    |                                                                 ^^^^^^^ method not found in `IString`
[INFO] [stdout] 
[INFO] [stdout] 
[INFO] [stdout] error[E0599]: no method named `to_attr` found for enum `implicit_clone::unsync::string::IString` in the current scope
[INFO] [stdout]    --> src/button_base/mod.rs:166:42
[INFO] [stdout]     |
[INFO] [stdout] 166 |             aria-label={props.aria_label.to_attr()}
[INFO] [stdout]     |                                          ^^^^^^^ method not found in `IString`
[INFO] [stdout] 
[INFO] [stdout] 
[INFO] [stdout] error[E0599]: no method named `to_attr` found for enum `implicit_clone::unsync::string::IString` in the current scope
[INFO] [stdout]   --> src/card_actions/mod.rs:36:50
[INFO] [stdout]    |
[INFO] [stdout] 36 |         <div class={root_cls} style={props.style.to_attr()}>
[INFO] [stdout]    |                                                  ^^^^^^^ method not found in `IString`
[INFO] [stdout] 
[INFO] [stdout] 
[INFO] [stdout] error[E0599]: no method named `to_attr` found for enum `implicit_clone::unsync::string::IString` in the current scope
[INFO] [stdout]   --> src/card_content/mod.rs:33:32
[INFO] [stdout]    |
[INFO] [stdout] 33 |             style={props.style.to_attr()}>
[INFO] [stdout]    |                                ^^^^^^^ method not found in `IString`
[INFO] [stdout] 
[INFO] [stdout] 
[INFO] [stdout] error[E0599]: no method named `to_attr` found for enum `implicit_clone::unsync::string::IString` in the current scope
[INFO] [stdout]   --> src/card_header/mod.rs:54:69
[INFO] [stdout]    |
[INFO] [stdout] 54 |        <@{component.to_owned()} class={root_cls} style={props.style.to_attr()}>
[INFO] [stdout]    |                                                                     ^^^^^^^ method not found in `IString`
[INFO] [stdout] 
[INFO] [stdout] 
[INFO] [stdout] error[E0599]: no method named `to_attr` found for enum `implicit_clone::unsync::string::IString` in the current scope
[INFO] [stdout]   --> src/card_media/mod.rs:96:28
[INFO] [stdout]    |
[INFO] [stdout] 96 |             alt={props.alt.to_attr()}
[INFO] [stdout]    |                            ^^^^^^^ method not found in `IString`
[INFO] [stdout] 
[INFO] [stdout] 
[INFO] [stdout] error[E0599]: no method named `to_attr` found for enum `implicit_clone::unsync::string::IString` in the current scope
[INFO] [stdout]   --> src/card_media/mod.rs:97:32
[INFO] [stdout]    |
[INFO] [stdout] 97 |             title={props.title.to_attr()}
[INFO] [stdout]    |                                ^^^^^^^ method not found in `IString`
[INFO] [stdout] 
[INFO] [stdout] 
[INFO] [stdout] error[E0599]: no method named `to_attr` found for enum `implicit_clone::unsync::string::IString` in the current scope
[INFO] [stdout]   --> src/checkbox/mod.rs:94:49
[INFO] [stdout]    |
[INFO] [stdout] 94 |        <div class={root_cls} style={props.style.to_attr()}>
[INFO] [stdout]    |                                                 ^^^^^^^ method not found in `IString`
[INFO] [stdout] 
[INFO] [stdout] 
[INFO] [stdout] error[E0599]: no method named `to_attr` found for enum `implicit_clone::unsync::string::IString` in the current scope
[INFO] [stdout]    --> src/divider/mod.rs:118:29
[INFO] [stdout]     |
[INFO] [stdout] 118 |     let style = props.style.to_attr();
[INFO] [stdout]     |                             ^^^^^^^ method not found in `IString`
[INFO] [stdout] 
[INFO] [stdout] 
[INFO] [stdout] error[E0599]: no method named `to_attr` found for enum `implicit_clone::unsync::string::IString` in the current scope
[INFO] [stdout]   --> src/form_group/mod.rs:37:32
[INFO] [stdout]    |
[INFO] [stdout] 37 |             style={props.style.to_attr()}
[INFO] [stdout]    |                                ^^^^^^^ method not found in `IString`
[INFO] [stdout] 
[INFO] [stdout] 
[INFO] [stdout] error[E0599]: no method named `to_attr` found for enum `implicit_clone::unsync::string::IString` in the current scope
[INFO] [stdout]   --> src/form_group/mod.rs:38:42
[INFO] [stdout]    |
[INFO] [stdout] 38 |             aria-label={props.aria_label.to_attr()}>
[INFO] [stdout]    |                                          ^^^^^^^ method not found in `IString`
[INFO] [stdout] 
[INFO] [stdout] 
[INFO] [stdout] error[E0599]: no method named `to_attr` found for enum `implicit_clone::unsync::string::IString` in the current scope
[INFO] [stdout]   --> src/list/mod.rs:60:32
[INFO] [stdout]    |
[INFO] [stdout] 60 |             style={props.style.to_attr()}>
[INFO] [stdout]    |                                ^^^^^^^ method not found in `IString`
[INFO] [stdout] 
[INFO] [stdout] 
[INFO] [stdout] error[E0599]: no method named `to_attr` found for enum `implicit_clone::unsync::string::IString` in the current scope
[INFO] [stdout]   --> src/list_item_icon/mod.rs:38:50
[INFO] [stdout]    |
[INFO] [stdout] 38 |         <div class={root_cls} style={props.style.to_attr()}>
[INFO] [stdout]    |                                                  ^^^^^^^ method not found in `IString`
[INFO] [stdout] 
[INFO] [stdout] 
[INFO] [stdout] error[E0599]: no method named `to_attr` found for enum `implicit_clone::unsync::string::IString` in the current scope
[INFO] [stdout]   --> src/paper/mod.rs:76:32
[INFO] [stdout]    |
[INFO] [stdout] 76 |             style={props.style.to_attr()}>
[INFO] [stdout]    |                                ^^^^^^^ method not found in `IString`
[INFO] [stdout] 
[INFO] [stdout] 
[INFO] [stdout] error[E0599]: no method named `to_attr` found for enum `implicit_clone::unsync::string::IString` in the current scope
[INFO] [stdout]   --> src/stack/mod.rs:82:32
[INFO] [stdout]    |
[INFO] [stdout] 82 |             style={props.style.to_attr()}>
[INFO] [stdout]    |                                ^^^^^^^ method not found in `IString`
[INFO] [stdout] 
[INFO] [stdout] 
[INFO] [stdout] error[E0599]: no method named `to_attr` found for enum `implicit_clone::unsync::string::IString` in the current scope
[INFO] [stdout]   --> src/svg_icon/mod.rs:89:32
[INFO] [stdout]    |
[INFO] [stdout] 89 |             style={props.style.to_attr()}
[INFO] [stdout]    |                                ^^^^^^^ method not found in `IString`
[INFO] [stdout] 
[INFO] [stdout] 
[INFO] [stdout] error[E0599]: no method named `to_attr` found for enum `implicit_clone::unsync::string::IString` in the current scope
[INFO] [stdout]   --> src/svg_icon/mod.rs:91:37
[INFO] [stdout]    |
[INFO] [stdout] 91 |             color={props.html_color.to_attr()}
[INFO] [stdout]    |                                     ^^^^^^^ method not found in `IString`
[INFO] [stdout] 
[INFO] [stdout] 
[INFO] [stdout] error[E0599]: no method named `to_attr` found for enum `implicit_clone::unsync::string::IString` in the current scope
[INFO] [stdout]   --> src/svg_icon/mod.rs:93:35
[INFO] [stdout]    |
[INFO] [stdout] 93 |             data-icon={props.icon.to_attr()}
[INFO] [stdout]    |                                   ^^^^^^^ method not found in `IString`
[INFO] [stdout] 
[INFO] [stdout] 
[INFO] [stdout] error[E0599]: no method named `to_attr` found for enum `implicit_clone::unsync::string::IString` in the current scope
[INFO] [stdout]   --> src/svg_icon/mod.rs:95:30
[INFO] [stdout]    |
[INFO] [stdout] 95 |             fill={props.fill.to_attr()}
[INFO] [stdout]    |                              ^^^^^^^ method not found in `IString`
[INFO] [stdout] 
[INFO] [stdout] 
[INFO] [stdout] error[E0599]: no method named `to_attr` found for enum `implicit_clone::unsync::string::IString` in the current scope
[INFO] [stdout]   --> src/svg_icon/mod.rs:96:34
[INFO] [stdout]    |
[INFO] [stdout] 96 |             stroke={props.stroke.to_attr()}
[INFO] [stdout]    |                                  ^^^^^^^ method not found in `IString`
[INFO] [stdout] 
[INFO] [stdout] 
[INFO] [stdout] error[E0599]: no method named `to_attr` found for enum `implicit_clone::unsync::string::IString` in the current scope
[INFO] [stdout]   --> src/typography/mod.rs:90:42
[INFO] [stdout]    |
[INFO] [stdout] 90 |             aria_label={props.aria_label.to_attr()}
[INFO] [stdout]    |                                          ^^^^^^^ method not found in `IString`
[INFO] [stdout] 
[INFO] [stdout] 
[INFO] [stdout] error[E0599]: no method named `to_attr` found for enum `implicit_clone::unsync::string::IString` in the current scope
[INFO] [stdout]   --> src/typography/mod.rs:92:30
[INFO] [stdout]    |
[INFO] [stdout] 92 |             href={props.href.to_attr()}
[INFO] [stdout]    |                              ^^^^^^^ method not found in `IString`
[INFO] [stdout] 
[INFO] [stdout] 
[INFO] [stdout] error[E0599]: no method named `to_attr` found for enum `implicit_clone::unsync::string::IString` in the current scope
[INFO] [stdout]   --> src/typography/mod.rs:93:32
[INFO] [stdout]    |
[INFO] [stdout] 93 |             style={props.style.to_attr()}>
[INFO] [stdout]    |                                ^^^^^^^ method not found in `IString`
[INFO] [stdout] 
[INFO] [stdout] 
[INFO] [stdout] warning: unused import: `zu_util::prop::ToAttr`
[INFO] [stdout]   --> src/accordion_actions/mod.rs:6:5
[INFO] [stdout]    |
[INFO] [stdout] 6  | use zu_util::prop::ToAttr;
[INFO] [stdout]    |     ^^^^^^^^^^^^^^^^^^^^^
[INFO] [stdout]    |
[INFO] [stdout] note: the lint level is defined here
[INFO] [stdout]   --> src/lib.rs:29:5
[INFO] [stdout]    |
[INFO] [stdout] 29 |     warnings,
[INFO] [stdout]    |     ^^^^^^^^
[INFO] [stdout]    = note: `#[warn(unused_imports)]` implied by `#[warn(warnings)]`
[INFO] [stdout] 
[INFO] [stdout] 
[INFO] [stdout] warning: unused import: `zu_util::prop::ToAttr`
[INFO] [stdout]  --> src/accordion_details/mod.rs:6:5
[INFO] [stdout]   |
[INFO] [stdout] 6 | use zu_util::prop::ToAttr;
[INFO] [stdout]   |     ^^^^^^^^^^^^^^^^^^^^^
[INFO] [stdout] 
[INFO] [stdout] 
[INFO] [stdout] warning: unused import: `prop::ToAttr`
[INFO] [stdout]   --> src/avatar/mod.rs:11:21
[INFO] [stdout]    |
[INFO] [stdout] 11 | use zu_util::{name, prop::ToAttr};
[INFO] [stdout]    |                     ^^^^^^^^^^^^
[INFO] [stdout] 
[INFO] [stdout] 
[INFO] [stdout] warning: unused import: `zu_util::prop::ToAttr`
[INFO] [stdout]  --> src/backdrop/mod.rs:6:5
[INFO] [stdout]   |
[INFO] [stdout] 6 | use zu_util::prop::ToAttr;
[INFO] [stdout]   |     ^^^^^^^^^^^^^^^^^^^^^
[INFO] [stdout] 
[INFO] [stdout] 
[INFO] [stdout] warning: unused import: `zu_util::prop::ToAttr`
[INFO] [stdout]   --> src/badge/mod.rs:12:5
[INFO] [stdout]    |
[INFO] [stdout] 12 | use zu_util::prop::ToAttr;
[INFO] [stdout]    |     ^^^^^^^^^^^^^^^^^^^^^
[INFO] [stdout] 
[INFO] [stdout] 
[INFO] [stdout] warning: unused import: `zu_util::prop::ToAttr`
[INFO] [stdout]  --> src/bottom_navigation/mod.rs:6:5
[INFO] [stdout]   |
[INFO] [stdout] 6 | use zu_util::prop::ToAttr;
[INFO] [stdout]   |     ^^^^^^^^^^^^^^^^^^^^^
[INFO] [stdout] 
[INFO] [stdout] 
[INFO] [stdout] warning: unused import: `zu_util::prop::ToAttr`
[INFO] [stdout]  --> src/box/mod.rs:6:5
[INFO] [stdout]   |
[INFO] [stdout] 6 | use zu_util::prop::ToAttr;
[INFO] [stdout]   |     ^^^^^^^^^^^^^^^^^^^^^
[INFO] [stdout] 
[INFO] [stdout] 
[INFO] [stdout] warning: unused import: `zu_util::prop::ToAttr`
[INFO] [stdout]   --> src/button_base/mod.rs:14:5
[INFO] [stdout]    |
[INFO] [stdout] 14 | use zu_util::prop::ToAttr;
[INFO] [stdout]    |     ^^^^^^^^^^^^^^^^^^^^^
[INFO] [stdout] 
[INFO] [stdout] 
[INFO] [stdout] warning: unused import: `zu_util::prop::ToAttr`
[INFO] [stdout]  --> src/card_actions/mod.rs:6:5
[INFO] [stdout]   |
[INFO] [stdout] 6 | use zu_util::prop::ToAttr;
[INFO] [stdout]   |     ^^^^^^^^^^^^^^^^^^^^^
[INFO] [stdout] 
[INFO] [stdout] 
[INFO] [stdout] warning: unused import: `zu_util::prop::ToAttr`
[INFO] [stdout]  --> src/card_content/mod.rs:6:5
[INFO] [stdout]   |
[INFO] [stdout] 6 | use zu_util::prop::ToAttr;
[INFO] [stdout]   |     ^^^^^^^^^^^^^^^^^^^^^
[INFO] [stdout] 
[INFO] [stdout] 
[INFO] [stdout] warning: unused import: `zu_util::prop::ToAttr`
[INFO] [stdout]  --> src/card_header/mod.rs:6:5
[INFO] [stdout]   |
[INFO] [stdout] 6 | use zu_util::prop::ToAttr;
[INFO] [stdout]   |     ^^^^^^^^^^^^^^^^^^^^^
[INFO] [stdout] 
[INFO] [stdout] 
[INFO] [stdout] warning: unused import: `zu_util::prop::ToAttr`
[INFO] [stdout]  --> src/card_media/mod.rs:6:5
[INFO] [stdout]   |
[INFO] [stdout] 6 | use zu_util::prop::ToAttr;
[INFO] [stdout]   |     ^^^^^^^^^^^^^^^^^^^^^
[INFO] [stdout] 
[INFO] [stdout] 
[INFO] [stdout] warning: unused import: `zu_util::prop::ToAttr`
[INFO] [stdout]  --> src/checkbox/mod.rs:8:5
[INFO] [stdout]   |
[INFO] [stdout] 8 | use zu_util::prop::ToAttr;
[INFO] [stdout]   |     ^^^^^^^^^^^^^^^^^^^^^
[INFO] [stdout] 
[INFO] [stdout] 
[INFO] [stdout] warning: unused import: `zu_util::prop::ToAttr`
[INFO] [stdout]   --> src/divider/mod.rs:10:5
[INFO] [stdout]    |
[INFO] [stdout] 10 | use zu_util::prop::ToAttr;
[INFO] [stdout]    |     ^^^^^^^^^^^^^^^^^^^^^
[INFO] [stdout] 
[INFO] [stdout] 
[INFO] [stdout] warning: unused import: `zu_util::prop::ToAttr`
[INFO] [stdout]  --> src/form_group/mod.rs:6:5
[INFO] [stdout]   |
[INFO] [stdout] 6 | use zu_util::prop::ToAttr;
[INFO] [stdout]   |     ^^^^^^^^^^^^^^^^^^^^^
[INFO] [stdout] 
[INFO] [stdout] 
[INFO] [stdout] warning: unused import: `zu_util::prop::ToAttr`
[INFO] [stdout]  --> src/list/mod.rs:6:5
[INFO] [stdout]   |
[INFO] [stdout] 6 | use zu_util::prop::ToAttr;
[INFO] [stdout]   |     ^^^^^^^^^^^^^^^^^^^^^
[INFO] [stdout] 
[INFO] [stdout] 
[INFO] [stdout] warning: unused import: `zu_util::prop::ToAttr`
[INFO] [stdout]  --> src/list_item_icon/mod.rs:6:5
[INFO] [stdout]   |
[INFO] [stdout] 6 | use zu_util::prop::ToAttr;
[INFO] [stdout]   |     ^^^^^^^^^^^^^^^^^^^^^
[INFO] [stdout] 
[INFO] [stdout] 
[INFO] [stdout] warning: unused import: `zu_util::prop::ToAttr`
[INFO] [stdout]  --> src/paper/mod.rs:8:5
[INFO] [stdout]   |
[INFO] [stdout] 8 | use zu_util::prop::ToAttr;
[INFO] [stdout]   |     ^^^^^^^^^^^^^^^^^^^^^
[INFO] [stdout] 
[INFO] [stdout] 
[INFO] [stdout] warning: unused import: `zu_util::prop::ToAttr`
[INFO] [stdout]  --> src/stack/mod.rs:6:5
[INFO] [stdout]   |
[INFO] [stdout] 6 | use zu_util::prop::ToAttr;
[INFO] [stdout]   |     ^^^^^^^^^^^^^^^^^^^^^
[INFO] [stdout] 
[INFO] [stdout] 
[INFO] [stdout] warning: unused import: `zu_util::prop::ToAttr`
[INFO] [stdout]  --> src/typography/mod.rs:9:5
[INFO] [stdout]   |
[INFO] [stdout] 9 | use zu_util::prop::ToAttr;
[INFO] [stdout]   |     ^^^^^^^^^^^^^^^^^^^^^
[INFO] [stdout] 
[INFO] [stdout] 
[INFO] [stdout] error: aborting due to 34 previous errors; 20 warnings emitted
[INFO] [stdout] 
[INFO] [stdout] 
[INFO] [stdout] For more information about this error, try `rustc --explain E0599`.
[INFO] [stdout] 
[INFO] [stderr] error: could not compile `zu` (lib) due to 35 previous errors; 20 warnings emitted
[INFO] running `Command { std: "docker" "inspect" "d0c0a6d4898dd9fe7627b1ea9da36b640b827e04a85f2b83943868a0c9caea64", kill_on_drop: false }`
[INFO] running `Command { std: "docker" "rm" "-f" "d0c0a6d4898dd9fe7627b1ea9da36b640b827e04a85f2b83943868a0c9caea64", kill_on_drop: false }`
[INFO] [stdout] d0c0a6d4898dd9fe7627b1ea9da36b640b827e04a85f2b83943868a0c9caea64
