[INFO] fetching crate zss 1.0.1...
[INFO] testing zss-1.0.1 against 1.75.0 for beta-1.76-1
[INFO] extracting crate zss 1.0.1 into /workspace/builds/worker-2-tc1/source
[INFO] validating manifest of crates.io crate zss 1.0.1 on toolchain 1.75.0
[INFO] running `Command { std: CARGO_HOME="/workspace/cargo-home" RUSTUP_HOME="/workspace/rustup-home" "/workspace/cargo-home/bin/cargo" "+1.75.0" "metadata" "--manifest-path" "Cargo.toml" "--no-deps", kill_on_drop: false }`
[INFO] started tweaking crates.io crate zss 1.0.1
[INFO] finished tweaking crates.io crate zss 1.0.1
[INFO] tweaked toml for crates.io crate zss 1.0.1 written to /workspace/builds/worker-2-tc1/source/Cargo.toml
[INFO] crate crates.io crate zss 1.0.1 already has a lockfile, it will not be regenerated
[INFO] running `Command { std: CARGO_HOME="/workspace/cargo-home" RUSTUP_HOME="/workspace/rustup-home" "/workspace/cargo-home/bin/cargo" "+1.75.0" "fetch" "--manifest-path" "Cargo.toml", kill_on_drop: false }`
[INFO] [stderr]     Updating crates.io index
[INFO] [stderr]  Downloading crates ...
[INFO] [stderr]   Downloaded bytemuck v1.7.0
[INFO] [stderr]   Downloaded takeable-option v0.5.0
[INFO] [stderr]   Downloaded simplelog v0.10.0
[INFO] [stderr]   Downloaded glium v0.30.1
[INFO] running `Command { std: "docker" "create" "-v" "/var/lib/crater-agent-workspace/builds/worker-2-tc1/target:/opt/rustwide/target:rw,Z" "-v" "/var/lib/crater-agent-workspace/builds/worker-2-tc1/source:/opt/rustwide/workdir:ro,Z" "-v" "/var/lib/crater-agent-workspace/cargo-home:/opt/rustwide/cargo-home:ro,Z" "-v" "/var/lib/crater-agent-workspace/rustup-home:/opt/rustwide/rustup-home:ro,Z" "-e" "SOURCE_DIR=/opt/rustwide/workdir" "-e" "CARGO_TARGET_DIR=/opt/rustwide/target" "-e" "CARGO_HOME=/opt/rustwide/cargo-home" "-e" "RUSTUP_HOME=/opt/rustwide/rustup-home" "-w" "/opt/rustwide/workdir" "-m" "1610612736" "--user" "0:0" "--network" "none" "ghcr.io/rust-lang/crates-build-env/linux@sha256:2788e3201cd34a07e3172128adcd8b3090168a8e3bcc40d7c032b9dda1df7d1c" "/opt/rustwide/cargo-home/bin/cargo" "+1.75.0" "metadata" "--no-deps" "--format-version=1", kill_on_drop: false }`
[INFO] [stdout] 29a00bc490d2b256d37b29767369d31596da142ddbe213b2ddabd5a52b0636fc
[INFO] running `Command { std: "docker" "start" "-a" "29a00bc490d2b256d37b29767369d31596da142ddbe213b2ddabd5a52b0636fc", kill_on_drop: false }`
[INFO] running `Command { std: "docker" "inspect" "29a00bc490d2b256d37b29767369d31596da142ddbe213b2ddabd5a52b0636fc", kill_on_drop: false }`
[INFO] running `Command { std: "docker" "rm" "-f" "29a00bc490d2b256d37b29767369d31596da142ddbe213b2ddabd5a52b0636fc", kill_on_drop: false }`
[INFO] [stdout] 29a00bc490d2b256d37b29767369d31596da142ddbe213b2ddabd5a52b0636fc
[INFO] running `Command { std: "docker" "create" "-v" "/var/lib/crater-agent-workspace/builds/worker-2-tc1/target:/opt/rustwide/target:rw,Z" "-v" "/var/lib/crater-agent-workspace/builds/worker-2-tc1/source:/opt/rustwide/workdir:ro,Z" "-v" "/var/lib/crater-agent-workspace/cargo-home:/opt/rustwide/cargo-home:ro,Z" "-v" "/var/lib/crater-agent-workspace/rustup-home:/opt/rustwide/rustup-home:ro,Z" "-e" "SOURCE_DIR=/opt/rustwide/workdir" "-e" "CARGO_TARGET_DIR=/opt/rustwide/target" "-e" "CARGO_INCREMENTAL=0" "-e" "RUST_BACKTRACE=full" "-e" "RUSTFLAGS=--cap-lints=warn" "-e" "RUSTDOCFLAGS=--cap-lints=warn" "-e" "CARGO_HOME=/opt/rustwide/cargo-home" "-e" "RUSTUP_HOME=/opt/rustwide/rustup-home" "-w" "/opt/rustwide/workdir" "-m" "1610612736" "--user" "0:0" "--network" "none" "ghcr.io/rust-lang/crates-build-env/linux@sha256:2788e3201cd34a07e3172128adcd8b3090168a8e3bcc40d7c032b9dda1df7d1c" "/opt/rustwide/cargo-home/bin/cargo" "+1.75.0" "build" "--frozen" "--message-format=json", kill_on_drop: false }`
[INFO] [stdout] e364ef5fdb7d2c1fc736e1a646d3c8d53094857bd4728db3c9c17bb9007ddef7
[INFO] running `Command { std: "docker" "start" "-a" "e364ef5fdb7d2c1fc736e1a646d3c8d53094857bd4728db3c9c17bb9007ddef7", kill_on_drop: false }`
[INFO] [stderr]    Compiling autocfg v1.0.1
[INFO] [stderr]    Compiling libc v0.2.98
[INFO] [stderr]    Compiling crossbeam-utils v0.8.5
[INFO] [stderr]    Compiling lazy_static v1.4.0
[INFO] [stderr]    Compiling crossbeam-epoch v0.9.5
[INFO] [stderr]    Compiling rayon-core v1.9.1
[INFO] [stderr]    Compiling log v0.4.14
[INFO] [stderr]    Compiling scopeguard v1.1.0
[INFO] [stderr]    Compiling khronos_api v3.1.0
[INFO] [stderr]    Compiling bitflags v1.2.1
[INFO] [stderr]    Compiling either v1.6.1
[INFO] [stderr]    Compiling cc v1.0.69
[INFO] [stderr]    Compiling adler32 v1.2.0
[INFO] [stderr]    Compiling memoffset v0.6.4
[INFO] [stderr]    Compiling num-traits v0.2.14
[INFO] [stderr]    Compiling num-integer v0.1.44
[INFO] [stderr]    Compiling miniz_oxide v0.4.4
[INFO] [stderr]    Compiling crossbeam-channel v0.5.1
[INFO] [stderr]    Compiling rayon v1.5.1
[INFO] [stderr]    Compiling xml-rs v0.8.3
[INFO] [stderr]    Compiling num_cpus v1.13.0
[INFO] [stderr]    Compiling crossbeam-deque v0.8.0
[INFO] [stderr]    Compiling crc32fast v1.2.1
[INFO] [stderr]    Compiling getrandom v0.2.3
[INFO] [stderr]    Compiling gl_generator v0.14.0
[INFO] [stderr]    Compiling backtrace v0.3.59
[INFO] [stderr]    Compiling num-iter v0.1.42
[INFO] [stderr]    Compiling num-rational v0.3.2
[INFO] [stderr]    Compiling weezl v0.1.5
[INFO] [stderr]    Compiling gimli v0.24.0
[INFO] [stderr]    Compiling pkg-config v0.3.19
[INFO] [stderr]    Compiling deflate v0.8.6
[INFO] [stderr]    Compiling glium v0.30.1
[INFO] [stderr]    Compiling x11 v2.18.2
[INFO] [stderr]    Compiling rand_core v0.6.3
[INFO] [stderr]    Compiling time v0.1.44
[INFO] [stderr]    Compiling miniz_oxide v0.3.7
[INFO] [stderr]    Compiling anyhow v1.0.42
[INFO] [stderr]    Compiling rustc-demangle v0.1.20
[INFO] [stderr]    Compiling object v0.24.0
[INFO] [stderr]    Compiling color_quant v1.1.0
[INFO] [stderr]    Compiling ppv-lite86 v0.2.10
[INFO] [stderr]    Compiling unicode-width v0.1.8
[INFO] [stderr]    Compiling textwrap v0.11.0
[INFO] [stderr]    Compiling rand_chacha v0.3.1
[INFO] [stderr]    Compiling gif v0.11.2
[INFO] [stderr]    Compiling png v0.16.8
[INFO] [stderr]    Compiling chrono v0.4.19
[INFO] [stderr]    Compiling jpeg-decoder v0.1.22
[INFO] [stderr]    Compiling addr2line v0.15.2
[INFO] [stderr]    Compiling atty v0.2.14
[INFO] [stderr]    Compiling smallvec v1.6.1
[INFO] [stderr]    Compiling bytemuck v1.7.0
[INFO] [stderr]    Compiling termcolor v1.1.2
[INFO] [stderr]    Compiling scoped_threadpool v0.1.9
[INFO] [stderr]    Compiling ansi_term v0.11.0
[INFO] [stderr]    Compiling tiff v0.6.1
[INFO] [stderr]    Compiling takeable-option v0.5.0
[INFO] [stderr]    Compiling strsim v0.8.0
[INFO] [stderr]    Compiling vec_map v0.8.2
[INFO] [stderr]    Compiling fnv v1.0.7
[INFO] [stderr]    Compiling clap v2.33.3
[INFO] [stderr]    Compiling simplelog v0.10.0
[INFO] [stderr]    Compiling image v0.23.14
[INFO] [stderr]    Compiling rand v0.8.4
[INFO] [stderr]    Compiling zss v1.0.1 (/opt/rustwide/workdir)
[INFO] [stdout] error[E0554]: `#![feature]` may not be used on the stable release channel
[INFO] [stdout]  --> src/main.rs:4:1
[INFO] [stdout]   |
[INFO] [stdout] 4 | #![feature(format_args_capture, try_blocks, drain_filter)]
[INFO] [stdout]   | ^^^^^^^^^^^^^^^^^^^^^^^^^^^^^^^^^^^^^^^^^^^^^^^^^^^^^^^^^^
[INFO] [stdout]   |
[INFO] [stdout]   = help: the feature `format_args_capture` has been stable since `1.58.0` and no longer requires an attribute to enable
[INFO] [stdout] 
[INFO] [stdout] 
[INFO] [stdout] warning: the feature `format_args_capture` has been stable since 1.58.0 and no longer requires an attribute to enable
[INFO] [stdout]  --> src/main.rs:4:12
[INFO] [stdout]   |
[INFO] [stdout] 4 | #![feature(format_args_capture, try_blocks, drain_filter)]
[INFO] [stdout]   |            ^^^^^^^^^^^^^^^^^^^
[INFO] [stdout]   |
[INFO] [stdout]   = note: `#[warn(stable_features)]` on by default
[INFO] [stdout] 
[INFO] [stdout] 
[INFO] [stdout] error[E0554]: `#![feature]` may not be used on the stable release channel
[INFO] [stdout]  --> src/main.rs:4:45
[INFO] [stdout]   |
[INFO] [stdout] 4 | #![feature(format_args_capture, try_blocks, drain_filter)]
[INFO] [stdout]   |                                             ^^^^^^^^^^^^
[INFO] [stdout] 
[INFO] [stdout] 
[INFO] [stdout] error[E0635]: unknown feature `drain_filter`
[INFO] [stdout]  --> src/main.rs:4:45
[INFO] [stdout]   |
[INFO] [stdout] 4 | #![feature(format_args_capture, try_blocks, drain_filter)]
[INFO] [stdout]   |                                             ^^^^^^^^^^^^
[INFO] [stdout] 
[INFO] [stdout] 
[INFO] [stdout] error[E0599]: no method named `drain_filter` found for struct `Vec<PathBuf>` in the current scope
[INFO] [stdout]    --> src/images.rs:135:9
[INFO] [stdout]     |
[INFO] [stdout] 135 |         paths.drain_filter(|path| {
[INFO] [stdout]     |         ------^^^^^^^^^^^^ method not found in `Vec<PathBuf>`
[INFO] [stdout] 
[INFO] [stdout] 
[INFO] [stdout] error: aborting due to 4 previous errors; 1 warning emitted
[INFO] [stdout] 
[INFO] [stdout] 
[INFO] [stdout] Some errors have detailed explanations: E0554, E0599, E0635.
[INFO] [stdout] 
[INFO] [stdout] For more information about an error, try `rustc --explain E0554`.
[INFO] [stdout] 
[INFO] [stderr] error: could not compile `zss` (bin "zss") due to 5 previous errors; 1 warning emitted
[INFO] running `Command { std: "docker" "inspect" "e364ef5fdb7d2c1fc736e1a646d3c8d53094857bd4728db3c9c17bb9007ddef7", kill_on_drop: false }`
[INFO] running `Command { std: "docker" "rm" "-f" "e364ef5fdb7d2c1fc736e1a646d3c8d53094857bd4728db3c9c17bb9007ddef7", kill_on_drop: false }`
[INFO] [stdout] e364ef5fdb7d2c1fc736e1a646d3c8d53094857bd4728db3c9c17bb9007ddef7
[INFO] testing zss-1.0.1 against beta-2023-12-22 for beta-1.76-1
[INFO] extracting crate zss 1.0.1 into /workspace/builds/worker-2-tc2/source
[INFO] validating manifest of crates.io crate zss 1.0.1 on toolchain beta-2023-12-22
[INFO] running `Command { std: CARGO_HOME="/workspace/cargo-home" RUSTUP_HOME="/workspace/rustup-home" "/workspace/cargo-home/bin/cargo" "+beta-2023-12-22" "metadata" "--manifest-path" "Cargo.toml" "--no-deps", kill_on_drop: false }`
[INFO] started tweaking crates.io crate zss 1.0.1
[INFO] finished tweaking crates.io crate zss 1.0.1
[INFO] tweaked toml for crates.io crate zss 1.0.1 written to /workspace/builds/worker-2-tc2/source/Cargo.toml
[INFO] crate crates.io crate zss 1.0.1 already has a lockfile, it will not be regenerated
[INFO] running `Command { std: CARGO_HOME="/workspace/cargo-home" RUSTUP_HOME="/workspace/rustup-home" "/workspace/cargo-home/bin/cargo" "+beta-2023-12-22" "fetch" "--manifest-path" "Cargo.toml", kill_on_drop: false }`
[INFO] running `Command { std: "docker" "create" "-v" "/var/lib/crater-agent-workspace/builds/worker-2-tc2/target:/opt/rustwide/target:rw,Z" "-v" "/var/lib/crater-agent-workspace/builds/worker-2-tc2/source:/opt/rustwide/workdir:ro,Z" "-v" "/var/lib/crater-agent-workspace/cargo-home:/opt/rustwide/cargo-home:ro,Z" "-v" "/var/lib/crater-agent-workspace/rustup-home:/opt/rustwide/rustup-home:ro,Z" "-e" "SOURCE_DIR=/opt/rustwide/workdir" "-e" "CARGO_TARGET_DIR=/opt/rustwide/target" "-e" "CARGO_HOME=/opt/rustwide/cargo-home" "-e" "RUSTUP_HOME=/opt/rustwide/rustup-home" "-w" "/opt/rustwide/workdir" "-m" "1610612736" "--user" "0:0" "--network" "none" "ghcr.io/rust-lang/crates-build-env/linux@sha256:2788e3201cd34a07e3172128adcd8b3090168a8e3bcc40d7c032b9dda1df7d1c" "/opt/rustwide/cargo-home/bin/cargo" "+beta-2023-12-22" "metadata" "--no-deps" "--format-version=1", kill_on_drop: false }`
[INFO] [stdout] 27681af36e92e046fbc0ff0008033337893ee0c330351e2ffcf0fb0a9d8aa677
[INFO] running `Command { std: "docker" "start" "-a" "27681af36e92e046fbc0ff0008033337893ee0c330351e2ffcf0fb0a9d8aa677", kill_on_drop: false }`
[INFO] running `Command { std: "docker" "inspect" "27681af36e92e046fbc0ff0008033337893ee0c330351e2ffcf0fb0a9d8aa677", kill_on_drop: false }`
[INFO] running `Command { std: "docker" "rm" "-f" "27681af36e92e046fbc0ff0008033337893ee0c330351e2ffcf0fb0a9d8aa677", kill_on_drop: false }`
[INFO] [stdout] 27681af36e92e046fbc0ff0008033337893ee0c330351e2ffcf0fb0a9d8aa677
[INFO] running `Command { std: "docker" "create" "-v" "/var/lib/crater-agent-workspace/builds/worker-2-tc2/target:/opt/rustwide/target:rw,Z" "-v" "/var/lib/crater-agent-workspace/builds/worker-2-tc2/source:/opt/rustwide/workdir:ro,Z" "-v" "/var/lib/crater-agent-workspace/cargo-home:/opt/rustwide/cargo-home:ro,Z" "-v" "/var/lib/crater-agent-workspace/rustup-home:/opt/rustwide/rustup-home:ro,Z" "-e" "SOURCE_DIR=/opt/rustwide/workdir" "-e" "CARGO_TARGET_DIR=/opt/rustwide/target" "-e" "CARGO_INCREMENTAL=0" "-e" "RUST_BACKTRACE=full" "-e" "RUSTFLAGS=--cap-lints=warn" "-e" "RUSTDOCFLAGS=--cap-lints=warn" "-e" "CARGO_HOME=/opt/rustwide/cargo-home" "-e" "RUSTUP_HOME=/opt/rustwide/rustup-home" "-w" "/opt/rustwide/workdir" "-m" "1610612736" "--user" "0:0" "--network" "none" "ghcr.io/rust-lang/crates-build-env/linux@sha256:2788e3201cd34a07e3172128adcd8b3090168a8e3bcc40d7c032b9dda1df7d1c" "/opt/rustwide/cargo-home/bin/cargo" "+beta-2023-12-22" "build" "--frozen" "--message-format=json", kill_on_drop: false }`
[INFO] [stdout] c86265519a200a599caeee54264fcfd0a83dc1b39196822279928bd92e44c950
[INFO] running `Command { std: "docker" "start" "-a" "c86265519a200a599caeee54264fcfd0a83dc1b39196822279928bd92e44c950", kill_on_drop: false }`
[INFO] [stderr]    Compiling autocfg v1.0.1
[INFO] [stderr]    Compiling libc v0.2.98
[INFO] [stderr]    Compiling lazy_static v1.4.0
[INFO] [stderr]    Compiling crossbeam-utils v0.8.5
[INFO] [stderr]    Compiling crossbeam-epoch v0.9.5
[INFO] [stderr]    Compiling log v0.4.14
[INFO] [stderr]    Compiling rayon-core v1.9.1
[INFO] [stderr]    Compiling scopeguard v1.1.0
[INFO] [stderr]    Compiling khronos_api v3.1.0
[INFO] [stderr]    Compiling bitflags v1.2.1
[INFO] [stderr]    Compiling crc32fast v1.2.1
[INFO] [stderr]    Compiling adler32 v1.2.0
[INFO] [stderr]    Compiling memoffset v0.6.4
[INFO] [stderr]    Compiling num-traits v0.2.14
[INFO] [stderr]    Compiling num-integer v0.1.44
[INFO] [stderr]    Compiling miniz_oxide v0.4.4
[INFO] [stderr]    Compiling rayon v1.5.1
[INFO] [stderr]    Compiling crossbeam-channel v0.5.1
[INFO] [stderr]    Compiling num_cpus v1.13.0
[INFO] [stderr]    Compiling either v1.6.1
[INFO] [stderr]    Compiling xml-rs v0.8.3
[INFO] [stderr]    Compiling cc v1.0.69
[INFO] [stderr]    Compiling crossbeam-deque v0.8.0
[INFO] [stderr]    Compiling getrandom v0.2.3
[INFO] [stderr]    Compiling num-rational v0.3.2
[INFO] [stderr]    Compiling num-iter v0.1.42
[INFO] [stderr]    Compiling weezl v0.1.5
[INFO] [stderr]    Compiling gimli v0.24.0
[INFO] [stderr]    Compiling pkg-config v0.3.19
[INFO] [stderr]    Compiling gl_generator v0.14.0
[INFO] [stderr]    Compiling x11 v2.18.2
[INFO] [stderr]    Compiling deflate v0.8.6
[INFO] [stderr]    Compiling rand_core v0.6.3
[INFO] [stderr]    Compiling glium v0.30.1
[INFO] [stderr]    Compiling time v0.1.44
[INFO] [stderr]    Compiling backtrace v0.3.59
[INFO] [stderr]    Compiling miniz_oxide v0.3.7
[INFO] [stderr]    Compiling ppv-lite86 v0.2.10
[INFO] [stderr]    Compiling anyhow v1.0.42
[INFO] [stderr]    Compiling color_quant v1.1.0
[INFO] [stderr]    Compiling unicode-width v0.1.8
[INFO] [stderr]    Compiling rustc-demangle v0.1.20
[INFO] [stderr]    Compiling object v0.24.0
[INFO] [stderr]    Compiling textwrap v0.11.0
[INFO] [stderr]    Compiling gif v0.11.2
[INFO] [stderr]    Compiling rand_chacha v0.3.1
[INFO] [stderr]    Compiling addr2line v0.15.2
[INFO] [stderr]    Compiling png v0.16.8
[INFO] [stderr]    Compiling chrono v0.4.19
[INFO] [stderr]    Compiling atty v0.2.14
[INFO] [stderr]    Compiling takeable-option v0.5.0
[INFO] [stderr]    Compiling jpeg-decoder v0.1.22
[INFO] [stderr]    Compiling termcolor v1.1.2
[INFO] [stderr]    Compiling scoped_threadpool v0.1.9
[INFO] [stderr]    Compiling strsim v0.8.0
[INFO] [stderr]    Compiling tiff v0.6.1
[INFO] [stderr]    Compiling vec_map v0.8.2
[INFO] [stderr]    Compiling bytemuck v1.7.0
[INFO] [stderr]    Compiling fnv v1.0.7
[INFO] [stderr]    Compiling smallvec v1.6.1
[INFO] [stderr]    Compiling ansi_term v0.11.0
[INFO] [stderr]    Compiling simplelog v0.10.0
[INFO] [stderr]    Compiling clap v2.33.3
[INFO] [stderr]    Compiling image v0.23.14
[INFO] [stderr]    Compiling rand v0.8.4
[INFO] [stderr]    Compiling zss v1.0.1 (/opt/rustwide/workdir)
[INFO] [stdout] error[E0554]: `#![feature]` may not be used on the beta release channel
[INFO] [stdout]  --> src/main.rs:4:1
[INFO] [stdout]   |
[INFO] [stdout] 4 | #![feature(format_args_capture, try_blocks, drain_filter)]
[INFO] [stdout]   | ^^^^^^^^^^^^^^^^^^^^^^^^^^^^^^^^^^^^^^^^^^^^^^^^^^^^^^^^^^
[INFO] [stdout]   |
[INFO] [stdout]   = help: the feature `format_args_capture` has been stable since `1.58.0` and no longer requires an attribute to enable
[INFO] [stdout] 
[INFO] [stdout] 
[INFO] [stdout] warning: the feature `format_args_capture` has been stable since 1.58.0 and no longer requires an attribute to enable
[INFO] [stdout]  --> src/main.rs:4:12
[INFO] [stdout]   |
[INFO] [stdout] 4 | #![feature(format_args_capture, try_blocks, drain_filter)]
[INFO] [stdout]   |            ^^^^^^^^^^^^^^^^^^^
[INFO] [stdout]   |
[INFO] [stdout]   = note: `#[warn(stable_features)]` on by default
[INFO] [stdout] 
[INFO] [stdout] 
[INFO] [stdout] error[E0554]: `#![feature]` may not be used on the beta release channel
[INFO] [stdout]  --> src/main.rs:4:45
[INFO] [stdout]   |
[INFO] [stdout] 4 | #![feature(format_args_capture, try_blocks, drain_filter)]
[INFO] [stdout]   |                                             ^^^^^^^^^^^^
[INFO] [stdout] 
[INFO] [stdout] 
[INFO] [stdout] error[E0635]: unknown feature `drain_filter`
[INFO] [stdout]  --> src/main.rs:4:45
[INFO] [stdout]   |
[INFO] [stdout] 4 | #![feature(format_args_capture, try_blocks, drain_filter)]
[INFO] [stdout]   |                                             ^^^^^^^^^^^^
[INFO] [stdout] 
[INFO] [stdout] 
[INFO] [stdout] error[E0599]: no method named `drain_filter` found for struct `Vec<PathBuf>` in the current scope
[INFO] [stdout]    --> src/images.rs:135:9
[INFO] [stdout]     |
[INFO] [stdout] 135 |         paths.drain_filter(|path| {
[INFO] [stdout]     |         ------^^^^^^^^^^^^ method not found in `Vec<PathBuf>`
[INFO] [stdout] 
[INFO] [stdout] 
[INFO] [stdout] error: aborting due to 4 previous errors; 1 warning emitted
[INFO] [stdout] 
[INFO] [stdout] 
[INFO] [stdout] Some errors have detailed explanations: E0554, E0599, E0635.
[INFO] [stdout] 
[INFO] [stdout] For more information about an error, try `rustc --explain E0554`.
[INFO] [stdout] 
[INFO] [stderr] error: could not compile `zss` (bin "zss") due to 5 previous errors; 1 warning emitted
[INFO] running `Command { std: "docker" "inspect" "c86265519a200a599caeee54264fcfd0a83dc1b39196822279928bd92e44c950", kill_on_drop: false }`
[INFO] running `Command { std: "docker" "rm" "-f" "c86265519a200a599caeee54264fcfd0a83dc1b39196822279928bd92e44c950", kill_on_drop: false }`
[INFO] [stdout] c86265519a200a599caeee54264fcfd0a83dc1b39196822279928bd92e44c950
