[INFO] fetching crate zspell 0.5.2...
[INFO] testing zspell-0.5.2 against 1.75.0 for beta-1.76-1
[INFO] extracting crate zspell 0.5.2 into /workspace/builds/worker-4-tc1/source
[INFO] validating manifest of crates.io crate zspell 0.5.2 on toolchain 1.75.0
[INFO] running `Command { std: CARGO_HOME="/workspace/cargo-home" RUSTUP_HOME="/workspace/rustup-home" "/workspace/cargo-home/bin/cargo" "+1.75.0" "metadata" "--manifest-path" "Cargo.toml" "--no-deps", kill_on_drop: false }`
[INFO] started tweaking crates.io crate zspell 0.5.2
[INFO] finished tweaking crates.io crate zspell 0.5.2
[INFO] tweaked toml for crates.io crate zspell 0.5.2 written to /workspace/builds/worker-4-tc1/source/Cargo.toml
[INFO] running `Command { std: CARGO_HOME="/workspace/cargo-home" RUSTUP_HOME="/workspace/rustup-home" "/workspace/cargo-home/bin/cargo" "+1.75.0" "generate-lockfile" "--manifest-path" "Cargo.toml", kill_on_drop: false }`
[INFO] [stderr]     Updating crates.io index
[INFO] running `Command { std: CARGO_HOME="/workspace/cargo-home" RUSTUP_HOME="/workspace/rustup-home" "/workspace/cargo-home/bin/cargo" "+1.75.0" "fetch" "--manifest-path" "Cargo.toml", kill_on_drop: false }`
[INFO] [stderr]  Downloading crates ...
[INFO] [stderr]   Downloaded visibility v0.1.0
[INFO] [stderr]   Downloaded stringmetrics v2.2.2
[INFO] running `Command { std: "docker" "create" "-v" "/var/lib/crater-agent-workspace/builds/worker-4-tc1/target:/opt/rustwide/target:rw,Z" "-v" "/var/lib/crater-agent-workspace/builds/worker-4-tc1/source:/opt/rustwide/workdir:ro,Z" "-v" "/var/lib/crater-agent-workspace/cargo-home:/opt/rustwide/cargo-home:ro,Z" "-v" "/var/lib/crater-agent-workspace/rustup-home:/opt/rustwide/rustup-home:ro,Z" "-e" "SOURCE_DIR=/opt/rustwide/workdir" "-e" "CARGO_TARGET_DIR=/opt/rustwide/target" "-e" "CARGO_HOME=/opt/rustwide/cargo-home" "-e" "RUSTUP_HOME=/opt/rustwide/rustup-home" "-w" "/opt/rustwide/workdir" "-m" "1610612736" "--user" "0:0" "--network" "none" "ghcr.io/rust-lang/crates-build-env/linux@sha256:2788e3201cd34a07e3172128adcd8b3090168a8e3bcc40d7c032b9dda1df7d1c" "/opt/rustwide/cargo-home/bin/cargo" "+1.75.0" "metadata" "--no-deps" "--format-version=1", kill_on_drop: false }`
[INFO] [stdout] e3796f18fbddd497b59e90e0599d60357b3bdde427d0605c55f4ad8f235aed70
[INFO] running `Command { std: "docker" "start" "-a" "e3796f18fbddd497b59e90e0599d60357b3bdde427d0605c55f4ad8f235aed70", kill_on_drop: false }`
[INFO] running `Command { std: "docker" "inspect" "e3796f18fbddd497b59e90e0599d60357b3bdde427d0605c55f4ad8f235aed70", kill_on_drop: false }`
[INFO] running `Command { std: "docker" "rm" "-f" "e3796f18fbddd497b59e90e0599d60357b3bdde427d0605c55f4ad8f235aed70", kill_on_drop: false }`
[INFO] [stdout] e3796f18fbddd497b59e90e0599d60357b3bdde427d0605c55f4ad8f235aed70
[INFO] running `Command { std: "docker" "create" "-v" "/var/lib/crater-agent-workspace/builds/worker-4-tc1/target:/opt/rustwide/target:rw,Z" "-v" "/var/lib/crater-agent-workspace/builds/worker-4-tc1/source:/opt/rustwide/workdir:ro,Z" "-v" "/var/lib/crater-agent-workspace/cargo-home:/opt/rustwide/cargo-home:ro,Z" "-v" "/var/lib/crater-agent-workspace/rustup-home:/opt/rustwide/rustup-home:ro,Z" "-e" "SOURCE_DIR=/opt/rustwide/workdir" "-e" "CARGO_TARGET_DIR=/opt/rustwide/target" "-e" "CARGO_INCREMENTAL=0" "-e" "RUST_BACKTRACE=full" "-e" "RUSTFLAGS=--cap-lints=warn" "-e" "RUSTDOCFLAGS=--cap-lints=warn" "-e" "CARGO_HOME=/opt/rustwide/cargo-home" "-e" "RUSTUP_HOME=/opt/rustwide/rustup-home" "-w" "/opt/rustwide/workdir" "-m" "1610612736" "--user" "0:0" "--network" "none" "ghcr.io/rust-lang/crates-build-env/linux@sha256:2788e3201cd34a07e3172128adcd8b3090168a8e3bcc40d7c032b9dda1df7d1c" "/opt/rustwide/cargo-home/bin/cargo" "+1.75.0" "build" "--frozen" "--message-format=json", kill_on_drop: false }`
[INFO] [stdout] 284963364a0ad858f679a32687efcb62f8bb3f023651ce10dc74c1fff652e928
[INFO] running `Command { std: "docker" "start" "-a" "284963364a0ad858f679a32687efcb62f8bb3f023651ce10dc74c1fff652e928", kill_on_drop: false }`
[INFO] [stderr]    Compiling once_cell v1.19.0
[INFO] [stderr]    Compiling regex-syntax v0.8.2
[INFO] [stderr]    Compiling aho-corasick v1.1.2
[INFO] [stderr]    Compiling indoc v2.0.4
[INFO] [stderr]    Compiling allocator-api2 v0.2.16
[INFO] [stderr]    Compiling either v1.9.0
[INFO] [stderr]    Compiling unicode-segmentation v1.10.1
[INFO] [stderr]    Compiling xxhash-rust v0.8.8
[INFO] [stderr]    Compiling home v0.5.9
[INFO] [stderr]    Compiling sys-locale v0.3.1
[INFO] [stderr]    Compiling stringmetrics v2.2.2
[INFO] [stderr]    Compiling syn v2.0.48
[INFO] [stderr]    Compiling ahash v0.8.7
[INFO] [stderr]    Compiling itertools v0.11.0
[INFO] [stderr]    Compiling zspell v0.5.2 (/opt/rustwide/workdir)
[INFO] [stderr]    Compiling hashbrown v0.14.3
[INFO] [stderr]    Compiling regex-automata v0.4.3
[INFO] [stderr]    Compiling visibility v0.1.0
[INFO] [stderr]    Compiling regex v1.10.2
[INFO] [stdout] warning: unused import: `stringmetrics::try_levenshtein`
[INFO] [stdout]   --> src/dict.rs:14:5
[INFO] [stdout]    |
[INFO] [stdout] 14 | use stringmetrics::try_levenshtein;
[INFO] [stdout]    |     ^^^^^^^^^^^^^^^^^^^^^^^^^^^^^^
[INFO] [stdout]    |
[INFO] [stdout]    = note: `#[warn(unused_imports)]` on by default
[INFO] [stdout] 
[INFO] [stdout] 
[INFO] [stdout] warning: method `inner` is never used
[INFO] [stdout]    --> src/dict.rs:695:19
[INFO] [stdout]     |
[INFO] [stdout] 686 | impl WordList {
[INFO] [stdout]     | ------------- method in this implementation
[INFO] [stdout] ...
[INFO] [stdout] 695 |     pub(crate) fn inner(&self) -> &HashMap<Box<str>, Vec<Meta>> {
[INFO] [stdout]     |                   ^^^^^
[INFO] [stdout]     |
[INFO] [stdout]     = note: `#[warn(dead_code)]` on by default
[INFO] [stdout] 
[INFO] [stdout] 
[INFO] [stdout] warning: method `config` is never used
[INFO] [stdout]    --> src/dict.rs:736:8
[INFO] [stdout]     |
[INFO] [stdout] 712 | impl<'a> DictBuilder<'a> {
[INFO] [stdout]     | ------------------------ method in this implementation
[INFO] [stdout] ...
[INFO] [stdout] 736 |     fn config(mut self, cfg: ParsedCfg) -> Self {
[INFO] [stdout]     |        ^^^^^^
[INFO] [stdout] 
[INFO] [stdout] 
[INFO] [stdout] warning: variant `Raw` is never constructed
[INFO] [stdout]   --> src/dict/meta.rs:66:5
[INFO] [stdout]    |
[INFO] [stdout] 52 | pub enum Source {
[INFO] [stdout]    |          ------ variant in this enum
[INFO] [stdout] ...
[INFO] [stdout] 66 |     Raw,
[INFO] [stdout]    |     ^^^
[INFO] [stdout]    |
[INFO] [stdout]    = note: `Source` has derived impls for the traits `Debug` and `Clone`, but these are intentionally ignored during dead code analysis
[INFO] [stdout] 
[INFO] [stdout] 
[INFO] [stdout] warning: associated function `new` is never used
[INFO] [stdout]    --> src/error.rs:223:19
[INFO] [stdout]     |
[INFO] [stdout] 222 | impl IoError {
[INFO] [stdout]     | ------------ associated function in this implementation
[INFO] [stdout] 223 |     pub(crate) fn new(fname: &str, err: std::io::ErrorKind) -> Self {
[INFO] [stdout]     |                   ^^^
[INFO] [stdout] 
[INFO] [stdout] 
[INFO] [stdout] warning: 5 warnings emitted
[INFO] [stdout] 
[INFO] [stdout] 
[INFO] [stderr]     Finished dev [unoptimized + debuginfo] target(s) in 3.72s
[INFO] running `Command { std: "docker" "inspect" "284963364a0ad858f679a32687efcb62f8bb3f023651ce10dc74c1fff652e928", kill_on_drop: false }`
[INFO] running `Command { std: "docker" "rm" "-f" "284963364a0ad858f679a32687efcb62f8bb3f023651ce10dc74c1fff652e928", kill_on_drop: false }`
[INFO] [stdout] 284963364a0ad858f679a32687efcb62f8bb3f023651ce10dc74c1fff652e928
[INFO] running `Command { std: "docker" "create" "-v" "/var/lib/crater-agent-workspace/builds/worker-4-tc1/target:/opt/rustwide/target:rw,Z" "-v" "/var/lib/crater-agent-workspace/builds/worker-4-tc1/source:/opt/rustwide/workdir:ro,Z" "-v" "/var/lib/crater-agent-workspace/cargo-home:/opt/rustwide/cargo-home:ro,Z" "-v" "/var/lib/crater-agent-workspace/rustup-home:/opt/rustwide/rustup-home:ro,Z" "-e" "SOURCE_DIR=/opt/rustwide/workdir" "-e" "CARGO_TARGET_DIR=/opt/rustwide/target" "-e" "CARGO_INCREMENTAL=0" "-e" "RUST_BACKTRACE=full" "-e" "RUSTFLAGS=--cap-lints=warn" "-e" "RUSTDOCFLAGS=--cap-lints=warn" "-e" "CARGO_HOME=/opt/rustwide/cargo-home" "-e" "RUSTUP_HOME=/opt/rustwide/rustup-home" "-w" "/opt/rustwide/workdir" "-m" "1610612736" "--user" "0:0" "--network" "none" "ghcr.io/rust-lang/crates-build-env/linux@sha256:2788e3201cd34a07e3172128adcd8b3090168a8e3bcc40d7c032b9dda1df7d1c" "/opt/rustwide/cargo-home/bin/cargo" "+1.75.0" "test" "--frozen" "--no-run" "--message-format=json", kill_on_drop: false }`
[INFO] [stdout] 558092e47afad44579686f56d522420186ef7bb2096410d6228bce65e4032856
[INFO] running `Command { std: "docker" "start" "-a" "558092e47afad44579686f56d522420186ef7bb2096410d6228bce65e4032856", kill_on_drop: false }`
[INFO] [stderr]    Compiling crossbeam-utils v0.8.18
[INFO] [stderr]    Compiling serde v1.0.194
[INFO] [stderr]    Compiling libc v0.2.151
[INFO] [stderr]    Compiling rustix v0.38.28
[INFO] [stderr]    Compiling num-traits v0.2.17
[INFO] [stderr]    Compiling rayon-core v1.12.0
[INFO] [stderr]    Compiling linux-raw-sys v0.4.12
[INFO] [stderr]    Compiling bitflags v2.4.1
[INFO] [stderr]    Compiling ciborium-io v0.2.1
[INFO] [stderr]    Compiling half v1.8.2
[INFO] [stderr]    Compiling clap_lex v0.6.0
[INFO] [stderr]    Compiling plotters-backend v0.3.5
[INFO] [stderr]    Compiling serde_derive v1.0.194
[INFO] [stderr]    Compiling anstyle v1.0.4
[INFO] [stderr]    Compiling itertools v0.10.5
[INFO] [stderr]    Compiling same-file v1.0.6
[INFO] [stderr]    Compiling cast v0.3.0
[INFO] [stderr]    Compiling hashbrown v0.14.3
[INFO] [stderr]    Compiling ciborium-ll v0.2.1
[INFO] [stderr]    Compiling clap_builder v4.4.12
[INFO] [stderr]    Compiling walkdir v2.4.0
[INFO] [stderr]    Compiling fastrand v2.0.1
[INFO] [stderr]    Compiling oorandom v11.1.3
[INFO] [stderr]    Compiling plotters-svg v0.3.5
[INFO] [stderr]    Compiling yansi v0.5.1
[INFO] [stderr]    Compiling diff v0.1.13
[INFO] [stderr]    Compiling anes v0.1.6
[INFO] [stderr]    Compiling pretty_assertions v1.4.0
[INFO] [stderr]    Compiling getrandom v0.2.11
[INFO] [stderr]    Compiling zspell v0.5.2 (/opt/rustwide/workdir)
[INFO] [stdout] warning: unused import: `stringmetrics::try_levenshtein`
[INFO] [stdout]   --> src/dict.rs:14:5
[INFO] [stdout]    |
[INFO] [stdout] 14 | use stringmetrics::try_levenshtein;
[INFO] [stdout]    |     ^^^^^^^^^^^^^^^^^^^^^^^^^^^^^^
[INFO] [stdout]    |
[INFO] [stdout]    = note: `#[warn(unused_imports)]` on by default
[INFO] [stdout] 
[INFO] [stdout] 
[INFO] [stderr]    Compiling rand_core v0.6.4
[INFO] [stderr]    Compiling crossbeam-epoch v0.9.17
[INFO] [stderr]    Compiling rand_chacha v0.3.1
[INFO] [stderr]    Compiling crossbeam-deque v0.8.4
[INFO] [stderr]    Compiling rand v0.8.5
[INFO] [stdout] warning: method `inner` is never used
[INFO] [stdout]    --> src/dict.rs:695:19
[INFO] [stdout]     |
[INFO] [stdout] 686 | impl WordList {
[INFO] [stdout]     | ------------- method in this implementation
[INFO] [stdout] ...
[INFO] [stdout] 695 |     pub(crate) fn inner(&self) -> &HashMap<Box<str>, Vec<Meta>> {
[INFO] [stdout]     |                   ^^^^^
[INFO] [stdout]     |
[INFO] [stdout]     = note: `#[warn(dead_code)]` on by default
[INFO] [stdout] 
[INFO] [stdout] 
[INFO] [stdout] warning: method `config` is never used
[INFO] [stdout]    --> src/dict.rs:736:8
[INFO] [stdout]     |
[INFO] [stdout] 712 | impl<'a> DictBuilder<'a> {
[INFO] [stdout]     | ------------------------ method in this implementation
[INFO] [stdout] ...
[INFO] [stdout] 736 |     fn config(mut self, cfg: ParsedCfg) -> Self {
[INFO] [stdout]     |        ^^^^^^
[INFO] [stdout] 
[INFO] [stdout] 
[INFO] [stdout] warning: variant `Raw` is never constructed
[INFO] [stdout]   --> src/dict/meta.rs:66:5
[INFO] [stdout]    |
[INFO] [stdout] 52 | pub enum Source {
[INFO] [stdout]    |          ------ variant in this enum
[INFO] [stdout] ...
[INFO] [stdout] 66 |     Raw,
[INFO] [stdout]    |     ^^^
[INFO] [stdout]    |
[INFO] [stdout]    = note: `Source` has derived impls for the traits `Debug` and `Clone`, but these are intentionally ignored during dead code analysis
[INFO] [stdout] 
[INFO] [stdout] 
[INFO] [stdout] warning: associated function `new` is never used
[INFO] [stdout]    --> src/error.rs:223:19
[INFO] [stdout]     |
[INFO] [stdout] 222 | impl IoError {
[INFO] [stdout]     | ------------ associated function in this implementation
[INFO] [stdout] 223 |     pub(crate) fn new(fname: &str, err: std::io::ErrorKind) -> Self {
[INFO] [stdout]     |                   ^^^
[INFO] [stdout] 
[INFO] [stdout] 
[INFO] [stderr]    Compiling plotters v0.3.5
[INFO] [stderr]    Compiling criterion-plot v0.5.0
[INFO] [stderr]    Compiling rayon v1.8.0
[INFO] [stderr]    Compiling clap v4.4.13
[INFO] [stdout] warning: 5 warnings emitted
[INFO] [stdout] 
[INFO] [stdout] 
[INFO] [stderr]    Compiling is-terminal v0.4.10
[INFO] [stderr]    Compiling tempfile v3.9.0
[INFO] [stderr]    Compiling serde_json v1.0.111
[INFO] [stderr]    Compiling ciborium v0.2.1
[INFO] [stderr]    Compiling tinytemplate v1.2.1
[INFO] [stderr]    Compiling criterion v0.5.1
[INFO] [stdout] error[E0432]: unresolved import `test_util`
[INFO] [stdout]  --> src/affix/tests_parse.rs:4:5
[INFO] [stdout]   |
[INFO] [stdout] 4 | use test_util::workspace_root;
[INFO] [stdout]   |     ^^^^^^^^^ use of undeclared crate or module `test_util`
[INFO] [stdout] 
[INFO] [stdout] 
[INFO] [stdout] error[E0432]: unresolved import `test_util`
[INFO] [stdout]  --> src/dict/tests.rs:7:5
[INFO] [stdout]   |
[INFO] [stdout] 7 | use test_util::workspace_root;
[INFO] [stdout]   |     ^^^^^^^^^ use of undeclared crate or module `test_util`
[INFO] [stdout] 
[INFO] [stdout] 
[INFO] [stdout] error[E0433]: failed to resolve: use of undeclared crate or module `test_util`
[INFO] [stdout]  --> /opt/rustwide/target/debug/build/zspell-f37b07ddfb1e5998/out/auto_suite.rs:9:15
[INFO] [stdout]   |
[INFO] [stdout] 9 |     let mgr = test_util::TestManager::new_from_file(path);
[INFO] [stdout]   |               ^^^^^^^^^ use of undeclared crate or module `test_util`
[INFO] [stdout] 
[INFO] [stdout] 
[INFO] [stdout] warning: unused import: `stringmetrics::try_levenshtein`
[INFO] [stdout]   --> src/dict.rs:14:5
[INFO] [stdout]    |
[INFO] [stdout] 14 | use stringmetrics::try_levenshtein;
[INFO] [stdout]    |     ^^^^^^^^^^^^^^^^^^^^^^^^^^^^^^
[INFO] [stdout]    |
[INFO] [stdout]    = note: `#[warn(unused_imports)]` on by default
[INFO] [stdout] 
[INFO] [stdout] 
[INFO] [stdout] error[E0433]: failed to resolve: use of undeclared crate or module `test_util`
[INFO] [stdout]   --> /opt/rustwide/target/debug/build/zspell-f37b07ddfb1e5998/out/auto_suite.rs:18:15
[INFO] [stdout]    |
[INFO] [stdout] 18 |     let mgr = test_util::TestManager::new_from_file(path);
[INFO] [stdout]    |               ^^^^^^^^^ use of undeclared crate or module `test_util`
[INFO] [stdout] 
[INFO] [stdout] 
[INFO] [stdout] error[E0433]: failed to resolve: use of undeclared crate or module `test_util`
[INFO] [stdout]   --> /opt/rustwide/target/debug/build/zspell-f37b07ddfb1e5998/out/auto_suite.rs:27:15
[INFO] [stdout]    |
[INFO] [stdout] 27 |     let mgr = test_util::TestManager::new_from_file(path);
[INFO] [stdout]    |               ^^^^^^^^^ use of undeclared crate or module `test_util`
[INFO] [stdout] 
[INFO] [stdout] 
[INFO] [stdout] error[E0433]: failed to resolve: use of undeclared crate or module `test_util`
[INFO] [stdout]   --> /opt/rustwide/target/debug/build/zspell-f37b07ddfb1e5998/out/auto_suite.rs:36:15
[INFO] [stdout]    |
[INFO] [stdout] 36 |     let mgr = test_util::TestManager::new_from_file(path);
[INFO] [stdout]    |               ^^^^^^^^^ use of undeclared crate or module `test_util`
[INFO] [stdout] 
[INFO] [stdout] 
[INFO] [stdout] error[E0433]: failed to resolve: use of undeclared crate or module `test_util`
[INFO] [stdout]   --> /opt/rustwide/target/debug/build/zspell-f37b07ddfb1e5998/out/auto_suite.rs:45:15
[INFO] [stdout]    |
[INFO] [stdout] 45 |     let mgr = test_util::TestManager::new_from_file(path);
[INFO] [stdout]    |               ^^^^^^^^^ use of undeclared crate or module `test_util`
[INFO] [stdout] 
[INFO] [stdout] 
[INFO] [stdout] error[E0433]: failed to resolve: use of undeclared crate or module `test_util`
[INFO] [stdout]   --> /opt/rustwide/target/debug/build/zspell-f37b07ddfb1e5998/out/auto_suite.rs:54:15
[INFO] [stdout]    |
[INFO] [stdout] 54 |     let mgr = test_util::TestManager::new_from_file(path);
[INFO] [stdout]    |               ^^^^^^^^^ use of undeclared crate or module `test_util`
[INFO] [stdout] 
[INFO] [stdout] 
[INFO] [stdout] error[E0433]: failed to resolve: use of undeclared crate or module `test_util`
[INFO] [stdout]   --> /opt/rustwide/target/debug/build/zspell-f37b07ddfb1e5998/out/auto_suite.rs:63:15
[INFO] [stdout]    |
[INFO] [stdout] 63 |     let mgr = test_util::TestManager::new_from_file(path);
[INFO] [stdout]    |               ^^^^^^^^^ use of undeclared crate or module `test_util`
[INFO] [stdout] 
[INFO] [stdout] 
[INFO] [stdout] error[E0433]: failed to resolve: use of undeclared crate or module `test_util`
[INFO] [stdout]   --> /opt/rustwide/target/debug/build/zspell-f37b07ddfb1e5998/out/auto_suite.rs:72:15
[INFO] [stdout]    |
[INFO] [stdout] 72 |     let mgr = test_util::TestManager::new_from_file(path);
[INFO] [stdout]    |               ^^^^^^^^^ use of undeclared crate or module `test_util`
[INFO] [stdout] 
[INFO] [stdout] 
[INFO] [stdout] error[E0433]: failed to resolve: use of undeclared crate or module `test_util`
[INFO] [stdout]   --> /opt/rustwide/target/debug/build/zspell-f37b07ddfb1e5998/out/auto_suite.rs:81:15
[INFO] [stdout]    |
[INFO] [stdout] 81 |     let mgr = test_util::TestManager::new_from_file(path);
[INFO] [stdout]    |               ^^^^^^^^^ use of undeclared crate or module `test_util`
[INFO] [stdout] 
[INFO] [stdout] 
[INFO] [stdout] error[E0433]: failed to resolve: use of undeclared crate or module `test_util`
[INFO] [stdout]   --> /opt/rustwide/target/debug/build/zspell-f37b07ddfb1e5998/out/auto_suite.rs:90:15
[INFO] [stdout]    |
[INFO] [stdout] 90 |     let mgr = test_util::TestManager::new_from_file(path);
[INFO] [stdout]    |               ^^^^^^^^^ use of undeclared crate or module `test_util`
[INFO] [stdout] 
[INFO] [stdout] 
[INFO] [stdout] error[E0433]: failed to resolve: use of undeclared crate or module `test_util`
[INFO] [stdout]   --> /opt/rustwide/target/debug/build/zspell-f37b07ddfb1e5998/out/auto_suite.rs:99:15
[INFO] [stdout]    |
[INFO] [stdout] 99 |     let mgr = test_util::TestManager::new_from_file(path);
[INFO] [stdout]    |               ^^^^^^^^^ use of undeclared crate or module `test_util`
[INFO] [stdout] 
[INFO] [stdout] 
[INFO] [stdout] error[E0433]: failed to resolve: use of undeclared crate or module `test_util`
[INFO] [stdout]    --> /opt/rustwide/target/debug/build/zspell-f37b07ddfb1e5998/out/auto_suite.rs:108:15
[INFO] [stdout]     |
[INFO] [stdout] 108 |     let mgr = test_util::TestManager::new_from_file(path);
[INFO] [stdout]     |               ^^^^^^^^^ use of undeclared crate or module `test_util`
[INFO] [stdout] 
[INFO] [stdout] 
[INFO] [stdout] error[E0433]: failed to resolve: use of undeclared crate or module `test_util`
[INFO] [stdout]    --> /opt/rustwide/target/debug/build/zspell-f37b07ddfb1e5998/out/auto_suite.rs:117:15
[INFO] [stdout]     |
[INFO] [stdout] 117 |     let mgr = test_util::TestManager::new_from_file(path);
[INFO] [stdout]     |               ^^^^^^^^^ use of undeclared crate or module `test_util`
[INFO] [stdout] 
[INFO] [stdout] 
[INFO] [stdout] error[E0433]: failed to resolve: use of undeclared crate or module `test_util`
[INFO] [stdout]    --> /opt/rustwide/target/debug/build/zspell-f37b07ddfb1e5998/out/auto_suite.rs:126:15
[INFO] [stdout]     |
[INFO] [stdout] 126 |     let mgr = test_util::TestManager::new_from_file(path);
[INFO] [stdout]     |               ^^^^^^^^^ use of undeclared crate or module `test_util`
[INFO] [stdout] 
[INFO] [stdout] 
[INFO] [stdout] error[E0433]: failed to resolve: use of undeclared crate or module `test_util`
[INFO] [stdout]    --> /opt/rustwide/target/debug/build/zspell-f37b07ddfb1e5998/out/auto_suite.rs:135:15
[INFO] [stdout]     |
[INFO] [stdout] 135 |     let mgr = test_util::TestManager::new_from_file(path);
[INFO] [stdout]     |               ^^^^^^^^^ use of undeclared crate or module `test_util`
[INFO] [stdout] 
[INFO] [stdout] 
[INFO] [stdout] error[E0433]: failed to resolve: use of undeclared crate or module `test_util`
[INFO] [stdout]    --> /opt/rustwide/target/debug/build/zspell-f37b07ddfb1e5998/out/auto_suite.rs:144:15
[INFO] [stdout]     |
[INFO] [stdout] 144 |     let mgr = test_util::TestManager::new_from_file(path);
[INFO] [stdout]     |               ^^^^^^^^^ use of undeclared crate or module `test_util`
[INFO] [stdout] 
[INFO] [stdout] 
[INFO] [stdout] error[E0433]: failed to resolve: use of undeclared crate or module `test_util`
[INFO] [stdout]    --> /opt/rustwide/target/debug/build/zspell-f37b07ddfb1e5998/out/auto_suite.rs:153:15
[INFO] [stdout]     |
[INFO] [stdout] 153 |     let mgr = test_util::TestManager::new_from_file(path);
[INFO] [stdout]     |               ^^^^^^^^^ use of undeclared crate or module `test_util`
[INFO] [stdout] 
[INFO] [stdout] 
[INFO] [stdout] error[E0433]: failed to resolve: use of undeclared crate or module `test_util`
[INFO] [stdout]    --> /opt/rustwide/target/debug/build/zspell-f37b07ddfb1e5998/out/auto_suite.rs:162:15
[INFO] [stdout]     |
[INFO] [stdout] 162 |     let mgr = test_util::TestManager::new_from_file(path);
[INFO] [stdout]     |               ^^^^^^^^^ use of undeclared crate or module `test_util`
[INFO] [stdout] 
[INFO] [stdout] 
[INFO] [stdout] error[E0433]: failed to resolve: use of undeclared crate or module `test_util`
[INFO] [stdout]    --> /opt/rustwide/target/debug/build/zspell-f37b07ddfb1e5998/out/auto_suite.rs:171:15
[INFO] [stdout]     |
[INFO] [stdout] 171 |     let mgr = test_util::TestManager::new_from_file(path);
[INFO] [stdout]     |               ^^^^^^^^^ use of undeclared crate or module `test_util`
[INFO] [stdout] 
[INFO] [stdout] 
[INFO] [stdout] error[E0433]: failed to resolve: use of undeclared crate or module `test_util`
[INFO] [stdout]    --> /opt/rustwide/target/debug/build/zspell-f37b07ddfb1e5998/out/auto_suite.rs:180:15
[INFO] [stdout]     |
[INFO] [stdout] 180 |     let mgr = test_util::TestManager::new_from_file(path);
[INFO] [stdout]     |               ^^^^^^^^^ use of undeclared crate or module `test_util`
[INFO] [stdout] 
[INFO] [stdout] 
[INFO] [stdout] error[E0433]: failed to resolve: use of undeclared crate or module `test_util`
[INFO] [stdout]    --> /opt/rustwide/target/debug/build/zspell-f37b07ddfb1e5998/out/auto_suite.rs:189:15
[INFO] [stdout]     |
[INFO] [stdout] 189 |     let mgr = test_util::TestManager::new_from_file(path);
[INFO] [stdout]     |               ^^^^^^^^^ use of undeclared crate or module `test_util`
[INFO] [stdout] 
[INFO] [stdout] 
[INFO] [stdout] error[E0433]: failed to resolve: use of undeclared crate or module `test_util`
[INFO] [stdout]    --> /opt/rustwide/target/debug/build/zspell-f37b07ddfb1e5998/out/auto_suite.rs:198:15
[INFO] [stdout]     |
[INFO] [stdout] 198 |     let mgr = test_util::TestManager::new_from_file(path);
[INFO] [stdout]     |               ^^^^^^^^^ use of undeclared crate or module `test_util`
[INFO] [stdout] 
[INFO] [stdout] 
[INFO] [stdout] error[E0433]: failed to resolve: use of undeclared crate or module `test_util`
[INFO] [stdout]    --> /opt/rustwide/target/debug/build/zspell-f37b07ddfb1e5998/out/auto_suite.rs:207:15
[INFO] [stdout]     |
[INFO] [stdout] 207 |     let mgr = test_util::TestManager::new_from_file(path);
[INFO] [stdout]     |               ^^^^^^^^^ use of undeclared crate or module `test_util`
[INFO] [stdout] 
[INFO] [stdout] 
[INFO] [stdout] error[E0433]: failed to resolve: use of undeclared crate or module `test_util`
[INFO] [stdout]    --> /opt/rustwide/target/debug/build/zspell-f37b07ddfb1e5998/out/auto_suite.rs:216:15
[INFO] [stdout]     |
[INFO] [stdout] 216 |     let mgr = test_util::TestManager::new_from_file(path);
[INFO] [stdout]     |               ^^^^^^^^^ use of undeclared crate or module `test_util`
[INFO] [stdout] 
[INFO] [stdout] 
[INFO] [stdout] error[E0433]: failed to resolve: use of undeclared crate or module `test_util`
[INFO] [stdout]    --> /opt/rustwide/target/debug/build/zspell-f37b07ddfb1e5998/out/auto_suite.rs:225:15
[INFO] [stdout]     |
[INFO] [stdout] 225 |     let mgr = test_util::TestManager::new_from_file(path);
[INFO] [stdout]     |               ^^^^^^^^^ use of undeclared crate or module `test_util`
[INFO] [stdout] 
[INFO] [stdout] 
[INFO] [stdout] error[E0433]: failed to resolve: use of undeclared crate or module `test_util`
[INFO] [stdout]    --> /opt/rustwide/target/debug/build/zspell-f37b07ddfb1e5998/out/auto_suite.rs:234:15
[INFO] [stdout]     |
[INFO] [stdout] 234 |     let mgr = test_util::TestManager::new_from_file(path);
[INFO] [stdout]     |               ^^^^^^^^^ use of undeclared crate or module `test_util`
[INFO] [stdout] 
[INFO] [stdout] 
[INFO] [stdout] error[E0433]: failed to resolve: use of undeclared crate or module `test_util`
[INFO] [stdout]    --> /opt/rustwide/target/debug/build/zspell-f37b07ddfb1e5998/out/auto_suite.rs:243:15
[INFO] [stdout]     |
[INFO] [stdout] 243 |     let mgr = test_util::TestManager::new_from_file(path);
[INFO] [stdout]     |               ^^^^^^^^^ use of undeclared crate or module `test_util`
[INFO] [stdout] 
[INFO] [stdout] 
[INFO] [stdout] error: aborting due to 27 previous errors
[INFO] [stdout] 
[INFO] [stdout] 
[INFO] [stdout] For more information about this error, try `rustc --explain E0433`.
[INFO] [stdout] 
[INFO] [stderr] error: could not compile `zspell` (test "suite") due to 28 previous errors
[INFO] [stderr] warning: build failed, waiting for other jobs to finish...
[INFO] [stdout] error: aborting due to 2 previous errors; 1 warning emitted
[INFO] [stdout] 
[INFO] [stdout] 
[INFO] [stdout] For more information about this error, try `rustc --explain E0432`.
[INFO] [stdout] 
[INFO] [stderr] error: could not compile `zspell` (lib test) due to 3 previous errors; 1 warning emitted
[INFO] running `Command { std: "docker" "inspect" "558092e47afad44579686f56d522420186ef7bb2096410d6228bce65e4032856", kill_on_drop: false }`
[INFO] running `Command { std: "docker" "rm" "-f" "558092e47afad44579686f56d522420186ef7bb2096410d6228bce65e4032856", kill_on_drop: false }`
[INFO] [stdout] 558092e47afad44579686f56d522420186ef7bb2096410d6228bce65e4032856
[INFO] testing zspell-0.5.2 against beta-2023-12-22 for beta-1.76-1
[INFO] extracting crate zspell 0.5.2 into /workspace/builds/worker-4-tc2/source
[INFO] validating manifest of crates.io crate zspell 0.5.2 on toolchain beta-2023-12-22
[INFO] running `Command { std: CARGO_HOME="/workspace/cargo-home" RUSTUP_HOME="/workspace/rustup-home" "/workspace/cargo-home/bin/cargo" "+beta-2023-12-22" "metadata" "--manifest-path" "Cargo.toml" "--no-deps", kill_on_drop: false }`
[INFO] started tweaking crates.io crate zspell 0.5.2
[INFO] finished tweaking crates.io crate zspell 0.5.2
[INFO] tweaked toml for crates.io crate zspell 0.5.2 written to /workspace/builds/worker-4-tc2/source/Cargo.toml
[INFO] running `Command { std: CARGO_HOME="/workspace/cargo-home" RUSTUP_HOME="/workspace/rustup-home" "/workspace/cargo-home/bin/cargo" "+beta-2023-12-22" "generate-lockfile" "--manifest-path" "Cargo.toml", kill_on_drop: false }`
[INFO] [stderr]     Updating crates.io index
[INFO] running `Command { std: CARGO_HOME="/workspace/cargo-home" RUSTUP_HOME="/workspace/rustup-home" "/workspace/cargo-home/bin/cargo" "+beta-2023-12-22" "fetch" "--manifest-path" "Cargo.toml", kill_on_drop: false }`
[INFO] running `Command { std: "docker" "create" "-v" "/var/lib/crater-agent-workspace/builds/worker-4-tc2/target:/opt/rustwide/target:rw,Z" "-v" "/var/lib/crater-agent-workspace/builds/worker-4-tc2/source:/opt/rustwide/workdir:ro,Z" "-v" "/var/lib/crater-agent-workspace/cargo-home:/opt/rustwide/cargo-home:ro,Z" "-v" "/var/lib/crater-agent-workspace/rustup-home:/opt/rustwide/rustup-home:ro,Z" "-e" "SOURCE_DIR=/opt/rustwide/workdir" "-e" "CARGO_TARGET_DIR=/opt/rustwide/target" "-e" "CARGO_HOME=/opt/rustwide/cargo-home" "-e" "RUSTUP_HOME=/opt/rustwide/rustup-home" "-w" "/opt/rustwide/workdir" "-m" "1610612736" "--user" "0:0" "--network" "none" "ghcr.io/rust-lang/crates-build-env/linux@sha256:2788e3201cd34a07e3172128adcd8b3090168a8e3bcc40d7c032b9dda1df7d1c" "/opt/rustwide/cargo-home/bin/cargo" "+beta-2023-12-22" "metadata" "--no-deps" "--format-version=1", kill_on_drop: false }`
[INFO] [stdout] e90e29089f8d1e37b9e7d546a4bac656b15bc31e9e3e0fd2f26bec530d2f3f88
[INFO] running `Command { std: "docker" "start" "-a" "e90e29089f8d1e37b9e7d546a4bac656b15bc31e9e3e0fd2f26bec530d2f3f88", kill_on_drop: false }`
[INFO] running `Command { std: "docker" "inspect" "e90e29089f8d1e37b9e7d546a4bac656b15bc31e9e3e0fd2f26bec530d2f3f88", kill_on_drop: false }`
[INFO] running `Command { std: "docker" "rm" "-f" "e90e29089f8d1e37b9e7d546a4bac656b15bc31e9e3e0fd2f26bec530d2f3f88", kill_on_drop: false }`
[INFO] [stdout] e90e29089f8d1e37b9e7d546a4bac656b15bc31e9e3e0fd2f26bec530d2f3f88
[INFO] running `Command { std: "docker" "create" "-v" "/var/lib/crater-agent-workspace/builds/worker-4-tc2/target:/opt/rustwide/target:rw,Z" "-v" "/var/lib/crater-agent-workspace/builds/worker-4-tc2/source:/opt/rustwide/workdir:ro,Z" "-v" "/var/lib/crater-agent-workspace/cargo-home:/opt/rustwide/cargo-home:ro,Z" "-v" "/var/lib/crater-agent-workspace/rustup-home:/opt/rustwide/rustup-home:ro,Z" "-e" "SOURCE_DIR=/opt/rustwide/workdir" "-e" "CARGO_TARGET_DIR=/opt/rustwide/target" "-e" "CARGO_INCREMENTAL=0" "-e" "RUST_BACKTRACE=full" "-e" "RUSTFLAGS=--cap-lints=warn" "-e" "RUSTDOCFLAGS=--cap-lints=warn" "-e" "CARGO_HOME=/opt/rustwide/cargo-home" "-e" "RUSTUP_HOME=/opt/rustwide/rustup-home" "-w" "/opt/rustwide/workdir" "-m" "1610612736" "--user" "0:0" "--network" "none" "ghcr.io/rust-lang/crates-build-env/linux@sha256:2788e3201cd34a07e3172128adcd8b3090168a8e3bcc40d7c032b9dda1df7d1c" "/opt/rustwide/cargo-home/bin/cargo" "+beta-2023-12-22" "build" "--frozen" "--message-format=json", kill_on_drop: false }`
[INFO] [stdout] c9df9c47cb4b2830440c4a363b930852ce24f087cb8eecac1dce85f4388823f0
[INFO] running `Command { std: "docker" "start" "-a" "c9df9c47cb4b2830440c4a363b930852ce24f087cb8eecac1dce85f4388823f0", kill_on_drop: false }`
[INFO] [stderr]    Compiling aho-corasick v1.1.2
[INFO] [stderr]    Compiling indoc v2.0.4
[INFO] [stderr]    Compiling once_cell v1.19.0
[INFO] [stderr]    Compiling regex-syntax v0.8.2
[INFO] [stderr]    Compiling allocator-api2 v0.2.16
[INFO] [stderr]    Compiling either v1.9.0
[INFO] [stderr]    Compiling home v0.5.9
[INFO] [stderr]    Compiling sys-locale v0.3.1
[INFO] [stderr]    Compiling unicode-segmentation v1.10.1
[INFO] [stderr]    Compiling xxhash-rust v0.8.8
[INFO] [stderr]    Compiling stringmetrics v2.2.2
[INFO] [stderr]    Compiling syn v2.0.48
[INFO] [stderr]    Compiling ahash v0.8.7
[INFO] [stderr]    Compiling itertools v0.11.0
[INFO] [stderr]    Compiling hashbrown v0.14.3
[INFO] [stderr]    Compiling zspell v0.5.2 (/opt/rustwide/workdir)
[INFO] [stderr]    Compiling regex-automata v0.4.3
[INFO] [stderr]    Compiling visibility v0.1.0
[INFO] [stderr]    Compiling regex v1.10.2
[INFO] [stdout] warning: unused import: `stringmetrics::try_levenshtein`
[INFO] [stdout]   --> src/dict.rs:14:5
[INFO] [stdout]    |
[INFO] [stdout] 14 | use stringmetrics::try_levenshtein;
[INFO] [stdout]    |     ^^^^^^^^^^^^^^^^^^^^^^^^^^^^^^
[INFO] [stdout]    |
[INFO] [stdout]    = note: `#[warn(unused_imports)]` on by default
[INFO] [stdout] 
[INFO] [stdout] 
[INFO] [stdout] warning: method `inner` is never used
[INFO] [stdout]    --> src/dict.rs:695:19
[INFO] [stdout]     |
[INFO] [stdout] 686 | impl WordList {
[INFO] [stdout]     | ------------- method in this implementation
[INFO] [stdout] ...
[INFO] [stdout] 695 |     pub(crate) fn inner(&self) -> &HashMap<Box<str>, Vec<Meta>> {
[INFO] [stdout]     |                   ^^^^^
[INFO] [stdout]     |
[INFO] [stdout]     = note: `#[warn(dead_code)]` on by default
[INFO] [stdout] 
[INFO] [stdout] 
[INFO] [stdout] warning: method `config` is never used
[INFO] [stdout]    --> src/dict.rs:736:8
[INFO] [stdout]     |
[INFO] [stdout] 712 | impl<'a> DictBuilder<'a> {
[INFO] [stdout]     | ------------------------ method in this implementation
[INFO] [stdout] ...
[INFO] [stdout] 736 |     fn config(mut self, cfg: ParsedCfg) -> Self {
[INFO] [stdout]     |        ^^^^^^
[INFO] [stdout] 
[INFO] [stdout] 
[INFO] [stdout] warning: variant `Raw` is never constructed
[INFO] [stdout]   --> src/dict/meta.rs:66:5
[INFO] [stdout]    |
[INFO] [stdout] 52 | pub enum Source {
[INFO] [stdout]    |          ------ variant in this enum
[INFO] [stdout] ...
[INFO] [stdout] 66 |     Raw,
[INFO] [stdout]    |     ^^^
[INFO] [stdout]    |
[INFO] [stdout]    = note: `Source` has derived impls for the traits `Debug` and `Clone`, but these are intentionally ignored during dead code analysis
[INFO] [stdout] 
[INFO] [stdout] 
[INFO] [stdout] warning: associated function `new` is never used
[INFO] [stdout]    --> src/error.rs:223:19
[INFO] [stdout]     |
[INFO] [stdout] 222 | impl IoError {
[INFO] [stdout]     | ------------ associated function in this implementation
[INFO] [stdout] 223 |     pub(crate) fn new(fname: &str, err: std::io::ErrorKind) -> Self {
[INFO] [stdout]     |                   ^^^
[INFO] [stdout] 
[INFO] [stdout] 
[INFO] [stdout] warning: 5 warnings emitted
[INFO] [stdout] 
[INFO] [stdout] 
[INFO] [stderr]     Finished dev [unoptimized + debuginfo] target(s) in 3.64s
[INFO] running `Command { std: "docker" "inspect" "c9df9c47cb4b2830440c4a363b930852ce24f087cb8eecac1dce85f4388823f0", kill_on_drop: false }`
[INFO] running `Command { std: "docker" "rm" "-f" "c9df9c47cb4b2830440c4a363b930852ce24f087cb8eecac1dce85f4388823f0", kill_on_drop: false }`
[INFO] [stdout] c9df9c47cb4b2830440c4a363b930852ce24f087cb8eecac1dce85f4388823f0
[INFO] running `Command { std: "docker" "create" "-v" "/var/lib/crater-agent-workspace/builds/worker-4-tc2/target:/opt/rustwide/target:rw,Z" "-v" "/var/lib/crater-agent-workspace/builds/worker-4-tc2/source:/opt/rustwide/workdir:ro,Z" "-v" "/var/lib/crater-agent-workspace/cargo-home:/opt/rustwide/cargo-home:ro,Z" "-v" "/var/lib/crater-agent-workspace/rustup-home:/opt/rustwide/rustup-home:ro,Z" "-e" "SOURCE_DIR=/opt/rustwide/workdir" "-e" "CARGO_TARGET_DIR=/opt/rustwide/target" "-e" "CARGO_INCREMENTAL=0" "-e" "RUST_BACKTRACE=full" "-e" "RUSTFLAGS=--cap-lints=warn" "-e" "RUSTDOCFLAGS=--cap-lints=warn" "-e" "CARGO_HOME=/opt/rustwide/cargo-home" "-e" "RUSTUP_HOME=/opt/rustwide/rustup-home" "-w" "/opt/rustwide/workdir" "-m" "1610612736" "--user" "0:0" "--network" "none" "ghcr.io/rust-lang/crates-build-env/linux@sha256:2788e3201cd34a07e3172128adcd8b3090168a8e3bcc40d7c032b9dda1df7d1c" "/opt/rustwide/cargo-home/bin/cargo" "+beta-2023-12-22" "test" "--frozen" "--no-run" "--message-format=json", kill_on_drop: false }`
[INFO] [stdout] 3010389d538140f32d6b2da8e87ebc2d1c1c734fc780d95d391913e079345c89
[INFO] running `Command { std: "docker" "start" "-a" "3010389d538140f32d6b2da8e87ebc2d1c1c734fc780d95d391913e079345c89", kill_on_drop: false }`
[INFO] [stderr]    Compiling crossbeam-utils v0.8.18
[INFO] [stderr]    Compiling serde v1.0.194
[INFO] [stderr]    Compiling rustix v0.38.28
[INFO] [stderr]    Compiling num-traits v0.2.17
[INFO] [stderr]    Compiling bitflags v2.4.1
[INFO] [stderr]    Compiling rayon-core v1.12.0
[INFO] [stderr]    Compiling linux-raw-sys v0.4.12
[INFO] [stderr]    Compiling libc v0.2.151
[INFO] [stderr]    Compiling clap_lex v0.6.0
[INFO] [stderr]    Compiling half v1.8.2
[INFO] [stderr]    Compiling plotters-backend v0.3.5
[INFO] [stderr]    Compiling ciborium-io v0.2.1
[INFO] [stderr]    Compiling anstyle v1.0.4
[INFO] [stderr]    Compiling serde_derive v1.0.194
[INFO] [stderr]    Compiling itertools v0.10.5
[INFO] [stderr]    Compiling same-file v1.0.6
[INFO] [stderr]    Compiling cast v0.3.0
[INFO] [stderr]    Compiling walkdir v2.4.0
[INFO] [stderr]    Compiling clap_builder v4.4.12
[INFO] [stderr]    Compiling hashbrown v0.14.3
[INFO] [stderr]    Compiling plotters-svg v0.3.5
[INFO] [stderr]    Compiling ciborium-ll v0.2.1
[INFO] [stderr]    Compiling anes v0.1.6
[INFO] [stderr]    Compiling diff v0.1.13
[INFO] [stderr]    Compiling fastrand v2.0.1
[INFO] [stderr]    Compiling oorandom v11.1.3
[INFO] [stderr]    Compiling yansi v0.5.1
[INFO] [stderr]    Compiling pretty_assertions v1.4.0
[INFO] [stderr]    Compiling getrandom v0.2.11
[INFO] [stderr]    Compiling crossbeam-epoch v0.9.17
[INFO] [stderr]    Compiling zspell v0.5.2 (/opt/rustwide/workdir)
[INFO] [stdout] warning: unused import: `stringmetrics::try_levenshtein`
[INFO] [stdout]   --> src/dict.rs:14:5
[INFO] [stdout]    |
[INFO] [stdout] 14 | use stringmetrics::try_levenshtein;
[INFO] [stdout]    |     ^^^^^^^^^^^^^^^^^^^^^^^^^^^^^^
[INFO] [stdout]    |
[INFO] [stdout]    = note: `#[warn(unused_imports)]` on by default
[INFO] [stdout] 
[INFO] [stdout] 
[INFO] [stderr]    Compiling rand_core v0.6.4
[INFO] [stderr]    Compiling crossbeam-deque v0.8.4
[INFO] [stderr]    Compiling rand_chacha v0.3.1
[INFO] [stderr]    Compiling rand v0.8.5
[INFO] [stderr]    Compiling plotters v0.3.5
[INFO] [stdout] warning: method `inner` is never used
[INFO] [stdout]    --> src/dict.rs:695:19
[INFO] [stdout]     |
[INFO] [stdout] 686 | impl WordList {
[INFO] [stdout]     | ------------- method in this implementation
[INFO] [stdout] ...
[INFO] [stdout] 695 |     pub(crate) fn inner(&self) -> &HashMap<Box<str>, Vec<Meta>> {
[INFO] [stdout]     |                   ^^^^^
[INFO] [stdout]     |
[INFO] [stdout]     = note: `#[warn(dead_code)]` on by default
[INFO] [stdout] 
[INFO] [stdout] 
[INFO] [stdout] warning: method `config` is never used
[INFO] [stdout]    --> src/dict.rs:736:8
[INFO] [stdout]     |
[INFO] [stdout] 712 | impl<'a> DictBuilder<'a> {
[INFO] [stdout]     | ------------------------ method in this implementation
[INFO] [stdout] ...
[INFO] [stdout] 736 |     fn config(mut self, cfg: ParsedCfg) -> Self {
[INFO] [stdout]     |        ^^^^^^
[INFO] [stdout] 
[INFO] [stdout] 
[INFO] [stdout] warning: variant `Raw` is never constructed
[INFO] [stdout]   --> src/dict/meta.rs:66:5
[INFO] [stdout]    |
[INFO] [stdout] 52 | pub enum Source {
[INFO] [stdout]    |          ------ variant in this enum
[INFO] [stdout] ...
[INFO] [stdout] 66 |     Raw,
[INFO] [stdout]    |     ^^^
[INFO] [stdout]    |
[INFO] [stdout]    = note: `Source` has derived impls for the traits `Debug` and `Clone`, but these are intentionally ignored during dead code analysis
[INFO] [stdout] 
[INFO] [stdout] 
[INFO] [stdout] warning: associated function `new` is never used
[INFO] [stdout]    --> src/error.rs:223:19
[INFO] [stdout]     |
[INFO] [stdout] 222 | impl IoError {
[INFO] [stdout]     | ------------ associated function in this implementation
[INFO] [stdout] 223 |     pub(crate) fn new(fname: &str, err: std::io::ErrorKind) -> Self {
[INFO] [stdout]     |                   ^^^
[INFO] [stdout] 
[INFO] [stdout] 
[INFO] [stderr]    Compiling criterion-plot v0.5.0
[INFO] [stderr]    Compiling rayon v1.8.0
[INFO] [stderr]    Compiling clap v4.4.13
[INFO] [stdout] warning: 5 warnings emitted
[INFO] [stdout] 
[INFO] [stdout] 
[INFO] [stderr]    Compiling is-terminal v0.4.10
[INFO] [stderr]    Compiling tempfile v3.9.0
[INFO] [stderr]    Compiling serde_json v1.0.111
[INFO] [stderr]    Compiling ciborium v0.2.1
[INFO] [stderr]    Compiling tinytemplate v1.2.1
[INFO] [stderr]    Compiling criterion v0.5.1
[INFO] [stdout] error[E0432]: unresolved import `test_util`
[INFO] [stdout]  --> src/affix/tests_parse.rs:4:5
[INFO] [stdout]   |
[INFO] [stdout] 4 | use test_util::workspace_root;
[INFO] [stdout]   |     ^^^^^^^^^ use of undeclared crate or module `test_util`
[INFO] [stdout] 
[INFO] [stdout] 
[INFO] [stdout] error[E0432]: unresolved import `test_util`
[INFO] [stdout]  --> src/dict/tests.rs:7:5
[INFO] [stdout]   |
[INFO] [stdout] 7 | use test_util::workspace_root;
[INFO] [stdout]   |     ^^^^^^^^^ use of undeclared crate or module `test_util`
[INFO] [stdout] 
[INFO] [stdout] 
[INFO] [stdout] error[E0433]: failed to resolve: use of undeclared crate or module `test_util`
[INFO] [stdout]  --> /opt/rustwide/target/debug/build/zspell-b5bf5a5732864b23/out/auto_suite.rs:9:15
[INFO] [stdout]   |
[INFO] [stdout] 9 |     let mgr = test_util::TestManager::new_from_file(path);
[INFO] [stdout]   |               ^^^^^^^^^ use of undeclared crate or module `test_util`
[INFO] [stdout] 
[INFO] [stdout] 
[INFO] [stdout] error[E0433]: failed to resolve: use of undeclared crate or module `test_util`
[INFO] [stdout]   --> /opt/rustwide/target/debug/build/zspell-b5bf5a5732864b23/out/auto_suite.rs:18:15
[INFO] [stdout]    |
[INFO] [stdout] 18 |     let mgr = test_util::TestManager::new_from_file(path);
[INFO] [stdout]    |               ^^^^^^^^^ use of undeclared crate or module `test_util`
[INFO] [stdout] 
[INFO] [stdout] 
[INFO] [stdout] error[E0433]: failed to resolve: use of undeclared crate or module `test_util`
[INFO] [stdout]   --> /opt/rustwide/target/debug/build/zspell-b5bf5a5732864b23/out/auto_suite.rs:27:15
[INFO] [stdout]    |
[INFO] [stdout] 27 |     let mgr = test_util::TestManager::new_from_file(path);
[INFO] [stdout]    |               ^^^^^^^^^ use of undeclared crate or module `test_util`
[INFO] [stdout] 
[INFO] [stdout] 
[INFO] [stdout] error[E0433]: failed to resolve: use of undeclared crate or module `test_util`
[INFO] [stdout]   --> /opt/rustwide/target/debug/build/zspell-b5bf5a5732864b23/out/auto_suite.rs:36:15
[INFO] [stdout]    |
[INFO] [stdout] 36 |     let mgr = test_util::TestManager::new_from_file(path);
[INFO] [stdout]    |               ^^^^^^^^^ use of undeclared crate or module `test_util`
[INFO] [stdout] 
[INFO] [stdout] 
[INFO] [stdout] error[E0433]: failed to resolve: use of undeclared crate or module `test_util`
[INFO] [stdout]   --> /opt/rustwide/target/debug/build/zspell-b5bf5a5732864b23/out/auto_suite.rs:45:15
[INFO] [stdout]    |
[INFO] [stdout] 45 |     let mgr = test_util::TestManager::new_from_file(path);
[INFO] [stdout]    |               ^^^^^^^^^ use of undeclared crate or module `test_util`
[INFO] [stdout] 
[INFO] [stdout] 
[INFO] [stdout] error[E0433]: failed to resolve: use of undeclared crate or module `test_util`
[INFO] [stdout]   --> /opt/rustwide/target/debug/build/zspell-b5bf5a5732864b23/out/auto_suite.rs:54:15
[INFO] [stdout]    |
[INFO] [stdout] 54 |     let mgr = test_util::TestManager::new_from_file(path);
[INFO] [stdout]    |               ^^^^^^^^^ use of undeclared crate or module `test_util`
[INFO] [stdout] 
[INFO] [stdout] 
[INFO] [stdout] error[E0433]: failed to resolve: use of undeclared crate or module `test_util`
[INFO] [stdout]   --> /opt/rustwide/target/debug/build/zspell-b5bf5a5732864b23/out/auto_suite.rs:63:15
[INFO] [stdout]    |
[INFO] [stdout] 63 |     let mgr = test_util::TestManager::new_from_file(path);
[INFO] [stdout]    |               ^^^^^^^^^ use of undeclared crate or module `test_util`
[INFO] [stdout] 
[INFO] [stdout] 
[INFO] [stdout] error[E0433]: failed to resolve: use of undeclared crate or module `test_util`
[INFO] [stdout]   --> /opt/rustwide/target/debug/build/zspell-b5bf5a5732864b23/out/auto_suite.rs:72:15
[INFO] [stdout]    |
[INFO] [stdout] 72 |     let mgr = test_util::TestManager::new_from_file(path);
[INFO] [stdout]    |               ^^^^^^^^^ use of undeclared crate or module `test_util`
[INFO] [stdout] 
[INFO] [stdout] 
[INFO] [stdout] error[E0433]: failed to resolve: use of undeclared crate or module `test_util`
[INFO] [stdout]   --> /opt/rustwide/target/debug/build/zspell-b5bf5a5732864b23/out/auto_suite.rs:81:15
[INFO] [stdout]    |
[INFO] [stdout] 81 |     let mgr = test_util::TestManager::new_from_file(path);
[INFO] [stdout]    |               ^^^^^^^^^ use of undeclared crate or module `test_util`
[INFO] [stdout] 
[INFO] [stdout] 
[INFO] [stdout] error[E0433]: failed to resolve: use of undeclared crate or module `test_util`
[INFO] [stdout]   --> /opt/rustwide/target/debug/build/zspell-b5bf5a5732864b23/out/auto_suite.rs:90:15
[INFO] [stdout]    |
[INFO] [stdout] 90 |     let mgr = test_util::TestManager::new_from_file(path);
[INFO] [stdout]    |               ^^^^^^^^^ use of undeclared crate or module `test_util`
[INFO] [stdout] 
[INFO] [stdout] 
[INFO] [stdout] error[E0433]: failed to resolve: use of undeclared crate or module `test_util`
[INFO] [stdout]   --> /opt/rustwide/target/debug/build/zspell-b5bf5a5732864b23/out/auto_suite.rs:99:15
[INFO] [stdout]    |
[INFO] [stdout] 99 |     let mgr = test_util::TestManager::new_from_file(path);
[INFO] [stdout]    |               ^^^^^^^^^ use of undeclared crate or module `test_util`
[INFO] [stdout] 
[INFO] [stdout] 
[INFO] [stdout] error[E0433]: failed to resolve: use of undeclared crate or module `test_util`
[INFO] [stdout]    --> /opt/rustwide/target/debug/build/zspell-b5bf5a5732864b23/out/auto_suite.rs:108:15
[INFO] [stdout]     |
[INFO] [stdout] 108 |     let mgr = test_util::TestManager::new_from_file(path);
[INFO] [stdout]     |               ^^^^^^^^^ use of undeclared crate or module `test_util`
[INFO] [stdout] 
[INFO] [stdout] 
[INFO] [stdout] error[E0433]: failed to resolve: use of undeclared crate or module `test_util`
[INFO] [stdout]    --> /opt/rustwide/target/debug/build/zspell-b5bf5a5732864b23/out/auto_suite.rs:117:15
[INFO] [stdout]     |
[INFO] [stdout] 117 |     let mgr = test_util::TestManager::new_from_file(path);
[INFO] [stdout]     |               ^^^^^^^^^ use of undeclared crate or module `test_util`
[INFO] [stdout] 
[INFO] [stdout] 
[INFO] [stdout] error[E0433]: failed to resolve: use of undeclared crate or module `test_util`
[INFO] [stdout]    --> /opt/rustwide/target/debug/build/zspell-b5bf5a5732864b23/out/auto_suite.rs:126:15
[INFO] [stdout]     |
[INFO] [stdout] 126 |     let mgr = test_util::TestManager::new_from_file(path);
[INFO] [stdout]     |               ^^^^^^^^^ use of undeclared crate or module `test_util`
[INFO] [stdout] 
[INFO] [stdout] 
[INFO] [stdout] error[E0433]: failed to resolve: use of undeclared crate or module `test_util`
[INFO] [stdout]    --> /opt/rustwide/target/debug/build/zspell-b5bf5a5732864b23/out/auto_suite.rs:135:15
[INFO] [stdout]     |
[INFO] [stdout] 135 |     let mgr = test_util::TestManager::new_from_file(path);
[INFO] [stdout]     |               ^^^^^^^^^ use of undeclared crate or module `test_util`
[INFO] [stdout] 
[INFO] [stdout] 
[INFO] [stdout] warning: unused import: `stringmetrics::try_levenshtein`
[INFO] [stdout]   --> src/dict.rs:14:5
[INFO] [stdout]    |
[INFO] [stdout] 14 | use stringmetrics::try_levenshtein;
[INFO] [stdout]    |     ^^^^^^^^^^^^^^^^^^^^^^^^^^^^^^
[INFO] [stdout]    |
[INFO] [stdout]    = note: `#[warn(unused_imports)]` on by default
[INFO] [stdout] 
[INFO] [stdout] 
[INFO] [stdout] error[E0433]: failed to resolve: use of undeclared crate or module `test_util`
[INFO] [stdout]    --> /opt/rustwide/target/debug/build/zspell-b5bf5a5732864b23/out/auto_suite.rs:144:15
[INFO] [stdout]     |
[INFO] [stdout] 144 |     let mgr = test_util::TestManager::new_from_file(path);
[INFO] [stdout]     |               ^^^^^^^^^ use of undeclared crate or module `test_util`
[INFO] [stdout] 
[INFO] [stdout] 
[INFO] [stdout] error[E0433]: failed to resolve: use of undeclared crate or module `test_util`
[INFO] [stdout]    --> /opt/rustwide/target/debug/build/zspell-b5bf5a5732864b23/out/auto_suite.rs:153:15
[INFO] [stdout]     |
[INFO] [stdout] 153 |     let mgr = test_util::TestManager::new_from_file(path);
[INFO] [stdout]     |               ^^^^^^^^^ use of undeclared crate or module `test_util`
[INFO] [stdout] 
[INFO] [stdout] 
[INFO] [stdout] error[E0433]: failed to resolve: use of undeclared crate or module `test_util`
[INFO] [stdout]    --> /opt/rustwide/target/debug/build/zspell-b5bf5a5732864b23/out/auto_suite.rs:162:15
[INFO] [stdout]     |
[INFO] [stdout] 162 |     let mgr = test_util::TestManager::new_from_file(path);
[INFO] [stdout]     |               ^^^^^^^^^ use of undeclared crate or module `test_util`
[INFO] [stdout] 
[INFO] [stdout] 
[INFO] [stdout] error[E0433]: failed to resolve: use of undeclared crate or module `test_util`
[INFO] [stdout]    --> /opt/rustwide/target/debug/build/zspell-b5bf5a5732864b23/out/auto_suite.rs:171:15
[INFO] [stdout]     |
[INFO] [stdout] 171 |     let mgr = test_util::TestManager::new_from_file(path);
[INFO] [stdout]     |               ^^^^^^^^^ use of undeclared crate or module `test_util`
[INFO] [stdout] 
[INFO] [stdout] 
[INFO] [stdout] error[E0433]: failed to resolve: use of undeclared crate or module `test_util`
[INFO] [stdout]    --> /opt/rustwide/target/debug/build/zspell-b5bf5a5732864b23/out/auto_suite.rs:180:15
[INFO] [stdout]     |
[INFO] [stdout] 180 |     let mgr = test_util::TestManager::new_from_file(path);
[INFO] [stdout]     |               ^^^^^^^^^ use of undeclared crate or module `test_util`
[INFO] [stdout] 
[INFO] [stdout] 
[INFO] [stdout] error[E0433]: failed to resolve: use of undeclared crate or module `test_util`
[INFO] [stdout]    --> /opt/rustwide/target/debug/build/zspell-b5bf5a5732864b23/out/auto_suite.rs:189:15
[INFO] [stdout]     |
[INFO] [stdout] 189 |     let mgr = test_util::TestManager::new_from_file(path);
[INFO] [stdout]     |               ^^^^^^^^^ use of undeclared crate or module `test_util`
[INFO] [stdout] 
[INFO] [stdout] 
[INFO] [stdout] error[E0433]: failed to resolve: use of undeclared crate or module `test_util`
[INFO] [stdout]    --> /opt/rustwide/target/debug/build/zspell-b5bf5a5732864b23/out/auto_suite.rs:198:15
[INFO] [stdout]     |
[INFO] [stdout] 198 |     let mgr = test_util::TestManager::new_from_file(path);
[INFO] [stdout]     |               ^^^^^^^^^ use of undeclared crate or module `test_util`
[INFO] [stdout] 
[INFO] [stdout] 
[INFO] [stdout] error[E0433]: failed to resolve: use of undeclared crate or module `test_util`
[INFO] [stdout]    --> /opt/rustwide/target/debug/build/zspell-b5bf5a5732864b23/out/auto_suite.rs:207:15
[INFO] [stdout]     |
[INFO] [stdout] 207 |     let mgr = test_util::TestManager::new_from_file(path);
[INFO] [stdout]     |               ^^^^^^^^^ use of undeclared crate or module `test_util`
[INFO] [stdout] 
[INFO] [stdout] 
[INFO] [stdout] error[E0433]: failed to resolve: use of undeclared crate or module `test_util`
[INFO] [stdout]    --> /opt/rustwide/target/debug/build/zspell-b5bf5a5732864b23/out/auto_suite.rs:216:15
[INFO] [stdout]     |
[INFO] [stdout] 216 |     let mgr = test_util::TestManager::new_from_file(path);
[INFO] [stdout]     |               ^^^^^^^^^ use of undeclared crate or module `test_util`
[INFO] [stdout] 
[INFO] [stdout] 
[INFO] [stdout] error[E0433]: failed to resolve: use of undeclared crate or module `test_util`
[INFO] [stdout]    --> /opt/rustwide/target/debug/build/zspell-b5bf5a5732864b23/out/auto_suite.rs:225:15
[INFO] [stdout]     |
[INFO] [stdout] 225 |     let mgr = test_util::TestManager::new_from_file(path);
[INFO] [stdout]     |               ^^^^^^^^^ use of undeclared crate or module `test_util`
[INFO] [stdout] 
[INFO] [stdout] 
[INFO] [stdout] error[E0433]: failed to resolve: use of undeclared crate or module `test_util`
[INFO] [stdout]    --> /opt/rustwide/target/debug/build/zspell-b5bf5a5732864b23/out/auto_suite.rs:234:15
[INFO] [stdout]     |
[INFO] [stdout] 234 |     let mgr = test_util::TestManager::new_from_file(path);
[INFO] [stdout]     |               ^^^^^^^^^ use of undeclared crate or module `test_util`
[INFO] [stdout] 
[INFO] [stdout] 
[INFO] [stdout] error[E0433]: failed to resolve: use of undeclared crate or module `test_util`
[INFO] [stdout]    --> /opt/rustwide/target/debug/build/zspell-b5bf5a5732864b23/out/auto_suite.rs:243:15
[INFO] [stdout]     |
[INFO] [stdout] 243 |     let mgr = test_util::TestManager::new_from_file(path);
[INFO] [stdout]     |               ^^^^^^^^^ use of undeclared crate or module `test_util`
[INFO] [stdout] 
[INFO] [stdout] 
[INFO] [stdout] error: aborting due to 27 previous errors
[INFO] [stdout] 
[INFO] [stdout] 
[INFO] [stdout] For more information about this error, try `rustc --explain E0433`.
[INFO] [stdout] 
[INFO] [stderr] error: could not compile `zspell` (test "suite") due to 28 previous errors
[INFO] [stderr] warning: build failed, waiting for other jobs to finish...
[INFO] [stdout] error: aborting due to 2 previous errors; 1 warning emitted
[INFO] [stdout] 
[INFO] [stdout] 
[INFO] [stdout] For more information about this error, try `rustc --explain E0432`.
[INFO] [stdout] 
[INFO] [stderr] error: could not compile `zspell` (lib test) due to 3 previous errors; 1 warning emitted
[INFO] running `Command { std: "docker" "inspect" "3010389d538140f32d6b2da8e87ebc2d1c1c734fc780d95d391913e079345c89", kill_on_drop: false }`
[INFO] running `Command { std: "docker" "rm" "-f" "3010389d538140f32d6b2da8e87ebc2d1c1c734fc780d95d391913e079345c89", kill_on_drop: false }`
[INFO] [stdout] 3010389d538140f32d6b2da8e87ebc2d1c1c734fc780d95d391913e079345c89
