[INFO] fetching crate zookeeper-client 0.3.3...
[INFO] testing zookeeper-client-0.3.3 against 1.75.0 for beta-1.76-1
[INFO] extracting crate zookeeper-client 0.3.3 into /workspace/builds/worker-0-tc1/source
[INFO] validating manifest of crates.io crate zookeeper-client 0.3.3 on toolchain 1.75.0
[INFO] running `Command { std: CARGO_HOME="/workspace/cargo-home" RUSTUP_HOME="/workspace/rustup-home" "/workspace/cargo-home/bin/cargo" "+1.75.0" "metadata" "--manifest-path" "Cargo.toml" "--no-deps", kill_on_drop: false }`
[INFO] started tweaking crates.io crate zookeeper-client 0.3.3
[INFO] finished tweaking crates.io crate zookeeper-client 0.3.3
[INFO] tweaked toml for crates.io crate zookeeper-client 0.3.3 written to /workspace/builds/worker-0-tc1/source/Cargo.toml
[INFO] running `Command { std: CARGO_HOME="/workspace/cargo-home" RUSTUP_HOME="/workspace/rustup-home" "/workspace/cargo-home/bin/cargo" "+1.75.0" "generate-lockfile" "--manifest-path" "Cargo.toml", kill_on_drop: false }`
[INFO] [stderr]     Updating crates.io index
[INFO] running `Command { std: CARGO_HOME="/workspace/cargo-home" RUSTUP_HOME="/workspace/rustup-home" "/workspace/cargo-home/bin/cargo" "+1.75.0" "fetch" "--manifest-path" "Cargo.toml", kill_on_drop: false }`
[INFO] [stderr]  Downloading crates ...
[INFO] [stderr]   Downloaded speculoos v0.9.0
[INFO] [stderr]   Downloaded ignore-result v0.2.0
[INFO] [stderr]   Downloaded compact_str v0.4.1
[INFO] running `Command { std: "docker" "create" "-v" "/var/lib/crater-agent-workspace/builds/worker-0-tc1/target:/opt/rustwide/target:rw,Z" "-v" "/var/lib/crater-agent-workspace/builds/worker-0-tc1/source:/opt/rustwide/workdir:ro,Z" "-v" "/var/lib/crater-agent-workspace/cargo-home:/opt/rustwide/cargo-home:ro,Z" "-v" "/var/lib/crater-agent-workspace/rustup-home:/opt/rustwide/rustup-home:ro,Z" "-e" "SOURCE_DIR=/opt/rustwide/workdir" "-e" "CARGO_TARGET_DIR=/opt/rustwide/target" "-e" "CARGO_HOME=/opt/rustwide/cargo-home" "-e" "RUSTUP_HOME=/opt/rustwide/rustup-home" "-w" "/opt/rustwide/workdir" "-m" "1610612736" "--user" "0:0" "--network" "none" "ghcr.io/rust-lang/crates-build-env/linux@sha256:2788e3201cd34a07e3172128adcd8b3090168a8e3bcc40d7c032b9dda1df7d1c" "/opt/rustwide/cargo-home/bin/cargo" "+1.75.0" "metadata" "--no-deps" "--format-version=1", kill_on_drop: false }`
[INFO] [stdout] e28a8011a0cf996952eeaf4b6eb154dc651c7b270bc8abb9e2e0cc0aec8aff15
[INFO] running `Command { std: "docker" "start" "-a" "e28a8011a0cf996952eeaf4b6eb154dc651c7b270bc8abb9e2e0cc0aec8aff15", kill_on_drop: false }`
[INFO] running `Command { std: "docker" "inspect" "e28a8011a0cf996952eeaf4b6eb154dc651c7b270bc8abb9e2e0cc0aec8aff15", kill_on_drop: false }`
[INFO] running `Command { std: "docker" "rm" "-f" "e28a8011a0cf996952eeaf4b6eb154dc651c7b270bc8abb9e2e0cc0aec8aff15", kill_on_drop: false }`
[INFO] [stdout] e28a8011a0cf996952eeaf4b6eb154dc651c7b270bc8abb9e2e0cc0aec8aff15
[INFO] running `Command { std: "docker" "create" "-v" "/var/lib/crater-agent-workspace/builds/worker-0-tc1/target:/opt/rustwide/target:rw,Z" "-v" "/var/lib/crater-agent-workspace/builds/worker-0-tc1/source:/opt/rustwide/workdir:ro,Z" "-v" "/var/lib/crater-agent-workspace/cargo-home:/opt/rustwide/cargo-home:ro,Z" "-v" "/var/lib/crater-agent-workspace/rustup-home:/opt/rustwide/rustup-home:ro,Z" "-e" "SOURCE_DIR=/opt/rustwide/workdir" "-e" "CARGO_TARGET_DIR=/opt/rustwide/target" "-e" "CARGO_INCREMENTAL=0" "-e" "RUST_BACKTRACE=full" "-e" "RUSTFLAGS=--cap-lints=warn" "-e" "RUSTDOCFLAGS=--cap-lints=warn" "-e" "CARGO_HOME=/opt/rustwide/cargo-home" "-e" "RUSTUP_HOME=/opt/rustwide/rustup-home" "-w" "/opt/rustwide/workdir" "-m" "1610612736" "--user" "0:0" "--network" "none" "ghcr.io/rust-lang/crates-build-env/linux@sha256:2788e3201cd34a07e3172128adcd8b3090168a8e3bcc40d7c032b9dda1df7d1c" "/opt/rustwide/cargo-home/bin/cargo" "+1.75.0" "build" "--frozen" "--message-format=json", kill_on_drop: false }`
[INFO] [stdout] bc85b84002365442685501270ac24454a876d2a9b6293bad5905c869c51623c7
[INFO] running `Command { std: "docker" "start" "-a" "bc85b84002365442685501270ac24454a876d2a9b6293bad5905c869c51623c7", kill_on_drop: false }`
[INFO] [stderr]    Compiling libc v0.2.151
[INFO] [stderr]    Compiling version_check v0.9.4
[INFO] [stderr]    Compiling syn v1.0.109
[INFO] [stderr]    Compiling rustversion v1.0.14
[INFO] [stderr]    Compiling equivalent v1.0.1
[INFO] [stderr]    Compiling once_cell v1.19.0
[INFO] [stderr]    Compiling hashbrown v0.14.3
[INFO] [stderr]    Compiling syn v2.0.48
[INFO] [stderr]    Compiling lock_api v0.4.11
[INFO] [stderr]    Compiling parking_lot_core v0.9.9
[INFO] [stderr]    Compiling winnow v0.5.32
[INFO] [stderr]    Compiling toml_datetime v0.6.5
[INFO] [stderr]    Compiling ahash v0.8.7
[INFO] [stderr]    Compiling ahash v0.7.7
[INFO] [stderr]    Compiling indexmap v2.1.0
[INFO] [stderr]    Compiling scopeguard v1.2.0
[INFO] [stderr]    Compiling zerocopy v0.7.32
[INFO] [stderr]    Compiling smallvec v1.11.2
[INFO] [stderr]    Compiling unicode-segmentation v1.10.1
[INFO] [stderr]    Compiling getrandom v0.2.11
[INFO] [stderr]    Compiling thiserror v1.0.56
[INFO] [stderr]    Compiling heck v0.3.3
[INFO] [stderr]    Compiling unicode-xid v0.2.4
[INFO] [stderr]    Compiling allocator-api2 v0.2.16
[INFO] [stderr]    Compiling const_format_proc_macros v0.2.32
[INFO] [stderr]    Compiling parking_lot v0.12.1
[INFO] [stderr]    Compiling toml_edit v0.19.15
[INFO] [stderr]    Compiling castaway v0.2.2
[INFO] [stderr]    Compiling num_cpus v1.16.0
[INFO] [stderr]    Compiling mio v0.8.10
[INFO] [stderr]    Compiling signal-hook-registry v1.4.1
[INFO] [stderr]    Compiling socket2 v0.5.5
[INFO] [stderr]    Compiling pin-project-lite v0.2.13
[INFO] [stderr]    Compiling bytes v1.5.0
[INFO] [stderr]    Compiling compact_str v0.4.1
[INFO] [stderr]    Compiling const_format v0.2.32
[INFO] [stderr]    Compiling hashlink v0.8.4
[INFO] [stderr]    Compiling hashbrown v0.12.3
[INFO] [stderr]    Compiling log v0.4.20
[INFO] [stderr]    Compiling ignore-result v0.2.0
[INFO] [stderr]    Compiling static_assertions v1.1.0
[INFO] [stderr]    Compiling proc-macro-crate v1.3.1
[INFO] [stderr]    Compiling strum_macros v0.23.1
[INFO] [stderr]    Compiling tokio-macros v2.2.0
[INFO] [stderr]    Compiling thiserror-impl v1.0.56
[INFO] [stderr]    Compiling num_enum_derive v0.5.11
[INFO] [stderr]    Compiling tokio v1.35.1
[INFO] [stderr]    Compiling strum v0.23.0
[INFO] [stderr]    Compiling num_enum v0.5.11
[INFO] [stderr]    Compiling zookeeper-client v0.3.3 (/opt/rustwide/workdir)
[INFO] [stdout] warning: unused import: `OneshotWatchRequest`
[INFO] [stdout]   --> src/proto/mod.rs:30:5
[INFO] [stdout]    |
[INFO] [stdout] 30 |     OneshotWatchRequest,
[INFO] [stdout]    |     ^^^^^^^^^^^^^^^^^^^
[INFO] [stdout]    |
[INFO] [stdout]    = note: `#[warn(unused_imports)]` on by default
[INFO] [stdout] 
[INFO] [stdout] 
[INFO] [stdout] warning: 1 warning emitted
[INFO] [stdout] 
[INFO] [stdout] 
[INFO] [stderr]     Finished dev [unoptimized + debuginfo] target(s) in 22.02s
[INFO] running `Command { std: "docker" "inspect" "bc85b84002365442685501270ac24454a876d2a9b6293bad5905c869c51623c7", kill_on_drop: false }`
[INFO] running `Command { std: "docker" "rm" "-f" "bc85b84002365442685501270ac24454a876d2a9b6293bad5905c869c51623c7", kill_on_drop: false }`
[INFO] [stdout] bc85b84002365442685501270ac24454a876d2a9b6293bad5905c869c51623c7
[INFO] running `Command { std: "docker" "create" "-v" "/var/lib/crater-agent-workspace/builds/worker-0-tc1/target:/opt/rustwide/target:rw,Z" "-v" "/var/lib/crater-agent-workspace/builds/worker-0-tc1/source:/opt/rustwide/workdir:ro,Z" "-v" "/var/lib/crater-agent-workspace/cargo-home:/opt/rustwide/cargo-home:ro,Z" "-v" "/var/lib/crater-agent-workspace/rustup-home:/opt/rustwide/rustup-home:ro,Z" "-e" "SOURCE_DIR=/opt/rustwide/workdir" "-e" "CARGO_TARGET_DIR=/opt/rustwide/target" "-e" "CARGO_INCREMENTAL=0" "-e" "RUST_BACKTRACE=full" "-e" "RUSTFLAGS=--cap-lints=warn" "-e" "RUSTDOCFLAGS=--cap-lints=warn" "-e" "CARGO_HOME=/opt/rustwide/cargo-home" "-e" "RUSTUP_HOME=/opt/rustwide/rustup-home" "-w" "/opt/rustwide/workdir" "-m" "1610612736" "--user" "0:0" "--network" "none" "ghcr.io/rust-lang/crates-build-env/linux@sha256:2788e3201cd34a07e3172128adcd8b3090168a8e3bcc40d7c032b9dda1df7d1c" "/opt/rustwide/cargo-home/bin/cargo" "+1.75.0" "test" "--frozen" "--no-run" "--message-format=json", kill_on_drop: false }`
[INFO] [stdout] c75141d8004822ac27d5fc7bb8919053d1872f0cb5ffc742dc2ebc5ab85f9f8d
[INFO] running `Command { std: "docker" "start" "-a" "c75141d8004822ac27d5fc7bb8919053d1872f0cb5ffc742dc2ebc5ab85f9f8d", kill_on_drop: false }`
[INFO] [stderr]    Compiling num-traits v0.2.17
[INFO] [stderr]    Compiling num-integer v0.1.45
[INFO] [stderr]    Compiling getrandom v0.2.11
[INFO] [stderr]    Compiling rustix v0.38.28
[INFO] [stderr]    Compiling syn v2.0.48
[INFO] [stderr]    Compiling memchr v2.7.1
[INFO] [stderr]    Compiling rustc-serialize v0.3.25
[INFO] [stderr]    Compiling rand v0.4.6
[INFO] [stderr]    Compiling num-iter v0.1.43
[INFO] [stderr]    Compiling linux-raw-sys v0.4.12
[INFO] [stderr]    Compiling regex-syntax v0.8.2
[INFO] [stderr]    Compiling aho-corasick v1.1.2
[INFO] [stderr]    Compiling ahash v0.7.7
[INFO] [stderr]    Compiling rand_core v0.6.4
[INFO] [stderr]    Compiling humantime v2.1.0
[INFO] [stderr]    Compiling termcolor v1.4.0
[INFO] [stderr]    Compiling rand_chacha v0.3.1
[INFO] [stderr]    Compiling regex-automata v0.4.3
[INFO] [stderr]    Compiling num-bigint v0.1.44
[INFO] [stderr]    Compiling is-terminal v0.4.10
[INFO] [stderr]    Compiling num-complex v0.1.43
[INFO] [stderr]    Compiling hashbrown v0.12.3
[INFO] [stderr]    Compiling yansi v0.5.1
[INFO] [stderr]    Compiling diff v0.1.13
[INFO] [stderr]    Compiling pretty_assertions v1.4.0
[INFO] [stderr]    Compiling rand v0.8.5
[INFO] [stderr]    Compiling num-rational v0.1.42
[INFO] [stderr]    Compiling assert_matches v1.5.0
[INFO] [stderr]    Compiling num v0.1.42
[INFO] [stderr]    Compiling speculoos v0.9.0
[INFO] [stderr]    Compiling test-case-core v3.3.1
[INFO] [stderr]    Compiling regex v1.10.2
[INFO] [stderr]    Compiling env_logger v0.10.1
[INFO] [stderr]    Compiling thiserror-impl v1.0.56
[INFO] [stderr]    Compiling tokio-macros v2.2.0
[INFO] [stderr]    Compiling test-case-macros v3.3.1
[INFO] [stderr]    Compiling test-log-macros v0.2.14
[INFO] [stderr]    Compiling test-log v0.2.14
[INFO] [stderr]    Compiling test-case v3.3.1
[INFO] [stderr]    Compiling tokio v1.35.1
[INFO] [stderr]    Compiling thiserror v1.0.56
[INFO] [stderr]    Compiling zookeeper-client v0.3.3 (/opt/rustwide/workdir)
[INFO] [stdout] warning: unused import: `OneshotWatchRequest`
[INFO] [stdout]   --> src/proto/mod.rs:30:5
[INFO] [stdout]    |
[INFO] [stdout] 30 |     OneshotWatchRequest,
[INFO] [stdout]    |     ^^^^^^^^^^^^^^^^^^^
[INFO] [stdout]    |
[INFO] [stdout]    = note: `#[warn(unused_imports)]` on by default
[INFO] [stdout] 
[INFO] [stdout] 
[INFO] [stdout] warning: unused import: `OneshotWatchRequest`
[INFO] [stdout]   --> src/proto/mod.rs:30:5
[INFO] [stdout]    |
[INFO] [stdout] 30 |     OneshotWatchRequest,
[INFO] [stdout]    |     ^^^^^^^^^^^^^^^^^^^
[INFO] [stdout]    |
[INFO] [stdout]    = note: `#[warn(unused_imports)]` on by default
[INFO] [stdout] 
[INFO] [stdout] 
[INFO] [stdout] warning: 1 warning emitted
[INFO] [stdout] 
[INFO] [stdout] 
[INFO] [stdout] error[E0433]: failed to resolve: use of undeclared crate or module `testcontainers`
[INFO] [stdout]   --> tests/zookeeper.rs:10:5
[INFO] [stdout]    |
[INFO] [stdout] 10 | use testcontainers::clients::Cli as DockerCli;
[INFO] [stdout]    |     ^^^^^^^^^^^^^^ use of undeclared crate or module `testcontainers`
[INFO] [stdout] 
[INFO] [stdout] 
[INFO] [stdout] error[E0433]: failed to resolve: use of undeclared crate or module `testcontainers`
[INFO] [stdout]   --> tests/zookeeper.rs:11:5
[INFO] [stdout]    |
[INFO] [stdout] 11 | use testcontainers::core::{Healthcheck, WaitFor};
[INFO] [stdout]    |     ^^^^^^^^^^^^^^ use of undeclared crate or module `testcontainers`
[INFO] [stdout] 
[INFO] [stdout] 
[INFO] [stdout] error[E0433]: failed to resolve: use of undeclared crate or module `testcontainers`
[INFO] [stdout]   --> tests/zookeeper.rs:12:5
[INFO] [stdout]    |
[INFO] [stdout] 12 | use testcontainers::images::generic::GenericImage;
[INFO] [stdout]    |     ^^^^^^^^^^^^^^ use of undeclared crate or module `testcontainers`
[INFO] [stdout] 
[INFO] [stdout] 
[INFO] [stdout] error: aborting due to 3 previous errors
[INFO] [stdout] 
[INFO] [stdout] 
[INFO] [stdout] For more information about this error, try `rustc --explain E0433`.
[INFO] [stdout] 
[INFO] [stderr] error: could not compile `zookeeper-client` (test "zookeeper") due to 4 previous errors
[INFO] [stderr] warning: build failed, waiting for other jobs to finish...
[INFO] [stdout] warning: 1 warning emitted
[INFO] [stdout] 
[INFO] [stdout] 
[INFO] running `Command { std: "docker" "inspect" "c75141d8004822ac27d5fc7bb8919053d1872f0cb5ffc742dc2ebc5ab85f9f8d", kill_on_drop: false }`
[INFO] running `Command { std: "docker" "rm" "-f" "c75141d8004822ac27d5fc7bb8919053d1872f0cb5ffc742dc2ebc5ab85f9f8d", kill_on_drop: false }`
[INFO] [stdout] c75141d8004822ac27d5fc7bb8919053d1872f0cb5ffc742dc2ebc5ab85f9f8d
[INFO] testing zookeeper-client-0.3.3 against beta-2023-12-22 for beta-1.76-1
[INFO] extracting crate zookeeper-client 0.3.3 into /workspace/builds/worker-0-tc2/source
[INFO] validating manifest of crates.io crate zookeeper-client 0.3.3 on toolchain beta-2023-12-22
[INFO] running `Command { std: CARGO_HOME="/workspace/cargo-home" RUSTUP_HOME="/workspace/rustup-home" "/workspace/cargo-home/bin/cargo" "+beta-2023-12-22" "metadata" "--manifest-path" "Cargo.toml" "--no-deps", kill_on_drop: false }`
[INFO] started tweaking crates.io crate zookeeper-client 0.3.3
[INFO] finished tweaking crates.io crate zookeeper-client 0.3.3
[INFO] tweaked toml for crates.io crate zookeeper-client 0.3.3 written to /workspace/builds/worker-0-tc2/source/Cargo.toml
[INFO] running `Command { std: CARGO_HOME="/workspace/cargo-home" RUSTUP_HOME="/workspace/rustup-home" "/workspace/cargo-home/bin/cargo" "+beta-2023-12-22" "generate-lockfile" "--manifest-path" "Cargo.toml", kill_on_drop: false }`
[INFO] [stderr]     Updating crates.io index
[INFO] running `Command { std: CARGO_HOME="/workspace/cargo-home" RUSTUP_HOME="/workspace/rustup-home" "/workspace/cargo-home/bin/cargo" "+beta-2023-12-22" "fetch" "--manifest-path" "Cargo.toml", kill_on_drop: false }`
[INFO] running `Command { std: "docker" "create" "-v" "/var/lib/crater-agent-workspace/builds/worker-0-tc2/target:/opt/rustwide/target:rw,Z" "-v" "/var/lib/crater-agent-workspace/builds/worker-0-tc2/source:/opt/rustwide/workdir:ro,Z" "-v" "/var/lib/crater-agent-workspace/cargo-home:/opt/rustwide/cargo-home:ro,Z" "-v" "/var/lib/crater-agent-workspace/rustup-home:/opt/rustwide/rustup-home:ro,Z" "-e" "SOURCE_DIR=/opt/rustwide/workdir" "-e" "CARGO_TARGET_DIR=/opt/rustwide/target" "-e" "CARGO_HOME=/opt/rustwide/cargo-home" "-e" "RUSTUP_HOME=/opt/rustwide/rustup-home" "-w" "/opt/rustwide/workdir" "-m" "1610612736" "--user" "0:0" "--network" "none" "ghcr.io/rust-lang/crates-build-env/linux@sha256:2788e3201cd34a07e3172128adcd8b3090168a8e3bcc40d7c032b9dda1df7d1c" "/opt/rustwide/cargo-home/bin/cargo" "+beta-2023-12-22" "metadata" "--no-deps" "--format-version=1", kill_on_drop: false }`
[INFO] [stdout] d5588179006ddb08b39fd027791e52e243c9c46b657c6db94c2446c32c57cfae
[INFO] running `Command { std: "docker" "start" "-a" "d5588179006ddb08b39fd027791e52e243c9c46b657c6db94c2446c32c57cfae", kill_on_drop: false }`
[INFO] running `Command { std: "docker" "inspect" "d5588179006ddb08b39fd027791e52e243c9c46b657c6db94c2446c32c57cfae", kill_on_drop: false }`
[INFO] running `Command { std: "docker" "rm" "-f" "d5588179006ddb08b39fd027791e52e243c9c46b657c6db94c2446c32c57cfae", kill_on_drop: false }`
[INFO] [stdout] d5588179006ddb08b39fd027791e52e243c9c46b657c6db94c2446c32c57cfae
[INFO] running `Command { std: "docker" "create" "-v" "/var/lib/crater-agent-workspace/builds/worker-0-tc2/target:/opt/rustwide/target:rw,Z" "-v" "/var/lib/crater-agent-workspace/builds/worker-0-tc2/source:/opt/rustwide/workdir:ro,Z" "-v" "/var/lib/crater-agent-workspace/cargo-home:/opt/rustwide/cargo-home:ro,Z" "-v" "/var/lib/crater-agent-workspace/rustup-home:/opt/rustwide/rustup-home:ro,Z" "-e" "SOURCE_DIR=/opt/rustwide/workdir" "-e" "CARGO_TARGET_DIR=/opt/rustwide/target" "-e" "CARGO_INCREMENTAL=0" "-e" "RUST_BACKTRACE=full" "-e" "RUSTFLAGS=--cap-lints=warn" "-e" "RUSTDOCFLAGS=--cap-lints=warn" "-e" "CARGO_HOME=/opt/rustwide/cargo-home" "-e" "RUSTUP_HOME=/opt/rustwide/rustup-home" "-w" "/opt/rustwide/workdir" "-m" "1610612736" "--user" "0:0" "--network" "none" "ghcr.io/rust-lang/crates-build-env/linux@sha256:2788e3201cd34a07e3172128adcd8b3090168a8e3bcc40d7c032b9dda1df7d1c" "/opt/rustwide/cargo-home/bin/cargo" "+beta-2023-12-22" "build" "--frozen" "--message-format=json", kill_on_drop: false }`
[INFO] [stdout] 9e7bedb8a58070b690dbf8d59d84e9daa46610e871700c7c5011a99976a1ed99
[INFO] running `Command { std: "docker" "start" "-a" "9e7bedb8a58070b690dbf8d59d84e9daa46610e871700c7c5011a99976a1ed99", kill_on_drop: false }`
[INFO] [stderr]    Compiling libc v0.2.151
[INFO] [stderr]    Compiling version_check v0.9.4
[INFO] [stderr]    Compiling syn v1.0.109
[INFO] [stderr]    Compiling rustversion v1.0.14
[INFO] [stderr]    Compiling hashbrown v0.14.3
[INFO] [stderr]    Compiling once_cell v1.19.0
[INFO] [stderr]    Compiling equivalent v1.0.1
[INFO] [stderr]    Compiling syn v2.0.48
[INFO] [stderr]    Compiling lock_api v0.4.11
[INFO] [stderr]    Compiling toml_datetime v0.6.5
[INFO] [stderr]    Compiling parking_lot_core v0.9.9
[INFO] [stderr]    Compiling winnow v0.5.32
[INFO] [stderr]    Compiling ahash v0.8.7
[INFO] [stderr]    Compiling indexmap v2.1.0
[INFO] [stderr]    Compiling ahash v0.7.7
[INFO] [stderr]    Compiling zerocopy v0.7.32
[INFO] [stderr]    Compiling smallvec v1.11.2
[INFO] [stderr]    Compiling scopeguard v1.2.0
[INFO] [stderr]    Compiling unicode-segmentation v1.10.1
[INFO] [stderr]    Compiling getrandom v0.2.11
[INFO] [stderr]    Compiling unicode-xid v0.2.4
[INFO] [stderr]    Compiling allocator-api2 v0.2.16
[INFO] [stderr]    Compiling heck v0.3.3
[INFO] [stderr]    Compiling thiserror v1.0.56
[INFO] [stderr]    Compiling const_format_proc_macros v0.2.32
[INFO] [stderr]    Compiling parking_lot v0.12.1
[INFO] [stderr]    Compiling castaway v0.2.2
[INFO] [stderr]    Compiling mio v0.8.10
[INFO] [stderr]    Compiling num_cpus v1.16.0
[INFO] [stderr]    Compiling toml_edit v0.19.15
[INFO] [stderr]    Compiling signal-hook-registry v1.4.1
[INFO] [stderr]    Compiling socket2 v0.5.5
[INFO] [stderr]    Compiling pin-project-lite v0.2.13
[INFO] [stderr]    Compiling bytes v1.5.0
[INFO] [stderr]    Compiling compact_str v0.4.1
[INFO] [stderr]    Compiling hashlink v0.8.4
[INFO] [stderr]    Compiling const_format v0.2.32
[INFO] [stderr]    Compiling hashbrown v0.12.3
[INFO] [stderr]    Compiling log v0.4.20
[INFO] [stderr]    Compiling static_assertions v1.1.0
[INFO] [stderr]    Compiling ignore-result v0.2.0
[INFO] [stderr]    Compiling proc-macro-crate v1.3.1
[INFO] [stderr]    Compiling strum_macros v0.23.1
[INFO] [stderr]    Compiling tokio-macros v2.2.0
[INFO] [stderr]    Compiling thiserror-impl v1.0.56
[INFO] [stderr]    Compiling num_enum_derive v0.5.11
[INFO] [stderr]    Compiling tokio v1.35.1
[INFO] [stderr]    Compiling strum v0.23.0
[INFO] [stderr]    Compiling num_enum v0.5.11
[INFO] [stderr]    Compiling zookeeper-client v0.3.3 (/opt/rustwide/workdir)
[INFO] [stdout] warning: unused import: `OneshotWatchRequest`
[INFO] [stdout]   --> src/proto/mod.rs:30:5
[INFO] [stdout]    |
[INFO] [stdout] 30 |     OneshotWatchRequest,
[INFO] [stdout]    |     ^^^^^^^^^^^^^^^^^^^
[INFO] [stdout]    |
[INFO] [stdout]    = note: `#[warn(unused_imports)]` on by default
[INFO] [stdout] 
[INFO] [stdout] 
[INFO] [stdout] warning: 1 warning emitted
[INFO] [stdout] 
[INFO] [stdout] 
[INFO] [stderr]     Finished dev [unoptimized + debuginfo] target(s) in 16.66s
[INFO] running `Command { std: "docker" "inspect" "9e7bedb8a58070b690dbf8d59d84e9daa46610e871700c7c5011a99976a1ed99", kill_on_drop: false }`
[INFO] running `Command { std: "docker" "rm" "-f" "9e7bedb8a58070b690dbf8d59d84e9daa46610e871700c7c5011a99976a1ed99", kill_on_drop: false }`
[INFO] [stdout] 9e7bedb8a58070b690dbf8d59d84e9daa46610e871700c7c5011a99976a1ed99
[INFO] running `Command { std: "docker" "create" "-v" "/var/lib/crater-agent-workspace/builds/worker-0-tc2/target:/opt/rustwide/target:rw,Z" "-v" "/var/lib/crater-agent-workspace/builds/worker-0-tc2/source:/opt/rustwide/workdir:ro,Z" "-v" "/var/lib/crater-agent-workspace/cargo-home:/opt/rustwide/cargo-home:ro,Z" "-v" "/var/lib/crater-agent-workspace/rustup-home:/opt/rustwide/rustup-home:ro,Z" "-e" "SOURCE_DIR=/opt/rustwide/workdir" "-e" "CARGO_TARGET_DIR=/opt/rustwide/target" "-e" "CARGO_INCREMENTAL=0" "-e" "RUST_BACKTRACE=full" "-e" "RUSTFLAGS=--cap-lints=warn" "-e" "RUSTDOCFLAGS=--cap-lints=warn" "-e" "CARGO_HOME=/opt/rustwide/cargo-home" "-e" "RUSTUP_HOME=/opt/rustwide/rustup-home" "-w" "/opt/rustwide/workdir" "-m" "1610612736" "--user" "0:0" "--network" "none" "ghcr.io/rust-lang/crates-build-env/linux@sha256:2788e3201cd34a07e3172128adcd8b3090168a8e3bcc40d7c032b9dda1df7d1c" "/opt/rustwide/cargo-home/bin/cargo" "+beta-2023-12-22" "test" "--frozen" "--no-run" "--message-format=json", kill_on_drop: false }`
[INFO] [stdout] 8e7ab7b5b0f0eb8a1375464c5da7caf3133ab1be9b42814298a75c5dbf677a7c
[INFO] running `Command { std: "docker" "start" "-a" "8e7ab7b5b0f0eb8a1375464c5da7caf3133ab1be9b42814298a75c5dbf677a7c", kill_on_drop: false }`
[INFO] [stderr]    Compiling num-traits v0.2.17
[INFO] [stderr]    Compiling num-integer v0.1.45
[INFO] [stderr]    Compiling getrandom v0.2.11
[INFO] [stderr]    Compiling memchr v2.7.1
[INFO] [stderr]    Compiling rustc-serialize v0.3.25
[INFO] [stderr]    Compiling syn v2.0.48
[INFO] [stderr]    Compiling rustix v0.38.28
[INFO] [stderr]    Compiling rand v0.4.6
[INFO] [stderr]    Compiling num-iter v0.1.43
[INFO] [stderr]    Compiling regex-syntax v0.8.2
[INFO] [stderr]    Compiling linux-raw-sys v0.4.12
[INFO] [stderr]    Compiling ahash v0.7.7
[INFO] [stderr]    Compiling aho-corasick v1.1.2
[INFO] [stderr]    Compiling rand_core v0.6.4
[INFO] [stderr]    Compiling humantime v2.1.0
[INFO] [stderr]    Compiling termcolor v1.4.0
[INFO] [stderr]    Compiling is-terminal v0.4.10
[INFO] [stderr]    Compiling rand_chacha v0.3.1
[INFO] [stderr]    Compiling num-complex v0.1.43
[INFO] [stderr]    Compiling num-bigint v0.1.44
[INFO] [stderr]    Compiling hashbrown v0.12.3
[INFO] [stderr]    Compiling diff v0.1.13
[INFO] [stderr]    Compiling regex-automata v0.4.3
[INFO] [stderr]    Compiling yansi v0.5.1
[INFO] [stderr]    Compiling rand v0.8.5
[INFO] [stderr]    Compiling pretty_assertions v1.4.0
[INFO] [stderr]    Compiling assert_matches v1.5.0
[INFO] [stderr]    Compiling num-rational v0.1.42
[INFO] [stderr]    Compiling num v0.1.42
[INFO] [stderr]    Compiling speculoos v0.9.0
[INFO] [stderr]    Compiling test-case-core v3.3.1
[INFO] [stderr]    Compiling regex v1.10.2
[INFO] [stderr]    Compiling thiserror-impl v1.0.56
[INFO] [stderr]    Compiling tokio-macros v2.2.0
[INFO] [stderr]    Compiling test-log-macros v0.2.14
[INFO] [stderr]    Compiling test-case-macros v3.3.1
[INFO] [stderr]    Compiling env_logger v0.10.1
[INFO] [stderr]    Compiling test-case v3.3.1
[INFO] [stderr]    Compiling test-log v0.2.14
[INFO] [stderr]    Compiling tokio v1.35.1
[INFO] [stderr]    Compiling thiserror v1.0.56
[INFO] [stderr]    Compiling zookeeper-client v0.3.3 (/opt/rustwide/workdir)
[INFO] [stdout] warning: unused import: `OneshotWatchRequest`
[INFO] [stdout]   --> src/proto/mod.rs:30:5
[INFO] [stdout]    |
[INFO] [stdout] 30 |     OneshotWatchRequest,
[INFO] [stdout]    |     ^^^^^^^^^^^^^^^^^^^
[INFO] [stdout]    |
[INFO] [stdout]    = note: `#[warn(unused_imports)]` on by default
[INFO] [stdout] 
[INFO] [stdout] 
[INFO] [stdout] warning: unused import: `OneshotWatchRequest`
[INFO] [stdout]   --> src/proto/mod.rs:30:5
[INFO] [stdout]    |
[INFO] [stdout] 30 |     OneshotWatchRequest,
[INFO] [stdout]    |     ^^^^^^^^^^^^^^^^^^^
[INFO] [stdout]    |
[INFO] [stdout]    = note: `#[warn(unused_imports)]` on by default
[INFO] [stdout] 
[INFO] [stdout] 
[INFO] [stdout] warning: 1 warning emitted
[INFO] [stdout] 
[INFO] [stdout] 
[INFO] [stdout] error[E0433]: failed to resolve: use of undeclared crate or module `testcontainers`
[INFO] [stdout]   --> tests/zookeeper.rs:10:5
[INFO] [stdout]    |
[INFO] [stdout] 10 | use testcontainers::clients::Cli as DockerCli;
[INFO] [stdout]    |     ^^^^^^^^^^^^^^ use of undeclared crate or module `testcontainers`
[INFO] [stdout] 
[INFO] [stdout] 
[INFO] [stdout] error[E0433]: failed to resolve: use of undeclared crate or module `testcontainers`
[INFO] [stdout]   --> tests/zookeeper.rs:11:5
[INFO] [stdout]    |
[INFO] [stdout] 11 | use testcontainers::core::{Healthcheck, WaitFor};
[INFO] [stdout]    |     ^^^^^^^^^^^^^^ use of undeclared crate or module `testcontainers`
[INFO] [stdout] 
[INFO] [stdout] 
[INFO] [stdout] error[E0433]: failed to resolve: use of undeclared crate or module `testcontainers`
[INFO] [stdout]   --> tests/zookeeper.rs:12:5
[INFO] [stdout]    |
[INFO] [stdout] 12 | use testcontainers::images::generic::GenericImage;
[INFO] [stdout]    |     ^^^^^^^^^^^^^^ use of undeclared crate or module `testcontainers`
[INFO] [stdout] 
[INFO] [stdout] 
[INFO] [stdout] error: aborting due to 3 previous errors
[INFO] [stdout] 
[INFO] [stdout] 
[INFO] [stdout] For more information about this error, try `rustc --explain E0433`.
[INFO] [stdout] 
[INFO] [stderr] error: could not compile `zookeeper-client` (test "zookeeper") due to 4 previous errors
[INFO] [stderr] warning: build failed, waiting for other jobs to finish...
[INFO] [stdout] warning: 1 warning emitted
[INFO] [stdout] 
[INFO] [stdout] 
[INFO] running `Command { std: "docker" "inspect" "8e7ab7b5b0f0eb8a1375464c5da7caf3133ab1be9b42814298a75c5dbf677a7c", kill_on_drop: false }`
[INFO] running `Command { std: "docker" "rm" "-f" "8e7ab7b5b0f0eb8a1375464c5da7caf3133ab1be9b42814298a75c5dbf677a7c", kill_on_drop: false }`
[INFO] [stdout] 8e7ab7b5b0f0eb8a1375464c5da7caf3133ab1be9b42814298a75c5dbf677a7c
